-- Table structure for table `reporting_counts`
--

CREATE TABLE `reporting_counts` (
  `entity_id` int unsigned NOT NULL AUTO_INCREMENT COMMENT 'Entity ID',
  `type` varchar(255) DEFAULT NULL COMMENT 'Item Reported',
  `count` int unsigned DEFAULT NULL COMMENT 'Count Value',
  `updated_at` timestamp NOT NULL DEFAULT CURRENT_TIMESTAMP ON UPDATE CURRENT_TIMESTAMP COMMENT 'Updated At',
  PRIMARY KEY (`entity_id`)
) ENGINE=InnoDB DEFAULT CHARSET=utf8 COMMENT='Reporting for all count related events generated via the cron job';

--
-- Dumping data for table `reporting_counts`
--


--
-- Table structure for table `reporting_module_status`
--

CREATE TABLE `reporting_module_status` (
  `entity_id` int unsigned NOT NULL AUTO_INCREMENT COMMENT 'Module ID',
  `name` varchar(255) DEFAULT NULL COMMENT 'Module Name',
  `active` varchar(255) DEFAULT NULL COMMENT 'Module Active Status',
  `setup_version` varchar(255) DEFAULT NULL COMMENT 'Module Version',
  `state` varchar(255) DEFAULT NULL COMMENT 'Module State',
  `updated_at` timestamp NOT NULL DEFAULT CURRENT_TIMESTAMP ON UPDATE CURRENT_TIMESTAMP COMMENT 'Updated At',
  PRIMARY KEY (`entity_id`)
) ENGINE=InnoDB DEFAULT CHARSET=utf8 COMMENT='Module Status Table';

--
-- Dumping data for table `reporting_module_status`
--


--
-- Table structure for table `reporting_orders`
--

CREATE TABLE `reporting_orders` (
  `entity_id` int unsigned NOT NULL AUTO_INCREMENT COMMENT 'Entity ID',
  `customer_id` int unsigned DEFAULT NULL COMMENT 'Customer ID',
  `total` decimal(20,4) unsigned DEFAULT NULL,
  `total_base` decimal(20,4) unsigned DEFAULT NULL,
  `item_count` int unsigned NOT NULL COMMENT 'Line Item Count',
  `updated_at` timestamp NOT NULL DEFAULT CURRENT_TIMESTAMP COMMENT 'Updated At',
  PRIMARY KEY (`entity_id`)
) ENGINE=InnoDB DEFAULT CHARSET=utf8 COMMENT='Reporting for all orders';

--
-- Dumping data for table `reporting_orders`
--


--
-- Table structure for table `reporting_system_updates`
--

CREATE TABLE `reporting_system_updates` (
  `entity_id` int unsigned NOT NULL AUTO_INCREMENT COMMENT 'Entity ID',
  `type` varchar(255) DEFAULT NULL COMMENT 'Update Type',
  `action` varchar(255) DEFAULT NULL COMMENT 'Action Performed',
  `updated_at` timestamp NOT NULL DEFAULT CURRENT_TIMESTAMP COMMENT 'Updated At',
  PRIMARY KEY (`entity_id`)
) ENGINE=InnoDB DEFAULT CHARSET=utf8 COMMENT='Reporting for system updates';

--
-- Dumping data for table `reporting_system_updates`
--


--
-- Table structure for table `reporting_users`
--

CREATE TABLE `reporting_users` (
  `entity_id` int unsigned NOT NULL AUTO_INCREMENT COMMENT 'Entity ID',
  `type` varchar(255) DEFAULT NULL COMMENT 'User Type',
  `action` varchar(255) DEFAULT NULL COMMENT 'Action Performed',
  `updated_at` timestamp NOT NULL DEFAULT CURRENT_TIMESTAMP COMMENT 'Updated At',
  PRIMARY KEY (`entity_id`)
) ENGINE=InnoDB DEFAULT CHARSET=utf8 COMMENT='Reporting for user actions';

--
-- Dumping data for table `reporting_users`
--


--
-- Table structure for table `review`
--

CREATE TABLE `review` (
  `review_id` bigint unsigned NOT NULL AUTO_INCREMENT COMMENT 'Review ID',
  `created_at` timestamp NOT NULL DEFAULT CURRENT_TIMESTAMP COMMENT 'Review create date',
  `entity_id` smallint unsigned NOT NULL DEFAULT '0' COMMENT 'Entity ID',
  `entity_pk_value` int unsigned NOT NULL DEFAULT '0' COMMENT 'Product ID',
  `status_id` smallint unsigned NOT NULL DEFAULT '0' COMMENT 'Status code',
  PRIMARY KEY (`review_id`),
  KEY `REVIEW_ENTITY_ID` (`entity_id`),
  KEY `REVIEW_STATUS_ID` (`status_id`),
  KEY `REVIEW_ENTITY_PK_VALUE` (`entity_pk_value`),
  CONSTRAINT `REVIEW_ENTITY_ID_REVIEW_ENTITY_ENTITY_ID` FOREIGN KEY (`entity_id`) REFERENCES `review_entity` (`entity_id`) ON DELETE CASCADE,
  CONSTRAINT `REVIEW_STATUS_ID_REVIEW_STATUS_STATUS_ID` FOREIGN KEY (`status_id`) REFERENCES `review_status` (`status_id`)
) ENGINE=InnoDB AUTO_INCREMENT=31 DEFAULT CHARSET=utf8 COMMENT='Review base information';

--
-- Dumping data for table `review`
--

INSERT INTO `review` VALUES (1,'2021-06-09 07:48:14',1,21,1),(2,'2021-06-09 08:01:47',1,21,1),(3,'2021-06-09 08:03:00',1,3,1),(4,'2021-06-09 08:03:32',1,15,1),(5,'2021-06-09 08:04:02',1,22,1),(6,'2021-06-14 03:43:48',1,38,1),(7,'2021-06-14 03:44:12',1,37,1),(8,'2021-06-14 03:44:40',1,28,1),(9,'2021-06-14 03:44:57',1,27,1),(10,'2021-06-14 03:45:19',1,25,1),(11,'2021-06-14 03:45:40',1,14,1),(12,'2021-06-15 04:00:32',1,11,1),(13,'2021-06-15 04:01:02',1,10,1),(14,'2021-06-16 07:09:13',1,8,1),(15,'2021-06-16 07:42:16',1,36,1),(16,'2021-06-16 07:42:32',1,35,1),(17,'2021-06-16 07:42:52',1,34,1),(18,'2021-06-16 07:43:05',1,33,1),(19,'2021-06-16 07:43:23',1,31,1),(20,'2021-06-16 07:43:37',1,30,1),(21,'2021-06-16 07:43:55',1,29,1),(22,'2021-06-16 07:44:16',1,26,1),(23,'2021-06-16 07:57:37',1,32,1),(24,'2021-06-19 04:58:19',1,40,1),(25,'2021-06-19 04:58:29',1,39,1),(26,'2021-06-19 04:58:39',1,41,1),(27,'2021-06-22 04:57:25',1,7,1),(28,'2021-07-16 03:20:32',1,23,1),(29,'2021-07-16 03:20:47',1,24,1),(30,'2022-01-28 15:21:44',1,11,2);

--
-- Table structure for table `review_detail`
--

CREATE TABLE `review_detail` (
  `detail_id` bigint unsigned NOT NULL AUTO_INCREMENT COMMENT 'Review detail ID',
  `review_id` bigint unsigned NOT NULL DEFAULT '0' COMMENT 'Review ID',
  `store_id` smallint unsigned DEFAULT '0' COMMENT 'Store ID',
  `title` varchar(255) NOT NULL COMMENT 'Title',
  `detail` text NOT NULL COMMENT 'Detail description',
  `nickname` varchar(128) NOT NULL COMMENT 'User nickname',
  `customer_id` int unsigned DEFAULT NULL COMMENT 'Customer ID',
  PRIMARY KEY (`detail_id`),
  KEY `REVIEW_DETAIL_REVIEW_ID` (`review_id`),
  KEY `REVIEW_DETAIL_STORE_ID` (`store_id`),
  KEY `REVIEW_DETAIL_CUSTOMER_ID` (`customer_id`),
  CONSTRAINT `REVIEW_DETAIL_CUSTOMER_ID_CUSTOMER_ENTITY_ENTITY_ID` FOREIGN KEY (`customer_id`) REFERENCES `customer_entity` (`entity_id`) ON DELETE SET NULL,
  CONSTRAINT `REVIEW_DETAIL_REVIEW_ID_REVIEW_REVIEW_ID` FOREIGN KEY (`review_id`) REFERENCES `review` (`review_id`) ON DELETE CASCADE,
  CONSTRAINT `REVIEW_DETAIL_STORE_ID_STORE_STORE_ID` FOREIGN KEY (`store_id`) REFERENCES `store` (`store_id`) ON DELETE SET NULL
) ENGINE=InnoDB AUTO_INCREMENT=31 DEFAULT CHARSET=utf8 COMMENT='Review detail information';

--
-- Dumping data for table `review_detail`
--

INSERT INTO `review_detail` VALUES (1,1,1,'Good product','This is good product','Joe',NULL),(2,2,1,'Good product, good service','Amazing','Victor',NULL),(3,3,1,'Good job and good service','Good job and good service','Lee',NULL),(4,4,1,'Good job and good service','Good job and good service','Wiliam',NULL),(5,5,1,'Good job and good service','Good job and good service','Edward',NULL),(6,6,1,'Good product and good service','Good product and good service','Joe',NULL),(7,7,1,'Good product and good service','Good product and good service','Han',NULL),(8,8,1,'Good product and good service','Good product and good service','Enty',NULL),(9,9,1,'Good product and good service','Good product and good service','Min',NULL),(10,10,1,'Good product and good service','Good product and good service','Jung',NULL),(11,11,1,'Good product and good service','Good product and good service','Wee',NULL),(12,12,1,'Good product and good service','Good product and good service','Alcol',NULL),(13,13,1,'Good product and good service','Good product and good service','Nice',NULL),(14,14,1,'Good product and good service','Good product and good service','Aha',NULL),(15,15,1,'Good product and good service','Good product and good service','Robert',NULL),(16,16,1,'Good product and good service','Good product and good service','Ken',NULL),(17,17,1,'Good product and good service','Good product and good service','Wei',NULL),(18,18,1,'Good product and good service','Good product and good service','Ken',NULL),(19,19,1,'Good product and good service','Good product and good service','Chull',NULL),(20,20,1,'Good product and good service','Good product and good service','Moa',NULL),(21,21,1,'Good product and good service','Good product and good service','Jone',NULL),(22,22,1,'Good product and good service','Good product and good service','Robert',NULL),(23,23,1,'Good product and good service','Good product and good service','Lee',NULL),(24,24,1,'Good product and good service','Good product and good service','Joe',NULL),(25,25,1,'Good product and good service','Good product and good service','Lee',NULL),(26,26,1,'Good product and good service','Good product and good service','Ken',NULL),(27,27,1,'Good product and good service','Good product and good service','Joe',NULL),(28,28,1,'Good product and good service','Good product and good service','Joe',NULL),(29,29,1,'Good product and good service','Good product and good service','Ken',NULL),(30,30,1,'dfdsfds','fsdfdsfdsfsd','Gbay',12);

--
-- Table structure for table `review_entity`
--

CREATE TABLE `review_entity` (
  `entity_id` smallint unsigned NOT NULL AUTO_INCREMENT COMMENT 'Review entity ID',
  `entity_code` varchar(32) NOT NULL COMMENT 'Review entity code',
  PRIMARY KEY (`entity_id`)
) ENGINE=InnoDB AUTO_INCREMENT=4 DEFAULT CHARSET=utf8 COMMENT='Review entities';

--
-- Dumping data for table `review_entity`
--

INSERT INTO `review_entity` VALUES (1,'product'),(2,'customer'),(3,'category');

--
-- Table structure for table `review_entity_summary`
--

CREATE TABLE `review_entity_summary` (
  `primary_id` bigint NOT NULL AUTO_INCREMENT COMMENT 'Summary review entity ID',
  `entity_pk_value` bigint NOT NULL DEFAULT '0' COMMENT 'Product ID',
  `entity_type` smallint NOT NULL DEFAULT '0' COMMENT 'Entity type ID',
  `reviews_count` smallint NOT NULL DEFAULT '0' COMMENT 'Qty of reviews',
  `rating_summary` smallint NOT NULL DEFAULT '0' COMMENT 'Summarized rating',
  `store_id` smallint unsigned NOT NULL DEFAULT '0' COMMENT 'Store ID',
  PRIMARY KEY (`primary_id`),
  UNIQUE KEY `REVIEW_ENTITY_SUMMARY_ENTITY_PK_VALUE_STORE_ID_ENTITY_TYPE` (`entity_pk_value`,`store_id`,`entity_type`),
  KEY `REVIEW_ENTITY_SUMMARY_STORE_ID` (`store_id`),
  CONSTRAINT `REVIEW_ENTITY_SUMMARY_STORE_ID_STORE_STORE_ID` FOREIGN KEY (`store_id`) REFERENCES `store` (`store_id`) ON DELETE CASCADE
) ENGINE=InnoDB AUTO_INCREMENT=141 DEFAULT CHARSET=utf8 COMMENT='Review aggregates';

--
-- Dumping data for table `review_entity_summary`
--

INSERT INTO `review_entity_summary` VALUES (1,21,1,2,100,1),(2,21,1,2,100,2),(3,21,1,2,100,3),(4,3,1,1,100,1),(5,3,1,1,100,2),(6,3,1,1,100,3),(7,15,1,1,100,1),(8,15,1,1,100,2),(9,15,1,1,100,3),(10,22,1,1,100,1),(11,22,1,1,100,2),(12,22,1,1,100,3),(13,21,1,2,100,0),(14,3,1,1,100,0),(15,15,1,1,100,0),(16,22,1,1,100,0),(17,38,1,1,100,1),(18,38,1,1,100,2),(19,38,1,1,100,3),(20,37,1,1,60,1),(21,37,1,1,60,2),(22,37,1,1,60,3),(23,28,1,1,67,1),(24,28,1,1,67,2),(25,28,1,1,67,3),(26,27,1,1,67,1),(27,27,1,1,67,2),(28,27,1,1,67,3),(29,25,1,1,80,1),(30,25,1,1,80,2),(31,25,1,1,80,3),(32,14,1,1,60,1),(33,14,1,1,60,2),(34,14,1,1,60,3),(35,38,1,1,100,0),(36,37,1,1,60,0),(37,28,1,1,67,0),(38,27,1,1,67,0),(39,25,1,1,80,0),(40,14,1,1,60,0),(41,11,1,1,80,1),(42,11,1,1,80,2),(43,11,1,1,80,3),(44,10,1,1,67,1),(45,10,1,1,67,2),(46,10,1,1,67,3),(47,11,1,1,80,0),(48,10,1,1,67,0),(49,8,1,1,60,1),(50,8,1,1,60,2),(51,8,1,1,60,3),(52,8,1,1,60,0),(53,36,1,1,80,1),(54,36,1,1,80,2),(55,36,1,1,80,3),(56,35,1,1,67,1),(57,35,1,1,67,2),(58,35,1,1,67,3),(59,34,1,1,80,1),(60,34,1,1,80,2),(61,34,1,1,80,3),(62,33,1,1,67,1),(63,33,1,1,67,2),(64,33,1,1,67,3),(65,31,1,1,80,1),(66,31,1,1,80,2),(67,31,1,1,80,3),(68,30,1,1,80,1),(69,30,1,1,80,2),(70,30,1,1,80,3),(71,29,1,1,87,1),(72,29,1,1,87,2),(73,29,1,1,87,3),(74,26,1,1,80,1),(75,26,1,1,80,2),(76,26,1,1,80,3),(77,36,1,1,80,0),(78,35,1,1,67,0),(79,34,1,1,80,0),(80,33,1,1,67,0),(81,31,1,1,80,0),(82,30,1,1,80,0),(83,29,1,1,87,0),(84,26,1,1,80,0),(85,32,1,1,80,1),(86,32,1,1,80,2),(87,32,1,1,80,3),(88,32,1,1,80,0),(89,40,1,1,73,1),(90,40,1,1,73,2),(91,40,1,1,73,3),(92,39,1,1,73,1),(93,39,1,1,73,2),(94,39,1,1,73,3),(95,41,1,1,87,1),(96,41,1,1,87,2),(97,41,1,1,87,3),(98,40,1,1,73,0),(99,39,1,1,73,0),(100,41,1,1,87,0),(101,7,1,1,80,1),(102,7,1,1,80,2),(103,7,1,1,80,3),(104,7,1,1,80,0),(105,7,1,1,80,4),(106,41,1,1,87,4),(107,39,1,1,73,4),(108,40,1,1,73,4),(109,32,1,1,80,4),(110,26,1,1,80,4),(111,29,1,1,87,4),(112,30,1,1,80,4),(113,31,1,1,80,4),(114,33,1,1,67,4),(115,34,1,1,80,4),(116,35,1,1,67,4),(117,36,1,1,80,4),(118,8,1,1,60,4),(119,10,1,1,67,4),(120,11,1,1,80,4),(121,14,1,1,60,4),(122,25,1,1,80,4),(123,27,1,1,67,4),(124,28,1,1,67,4),(125,37,1,1,60,4),(126,38,1,1,100,4),(127,22,1,1,100,4),(128,15,1,1,100,4),(129,3,1,1,100,4),(130,21,1,2,100,4),(131,23,1,1,60,1),(132,23,1,1,60,2),(133,23,1,1,60,3),(134,23,1,1,60,4),(135,24,1,1,60,1),(136,24,1,1,60,2),(137,24,1,1,60,3),(138,24,1,1,60,4),(139,24,1,1,60,0),(140,23,1,1,60,0);

--
-- Table structure for table `review_status`
--

CREATE TABLE `review_status` (
  `status_id` smallint unsigned NOT NULL AUTO_INCREMENT COMMENT 'Status ID',
  `status_code` varchar(32) NOT NULL COMMENT 'Status code',
  PRIMARY KEY (`status_id`)
) ENGINE=InnoDB AUTO_INCREMENT=4 DEFAULT CHARSET=utf8 COMMENT='Review statuses';

--
-- Dumping data for table `review_status`
--

INSERT INTO `review_status` VALUES (1,'Approved'),(2,'Pending'),(3,'Not Approved');

--
-- Table structure for table `review_store`
--

CREATE TABLE `review_store` (
  `review_id` bigint unsigned NOT NULL COMMENT 'Review ID',
  `store_id` smallint unsigned NOT NULL COMMENT 'Store ID',
  PRIMARY KEY (`review_id`,`store_id`),
  KEY `REVIEW_STORE_STORE_ID` (`store_id`),
  CONSTRAINT `REVIEW_STORE_REVIEW_ID_REVIEW_REVIEW_ID` FOREIGN KEY (`review_id`) REFERENCES `review` (`review_id`) ON DELETE CASCADE,
  CONSTRAINT `REVIEW_STORE_STORE_ID_STORE_STORE_ID` FOREIGN KEY (`store_id`) REFERENCES `store` (`store_id`) ON DELETE CASCADE
) ENGINE=InnoDB DEFAULT CHARSET=utf8 COMMENT='Review Store';

--
-- Dumping data for table `review_store`
--

INSERT INTO `review_store` VALUES (1,0),(2,0),(3,0),(4,0),(5,0),(6,0),(7,0),(8,0),(9,0),(10,0),(11,0),(12,0),(13,0),(14,0),(15,0),(16,0),(17,0),(18,0),(19,0),(20,0),(21,0),(22,0),(23,0),(24,0),(25,0),(26,0),(27,0),(28,0),(29,0),(30,0),(1,1),(2,1),(3,1),(4,1),(5,1),(6,1),(7,1),(8,1),(9,1),(10,1),(11,1),(12,1),(13,1),(14,1),(15,1),(16,1),(17,1),(18,1),(19,1),(20,1),(21,1),(22,1),(23,1),(24,1),(25,1),(26,1),(27,1),(28,1),(29,1),(30,1),(1,2),(2,2),(3,2),(4,2),(5,2),(6,2),(7,2),(8,2),(9,2),(10,2),(11,2),(12,2),(13,2),(14,2),(15,2),(16,2),(17,2),(18,2),(19,2),(20,2),(21,2),(22,2),(23,2),(24,2),(25,2),(26,2),(27,2),(28,2),(29,2),(1,3),(2,3),(3,3),(4,3),(5,3),(6,3),(7,3),(8,3),(9,3),(10,3),(11,3),(12,3),(13,3),(14,3),(15,3),(16,3),(17,3),(18,3),(19,3),(20,3),(21,3),(22,3),(23,3),(24,3),(25,3),(26,3),(27,3),(28,3),(29,3),(1,4),(2,4),(3,4),(4,4),(5,4),(6,4),(7,4),(8,4),(9,4),(10,4),(11,4),(12,4),(13,4),(14,4),(15,4),(16,4),(17,4),(18,4),(19,4),(20,4),(21,4),(22,4),(23,4),(24,4),(25,4),(26,4),(27,4),(28,4),(29,4);

--
-- Table structure for table `sales_bestsellers_aggregated_daily`
--

CREATE TABLE `sales_bestsellers_aggregated_daily` (
  `id` int unsigned NOT NULL AUTO_INCREMENT COMMENT 'ID',
  `period` date DEFAULT NULL COMMENT 'Period',
  `store_id` smallint unsigned DEFAULT NULL COMMENT 'Store ID',
  `product_id` int unsigned DEFAULT NULL COMMENT 'Product ID',
  `product_name` varchar(255) DEFAULT NULL COMMENT 'Product Name',
  `product_price` decimal(12,4) NOT NULL DEFAULT '0.0000' COMMENT 'Product Price',
  `qty_ordered` decimal(12,4) NOT NULL DEFAULT '0.0000' COMMENT 'Qty Ordered',
  `rating_pos` smallint unsigned NOT NULL DEFAULT '0' COMMENT 'Rating Pos',
  PRIMARY KEY (`id`),
  UNIQUE KEY `SALES_BESTSELLERS_AGGREGATED_DAILY_PERIOD_STORE_ID_PRODUCT_ID` (`period`,`store_id`,`product_id`),
  KEY `SALES_BESTSELLERS_AGGREGATED_DAILY_STORE_ID` (`store_id`),
  KEY `SALES_BESTSELLERS_AGGREGATED_DAILY_PRODUCT_ID` (`product_id`),
  CONSTRAINT `SALES_BESTSELLERS_AGGREGATED_DAILY_STORE_ID_STORE_STORE_ID` FOREIGN KEY (`store_id`) REFERENCES `store` (`store_id`) ON DELETE CASCADE
) ENGINE=InnoDB DEFAULT CHARSET=utf8 COMMENT='Sales Bestsellers Aggregated Daily';

--
-- Dumping data for table `sales_bestsellers_aggregated_daily`
--


--
-- Table structure for table `sales_bestsellers_aggregated_monthly`
--

CREATE TABLE `sales_bestsellers_aggregated_monthly` (
  `id` int unsigned NOT NULL AUTO_INCREMENT COMMENT 'ID',
  `period` date DEFAULT NULL COMMENT 'Period',
  `store_id` smallint unsigned DEFAULT NULL COMMENT 'Store ID',
  `product_id` int unsigned DEFAULT NULL COMMENT 'Product ID',
  `product_name` varchar(255) DEFAULT NULL COMMENT 'Product Name',
  `product_price` decimal(12,4) NOT NULL DEFAULT '0.0000' COMMENT 'Product Price',
  `qty_ordered` decimal(12,4) NOT NULL DEFAULT '0.0000' COMMENT 'Qty Ordered',
  `rating_pos` smallint unsigned NOT NULL DEFAULT '0' COMMENT 'Rating Pos',
  PRIMARY KEY (`id`),
  UNIQUE KEY `SALES_BESTSELLERS_AGGREGATED_MONTHLY_PERIOD_STORE_ID_PRODUCT_ID` (`period`,`store_id`,`product_id`),
  KEY `SALES_BESTSELLERS_AGGREGATED_MONTHLY_STORE_ID` (`store_id`),
  KEY `SALES_BESTSELLERS_AGGREGATED_MONTHLY_PRODUCT_ID` (`product_id`),
  CONSTRAINT `SALES_BESTSELLERS_AGGREGATED_MONTHLY_STORE_ID_STORE_STORE_ID` FOREIGN KEY (`store_id`) REFERENCES `store` (`store_id`) ON DELETE CASCADE
) ENGINE=InnoDB DEFAULT CHARSET=utf8 COMMENT='Sales Bestsellers Aggregated Monthly';

--
-- Dumping data for table `sales_bestsellers_aggregated_monthly`
--


--
-- Table structure for table `sales_bestsellers_aggregated_yearly`
--

CREATE TABLE `sales_bestsellers_aggregated_yearly` (
  `id` int unsigned NOT NULL AUTO_INCREMENT COMMENT 'ID',
  `period` date DEFAULT NULL COMMENT 'Period',
  `store_id` smallint unsigned DEFAULT NULL COMMENT 'Store ID',
  `product_id` int unsigned DEFAULT NULL COMMENT 'Product ID',
  `product_name` varchar(255) DEFAULT NULL COMMENT 'Product Name',
  `product_price` decimal(12,4) NOT NULL DEFAULT '0.0000' COMMENT 'Product Price',
  `qty_ordered` decimal(12,4) NOT NULL DEFAULT '0.0000' COMMENT 'Qty Ordered',
  `rating_pos` smallint unsigned NOT NULL DEFAULT '0' COMMENT 'Rating Pos',
  PRIMARY KEY (`id`),
  UNIQUE KEY `SALES_BESTSELLERS_AGGREGATED_YEARLY_PERIOD_STORE_ID_PRODUCT_ID` (`period`,`store_id`,`product_id`),
  KEY `SALES_BESTSELLERS_AGGREGATED_YEARLY_STORE_ID` (`store_id`),
  KEY `SALES_BESTSELLERS_AGGREGATED_YEARLY_PRODUCT_ID` (`product_id`),
  CONSTRAINT `SALES_BESTSELLERS_AGGREGATED_YEARLY_STORE_ID_STORE_STORE_ID` FOREIGN KEY (`store_id`) REFERENCES `store` (`store_id`) ON DELETE CASCADE
) ENGINE=InnoDB DEFAULT CHARSET=utf8 COMMENT='Sales Bestsellers Aggregated Yearly';

--
-- Dumping data for table `sales_bestsellers_aggregated_yearly`
--


--
-- Table structure for table `sales_creditmemo`
--

CREATE TABLE `sales_creditmemo` (
  `entity_id` int unsigned NOT NULL AUTO_INCREMENT COMMENT 'Entity ID',
  `store_id` smallint unsigned DEFAULT NULL COMMENT 'Store ID',
  `adjustment_positive` decimal(20,4) DEFAULT NULL COMMENT 'Adjustment Positive',
  `base_shipping_tax_amount` decimal(20,4) DEFAULT NULL COMMENT 'Base Shipping Tax Amount',
  `store_to_order_rate` decimal(20,4) DEFAULT NULL COMMENT 'Store To Order Rate',
  `base_discount_amount` decimal(20,4) DEFAULT NULL COMMENT 'Base Discount Amount',
  `base_to_order_rate` decimal(20,4) DEFAULT NULL COMMENT 'Base To Order Rate',
  `grand_total` decimal(20,4) DEFAULT NULL COMMENT 'Grand Total',
  `base_adjustment_negative` decimal(20,4) DEFAULT NULL COMMENT 'Base Adjustment Negative',
  `base_subtotal_incl_tax` decimal(20,4) DEFAULT NULL COMMENT 'Base Subtotal Incl Tax',
  `shipping_amount` decimal(20,4) DEFAULT NULL COMMENT 'Shipping Amount',
  `subtotal_incl_tax` decimal(20,4) DEFAULT NULL COMMENT 'Subtotal Incl Tax',
  `adjustment_negative` decimal(20,4) DEFAULT NULL COMMENT 'Adjustment Negative',
  `base_shipping_amount` decimal(20,4) DEFAULT NULL COMMENT 'Base Shipping Amount',
  `store_to_base_rate` decimal(20,4) DEFAULT NULL COMMENT 'Store To Base Rate',
  `base_to_global_rate` decimal(20,4) DEFAULT NULL COMMENT 'Base To Global Rate',
  `base_adjustment` decimal(20,4) DEFAULT NULL COMMENT 'Base Adjustment',
  `base_subtotal` decimal(20,4) DEFAULT NULL COMMENT 'Base Subtotal',
  `discount_amount` decimal(20,4) DEFAULT NULL COMMENT 'Discount Amount',
  `subtotal` decimal(20,4) DEFAULT NULL COMMENT 'Subtotal',
  `adjustment` decimal(20,4) DEFAULT NULL COMMENT 'Adjustment',
  `base_grand_total` decimal(20,4) DEFAULT NULL COMMENT 'Base Grand Total',
  `base_adjustment_positive` decimal(20,4) DEFAULT NULL COMMENT 'Base Adjustment Positive',
  `base_tax_amount` decimal(20,4) DEFAULT NULL COMMENT 'Base Tax Amount',
  `shipping_tax_amount` decimal(20,4) DEFAULT NULL COMMENT 'Shipping Tax Amount',
  `tax_amount` decimal(20,4) DEFAULT NULL COMMENT 'Tax Amount',
  `order_id` int unsigned NOT NULL COMMENT 'Order ID',
  `email_sent` smallint unsigned DEFAULT NULL COMMENT 'Email Sent',
  `send_email` smallint unsigned DEFAULT NULL COMMENT 'Send Email',
  `creditmemo_status` int DEFAULT NULL COMMENT 'Creditmemo Status',
  `state` int DEFAULT NULL COMMENT 'State',
  `shipping_address_id` int DEFAULT NULL COMMENT 'Shipping Address ID',
  `billing_address_id` int DEFAULT NULL COMMENT 'Billing Address ID',
  `invoice_id` int DEFAULT NULL COMMENT 'Invoice ID',
  `store_currency_code` varchar(3) DEFAULT NULL COMMENT 'Store Currency Code',
  `order_currency_code` varchar(3) DEFAULT NULL COMMENT 'Order Currency Code',
  `base_currency_code` varchar(3) DEFAULT NULL COMMENT 'Base Currency Code',
  `global_currency_code` varchar(3) DEFAULT NULL COMMENT 'Global Currency Code',
  `transaction_id` varchar(255) DEFAULT NULL COMMENT 'Transaction ID',
  `increment_id` varchar(50) DEFAULT NULL COMMENT 'Increment ID',
  `created_at` timestamp NOT NULL DEFAULT CURRENT_TIMESTAMP COMMENT 'Created At',
  `updated_at` timestamp NOT NULL DEFAULT CURRENT_TIMESTAMP ON UPDATE CURRENT_TIMESTAMP COMMENT 'Updated At',
  `discount_tax_compensation_amount` decimal(20,4) DEFAULT NULL COMMENT 'Discount Tax Compensation Amount',
  `base_discount_tax_compensation_amount` decimal(20,4) DEFAULT NULL COMMENT 'Base Discount Tax Compensation Amount',
  `shipping_discount_tax_compensation_amount` decimal(20,4) DEFAULT NULL COMMENT 'Shipping Discount Tax Compensation Amount',
  `base_shipping_discount_tax_compensation_amnt` decimal(20,4) DEFAULT NULL COMMENT 'Base Shipping Discount Tax Compensation Amount',
  `shipping_incl_tax` decimal(20,4) DEFAULT NULL COMMENT 'Shipping Incl Tax',
  `base_shipping_incl_tax` decimal(20,4) DEFAULT NULL COMMENT 'Base Shipping Incl Tax',
  `discount_description` varchar(255) DEFAULT NULL COMMENT 'Discount Description',
  `customer_note` text COMMENT 'Customer Note',
  `customer_note_notify` smallint unsigned DEFAULT NULL COMMENT 'Customer Note Notify',
  PRIMARY KEY (`entity_id`),
  UNIQUE KEY `SALES_CREDITMEMO_INCREMENT_ID_STORE_ID` (`increment_id`,`store_id`),
  KEY `SALES_CREDITMEMO_STORE_ID` (`store_id`),
  KEY `SALES_CREDITMEMO_ORDER_ID` (`order_id`),
  KEY `SALES_CREDITMEMO_CREDITMEMO_STATUS` (`creditmemo_status`),
  KEY `SALES_CREDITMEMO_STATE` (`state`),
  KEY `SALES_CREDITMEMO_CREATED_AT` (`created_at`),
  KEY `SALES_CREDITMEMO_UPDATED_AT` (`updated_at`),
  KEY `SALES_CREDITMEMO_SEND_EMAIL` (`send_email`),
  KEY `SALES_CREDITMEMO_EMAIL_SENT` (`email_sent`),
  CONSTRAINT `SALES_CREDITMEMO_ORDER_ID_SALES_ORDER_ENTITY_ID` FOREIGN KEY (`order_id`) REFERENCES `sales_order` (`entity_id`) ON DELETE CASCADE,
  CONSTRAINT `SALES_CREDITMEMO_STORE_ID_STORE_STORE_ID` FOREIGN KEY (`store_id`) REFERENCES `store` (`store_id`) ON DELETE SET NULL
) ENGINE=InnoDB DEFAULT CHARSET=utf8 COMMENT='Sales Flat Creditmemo';

--
-- Dumping data for table `sales_creditmemo`
--


--
-- Table structure for table `sales_creditmemo_comment`
--

CREATE TABLE `sales_creditmemo_comment` (
  `entity_id` int unsigned NOT NULL AUTO_INCREMENT COMMENT 'Entity ID',
  `parent_id` int unsigned NOT NULL COMMENT 'Parent ID',
  `is_customer_notified` int DEFAULT NULL COMMENT 'Is Customer Notified',
  `is_visible_on_front` smallint unsigned NOT NULL DEFAULT '0' COMMENT 'Is Visible On Front',
  `comment` text COMMENT 'Comment',
  `created_at` timestamp NOT NULL DEFAULT CURRENT_TIMESTAMP COMMENT 'Created At',
  PRIMARY KEY (`entity_id`),
  KEY `SALES_CREDITMEMO_COMMENT_CREATED_AT` (`created_at`),
  KEY `SALES_CREDITMEMO_COMMENT_PARENT_ID` (`parent_id`),
  CONSTRAINT `SALES_CREDITMEMO_COMMENT_PARENT_ID_SALES_CREDITMEMO_ENTITY_ID` FOREIGN KEY (`parent_id`) REFERENCES `sales_creditmemo` (`entity_id`) ON DELETE CASCADE
) ENGINE=InnoDB DEFAULT CHARSET=utf8 COMMENT='Sales Flat Creditmemo Comment';

--
-- Dumping data for table `sales_creditmemo_comment`
--


--
-- Table structure for table `sales_creditmemo_grid`
--

CREATE TABLE `sales_creditmemo_grid` (
  `entity_id` int unsigned NOT NULL COMMENT 'Entity ID',
  `increment_id` varchar(50) DEFAULT NULL COMMENT 'Increment ID',
  `created_at` timestamp NULL DEFAULT NULL COMMENT 'Created At',
  `updated_at` timestamp NULL DEFAULT NULL COMMENT 'Updated At',
  `order_id` int unsigned NOT NULL COMMENT 'Order ID',
  `order_increment_id` varchar(50) DEFAULT NULL COMMENT 'Order Increment ID',
  `order_created_at` timestamp NULL DEFAULT NULL COMMENT 'Order Created At',
  `billing_name` varchar(255) DEFAULT NULL COMMENT 'Billing Name',
  `state` int DEFAULT NULL COMMENT 'Status',
  `base_grand_total` decimal(20,4) DEFAULT NULL COMMENT 'Base Grand Total',
  `order_status` varchar(32) DEFAULT NULL COMMENT 'Order Status',
  `store_id` smallint unsigned DEFAULT NULL COMMENT 'Store ID',
  `billing_address` varchar(255) DEFAULT NULL COMMENT 'Billing Address',
  `shipping_address` varchar(255) DEFAULT NULL COMMENT 'Shipping Address',
  `customer_name` varchar(128) NOT NULL COMMENT 'Customer Name',
  `customer_email` varchar(128) DEFAULT NULL COMMENT 'Customer Email',
  `customer_group_id` smallint DEFAULT NULL COMMENT 'Customer Group ID',
  `payment_method` varchar(32) DEFAULT NULL COMMENT 'Payment Method',
  `shipping_information` varchar(255) DEFAULT NULL COMMENT 'Shipping Method Name',
  `subtotal` decimal(20,4) DEFAULT NULL COMMENT 'Subtotal',
  `shipping_and_handling` decimal(20,4) DEFAULT NULL COMMENT 'Shipping and handling amount',
  `adjustment_positive` decimal(20,4) DEFAULT NULL COMMENT 'Adjustment Positive',
  `adjustment_negative` decimal(20,4) DEFAULT NULL COMMENT 'Adjustment Negative',
  `order_base_grand_total` decimal(20,4) DEFAULT NULL COMMENT 'Order Grand Total',
  PRIMARY KEY (`entity_id`),
  UNIQUE KEY `SALES_CREDITMEMO_GRID_INCREMENT_ID_STORE_ID` (`increment_id`,`store_id`),
  KEY `SALES_CREDITMEMO_GRID_ORDER_INCREMENT_ID` (`order_increment_id`),
  KEY `SALES_CREDITMEMO_GRID_CREATED_AT` (`created_at`),
  KEY `SALES_CREDITMEMO_GRID_UPDATED_AT` (`updated_at`),
  KEY `SALES_CREDITMEMO_GRID_ORDER_CREATED_AT` (`order_created_at`),
  KEY `SALES_CREDITMEMO_GRID_STATE` (`state`),
  KEY `SALES_CREDITMEMO_GRID_BILLING_NAME` (`billing_name`),
  KEY `SALES_CREDITMEMO_GRID_ORDER_STATUS` (`order_status`),
  KEY `SALES_CREDITMEMO_GRID_BASE_GRAND_TOTAL` (`base_grand_total`),
  KEY `SALES_CREDITMEMO_GRID_STORE_ID` (`store_id`),
  KEY `SALES_CREDITMEMO_GRID_ORDER_BASE_GRAND_TOTAL` (`order_base_grand_total`),
  KEY `SALES_CREDITMEMO_GRID_ORDER_ID` (`order_id`),
  FULLTEXT KEY `FTI_32B7BA885941A8254EE84AE650ABDC86` (`increment_id`,`order_increment_id`,`billing_name`,`billing_address`,`shipping_address`,`customer_name`,`customer_email`)
) ENGINE=InnoDB DEFAULT CHARSET=utf8 COMMENT='Sales Flat Creditmemo Grid';

--
-- Dumping data for table `sales_creditmemo_grid`
--


--
-- Table structure for table `sales_creditmemo_item`
--

CREATE TABLE `sales_creditmemo_item` (
  `entity_id` int unsigned NOT NULL AUTO_INCREMENT COMMENT 'Entity ID',
  `parent_id` int unsigned NOT NULL COMMENT 'Parent ID',
  `base_price` decimal(12,4) DEFAULT NULL COMMENT 'Base Price',
  `tax_amount` decimal(12,4) DEFAULT NULL COMMENT 'Tax Amount',
  `base_row_total` decimal(12,4) DEFAULT NULL COMMENT 'Base Row Total',
  `discount_amount` decimal(12,4) DEFAULT NULL COMMENT 'Discount Amount',
  `row_total` decimal(12,4) DEFAULT NULL COMMENT 'Row Total',
  `base_discount_amount` decimal(12,4) DEFAULT NULL COMMENT 'Base Discount Amount',
  `price_incl_tax` decimal(12,4) DEFAULT NULL COMMENT 'Price Incl Tax',
  `base_tax_amount` decimal(12,4) DEFAULT NULL COMMENT 'Base Tax Amount',
  `base_price_incl_tax` decimal(12,4) DEFAULT NULL COMMENT 'Base Price Incl Tax',
  `qty` decimal(12,4) DEFAULT NULL COMMENT 'Qty',
  `base_cost` decimal(12,4) DEFAULT NULL COMMENT 'Base Cost',
  `price` decimal(12,4) DEFAULT NULL COMMENT 'Price',
  `base_row_total_incl_tax` decimal(12,4) DEFAULT NULL COMMENT 'Base Row Total Incl Tax',
  `row_total_incl_tax` decimal(12,4) DEFAULT NULL COMMENT 'Row Total Incl Tax',
  `product_id` int DEFAULT NULL COMMENT 'Product ID',
  `order_item_id` int DEFAULT NULL COMMENT 'Order Item ID',
  `additional_data` text COMMENT 'Additional Data',
  `description` text COMMENT 'Description',
  `sku` varchar(255) DEFAULT NULL COMMENT 'Sku',
  `name` varchar(255) DEFAULT NULL COMMENT 'Name',
  `discount_tax_compensation_amount` decimal(12,4) DEFAULT NULL COMMENT 'Discount Tax Compensation Amount',
  `base_discount_tax_compensation_amount` decimal(12,4) DEFAULT NULL COMMENT 'Base Discount Tax Compensation Amount',
  `tax_ratio` text COMMENT 'Ratio of tax in the creditmemo item over tax of the order item',
  `weee_tax_applied` text COMMENT 'Weee Tax Applied',
  `weee_tax_applied_amount` decimal(12,4) DEFAULT NULL COMMENT 'Weee Tax Applied Amount',
  `weee_tax_applied_row_amount` decimal(12,4) DEFAULT NULL COMMENT 'Weee Tax Applied Row Amount',
  `weee_tax_disposition` decimal(12,4) DEFAULT NULL COMMENT 'Weee Tax Disposition',
  `weee_tax_row_disposition` decimal(12,4) DEFAULT NULL COMMENT 'Weee Tax Row Disposition',
  `base_weee_tax_applied_amount` decimal(12,4) DEFAULT NULL COMMENT 'Base Weee Tax Applied Amount',
  `base_weee_tax_applied_row_amnt` decimal(12,4) DEFAULT NULL COMMENT 'Base Weee Tax Applied Row Amnt',
  `base_weee_tax_disposition` decimal(12,4) DEFAULT NULL COMMENT 'Base Weee Tax Disposition',
  `base_weee_tax_row_disposition` decimal(12,4) DEFAULT NULL COMMENT 'Base Weee Tax Row Disposition',
  PRIMARY KEY (`entity_id`),
  KEY `SALES_CREDITMEMO_ITEM_PARENT_ID` (`parent_id`),
  CONSTRAINT `SALES_CREDITMEMO_ITEM_PARENT_ID_SALES_CREDITMEMO_ENTITY_ID` FOREIGN KEY (`parent_id`) REFERENCES `sales_creditmemo` (`entity_id`) ON DELETE CASCADE
) ENGINE=InnoDB DEFAULT CHARSET=utf8 COMMENT='Sales Flat Creditmemo Item';

--
-- Dumping data for table `sales_creditmemo_item`
--


--
-- Table structure for table `sales_invoice`
--

CREATE TABLE `sales_invoice` (
  `entity_id` int unsigned NOT NULL AUTO_INCREMENT COMMENT 'Entity ID',
  `store_id` smallint unsigned DEFAULT NULL COMMENT 'Store ID',
  `base_grand_total` decimal(20,4) DEFAULT NULL COMMENT 'Base Grand Total',
  `shipping_tax_amount` decimal(20,4) DEFAULT NULL COMMENT 'Shipping Tax Amount',
  `tax_amount` decimal(20,4) DEFAULT NULL COMMENT 'Tax Amount',
  `base_tax_amount` decimal(20,4) DEFAULT NULL COMMENT 'Base Tax Amount',
  `store_to_order_rate` decimal(20,4) DEFAULT NULL COMMENT 'Store To Order Rate',
  `base_shipping_tax_amount` decimal(20,4) DEFAULT NULL COMMENT 'Base Shipping Tax Amount',
  `base_discount_amount` decimal(20,4) DEFAULT NULL COMMENT 'Base Discount Amount',
  `base_to_order_rate` decimal(20,4) DEFAULT NULL COMMENT 'Base To Order Rate',
  `grand_total` decimal(20,4) DEFAULT NULL COMMENT 'Grand Total',
  `shipping_amount` decimal(20,4) DEFAULT NULL COMMENT 'Shipping Amount',
  `subtotal_incl_tax` decimal(20,4) DEFAULT NULL COMMENT 'Subtotal Incl Tax',
  `base_subtotal_incl_tax` decimal(20,4) DEFAULT NULL COMMENT 'Base Subtotal Incl Tax',
  `store_to_base_rate` decimal(20,4) DEFAULT NULL COMMENT 'Store To Base Rate',
  `base_shipping_amount` decimal(20,4) DEFAULT NULL COMMENT 'Base Shipping Amount',
  `total_qty` decimal(12,4) DEFAULT NULL COMMENT 'Total Qty',
  `base_to_global_rate` decimal(20,4) DEFAULT NULL COMMENT 'Base To Global Rate',
  `subtotal` decimal(20,4) DEFAULT NULL COMMENT 'Subtotal',
  `base_subtotal` decimal(20,4) DEFAULT NULL COMMENT 'Base Subtotal',
  `discount_amount` decimal(20,4) DEFAULT NULL COMMENT 'Discount Amount',
  `billing_address_id` int DEFAULT NULL COMMENT 'Billing Address ID',
  `is_used_for_refund` smallint unsigned DEFAULT NULL COMMENT 'Is Used For Refund',
  `order_id` int unsigned NOT NULL COMMENT 'Order ID',
  `email_sent` smallint unsigned DEFAULT NULL COMMENT 'Email Sent',
  `send_email` smallint unsigned DEFAULT NULL COMMENT 'Send Email',
  `can_void_flag` smallint unsigned DEFAULT NULL COMMENT 'Can Void Flag',
  `state` int DEFAULT NULL COMMENT 'State',
  `shipping_address_id` int DEFAULT NULL COMMENT 'Shipping Address ID',
  `store_currency_code` varchar(3) DEFAULT NULL COMMENT 'Store Currency Code',
  `transaction_id` varchar(255) DEFAULT NULL COMMENT 'Transaction ID',
  `order_currency_code` varchar(3) DEFAULT NULL COMMENT 'Order Currency Code',
  `base_currency_code` varchar(3) DEFAULT NULL COMMENT 'Base Currency Code',
  `global_currency_code` varchar(3) DEFAULT NULL COMMENT 'Global Currency Code',
  `increment_id` varchar(50) DEFAULT NULL COMMENT 'Increment ID',
  `created_at` timestamp NOT NULL DEFAULT CURRENT_TIMESTAMP COMMENT 'Created At',
  `updated_at` timestamp NOT NULL DEFAULT CURRENT_TIMESTAMP ON UPDATE CURRENT_TIMESTAMP COMMENT 'Updated At',
  `discount_tax_compensation_amount` decimal(20,4) DEFAULT NULL COMMENT 'Discount Tax Compensation Amount',
  `base_discount_tax_compensation_amount` decimal(20,4) DEFAULT NULL COMMENT 'Base Discount Tax Compensation Amount',
  `shipping_discount_tax_compensation_amount` decimal(20,4) DEFAULT NULL COMMENT 'Shipping Discount Tax Compensation Amount',
  `base_shipping_discount_tax_compensation_amnt` decimal(20,4) DEFAULT NULL COMMENT 'Base Shipping Discount Tax Compensation Amount',
  `shipping_incl_tax` decimal(20,4) DEFAULT NULL COMMENT 'Shipping Incl Tax',
  `base_shipping_incl_tax` decimal(20,4) DEFAULT NULL COMMENT 'Base Shipping Incl Tax',
  `base_total_refunded` decimal(20,4) DEFAULT NULL COMMENT 'Base Total Refunded',
  `discount_description` varchar(255) DEFAULT NULL COMMENT 'Discount Description',
  `customer_note` text COMMENT 'Customer Note',
  `customer_note_notify` smallint unsigned DEFAULT NULL COMMENT 'Customer Note Notify',
  PRIMARY KEY (`entity_id`),
  UNIQUE KEY `SALES_INVOICE_INCREMENT_ID_STORE_ID` (`increment_id`,`store_id`),
  KEY `SALES_INVOICE_STORE_ID` (`store_id`),
  KEY `SALES_INVOICE_GRAND_TOTAL` (`grand_total`),
  KEY `SALES_INVOICE_ORDER_ID` (`order_id`),
  KEY `SALES_INVOICE_STATE` (`state`),
  KEY `SALES_INVOICE_CREATED_AT` (`created_at`),
  KEY `SALES_INVOICE_UPDATED_AT` (`updated_at`),
  KEY `SALES_INVOICE_SEND_EMAIL` (`send_email`),
  KEY `SALES_INVOICE_EMAIL_SENT` (`email_sent`),
  CONSTRAINT `SALES_INVOICE_ORDER_ID_SALES_ORDER_ENTITY_ID` FOREIGN KEY (`order_id`) REFERENCES `sales_order` (`entity_id`) ON DELETE CASCADE,
  CONSTRAINT `SALES_INVOICE_STORE_ID_STORE_STORE_ID` FOREIGN KEY (`store_id`) REFERENCES `store` (`store_id`) ON DELETE SET NULL
) ENGINE=InnoDB DEFAULT CHARSET=utf8 COMMENT='Sales Flat Invoice';

--
-- Dumping data for table `sales_invoice`
--


--
-- Table structure for table `sales_invoice_comment`
--

CREATE TABLE `sales_invoice_comment` (
  `entity_id` int unsigned NOT NULL AUTO_INCREMENT COMMENT 'Entity ID',
  `parent_id` int unsigned NOT NULL COMMENT 'Parent ID',
  `is_customer_notified` smallint unsigned DEFAULT NULL COMMENT 'Is Customer Notified',
  `is_visible_on_front` smallint unsigned NOT NULL DEFAULT '0' COMMENT 'Is Visible On Front',
  `comment` text COMMENT 'Comment',
  `created_at` timestamp NOT NULL DEFAULT CURRENT_TIMESTAMP COMMENT 'Created At',
  PRIMARY KEY (`entity_id`),
  KEY `SALES_INVOICE_COMMENT_CREATED_AT` (`created_at`),
  KEY `SALES_INVOICE_COMMENT_PARENT_ID` (`parent_id`),
  CONSTRAINT `SALES_INVOICE_COMMENT_PARENT_ID_SALES_INVOICE_ENTITY_ID` FOREIGN KEY (`parent_id`) REFERENCES `sales_invoice` (`entity_id`) ON DELETE CASCADE
) ENGINE=InnoDB DEFAULT CHARSET=utf8 COMMENT='Sales Flat Invoice Comment';

--
-- Dumping data for table `sales_invoice_comment`
--


--
-- Table structure for table `sales_invoice_grid`
--

CREATE TABLE `sales_invoice_grid` (
  `entity_id` int unsigned NOT NULL COMMENT 'Entity ID',
  `increment_id` varchar(50) DEFAULT NULL COMMENT 'Increment ID',
  `state` int DEFAULT NULL COMMENT 'State',
  `store_id` smallint unsigned DEFAULT NULL COMMENT 'Store ID',
  `store_name` varchar(255) DEFAULT NULL COMMENT 'Store Name',
  `order_id` int unsigned NOT NULL COMMENT 'Order ID',
  `order_increment_id` varchar(50) DEFAULT NULL COMMENT 'Order Increment ID',
  `order_created_at` timestamp NULL DEFAULT NULL COMMENT 'Order Created At',
  `customer_name` varchar(255) DEFAULT NULL COMMENT 'Customer Name',
  `customer_email` varchar(255) DEFAULT NULL COMMENT 'Customer Email',
  `customer_group_id` int DEFAULT NULL,
  `payment_method` varchar(128) DEFAULT NULL COMMENT 'Payment Method',
  `store_currency_code` varchar(3) DEFAULT NULL COMMENT 'Store Currency Code',
  `order_currency_code` varchar(3) DEFAULT NULL COMMENT 'Order Currency Code',
  `base_currency_code` varchar(3) DEFAULT NULL COMMENT 'Base Currency Code',
  `global_currency_code` varchar(3) DEFAULT NULL COMMENT 'Global Currency Code',
  `billing_name` varchar(255) DEFAULT NULL COMMENT 'Billing Name',
  `billing_address` varchar(255) DEFAULT NULL COMMENT 'Billing Address',
  `shipping_address` varchar(255) DEFAULT NULL COMMENT 'Shipping Address',
  `shipping_information` varchar(255) DEFAULT NULL COMMENT 'Shipping Method Name',
  `subtotal` decimal(20,4) DEFAULT NULL COMMENT 'Subtotal',
  `shipping_and_handling` decimal(20,4) DEFAULT NULL COMMENT 'Shipping and handling amount',
  `grand_total` decimal(20,4) DEFAULT NULL COMMENT 'Grand Total',
  `created_at` timestamp NULL DEFAULT NULL COMMENT 'Created At',
  `updated_at` timestamp NULL DEFAULT NULL COMMENT 'Updated At',
  `base_grand_total` decimal(20,4) DEFAULT NULL COMMENT 'Base Grand Total',
  PRIMARY KEY (`entity_id`),
  UNIQUE KEY `SALES_INVOICE_GRID_INCREMENT_ID_STORE_ID` (`increment_id`,`store_id`),
  KEY `SALES_INVOICE_GRID_STORE_ID` (`store_id`),
  KEY `SALES_INVOICE_GRID_GRAND_TOTAL` (`grand_total`),
  KEY `SALES_INVOICE_GRID_ORDER_ID` (`order_id`),
  KEY `SALES_INVOICE_GRID_STATE` (`state`),
  KEY `SALES_INVOICE_GRID_ORDER_INCREMENT_ID` (`order_increment_id`),
  KEY `SALES_INVOICE_GRID_CREATED_AT` (`created_at`),
  KEY `SALES_INVOICE_GRID_UPDATED_AT` (`updated_at`),
  KEY `SALES_INVOICE_GRID_ORDER_CREATED_AT` (`order_created_at`),
  KEY `SALES_INVOICE_GRID_BILLING_NAME` (`billing_name`),
  KEY `SALES_INVOICE_GRID_BASE_GRAND_TOTAL` (`base_grand_total`),
  FULLTEXT KEY `FTI_95D9C924DD6A8734EB8B5D01D60F90DE` (`increment_id`,`order_increment_id`,`billing_name`,`billing_address`,`shipping_address`,`customer_name`,`customer_email`)
) ENGINE=InnoDB DEFAULT CHARSET=utf8 COMMENT='Sales Flat Invoice Grid';

--
-- Dumping data for table `sales_invoice_grid`
--


--
-- Table structure for table `sales_invoice_item`
--

CREATE TABLE `sales_invoice_item` (
  `entity_id` int unsigned NOT NULL AUTO_INCREMENT COMMENT 'Entity ID',
  `parent_id` int unsigned NOT NULL COMMENT 'Parent ID',
  `base_price` decimal(12,4) DEFAULT NULL COMMENT 'Base Price',
  `tax_amount` decimal(12,4) DEFAULT NULL COMMENT 'Tax Amount',
  `base_row_total` decimal(20,4) DEFAULT NULL COMMENT 'Base Row Total',
  `discount_amount` decimal(12,4) DEFAULT NULL COMMENT 'Discount Amount',
  `row_total` decimal(20,4) DEFAULT NULL COMMENT 'Row Total',
  `base_discount_amount` decimal(12,4) DEFAULT NULL COMMENT 'Base Discount Amount',
  `price_incl_tax` decimal(12,4) DEFAULT NULL COMMENT 'Price Incl Tax',
  `base_tax_amount` decimal(12,4) DEFAULT NULL COMMENT 'Base Tax Amount',
  `base_price_incl_tax` decimal(12,4) DEFAULT NULL COMMENT 'Base Price Incl Tax',
  `qty` decimal(12,4) DEFAULT NULL COMMENT 'Qty',
  `base_cost` decimal(12,4) DEFAULT NULL COMMENT 'Base Cost',
  `price` decimal(12,4) DEFAULT NULL COMMENT 'Price',
  `base_row_total_incl_tax` decimal(12,4) DEFAULT NULL COMMENT 'Base Row Total Incl Tax',
  `row_total_incl_tax` decimal(12,4) DEFAULT NULL COMMENT 'Row Total Incl Tax',
  `product_id` int DEFAULT NULL COMMENT 'Product ID',
  `order_item_id` int DEFAULT NULL COMMENT 'Order Item ID',
  `additional_data` text COMMENT 'Additional Data',
  `description` text COMMENT 'Description',
  `sku` varchar(255) DEFAULT NULL COMMENT 'Sku',
  `name` varchar(255) DEFAULT NULL COMMENT 'Name',
  `discount_tax_compensation_amount` decimal(12,4) DEFAULT NULL COMMENT 'Discount Tax Compensation Amount',
  `base_discount_tax_compensation_amount` decimal(12,4) DEFAULT NULL COMMENT 'Base Discount Tax Compensation Amount',
  `tax_ratio` text COMMENT 'Ratio of tax invoiced over tax of the order item',
  `weee_tax_applied` text COMMENT 'Weee Tax Applied',
  `weee_tax_applied_amount` decimal(12,4) DEFAULT NULL COMMENT 'Weee Tax Applied Amount',
  `weee_tax_applied_row_amount` decimal(12,4) DEFAULT NULL COMMENT 'Weee Tax Applied Row Amount',
  `weee_tax_disposition` decimal(12,4) DEFAULT NULL COMMENT 'Weee Tax Disposition',
  `weee_tax_row_disposition` decimal(12,4) DEFAULT NULL COMMENT 'Weee Tax Row Disposition',
  `base_weee_tax_applied_amount` decimal(12,4) DEFAULT NULL COMMENT 'Base Weee Tax Applied Amount',
  `base_weee_tax_applied_row_amnt` decimal(12,4) DEFAULT NULL COMMENT 'Base Weee Tax Applied Row Amnt',
  `base_weee_tax_disposition` decimal(12,4) DEFAULT NULL COMMENT 'Base Weee Tax Disposition',
  `base_weee_tax_row_disposition` decimal(12,4) DEFAULT NULL COMMENT 'Base Weee Tax Row Disposition',
  PRIMARY KEY (`entity_id`),
  KEY `SALES_INVOICE_ITEM_PARENT_ID` (`parent_id`),
  CONSTRAINT `SALES_INVOICE_ITEM_PARENT_ID_SALES_INVOICE_ENTITY_ID` FOREIGN KEY (`parent_id`) REFERENCES `sales_invoice` (`entity_id`) ON DELETE CASCADE
) ENGINE=InnoDB DEFAULT CHARSET=utf8 COMMENT='Sales Flat Invoice Item';

--
-- Dumping data for table `sales_invoice_item`
--


--
-- Table structure for table `sales_invoiced_aggregated`
--

CREATE TABLE `sales_invoiced_aggregated` (
  `id` int unsigned NOT NULL AUTO_INCREMENT COMMENT 'ID',
  `period` date DEFAULT NULL COMMENT 'Period',
  `store_id` smallint unsigned DEFAULT NULL COMMENT 'Store ID',
  `order_status` varchar(50) DEFAULT NULL COMMENT 'Order Status',
  `orders_count` int NOT NULL DEFAULT '0' COMMENT 'Orders Count',
  `orders_invoiced` decimal(12,4) DEFAULT NULL COMMENT 'Orders Invoiced',
  `invoiced` decimal(12,4) DEFAULT NULL COMMENT 'Invoiced',
  `invoiced_captured` decimal(12,4) DEFAULT NULL COMMENT 'Invoiced Captured',
  `invoiced_not_captured` decimal(12,4) DEFAULT NULL COMMENT 'Invoiced Not Captured',
  PRIMARY KEY (`id`),
  UNIQUE KEY `SALES_INVOICED_AGGREGATED_PERIOD_STORE_ID_ORDER_STATUS` (`period`,`store_id`,`order_status`),
  KEY `SALES_INVOICED_AGGREGATED_STORE_ID` (`store_id`),
  CONSTRAINT `SALES_INVOICED_AGGREGATED_STORE_ID_STORE_STORE_ID` FOREIGN KEY (`store_id`) REFERENCES `store` (`store_id`) ON DELETE SET NULL
) ENGINE=InnoDB DEFAULT CHARSET=utf8 COMMENT='Sales Invoiced Aggregated';

--
-- Dumping data for table `sales_invoiced_aggregated`
--


--
-- Table structure for table `sales_invoiced_aggregated_order`
--

CREATE TABLE `sales_invoiced_aggregated_order` (
  `id` int unsigned NOT NULL AUTO_INCREMENT COMMENT 'ID',
  `period` date DEFAULT NULL COMMENT 'Period',
  `store_id` smallint unsigned DEFAULT NULL COMMENT 'Store ID',
  `order_status` varchar(50) NOT NULL COMMENT 'Order Status',
  `orders_count` int NOT NULL DEFAULT '0' COMMENT 'Orders Count',
  `orders_invoiced` decimal(12,4) DEFAULT NULL COMMENT 'Orders Invoiced',
  `invoiced` decimal(12,4) DEFAULT NULL COMMENT 'Invoiced',
  `invoiced_captured` decimal(12,4) DEFAULT NULL COMMENT 'Invoiced Captured',
  `invoiced_not_captured` decimal(12,4) DEFAULT NULL COMMENT 'Invoiced Not Captured',
  PRIMARY KEY (`id`),
  UNIQUE KEY `SALES_INVOICED_AGGREGATED_ORDER_PERIOD_STORE_ID_ORDER_STATUS` (`period`,`store_id`,`order_status`),
  KEY `SALES_INVOICED_AGGREGATED_ORDER_STORE_ID` (`store_id`),
  CONSTRAINT `SALES_INVOICED_AGGREGATED_ORDER_STORE_ID_STORE_STORE_ID` FOREIGN KEY (`store_id`) REFERENCES `store` (`store_id`) ON DELETE SET NULL
) ENGINE=InnoDB DEFAULT CHARSET=utf8 COMMENT='Sales Invoiced Aggregated Order';

--
-- Dumping data for table `sales_invoiced_aggregated_order`
--


--
-- Table structure for table `sales_order_address`
--

CREATE TABLE `sales_order_address` (
  `entity_id` int unsigned NOT NULL AUTO_INCREMENT COMMENT 'Entity ID',
  `parent_id` int unsigned DEFAULT NULL COMMENT 'Parent ID',
  `customer_address_id` int DEFAULT NULL COMMENT 'Customer Address ID',
  `quote_address_id` int DEFAULT NULL COMMENT 'Quote Address ID',
  `region_id` int DEFAULT NULL COMMENT 'Region ID',
  `customer_id` int DEFAULT NULL COMMENT 'Customer ID',
  `fax` varchar(255) DEFAULT NULL COMMENT 'Fax',
  `region` varchar(255) DEFAULT NULL COMMENT 'Region',
  `postcode` varchar(255) DEFAULT NULL COMMENT 'Postcode',
  `lastname` varchar(255) DEFAULT NULL COMMENT 'Lastname',
  `street` varchar(255) DEFAULT NULL COMMENT 'Street',
  `city` varchar(255) DEFAULT NULL COMMENT 'City',
  `email` varchar(255) DEFAULT NULL COMMENT 'Email',
  `telephone` varchar(255) DEFAULT NULL COMMENT 'Phone Number',
  `country_id` varchar(2) DEFAULT NULL COMMENT 'Country ID',
  `firstname` varchar(255) DEFAULT NULL COMMENT 'Firstname',
  `address_type` varchar(255) DEFAULT NULL COMMENT 'Address Type',
  `prefix` varchar(255) DEFAULT NULL COMMENT 'Prefix',
  `middlename` varchar(255) DEFAULT NULL COMMENT 'Middlename',
  `suffix` varchar(255) DEFAULT NULL COMMENT 'Suffix',
  `company` varchar(255) DEFAULT NULL COMMENT 'Company',
  `vat_id` text COMMENT 'Vat ID',
  `vat_is_valid` smallint DEFAULT NULL COMMENT 'Vat Is Valid',
  `vat_request_id` text COMMENT 'Vat Request ID',
  `vat_request_date` text COMMENT 'Vat Request Date',
  `vat_request_success` smallint DEFAULT NULL COMMENT 'Vat Request Success',
  `vertex_vat_country_code` varchar(255) DEFAULT NULL COMMENT 'Vertex Customer Vat Country',
  PRIMARY KEY (`entity_id`),
  KEY `SALES_ORDER_ADDRESS_PARENT_ID` (`parent_id`),
  CONSTRAINT `SALES_ORDER_ADDRESS_PARENT_ID_SALES_ORDER_ENTITY_ID` FOREIGN KEY (`parent_id`) REFERENCES `sales_order` (`entity_id`) ON DELETE CASCADE
) ENGINE=InnoDB AUTO_INCREMENT=20 DEFAULT CHARSET=utf8 COMMENT='Sales Flat Order Address';

--
-- Dumping data for table `sales_order_address`
--

INSERT INTO `sales_order_address` VALUES (1,1,NULL,96,NULL,NULL,NULL,NULL,'75500','scf','Demo Order Do not Send\nDemo Order Do not Send','Demo Order Do not Send','adcs.noman@gmail.com','+9234125234232332','PK','Softco','shipping',NULL,NULL,NULL,'Softco',NULL,NULL,NULL,NULL,NULL,NULL),(2,1,NULL,97,NULL,NULL,NULL,NULL,'75500','scf','Demo Order Do not Send\nDemo Order Do not Send','Demo Order Do not Send','adcs.noman@gmail.com','+9234125234232332','PK','Softco','billing',NULL,NULL,NULL,'Softco',NULL,NULL,NULL,NULL,NULL,NULL),(3,2,NULL,139,NULL,NULL,NULL,NULL,'10900','แสนดี','Create Intelligence','BKK','info@cibkk.com','+6621053833','TH','ดีใจ','shipping',NULL,NULL,NULL,NULL,NULL,NULL,NULL,NULL,NULL,NULL),(4,2,NULL,140,NULL,NULL,NULL,NULL,'10900','แสนดี','Create Intelligence','BKK','info@cibkk.com','+6621053833','TH','ดีใจ','billing',NULL,NULL,NULL,NULL,NULL,NULL,NULL,NULL,NULL,NULL),(5,3,NULL,146,NULL,NULL,NULL,NULL,'10900',' เเสนดี','Create Intelligence',' BKK','1info@cibkk.com','021053833','TH','ดีใจ','shipping',NULL,NULL,NULL,NULL,NULL,NULL,NULL,NULL,NULL,NULL),(6,3,NULL,149,NULL,NULL,NULL,NULL,'10900',' เเสนดี','Create Intelligence',' BKK','1info@cibkk.com','021053833','TH','ดีใจ','billing',NULL,NULL,NULL,NULL,NULL,NULL,NULL,NULL,NULL,NULL),(7,4,NULL,153,NULL,NULL,NULL,NULL,'10900','เสนดี','Create Intelligence','BKK','3info@cibkk.com','021053833','TH','ดีใจ','shipping',NULL,NULL,NULL,NULL,NULL,NULL,NULL,NULL,NULL,NULL),(8,4,NULL,154,NULL,NULL,NULL,NULL,'10900','เสนดี','Create Intelligence','BKK','3info@cibkk.com','021053833','TH','ดีใจ','billing',NULL,NULL,NULL,NULL,NULL,NULL,NULL,NULL,NULL,NULL),(9,5,NULL,158,NULL,NULL,NULL,NULL,'10900','ใจดี','Create Intelligence','BKK','2info@cibkk.com','0210538833','TH','ดีใจ','shipping',NULL,NULL,NULL,NULL,NULL,NULL,NULL,NULL,NULL,NULL),(10,5,NULL,159,NULL,NULL,NULL,NULL,'10900','ใจดี','Create Intelligence','BKK','2info@cibkk.com','0210538833','TH','ดีใจ','billing',NULL,NULL,NULL,NULL,NULL,NULL,NULL,NULL,NULL,NULL),(11,6,NULL,165,NULL,NULL,NULL,NULL,'10900','เเสนดี','Create Intelligence','BKK','4info@cibkk.com','021053833','TH','ดีใจ','shipping',NULL,NULL,NULL,NULL,NULL,NULL,NULL,NULL,NULL,NULL),(12,6,NULL,166,NULL,NULL,NULL,NULL,'10900','เเสนดี','Create Intelligence','BKK','4info@cibkk.com','021053833','TH','ดีใจ','billing',NULL,NULL,NULL,NULL,NULL,NULL,NULL,NULL,NULL,NULL),(13,7,NULL,182,NULL,NULL,NULL,NULL,'60000','manoi','72/244\nWat Sai Sub-district','Mueang District','info@nbtech.co.th','0955323667','TH','kittiwat','billing',NULL,NULL,NULL,'nbtech solution',NULL,NULL,NULL,NULL,NULL,NULL),(14,8,NULL,308,563,NULL,NULL,'Tamil Nadu','635305','Ram','1/175, Kerakodhalli\nKerakodhalli','Papireddipatty','ram10raj@gmail.com','8220271604','IN','Ramki','billing',NULL,NULL,NULL,NULL,NULL,NULL,NULL,NULL,NULL,NULL),(15,9,NULL,350,5,NULL,NULL,'Arkansas','34110','Parrca','Varadin str 123','Lima','cavo@cavo.com','+11234567','US','Edvin','shipping',NULL,NULL,NULL,NULL,NULL,NULL,NULL,NULL,NULL,NULL),(16,9,NULL,351,5,NULL,NULL,'Arkansas','34110','Parrca','Varadin str 123','Lima','cavo@cavo.com','+11234567','US','Edvin','billing',NULL,NULL,NULL,NULL,NULL,NULL,NULL,NULL,NULL,NULL),(17,10,NULL,630,57,NULL,NULL,'Texas','75033','Bredson','34523 Way Street','Frisco','rweauonyoagtiji@triots.com','+12521214223','US','waggy','billing',NULL,NULL,NULL,'waggyshop',NULL,NULL,NULL,NULL,NULL,NULL),(18,11,NULL,634,10,NULL,NULL,'Armed Forces Middle East','435643','fdgs','dfsgsdf','xdgfds','LadyGlobal@gdvgd.vom','65765758','US','sfgf','shipping',NULL,NULL,NULL,NULL,NULL,NULL,NULL,NULL,NULL,NULL),(19,11,NULL,635,10,NULL,NULL,'Armed Forces Middle East','435643','fdgs','dfsgsdf','xdgfds','LadyGlobal@gdvgd.vom','65765758','US','sfgf','billing',NULL,NULL,NULL,NULL,NULL,NULL,NULL,NULL,NULL,NULL);

--
-- Table structure for table `sales_order_aggregated_created`
--

CREATE TABLE `sales_order_aggregated_created` (
  `id` int unsigned NOT NULL AUTO_INCREMENT COMMENT 'ID',
  `period` date DEFAULT NULL COMMENT 'Period',
  `store_id` smallint unsigned DEFAULT NULL COMMENT 'Store ID',
  `order_status` varchar(50) NOT NULL COMMENT 'Order Status',
  `orders_count` int NOT NULL DEFAULT '0' COMMENT 'Orders Count',
  `total_qty_ordered` decimal(12,4) NOT NULL DEFAULT '0.0000' COMMENT 'Total Qty Ordered',
  `total_qty_invoiced` decimal(12,4) NOT NULL DEFAULT '0.0000' COMMENT 'Total Qty Invoiced',
  `total_income_amount` decimal(20,4) NOT NULL DEFAULT '0.0000' COMMENT 'Total Income Amount',
  `total_revenue_amount` decimal(20,4) NOT NULL DEFAULT '0.0000' COMMENT 'Total Revenue Amount',
  `total_profit_amount` decimal(20,4) NOT NULL DEFAULT '0.0000' COMMENT 'Total Profit Amount',
  `total_invoiced_amount` decimal(20,4) NOT NULL DEFAULT '0.0000' COMMENT 'Total Invoiced Amount',
  `total_canceled_amount` decimal(20,4) NOT NULL DEFAULT '0.0000' COMMENT 'Total Canceled Amount',
  `total_paid_amount` decimal(20,4) NOT NULL DEFAULT '0.0000' COMMENT 'Total Paid Amount',
  `total_refunded_amount` decimal(20,4) NOT NULL DEFAULT '0.0000' COMMENT 'Total Refunded Amount',
  `total_tax_amount` decimal(20,4) NOT NULL DEFAULT '0.0000' COMMENT 'Total Tax Amount',
  `total_tax_amount_actual` decimal(20,4) NOT NULL DEFAULT '0.0000' COMMENT 'Total Tax Amount Actual',
  `total_shipping_amount` decimal(20,4) NOT NULL DEFAULT '0.0000' COMMENT 'Total Shipping Amount',
  `total_shipping_amount_actual` decimal(20,4) NOT NULL DEFAULT '0.0000' COMMENT 'Total Shipping Amount Actual',
  `total_discount_amount` decimal(20,4) NOT NULL DEFAULT '0.0000' COMMENT 'Total Discount Amount',
  `total_discount_amount_actual` decimal(20,4) NOT NULL DEFAULT '0.0000' COMMENT 'Total Discount Amount Actual',
  PRIMARY KEY (`id`),
  UNIQUE KEY `SALES_ORDER_AGGREGATED_CREATED_PERIOD_STORE_ID_ORDER_STATUS` (`period`,`store_id`,`order_status`),
  KEY `SALES_ORDER_AGGREGATED_CREATED_STORE_ID` (`store_id`),
  CONSTRAINT `SALES_ORDER_AGGREGATED_CREATED_STORE_ID_STORE_STORE_ID` FOREIGN KEY (`store_id`) REFERENCES `store` (`store_id`) ON DELETE SET NULL
) ENGINE=InnoDB DEFAULT CHARSET=utf8 COMMENT='Sales Order Aggregated Created';

--
-- Dumping data for table `sales_order_aggregated_created`
--


--
-- Table structure for table `sales_order_aggregated_updated`
--

CREATE TABLE `sales_order_aggregated_updated` (
  `id` int unsigned NOT NULL AUTO_INCREMENT COMMENT 'ID',
  `period` date DEFAULT NULL COMMENT 'Period',
  `store_id` smallint unsigned DEFAULT NULL COMMENT 'Store ID',
  `order_status` varchar(50) NOT NULL COMMENT 'Order Status',
  `orders_count` int NOT NULL DEFAULT '0' COMMENT 'Orders Count',
  `total_qty_ordered` decimal(12,4) NOT NULL DEFAULT '0.0000' COMMENT 'Total Qty Ordered',
  `total_qty_invoiced` decimal(12,4) NOT NULL DEFAULT '0.0000' COMMENT 'Total Qty Invoiced',
  `total_income_amount` decimal(20,4) NOT NULL DEFAULT '0.0000' COMMENT 'Total Income Amount',
  `total_revenue_amount` decimal(20,4) NOT NULL DEFAULT '0.0000' COMMENT 'Total Revenue Amount',
  `total_profit_amount` decimal(20,4) NOT NULL DEFAULT '0.0000' COMMENT 'Total Profit Amount',
  `total_invoiced_amount` decimal(20,4) NOT NULL DEFAULT '0.0000' COMMENT 'Total Invoiced Amount',
  `total_canceled_amount` decimal(20,4) NOT NULL DEFAULT '0.0000' COMMENT 'Total Canceled Amount',
  `total_paid_amount` decimal(20,4) NOT NULL DEFAULT '0.0000' COMMENT 'Total Paid Amount',
  `total_refunded_amount` decimal(20,4) NOT NULL DEFAULT '0.0000' COMMENT 'Total Refunded Amount',
  `total_tax_amount` decimal(20,4) NOT NULL DEFAULT '0.0000' COMMENT 'Total Tax Amount',
  `total_tax_amount_actual` decimal(20,4) NOT NULL DEFAULT '0.0000' COMMENT 'Total Tax Amount Actual',
  `total_shipping_amount` decimal(20,4) NOT NULL DEFAULT '0.0000' COMMENT 'Total Shipping Amount',
  `total_shipping_amount_actual` decimal(20,4) NOT NULL DEFAULT '0.0000' COMMENT 'Total Shipping Amount Actual',
  `total_discount_amount` decimal(20,4) NOT NULL DEFAULT '0.0000' COMMENT 'Total Discount Amount',
  `total_discount_amount_actual` decimal(20,4) NOT NULL DEFAULT '0.0000' COMMENT 'Total Discount Amount Actual',
  PRIMARY KEY (`id`),
  UNIQUE KEY `SALES_ORDER_AGGREGATED_UPDATED_PERIOD_STORE_ID_ORDER_STATUS` (`period`,`store_id`,`order_status`),
  KEY `SALES_ORDER_AGGREGATED_UPDATED_STORE_ID` (`store_id`),
  CONSTRAINT `SALES_ORDER_AGGREGATED_UPDATED_STORE_ID_STORE_STORE_ID` FOREIGN KEY (`store_id`) REFERENCES `store` (`store_id`) ON DELETE SET NULL
) ENGINE=InnoDB DEFAULT CHARSET=utf8 COMMENT='Sales Order Aggregated Updated';

--
-- Dumping data for table `sales_order_aggregated_updated`
--


--
-- Table structure for table `sales_order_grid`
--

CREATE TABLE `sales_order_grid` (
  `entity_id` int unsigned NOT NULL COMMENT 'Entity ID',
  `status` varchar(32) DEFAULT NULL COMMENT 'Status',
  `store_id` smallint unsigned DEFAULT NULL COMMENT 'Store ID',
  `store_name` varchar(255) DEFAULT NULL COMMENT 'Store Name',
  `customer_id` int unsigned DEFAULT NULL COMMENT 'Customer ID',
  `base_grand_total` decimal(20,4) DEFAULT NULL COMMENT 'Base Grand Total',
  `base_total_paid` decimal(20,4) DEFAULT NULL COMMENT 'Base Total Paid',
  `grand_total` decimal(20,4) DEFAULT NULL COMMENT 'Grand Total',
  `total_paid` decimal(20,4) DEFAULT NULL COMMENT 'Total Paid',
  `increment_id` varchar(50) DEFAULT NULL COMMENT 'Increment ID',
  `base_currency_code` varchar(3) DEFAULT NULL COMMENT 'Base Currency Code',
  `order_currency_code` varchar(255) DEFAULT NULL COMMENT 'Order Currency Code',
  `shipping_name` varchar(255) DEFAULT NULL COMMENT 'Shipping Name',
  `billing_name` varchar(255) DEFAULT NULL COMMENT 'Billing Name',
  `created_at` timestamp NULL DEFAULT NULL COMMENT 'Created At',
  `updated_at` timestamp NULL DEFAULT NULL COMMENT 'Updated At',
  `billing_address` varchar(255) DEFAULT NULL COMMENT 'Billing Address',
  `shipping_address` varchar(255) DEFAULT NULL COMMENT 'Shipping Address',
  `shipping_information` varchar(255) DEFAULT NULL COMMENT 'Shipping Method Name',
  `customer_email` varchar(255) DEFAULT NULL COMMENT 'Customer Email',
  `customer_group` varchar(255) DEFAULT NULL COMMENT 'Customer Group',
  `subtotal` decimal(20,4) DEFAULT NULL COMMENT 'Subtotal',
  `shipping_and_handling` decimal(20,4) DEFAULT NULL COMMENT 'Shipping and handling amount',
  `customer_name` varchar(255) DEFAULT NULL COMMENT 'Customer Name',
  `payment_method` varchar(255) DEFAULT NULL COMMENT 'Payment Method',
  `total_refunded` decimal(20,4) DEFAULT NULL COMMENT 'Total Refunded',
  `pickup_location_code` varchar(255) DEFAULT NULL COMMENT 'Pickup Location Code',
  PRIMARY KEY (`entity_id`),
  UNIQUE KEY `SALES_ORDER_GRID_INCREMENT_ID_STORE_ID` (`increment_id`,`store_id`),
  KEY `SALES_ORDER_GRID_STATUS` (`status`),
  KEY `SALES_ORDER_GRID_STORE_ID` (`store_id`),
  KEY `SALES_ORDER_GRID_BASE_GRAND_TOTAL` (`base_grand_total`),
  KEY `SALES_ORDER_GRID_BASE_TOTAL_PAID` (`base_total_paid`),
  KEY `SALES_ORDER_GRID_GRAND_TOTAL` (`grand_total`),
  KEY `SALES_ORDER_GRID_TOTAL_PAID` (`total_paid`),
  KEY `SALES_ORDER_GRID_SHIPPING_NAME` (`shipping_name`),
  KEY `SALES_ORDER_GRID_BILLING_NAME` (`billing_name`),
  KEY `SALES_ORDER_GRID_CREATED_AT` (`created_at`),
  KEY `SALES_ORDER_GRID_CUSTOMER_ID` (`customer_id`),
  KEY `SALES_ORDER_GRID_UPDATED_AT` (`updated_at`),
  KEY `SALES_ORDER_GRID_PICKUP_LOCATION_CODE` (`pickup_location_code`),
  FULLTEXT KEY `FTI_65B9E9925EC58F0C7C2E2F6379C233E7` (`increment_id`,`billing_name`,`shipping_name`,`shipping_address`,`billing_address`,`customer_name`,`customer_email`)
) ENGINE=InnoDB DEFAULT CHARSET=utf8 COMMENT='Sales Flat Order Grid';

--
-- Dumping data for table `sales_order_grid`
--

INSERT INTO `sales_order_grid` VALUES (1,'pending',1,'Main Website\nMain Website Store\nEnglish',NULL,55.0000,NULL,55.0000,NULL,'000000001','USD','USD','Softco scf','Softco scf','2021-08-16 19:46:35','2021-08-16 19:46:36','Softco,Demo Order Do not Send\nDemo Order Do not Send,Demo Order Do not Send,75500','Softco,Demo Order Do not Send\nDemo Order Do not Send,Demo Order Do not Send,75500','Flat Rate - Fixed','adcs.noman@gmail.com','0',50.0000,5.0000,'Softco scf','checkmo',NULL,NULL),(2,'pending',1,'Main Website\nMain Website Store\nEnglish',6,235.0000,NULL,235.0000,NULL,'000000002','USD','USD','ดีใจ แสนดี','ดีใจ แสนดี','2021-09-07 09:43:14','2021-09-07 09:45:43','Create Intelligence,BKK,10900','Create Intelligence,BKK,10900','Flat Rate - Fixed','info@cibkk.com','1',230.0000,5.0000,'ดีใจ แสนดี','checkmo',NULL,NULL),(3,'pending',1,'Main Website\nMain Website Store\nEnglish',NULL,2420.0000,NULL,2420.0000,NULL,'000000003','USD','USD','ดีใจ  เเสนดี','ดีใจ  เเสนดี','2021-09-07 11:35:44','2021-09-07 11:35:44','Create Intelligence, BKK,10900','Create Intelligence, BKK,10900','Flat Rate - Fixed','1info@cibkk.com','0',2400.0000,20.0000,'ดีใจ  เเสนดี','checkmo',NULL,NULL),(4,'pending',1,'Main Website\nMain Website Store\nEnglish',NULL,605.0000,NULL,605.0000,NULL,'000000004','USD','USD','ดีใจ เสนดี','ดีใจ เสนดี','2021-09-07 14:40:11','2021-09-07 14:40:11','Create Intelligence,BKK,10900','Create Intelligence,BKK,10900','Flat Rate - Fixed','3info@cibkk.com','0',600.0000,5.0000,'ดีใจ เสนดี','checkmo',NULL,NULL),(5,'pending',1,'Main Website\nMain Website Store\nEnglish',7,605.0000,NULL,605.0000,NULL,'000000005','USD','USD','ดีใจ ใจดี','ดีใจ ใจดี','2021-09-07 15:44:20','2021-09-07 15:45:29','Create Intelligence,BKK,10900','Create Intelligence,BKK,10900','Flat Rate - Fixed','2info@cibkk.com','1',600.0000,5.0000,'ดีใจ ใจดี','checkmo',NULL,NULL),(6,'pending',1,'Main Website\nMain Website Store\nEnglish',8,605.0000,NULL,605.0000,NULL,'000000006','USD','USD','ดีใจ เเสนดี','ดีใจ เเสนดี','2021-09-07 16:06:14','2021-09-07 16:08:11','Create Intelligence,BKK,10900','Create Intelligence,BKK,10900','Flat Rate - Fixed','4info@cibkk.com','1',600.0000,5.0000,'ดีใจ เเสนดี','checkmo',NULL,NULL),(7,'pending',1,'Main Website\nMain Website Store\nEnglish',NULL,200.0000,NULL,200.0000,NULL,'000000007','USD','USD','','kittiwat manoi','2021-09-10 08:35:22','2021-09-10 08:35:23','nbtech solution,72/244\nWat Sai Sub-district,Mueang District,60000','',NULL,'info@nbtech.co.th','0',200.0000,0.0000,'kittiwat manoi','checkmo',NULL,NULL),(8,'pending',1,'Main Website\nMain Website Store\nEnglish',NULL,400.0000,NULL,400.0000,NULL,'000000008','USD','USD','','Ramki Ram','2021-12-06 11:24:24','2021-12-06 11:24:26','1/175, Kerakodhalli\nKerakodhalli,Papireddipatty,Tamil Nadu,635305','',NULL,'ram10raj@gmail.com','0',400.0000,0.0000,'Ramki Ram','checkmo',NULL,NULL),(9,'pending',1,'Main Website\nMain Website Store\nEnglish',NULL,55.0000,NULL,55.0000,NULL,'000000009','USD','USD','Edvin Parrca','Edvin Parrca','2022-01-06 08:26:33','2022-01-06 08:26:35','Varadin str 123,Lima,Arkansas,34110','Varadin str 123,Lima,Arkansas,34110','Flat Rate - Fixed','cavo@cavo.com','0',50.0000,5.0000,'Edvin Parrca','checkmo',NULL,NULL),(10,'pending',1,'Main Website\nMain Website Store\nEnglish',NULL,800.0000,NULL,800.0000,NULL,'000000010','USD','USD','','waggy Bredson','2023-06-19 07:12:09','2023-06-19 07:12:10','waggyshop,34523 Way Street,Frisco,Texas,75033','',NULL,'rweauonyoagtiji@triots.com',NULL,800.0000,0.0000,'waggy Bredson','checkmo',NULL,NULL),(11,'pending',1,'Main Website\nMain Website Store\nEnglish',NULL,1450.0000,NULL,1450.0000,NULL,'000000011','USD','USD','sfgf fdgs','sfgf fdgs','2023-06-30 18:15:40','2023-06-30 18:15:41','dfsgsdf,xdgfds,Armed Forces Middle East,435643','dfsgsdf,xdgfds,Armed Forces Middle East,435643','Flat Rate - Fixed','LadyGlobal@gdvgd.vom',NULL,1445.0000,5.0000,'sfgf fdgs','checkmo',NULL,NULL);

--
-- Table structure for table `sales_order_item`
--

CREATE TABLE `sales_order_item` (
  `item_id` int unsigned NOT NULL AUTO_INCREMENT COMMENT 'Item ID',
  `order_id` int unsigned NOT NULL DEFAULT '0' COMMENT 'Order ID',
  `parent_item_id` int unsigned DEFAULT NULL COMMENT 'Parent Item ID',
  `quote_item_id` int unsigned DEFAULT NULL COMMENT 'Quote Item ID',
  `store_id` smallint unsigned DEFAULT NULL COMMENT 'Store ID',
  `created_at` timestamp NOT NULL DEFAULT CURRENT_TIMESTAMP COMMENT 'Created At',
  `updated_at` timestamp NOT NULL DEFAULT CURRENT_TIMESTAMP ON UPDATE CURRENT_TIMESTAMP COMMENT 'Updated At',
  `product_id` int unsigned DEFAULT NULL COMMENT 'Product ID',
  `product_type` varchar(255) DEFAULT NULL COMMENT 'Product Type',
  `product_options` longtext COMMENT 'Product Options',
  `weight` decimal(12,4) DEFAULT '0.0000' COMMENT 'Weight',
  `is_virtual` smallint unsigned DEFAULT NULL COMMENT 'Is Virtual',
  `sku` varchar(255) DEFAULT NULL COMMENT 'Sku',
  `name` varchar(255) DEFAULT NULL COMMENT 'Name',
  `description` text COMMENT 'Description',
  `applied_rule_ids` text COMMENT 'Applied Rule Ids',
  `additional_data` text COMMENT 'Additional Data',
  `is_qty_decimal` smallint unsigned DEFAULT NULL COMMENT 'Is Qty Decimal',
  `no_discount` smallint unsigned NOT NULL DEFAULT '0' COMMENT 'No Discount',
  `qty_backordered` decimal(12,4) DEFAULT '0.0000' COMMENT 'Qty Backordered',
  `qty_canceled` decimal(12,4) DEFAULT '0.0000' COMMENT 'Qty Canceled',
  `qty_invoiced` decimal(12,4) DEFAULT '0.0000' COMMENT 'Qty Invoiced',
  `qty_ordered` decimal(12,4) DEFAULT '0.0000' COMMENT 'Qty Ordered',
  `qty_refunded` decimal(12,4) DEFAULT '0.0000' COMMENT 'Qty Refunded',
  `qty_shipped` decimal(12,4) DEFAULT '0.0000' COMMENT 'Qty Shipped',
  `base_cost` decimal(12,4) DEFAULT '0.0000' COMMENT 'Base Cost',
  `price` decimal(12,4) NOT NULL DEFAULT '0.0000' COMMENT 'Price',
  `base_price` decimal(12,4) NOT NULL DEFAULT '0.0000' COMMENT 'Base Price',
  `original_price` decimal(12,4) DEFAULT NULL COMMENT 'Original Price',
  `base_original_price` decimal(12,4) DEFAULT NULL COMMENT 'Base Original Price',
  `tax_percent` decimal(12,4) DEFAULT '0.0000' COMMENT 'Tax Percent',
  `tax_amount` decimal(20,4) DEFAULT '0.0000' COMMENT 'Tax Amount',
  `base_tax_amount` decimal(20,4) DEFAULT '0.0000' COMMENT 'Base Tax Amount',
  `tax_invoiced` decimal(20,4) DEFAULT '0.0000' COMMENT 'Tax Invoiced',
  `base_tax_invoiced` decimal(20,4) DEFAULT '0.0000' COMMENT 'Base Tax Invoiced',
  `discount_percent` decimal(12,4) DEFAULT '0.0000' COMMENT 'Discount Percent',
  `discount_amount` decimal(20,4) DEFAULT '0.0000' COMMENT 'Discount Amount',
  `base_discount_amount` decimal(20,4) DEFAULT '0.0000' COMMENT 'Base Discount Amount',
  `discount_invoiced` decimal(20,4) DEFAULT '0.0000' COMMENT 'Discount Invoiced',
  `base_discount_invoiced` decimal(20,4) DEFAULT '0.0000' COMMENT 'Base Discount Invoiced',
  `amount_refunded` decimal(20,4) DEFAULT '0.0000' COMMENT 'Amount Refunded',
  `base_amount_refunded` decimal(20,4) DEFAULT '0.0000' COMMENT 'Base Amount Refunded',
  `row_total` decimal(20,4) NOT NULL DEFAULT '0.0000' COMMENT 'Row Total',
  `base_row_total` decimal(20,4) NOT NULL DEFAULT '0.0000' COMMENT 'Base Row Total',
  `row_invoiced` decimal(20,4) NOT NULL DEFAULT '0.0000' COMMENT 'Row Invoiced',
  `base_row_invoiced` decimal(20,4) NOT NULL DEFAULT '0.0000' COMMENT 'Base Row Invoiced',
  `row_weight` decimal(12,4) DEFAULT '0.0000' COMMENT 'Row Weight',
  `base_tax_before_discount` decimal(20,4) DEFAULT NULL COMMENT 'Base Tax Before Discount',
  `tax_before_discount` decimal(20,4) DEFAULT NULL COMMENT 'Tax Before Discount',
  `ext_order_item_id` varchar(255) DEFAULT NULL COMMENT 'Ext Order Item ID',
  `locked_do_invoice` smallint unsigned DEFAULT NULL COMMENT 'Locked Do Invoice',
  `locked_do_ship` smallint unsigned DEFAULT NULL COMMENT 'Locked Do Ship',
  `price_incl_tax` decimal(20,4) DEFAULT NULL COMMENT 'Price Incl Tax',
  `base_price_incl_tax` decimal(20,4) DEFAULT NULL COMMENT 'Base Price Incl Tax',
  `row_total_incl_tax` decimal(20,4) DEFAULT NULL COMMENT 'Row Total Incl Tax',
  `base_row_total_incl_tax` decimal(20,4) DEFAULT NULL COMMENT 'Base Row Total Incl Tax',
  `discount_tax_compensation_amount` decimal(20,4) DEFAULT NULL COMMENT 'Discount Tax Compensation Amount',
  `base_discount_tax_compensation_amount` decimal(20,4) DEFAULT NULL COMMENT 'Base Discount Tax Compensation Amount',
  `discount_tax_compensation_invoiced` decimal(20,4) DEFAULT NULL COMMENT 'Discount Tax Compensation Invoiced',
  `base_discount_tax_compensation_invoiced` decimal(20,4) DEFAULT NULL COMMENT 'Base Discount Tax Compensation Invoiced',
  `discount_tax_compensation_refunded` decimal(20,4) DEFAULT NULL COMMENT 'Discount Tax Compensation Refunded',
  `base_discount_tax_compensation_refunded` decimal(20,4) DEFAULT NULL COMMENT 'Base Discount Tax Compensation Refunded',
  `tax_canceled` decimal(12,4) DEFAULT NULL COMMENT 'Tax Canceled',
  `discount_tax_compensation_canceled` decimal(20,4) DEFAULT NULL COMMENT 'Discount Tax Compensation Canceled',
  `tax_refunded` decimal(20,4) DEFAULT NULL COMMENT 'Tax Refunded',
  `base_tax_refunded` decimal(20,4) DEFAULT NULL COMMENT 'Base Tax Refunded',
  `discount_refunded` decimal(20,4) DEFAULT NULL COMMENT 'Discount Refunded',
  `base_discount_refunded` decimal(20,4) DEFAULT NULL COMMENT 'Base Discount Refunded',
  `gift_message_id` int DEFAULT NULL COMMENT 'Gift Message ID',
  `gift_message_available` int DEFAULT NULL COMMENT 'Gift Message Available',
  `free_shipping` smallint unsigned NOT NULL DEFAULT '0' COMMENT 'Free Shipping',
  `weee_tax_applied` text COMMENT 'Weee Tax Applied',
  `weee_tax_applied_amount` decimal(12,4) DEFAULT NULL COMMENT 'Weee Tax Applied Amount',
  `weee_tax_applied_row_amount` decimal(12,4) DEFAULT NULL COMMENT 'Weee Tax Applied Row Amount',
  `weee_tax_disposition` decimal(12,4) DEFAULT NULL COMMENT 'Weee Tax Disposition',
  `weee_tax_row_disposition` decimal(12,4) DEFAULT NULL COMMENT 'Weee Tax Row Disposition',
  `base_weee_tax_applied_amount` decimal(12,4) DEFAULT NULL COMMENT 'Base Weee Tax Applied Amount',
  `base_weee_tax_applied_row_amnt` decimal(12,4) DEFAULT NULL COMMENT 'Base Weee Tax Applied Row Amnt',
  `base_weee_tax_disposition` decimal(12,4) DEFAULT NULL COMMENT 'Base Weee Tax Disposition',
  `base_weee_tax_row_disposition` decimal(12,4) DEFAULT NULL COMMENT 'Base Weee Tax Row Disposition',
  PRIMARY KEY (`item_id`),
  KEY `SALES_ORDER_ITEM_ORDER_ID` (`order_id`),
  KEY `SALES_ORDER_ITEM_STORE_ID` (`store_id`),
  CONSTRAINT `SALES_ORDER_ITEM_ORDER_ID_SALES_ORDER_ENTITY_ID` FOREIGN KEY (`order_id`) REFERENCES `sales_order` (`entity_id`) ON DELETE CASCADE,
  CONSTRAINT `SALES_ORDER_ITEM_STORE_ID_STORE_STORE_ID` FOREIGN KEY (`store_id`) REFERENCES `store` (`store_id`) ON DELETE SET NULL
) ENGINE=InnoDB AUTO_INCREMENT=12 DEFAULT CHARSET=utf8 COMMENT='Sales Flat Order Item';

--
-- Dumping data for table `sales_order_item`
--

INSERT INTO `sales_order_item` VALUES (1,1,NULL,52,1,'2021-08-16 19:46:36','2021-08-16 19:46:36',3,'simple','{\"info_buyRequest\":{\"uenc\":\"aHR0cDovL21hZ2VudG8yLm1hZ2VudGVjaC5jb20vdGhlbWVzL3NtX2Vnby9wdWIvZGVmYXVsdC9iZWF0cy1zb2xvMy13aXJlbGVzcy1oZWFkcGhvbmVzLmh0bWw,\",\"product\":\"3\",\"selected_configurable_option\":\"\",\"related_product\":\"\",\"item\":\"3\",\"qty\":\"1\"}}',NULL,0,'Beats-Solo3-Wireless-Headphones','Beats Solo3 Wireless Headphones',NULL,NULL,NULL,0,0,NULL,0.0000,0.0000,1.0000,0.0000,0.0000,NULL,50.0000,50.0000,60.0000,60.0000,0.0000,0.0000,0.0000,0.0000,0.0000,0.0000,0.0000,0.0000,0.0000,0.0000,0.0000,0.0000,50.0000,50.0000,0.0000,0.0000,0.0000,NULL,NULL,NULL,NULL,NULL,50.0000,50.0000,50.0000,50.0000,0.0000,0.0000,NULL,NULL,NULL,NULL,NULL,NULL,NULL,NULL,NULL,NULL,NULL,NULL,0,NULL,NULL,NULL,NULL,NULL,NULL,NULL,NULL,NULL),(2,2,NULL,76,1,'2021-09-07 09:43:15','2021-09-07 09:43:15',7,'simple','{\"info_buyRequest\":{\"uenc\":\"aHR0cDovL21hZ2VudG8yLm1hZ2VudGVjaC5jb20vdGhlbWVzL3NtX2Vnby9wdWIvZGVmYXVsdC9nb29nbGUtcGl4ZWwtNS5odG1s\",\"product\":\"7\",\"selected_configurable_option\":\"\",\"related_product\":\"\",\"item\":\"7\",\"qty\":\"1\"}}',NULL,0,'Google Pixel 5','Google Pixel 5 Android Full HD - 64GB',NULL,NULL,NULL,0,0,NULL,0.0000,0.0000,1.0000,0.0000,0.0000,NULL,230.0000,230.0000,230.0000,230.0000,0.0000,0.0000,0.0000,0.0000,0.0000,0.0000,0.0000,0.0000,0.0000,0.0000,0.0000,0.0000,230.0000,230.0000,0.0000,0.0000,0.0000,NULL,NULL,NULL,NULL,NULL,230.0000,230.0000,230.0000,230.0000,0.0000,0.0000,NULL,NULL,NULL,NULL,NULL,NULL,NULL,NULL,NULL,NULL,NULL,NULL,0,NULL,NULL,NULL,NULL,NULL,NULL,NULL,NULL,NULL),(3,3,NULL,79,1,'2021-09-07 11:35:44','2021-09-07 11:35:44',10,'simple','{\"info_buyRequest\":{\"uenc\":\"aHR0cDovL21hZ2VudG8yLm1hZ2VudGVjaC5jb20vdGhlbWVzL3NtX2Vnby9wdWIvZGVmYXVsdC9zbWFydHBob25lLmh0bWw,\",\"product\":\"10\",\"qty\":1}}',NULL,0,'iPad Pro 2021','iPad Pro 2021 - 64Gb Sliver Full Box',NULL,NULL,NULL,0,0,NULL,0.0000,0.0000,4.0000,0.0000,0.0000,NULL,600.0000,600.0000,650.0000,650.0000,0.0000,0.0000,0.0000,0.0000,0.0000,0.0000,0.0000,0.0000,0.0000,0.0000,0.0000,0.0000,2400.0000,2400.0000,0.0000,0.0000,0.0000,NULL,NULL,NULL,NULL,NULL,600.0000,600.0000,2400.0000,2400.0000,0.0000,0.0000,NULL,NULL,NULL,NULL,NULL,NULL,NULL,NULL,NULL,NULL,NULL,NULL,0,NULL,NULL,NULL,NULL,NULL,NULL,NULL,NULL,NULL),(4,4,NULL,82,1,'2021-09-07 14:40:11','2021-09-07 14:40:11',10,'simple','{\"info_buyRequest\":{\"uenc\":\"aHR0cDovL21hZ2VudG8yLm1hZ2VudGVjaC5jb20vdGhlbWVzL3NtX2Vnby9wdWIvZGVmYXVsdC9pcGFkLXByby0yMDIxLmh0bWw,\",\"product\":\"10\",\"selected_configurable_option\":\"\",\"related_product\":\"\",\"item\":\"10\",\"qty\":\"1\"}}',NULL,0,'iPad Pro 2021','iPad Pro 2021 - 64Gb Sliver Full Box',NULL,NULL,NULL,0,0,NULL,0.0000,0.0000,1.0000,0.0000,0.0000,NULL,600.0000,600.0000,650.0000,650.0000,0.0000,0.0000,0.0000,0.0000,0.0000,0.0000,0.0000,0.0000,0.0000,0.0000,0.0000,0.0000,600.0000,600.0000,0.0000,0.0000,0.0000,NULL,NULL,NULL,NULL,NULL,600.0000,600.0000,600.0000,600.0000,0.0000,0.0000,NULL,NULL,NULL,NULL,NULL,NULL,NULL,NULL,NULL,NULL,NULL,NULL,0,NULL,NULL,NULL,NULL,NULL,NULL,NULL,NULL,NULL),(5,5,NULL,84,1,'2021-09-07 15:44:20','2021-09-07 15:44:20',10,'simple','{\"info_buyRequest\":{\"uenc\":\"aHR0cDovL21hZ2VudG8yLm1hZ2VudGVjaC5jb20vdGhlbWVzL3NtX2Vnby9wdWIvZGVmYXVsdC9pcGFkLXByby0yMDIxLmh0bWw,\",\"product\":\"10\",\"selected_configurable_option\":\"\",\"related_product\":\"\",\"item\":\"10\",\"qty\":\"1\"}}',NULL,0,'iPad Pro 2021','iPad Pro 2021 - 64Gb Sliver Full Box',NULL,NULL,NULL,0,0,NULL,0.0000,0.0000,1.0000,0.0000,0.0000,NULL,600.0000,600.0000,650.0000,650.0000,0.0000,0.0000,0.0000,0.0000,0.0000,0.0000,0.0000,0.0000,0.0000,0.0000,0.0000,0.0000,600.0000,600.0000,0.0000,0.0000,0.0000,NULL,NULL,NULL,NULL,NULL,600.0000,600.0000,600.0000,600.0000,0.0000,0.0000,NULL,NULL,NULL,NULL,NULL,NULL,NULL,NULL,NULL,NULL,NULL,NULL,0,NULL,NULL,NULL,NULL,NULL,NULL,NULL,NULL,NULL),(6,6,NULL,87,1,'2021-09-07 16:06:15','2021-09-07 16:06:15',10,'simple','{\"info_buyRequest\":{\"uenc\":\"aHR0cDovL21hZ2VudG8yLm1hZ2VudGVjaC5jb20vdGhlbWVzL3NtX2Vnby9wdWIvZGVmYXVsdC9pcGFkLXByby0yMDIxLmh0bWw,\",\"product\":\"10\",\"selected_configurable_option\":\"\",\"related_product\":\"\",\"item\":\"10\",\"qty\":\"1\"}}',NULL,0,'iPad Pro 2021','iPad Pro 2021 - 64Gb Sliver Full Box',NULL,NULL,NULL,0,0,NULL,0.0000,0.0000,1.0000,0.0000,0.0000,NULL,600.0000,600.0000,650.0000,650.0000,0.0000,0.0000,0.0000,0.0000,0.0000,0.0000,0.0000,0.0000,0.0000,0.0000,0.0000,0.0000,600.0000,600.0000,0.0000,0.0000,0.0000,NULL,NULL,NULL,NULL,NULL,600.0000,600.0000,600.0000,600.0000,0.0000,0.0000,NULL,NULL,NULL,NULL,NULL,NULL,NULL,NULL,NULL,NULL,NULL,NULL,0,NULL,NULL,NULL,NULL,NULL,NULL,NULL,NULL,NULL),(7,7,NULL,94,1,'2021-09-10 08:35:23','2021-09-10 08:35:23',40,'virtual','{\"info_buyRequest\":{\"uenc\":\"aHR0cDovL21hZ2VudG8yLm1hZ2VudGVjaC5jb20vdGhlbWVzL3NtX2Vnby9wdWIvZGVmYXVsdC9jb25maWctcHJvZHVjdC1yZWQuaHRtbA,,\",\"product\":\"40\",\"selected_configurable_option\":\"\",\"related_product\":\"\",\"item\":\"40\",\"qty\":\"1\"}}',NULL,1,'Config product-Red','Config product Apple 128GB - Red',NULL,NULL,NULL,0,0,NULL,0.0000,0.0000,1.0000,0.0000,0.0000,NULL,200.0000,200.0000,200.0000,200.0000,0.0000,0.0000,0.0000,0.0000,0.0000,0.0000,0.0000,0.0000,0.0000,0.0000,0.0000,0.0000,200.0000,200.0000,0.0000,0.0000,0.0000,NULL,NULL,NULL,NULL,NULL,200.0000,200.0000,200.0000,200.0000,0.0000,0.0000,NULL,NULL,NULL,NULL,NULL,NULL,NULL,NULL,NULL,NULL,NULL,0,0,NULL,NULL,NULL,NULL,NULL,NULL,NULL,NULL,NULL),(8,8,NULL,164,1,'2021-12-06 11:24:25','2021-12-06 11:24:25',41,'virtual','{\"info_buyRequest\":{\"uenc\":\"aHR0cDovL21hZ2VudG8yLm1hZ2VudGVjaC5jb20vdGhlbWVzL3NtX2Vnby9wdWIvZGVmYXVsdC9jb25maWctcHJvZHVjdC1ibGFjay5odG1s\",\"product\":\"41\",\"selected_configurable_option\":\"\",\"related_product\":\"\",\"item\":\"41\",\"qty\":\"2\"}}',NULL,1,'Config product-Black','Config product Apple 128GB - Black',NULL,NULL,NULL,0,0,NULL,0.0000,0.0000,2.0000,0.0000,0.0000,NULL,200.0000,200.0000,200.0000,200.0000,0.0000,0.0000,0.0000,0.0000,0.0000,0.0000,0.0000,0.0000,0.0000,0.0000,0.0000,0.0000,400.0000,400.0000,0.0000,0.0000,0.0000,NULL,NULL,NULL,NULL,NULL,200.0000,200.0000,400.0000,400.0000,0.0000,0.0000,NULL,NULL,NULL,NULL,NULL,NULL,NULL,NULL,NULL,NULL,NULL,0,0,NULL,NULL,NULL,NULL,NULL,NULL,NULL,NULL,NULL),(9,9,NULL,184,1,'2022-01-06 08:26:34','2022-01-06 08:26:34',3,'simple','{\"info_buyRequest\":{\"uenc\":\"aHR0cDovL21hZ2VudG8yLm1hZ2VudGVjaC5jb20vdGhlbWVzL3NtX2Vnby9wdWIvZGVmYXVsdC9iZWF0cy1zb2xvMy13aXJlbGVzcy1oZWFkcGhvbmVzLmh0bWw,\",\"product\":\"3\",\"selected_configurable_option\":\"\",\"related_product\":\"\",\"item\":\"3\",\"qty\":\"1\"}}',NULL,0,'Beats-Solo3-Wireless-Headphones','Beats Solo3 Wireless Headphones',NULL,NULL,NULL,0,0,NULL,0.0000,0.0000,1.0000,0.0000,0.0000,NULL,50.0000,50.0000,60.0000,60.0000,0.0000,0.0000,0.0000,0.0000,0.0000,0.0000,0.0000,0.0000,0.0000,0.0000,0.0000,0.0000,50.0000,50.0000,0.0000,0.0000,0.0000,NULL,NULL,NULL,NULL,NULL,50.0000,50.0000,50.0000,50.0000,0.0000,0.0000,NULL,NULL,NULL,NULL,NULL,NULL,NULL,NULL,NULL,NULL,NULL,NULL,0,NULL,NULL,NULL,NULL,NULL,NULL,NULL,NULL,NULL),(10,10,NULL,329,1,'2023-06-19 07:12:10','2023-06-19 07:12:10',41,'virtual','{\"info_buyRequest\":{\"uenc\":\"aHR0cDovL21hZ2VudG8yLm1hZ2VudGVjaC5jb20vdGhlbWVzL3NtX2Vnby9wdWIvZGVmYXVsdC9jb25maWctcHJvZHVjdC1ibGFjay5odG1s\",\"product\":\"41\",\"selected_configurable_option\":\"\",\"related_product\":\"\",\"item\":\"41\",\"qty\":\"4\"}}',NULL,1,'Config product-Black','Config product Apple 128GB - Black',NULL,NULL,NULL,0,0,NULL,0.0000,0.0000,4.0000,0.0000,0.0000,NULL,200.0000,200.0000,200.0000,200.0000,0.0000,0.0000,0.0000,0.0000,0.0000,0.0000,0.0000,0.0000,0.0000,0.0000,0.0000,0.0000,800.0000,800.0000,0.0000,0.0000,0.0000,NULL,NULL,NULL,NULL,NULL,200.0000,200.0000,800.0000,800.0000,0.0000,0.0000,NULL,NULL,NULL,NULL,NULL,NULL,NULL,NULL,NULL,NULL,NULL,0,0,NULL,NULL,NULL,NULL,NULL,NULL,NULL,NULL,NULL),(11,11,NULL,331,1,'2023-06-30 18:15:41','2023-06-30 18:15:41',38,'simple','{\"info_buyRequest\":{\"uenc\":\"aHR0cDovL21hZ2VudG8yLm1hZ2VudGVjaC5jb20vdGhlbWVzL3NtX2Vnby9wdWIvZGVmYXVsdC9jYXJ0cXVpY2twcm8vY2F0YWxvZ19wcm9kdWN0L29wdGlvbnMvaWQvMzgvcmFuZHRpbWUvMTY4ODE0ODg0OTEyMy8,\",\"product\":\"38\",\"selected_configurable_option\":\"\",\"related_product\":\"\",\"item\":\"38\",\"options\":{\"1\":\"1\",\"3\":\"6\",\"2\":\"3\"},\"qty\":\"1\"},\"options\":[{\"label\":\"Brand\",\"value\":\"Apple\",\"print_value\":\"Apple\",\"option_id\":\"1\",\"option_type\":\"drop_down\",\"option_value\":\"1\",\"custom_view\":false},{\"label\":\"Size\",\"value\":\"128GB\",\"print_value\":\"128GB\",\"option_id\":\"3\",\"option_type\":\"drop_down\",\"option_value\":\"6\",\"custom_view\":false},{\"label\":\"Color\",\"value\":\"White\",\"print_value\":\"White\",\"option_id\":\"2\",\"option_type\":\"drop_down\",\"option_value\":\"3\",\"custom_view\":false}]}',NULL,0,'Apple Iphone X 512gb white','Apple Iphone X 512gb white full box',NULL,NULL,NULL,0,0,NULL,0.0000,0.0000,1.0000,0.0000,0.0000,NULL,1445.0000,1445.0000,500.0000,500.0000,0.0000,0.0000,0.0000,0.0000,0.0000,0.0000,0.0000,0.0000,0.0000,0.0000,0.0000,0.0000,1445.0000,1445.0000,0.0000,0.0000,0.0000,NULL,NULL,NULL,NULL,NULL,1445.0000,1445.0000,1445.0000,1445.0000,0.0000,0.0000,NULL,NULL,NULL,NULL,NULL,NULL,NULL,NULL,NULL,NULL,NULL,NULL,0,NULL,NULL,NULL,NULL,NULL,NULL,NULL,NULL,NULL);

--
-- Table structure for table `sales_order_status`
--

CREATE TABLE `sales_order_status` (
  `status` varchar(32) NOT NULL COMMENT 'Status',
  `label` varchar(128) NOT NULL COMMENT 'Label',
  PRIMARY KEY (`status`)
) ENGINE=InnoDB DEFAULT CHARSET=utf8 COMMENT='Sales Order Status Table';

--
-- Dumping data for table `sales_order_status`
--

INSERT INTO `sales_order_status` VALUES ('canceled','Canceled'),('closed','Closed'),('complete','Complete'),('fraud','Suspected Fraud'),('holded','On Hold'),('payment_review','Payment Review'),('paypal_canceled_reversal','PayPal Canceled Reversal'),('paypal_reversed','PayPal Reversed'),('pending','Pending'),('pending_payment','Pending Payment'),('pending_paypal','Pending PayPal'),('processing','Processing');

--
-- Table structure for table `sales_order_status_history`
--

CREATE TABLE `sales_order_status_history` (
  `entity_id` int unsigned NOT NULL AUTO_INCREMENT COMMENT 'Entity ID',
  `parent_id` int unsigned NOT NULL COMMENT 'Parent ID',
  `is_customer_notified` int DEFAULT NULL COMMENT 'Is Customer Notified',
  `is_visible_on_front` smallint unsigned NOT NULL DEFAULT '0' COMMENT 'Is Visible On Front',
  `comment` text COMMENT 'Comment',
  `status` varchar(32) DEFAULT NULL COMMENT 'Status',
  `created_at` timestamp NOT NULL DEFAULT CURRENT_TIMESTAMP COMMENT 'Created At',
  `entity_name` varchar(32) DEFAULT NULL COMMENT 'Shows what entity history is bind to.',
  PRIMARY KEY (`entity_id`),
  KEY `SALES_ORDER_STATUS_HISTORY_PARENT_ID` (`parent_id`),
  KEY `SALES_ORDER_STATUS_HISTORY_CREATED_AT` (`created_at`),
  CONSTRAINT `SALES_ORDER_STATUS_HISTORY_PARENT_ID_SALES_ORDER_ENTITY_ID` FOREIGN KEY (`parent_id`) REFERENCES `sales_order` (`entity_id`) ON DELETE CASCADE
) ENGINE=InnoDB DEFAULT CHARSET=utf8 COMMENT='Sales Flat Order Status History';

--
-- Dumping data for table `sales_order_status_history`
--


--
-- Table structure for table `sales_order_status_label`
--

CREATE TABLE `sales_order_status_label` (
  `status` varchar(32) NOT NULL COMMENT 'Status',
  `store_id` smallint unsigned NOT NULL COMMENT 'Store ID',
  `label` varchar(128) NOT NULL COMMENT 'Label',
  PRIMARY KEY (`status`,`store_id`),
  KEY `SALES_ORDER_STATUS_LABEL_STORE_ID` (`store_id`),
  CONSTRAINT `SALES_ORDER_STATUS_LABEL_STATUS_SALES_ORDER_STATUS_STATUS` FOREIGN KEY (`status`) REFERENCES `sales_order_status` (`status`) ON DELETE CASCADE,
  CONSTRAINT `SALES_ORDER_STATUS_LABEL_STORE_ID_STORE_STORE_ID` FOREIGN KEY (`store_id`) REFERENCES `store` (`store_id`) ON DELETE CASCADE
) ENGINE=InnoDB DEFAULT CHARSET=utf8 COMMENT='Sales Order Status Label Table';

--
-- Dumping data for table `sales_order_status_label`
--


--
-- Table structure for table `sales_order_status_state`
--

CREATE TABLE `sales_order_status_state` (
  `status` varchar(32) NOT NULL COMMENT 'Status',
  `state` varchar(32) NOT NULL COMMENT 'Label',
  `is_default` smallint unsigned NOT NULL DEFAULT '0' COMMENT 'Is Default',
  `visible_on_front` smallint unsigned NOT NULL DEFAULT '0' COMMENT 'Visible on front',
  PRIMARY KEY (`status`,`state`),
  CONSTRAINT `SALES_ORDER_STATUS_STATE_STATUS_SALES_ORDER_STATUS_STATUS` FOREIGN KEY (`status`) REFERENCES `sales_order_status` (`status`) ON DELETE CASCADE
) ENGINE=InnoDB DEFAULT CHARSET=utf8 COMMENT='Sales Order Status Table';

--
-- Dumping data for table `sales_order_status_state`
--

INSERT INTO `sales_order_status_state` VALUES ('canceled','canceled',1,1),('closed','closed',1,1),('complete','complete',1,1),('fraud','payment_review',0,1),('fraud','processing',0,1),('holded','holded',1,1),('payment_review','payment_review',1,1),('pending','new',1,1),('pending_payment','pending_payment',1,0),('processing','processing',1,1);

--
-- Table structure for table `sales_order_tax`
--

CREATE TABLE `sales_order_tax` (
  `tax_id` int unsigned NOT NULL AUTO_INCREMENT COMMENT 'Tax ID',
  `order_id` int unsigned NOT NULL COMMENT 'Order ID',
  `code` varchar(255) DEFAULT NULL COMMENT 'Code',
  `title` varchar(255) DEFAULT NULL COMMENT 'Title',
  `percent` decimal(12,4) DEFAULT NULL COMMENT 'Percent',
  `amount` decimal(20,4) DEFAULT NULL COMMENT 'Amount',
  `priority` int NOT NULL COMMENT 'Priority',
  `position` int NOT NULL COMMENT 'Position',
  `base_amount` decimal(20,4) DEFAULT NULL COMMENT 'Base Amount',
  `process` smallint NOT NULL COMMENT 'Process',
  `base_real_amount` decimal(20,4) DEFAULT NULL COMMENT 'Base Real Amount',
  PRIMARY KEY (`tax_id`),
  KEY `SALES_ORDER_TAX_ORDER_ID_PRIORITY_POSITION` (`order_id`,`priority`,`position`)
) ENGINE=InnoDB DEFAULT CHARSET=utf8 COMMENT='Sales Order Tax Table';

--
-- Dumping data for table `sales_order_tax`
--


--
-- Table structure for table `sales_order_tax_item`
--

CREATE TABLE `sales_order_tax_item` (
  `tax_item_id` int unsigned NOT NULL AUTO_INCREMENT COMMENT 'Tax Item ID',
  `tax_id` int unsigned NOT NULL COMMENT 'Tax ID',
  `item_id` int unsigned DEFAULT NULL COMMENT 'Item ID',
  `tax_percent` decimal(12,4) NOT NULL COMMENT 'Real Tax Percent For Item',
  `amount` decimal(20,4) NOT NULL COMMENT 'Tax amount for the item and tax rate',
  `base_amount` decimal(20,4) NOT NULL COMMENT 'Base tax amount for the item and tax rate',
  `real_amount` decimal(20,4) NOT NULL COMMENT 'Real tax amount for the item and tax rate',
  `real_base_amount` decimal(20,4) NOT NULL COMMENT 'Real base tax amount for the item and tax rate',
  `associated_item_id` int unsigned DEFAULT NULL COMMENT 'Id of the associated item',
  `taxable_item_type` varchar(32) NOT NULL COMMENT 'Type of the taxable item',
  PRIMARY KEY (`tax_item_id`),
  UNIQUE KEY `SALES_ORDER_TAX_ITEM_TAX_ID_ITEM_ID` (`tax_id`,`item_id`),
  KEY `SALES_ORDER_TAX_ITEM_ASSOCIATED_ITEM_ID_SALES_ORDER_ITEM_ITEM_ID` (`associated_item_id`),
  KEY `SALES_ORDER_TAX_ITEM_ITEM_ID` (`item_id`),
  CONSTRAINT `SALES_ORDER_TAX_ITEM_ASSOCIATED_ITEM_ID_SALES_ORDER_ITEM_ITEM_ID` FOREIGN KEY (`associated_item_id`) REFERENCES `sales_order_item` (`item_id`) ON DELETE CASCADE,
  CONSTRAINT `SALES_ORDER_TAX_ITEM_ITEM_ID_SALES_ORDER_ITEM_ITEM_ID` FOREIGN KEY (`item_id`) REFERENCES `sales_order_item` (`item_id`) ON DELETE CASCADE,
  CONSTRAINT `SALES_ORDER_TAX_ITEM_TAX_ID_SALES_ORDER_TAX_TAX_ID` FOREIGN KEY (`tax_id`) REFERENCES `sales_order_tax` (`tax_id`) ON DELETE CASCADE
) ENGINE=InnoDB DEFAULT CHARSET=utf8 COMMENT='Sales Order Tax Item';

--
-- Dumping data for table `sales_order_tax_item`
--


--
-- Table structure for table `sales_payment_transaction`
--

CREATE TABLE `sales_payment_transaction` (
  `transaction_id` int unsigned NOT NULL AUTO_INCREMENT COMMENT 'Transaction ID',
  `parent_id` int unsigned DEFAULT NULL COMMENT 'Parent ID',
  `order_id` int unsigned NOT NULL DEFAULT '0' COMMENT 'Order ID',
  `payment_id` int unsigned NOT NULL DEFAULT '0' COMMENT 'Payment ID',
  `txn_id` varchar(100) DEFAULT NULL COMMENT 'Txn ID',
  `parent_txn_id` varchar(100) DEFAULT NULL COMMENT 'Parent Txn ID',
  `txn_type` varchar(15) DEFAULT NULL COMMENT 'Txn Type',
  `is_closed` smallint unsigned NOT NULL DEFAULT '1' COMMENT 'Is Closed',
  `additional_information` blob COMMENT 'Additional Information',
  `created_at` timestamp NOT NULL DEFAULT CURRENT_TIMESTAMP COMMENT 'Created At',
  PRIMARY KEY (`transaction_id`),
  UNIQUE KEY `SALES_PAYMENT_TRANSACTION_ORDER_ID_PAYMENT_ID_TXN_ID` (`order_id`,`payment_id`,`txn_id`),
  KEY `SALES_PAYMENT_TRANSACTION_PARENT_ID` (`parent_id`),
  KEY `SALES_PAYMENT_TRANSACTION_PAYMENT_ID` (`payment_id`),
  CONSTRAINT `FK_B99FF1A06402D725EBDB0F3A7ECD47A2` FOREIGN KEY (`parent_id`) REFERENCES `sales_payment_transaction` (`transaction_id`) ON DELETE CASCADE,
  CONSTRAINT `SALES_PAYMENT_TRANSACTION_ORDER_ID_SALES_ORDER_ENTITY_ID` FOREIGN KEY (`order_id`) REFERENCES `sales_order` (`entity_id`) ON DELETE CASCADE,
  CONSTRAINT `SALES_PAYMENT_TRANSACTION_PAYMENT_ID_SALES_ORDER_PAYMENT_ENTT_ID` FOREIGN KEY (`payment_id`) REFERENCES `sales_order_payment` (`entity_id`) ON DELETE CASCADE
) ENGINE=InnoDB DEFAULT CHARSET=utf8 COMMENT='Sales Payment Transaction';

--
-- Dumping data for table `sales_payment_transaction`
--


--
-- Table structure for table `sales_refunded_aggregated`
--

CREATE TABLE `sales_refunded_aggregated` (
  `id` int unsigned NOT NULL AUTO_INCREMENT COMMENT 'ID',
  `period` date DEFAULT NULL COMMENT 'Period',
  `store_id` smallint unsigned DEFAULT NULL COMMENT 'Store ID',
  `order_status` varchar(50) NOT NULL COMMENT 'Order Status',
  `orders_count` int NOT NULL DEFAULT '0' COMMENT 'Orders Count',
  `refunded` decimal(20,4) DEFAULT NULL COMMENT 'Refunded',
  `online_refunded` decimal(20,4) DEFAULT NULL COMMENT 'Online Refunded',
  `offline_refunded` decimal(20,4) DEFAULT NULL COMMENT 'Offline Refunded',
  PRIMARY KEY (`id`),
  UNIQUE KEY `SALES_REFUNDED_AGGREGATED_PERIOD_STORE_ID_ORDER_STATUS` (`period`,`store_id`,`order_status`),
  KEY `SALES_REFUNDED_AGGREGATED_STORE_ID` (`store_id`),
  CONSTRAINT `SALES_REFUNDED_AGGREGATED_STORE_ID_STORE_STORE_ID` FOREIGN KEY (`store_id`) REFERENCES `store` (`store_id`) ON DELETE SET NULL
) ENGINE=InnoDB DEFAULT CHARSET=utf8 COMMENT='Sales Refunded Aggregated';

--
-- Dumping data for table `sales_refunded_aggregated`
--


--
-- Table structure for table `sales_refunded_aggregated_order`
--

CREATE TABLE `sales_refunded_aggregated_order` (
  `id` int unsigned NOT NULL AUTO_INCREMENT COMMENT 'ID',
  `period` date DEFAULT NULL COMMENT 'Period',
  `store_id` smallint unsigned DEFAULT NULL COMMENT 'Store ID',
  `order_status` varchar(50) DEFAULT NULL COMMENT 'Order Status',
  `orders_count` int NOT NULL DEFAULT '0' COMMENT 'Orders Count',
  `refunded` decimal(20,4) DEFAULT NULL COMMENT 'Refunded',
  `online_refunded` decimal(20,4) DEFAULT NULL COMMENT 'Online Refunded',
  `offline_refunded` decimal(20,4) DEFAULT NULL COMMENT 'Offline Refunded',
  PRIMARY KEY (`id`),
  UNIQUE KEY `SALES_REFUNDED_AGGREGATED_ORDER_PERIOD_STORE_ID_ORDER_STATUS` (`period`,`store_id`,`order_status`),
  KEY `SALES_REFUNDED_AGGREGATED_ORDER_STORE_ID` (`store_id`),
  CONSTRAINT `SALES_REFUNDED_AGGREGATED_ORDER_STORE_ID_STORE_STORE_ID` FOREIGN KEY (`store_id`) REFERENCES `store` (`store_id`) ON DELETE SET NULL
) ENGINE=InnoDB DEFAULT CHARSET=utf8 COMMENT='Sales Refunded Aggregated Order';

--
-- Dumping data for table `sales_refunded_aggregated_order`
--


--
-- Table structure for table `sales_sequence_meta`
--

CREATE TABLE `sales_sequence_meta` (
  `meta_id` int unsigned NOT NULL AUTO_INCREMENT COMMENT 'ID',
  `entity_type` varchar(32) NOT NULL COMMENT 'Prefix',
  `store_id` smallint unsigned NOT NULL COMMENT 'Store ID',
  `sequence_table` varchar(64) NOT NULL COMMENT 'table for sequence',
  PRIMARY KEY (`meta_id`),
  UNIQUE KEY `SALES_SEQUENCE_META_ENTITY_TYPE_STORE_ID` (`entity_type`,`store_id`)
) ENGINE=InnoDB AUTO_INCREMENT=21 DEFAULT CHARSET=utf8 COMMENT='sales_sequence_meta';

--
-- Dumping data for table `sales_sequence_meta`
--

INSERT INTO `sales_sequence_meta` VALUES (1,'order',0,'sequence_order_0'),(2,'invoice',0,'sequence_invoice_0'),(3,'creditmemo',0,'sequence_creditmemo_0'),(4,'shipment',0,'sequence_shipment_0'),(5,'order',1,'sequence_order_1'),(6,'invoice',1,'sequence_invoice_1'),(7,'creditmemo',1,'sequence_creditmemo_1'),(8,'shipment',1,'sequence_shipment_1'),(9,'order',2,'sequence_order_2'),(10,'invoice',2,'sequence_invoice_2'),(11,'creditmemo',2,'sequence_creditmemo_2'),(12,'shipment',2,'sequence_shipment_2'),(13,'order',3,'sequence_order_3'),(14,'invoice',3,'sequence_invoice_3'),(15,'creditmemo',3,'sequence_creditmemo_3'),(16,'shipment',3,'sequence_shipment_3'),(17,'order',4,'sequence_order_4'),(18,'invoice',4,'sequence_invoice_4'),(19,'creditmemo',4,'sequence_creditmemo_4'),(20,'shipment',4,'sequence_shipment_4');

--
-- Table structure for table `sales_sequence_profile`
--

CREATE TABLE `sales_sequence_profile` (
  `profile_id` int unsigned NOT NULL AUTO_INCREMENT COMMENT 'ID',
  `meta_id` int unsigned NOT NULL COMMENT 'Meta_id',
  `prefix` varchar(32) DEFAULT NULL COMMENT 'Prefix',
  `suffix` varchar(32) DEFAULT NULL COMMENT 'Suffix',
  `start_value` int unsigned NOT NULL DEFAULT '1' COMMENT 'Start value for sequence',
  `step` int unsigned NOT NULL DEFAULT '1' COMMENT 'Step for sequence',
  `max_value` int unsigned NOT NULL COMMENT 'MaxValue for sequence',
  `warning_value` int unsigned NOT NULL COMMENT 'WarningValue for sequence',
  `is_active` tinyint(1) NOT NULL DEFAULT '0' COMMENT 'isActive flag',
  PRIMARY KEY (`profile_id`),
  UNIQUE KEY `SALES_SEQUENCE_PROFILE_META_ID_PREFIX_SUFFIX` (`meta_id`,`prefix`,`suffix`),
  CONSTRAINT `SALES_SEQUENCE_PROFILE_META_ID_SALES_SEQUENCE_META_META_ID` FOREIGN KEY (`meta_id`) REFERENCES `sales_sequence_meta` (`meta_id`) ON DELETE CASCADE
) ENGINE=InnoDB AUTO_INCREMENT=21 DEFAULT CHARSET=utf8 COMMENT='sales_sequence_profile';

--
-- Dumping data for table `sales_sequence_profile`
--

INSERT INTO `sales_sequence_profile` VALUES (1,1,NULL,NULL,1,1,4294967295,4294966295,1),(2,2,NULL,NULL,1,1,4294967295,4294966295,1),(3,3,NULL,NULL,1,1,4294967295,4294966295,1),(4,4,NULL,NULL,1,1,4294967295,4294966295,1),(5,5,NULL,NULL,1,1,4294967295,4294966295,1),(6,6,NULL,NULL,1,1,4294967295,4294966295,1),(7,7,NULL,NULL,1,1,4294967295,4294966295,1),(8,8,NULL,NULL,1,1,4294967295,4294966295,1),(9,9,'2',NULL,1,1,4294967295,4294966295,1),(10,10,'2',NULL,1,1,4294967295,4294966295,1),(11,11,'2',NULL,1,1,4294967295,4294966295,1),(12,12,'2',NULL,1,1,4294967295,4294966295,1),(13,13,'3',NULL,1,1,4294967295,4294966295,1),(14,14,'3',NULL,1,1,4294967295,4294966295,1),(15,15,'3',NULL,1,1,4294967295,4294966295,1),(16,16,'3',NULL,1,1,4294967295,4294966295,1),(17,17,'4',NULL,1,1,4294967295,4294966295,1),(18,18,'4',NULL,1,1,4294967295,4294966295,1),(19,19,'4',NULL,1,1,4294967295,4294966295,1),(20,20,'4',NULL,1,1,4294967295,4294966295,1);

--
-- Table structure for table `sales_shipment`
--

CREATE TABLE `sales_shipment` (
  `entity_id` int unsigned NOT NULL AUTO_INCREMENT COMMENT 'Entity ID',
  `store_id` smallint unsigned DEFAULT NULL COMMENT 'Store ID',
  `total_weight` decimal(12,4) DEFAULT NULL COMMENT 'Total Weight',
  `total_qty` decimal(12,4) DEFAULT NULL COMMENT 'Total Qty',
  `email_sent` smallint unsigned DEFAULT NULL COMMENT 'Email Sent',
  `send_email` smallint unsigned DEFAULT NULL COMMENT 'Send Email',
  `order_id` int unsigned NOT NULL COMMENT 'Order ID',
  `customer_id` int DEFAULT NULL COMMENT 'Customer ID',
  `shipping_address_id` int DEFAULT NULL COMMENT 'Shipping Address ID',
  `billing_address_id` int DEFAULT NULL COMMENT 'Billing Address ID',
  `shipment_status` int DEFAULT NULL COMMENT 'Shipment Status',
  `increment_id` varchar(50) DEFAULT NULL COMMENT 'Increment ID',
  `created_at` timestamp NOT NULL DEFAULT CURRENT_TIMESTAMP COMMENT 'Created At',
  `updated_at` timestamp NOT NULL DEFAULT CURRENT_TIMESTAMP ON UPDATE CURRENT_TIMESTAMP COMMENT 'Updated At',
  `packages` text COMMENT 'Packed Products in Packages',
  `shipping_label` mediumblob COMMENT 'Shipping Label Content',
  `customer_note` text COMMENT 'Customer Note',
  `customer_note_notify` smallint unsigned DEFAULT NULL COMMENT 'Customer Note Notify',
  PRIMARY KEY (`entity_id`),
  UNIQUE KEY `SALES_SHIPMENT_INCREMENT_ID_STORE_ID` (`increment_id`,`store_id`),
  KEY `SALES_SHIPMENT_STORE_ID` (`store_id`),
  KEY `SALES_SHIPMENT_TOTAL_QTY` (`total_qty`),
  KEY `SALES_SHIPMENT_ORDER_ID` (`order_id`),
  KEY `SALES_SHIPMENT_CREATED_AT` (`created_at`),
  KEY `SALES_SHIPMENT_UPDATED_AT` (`updated_at`),
  KEY `SALES_SHIPMENT_SEND_EMAIL` (`send_email`),
  KEY `SALES_SHIPMENT_EMAIL_SENT` (`email_sent`),
  CONSTRAINT `SALES_SHIPMENT_ORDER_ID_SALES_ORDER_ENTITY_ID` FOREIGN KEY (`order_id`) REFERENCES `sales_order` (`entity_id`) ON DELETE CASCADE,
  CONSTRAINT `SALES_SHIPMENT_STORE_ID_STORE_STORE_ID` FOREIGN KEY (`store_id`) REFERENCES `store` (`store_id`) ON DELETE SET NULL
) ENGINE=InnoDB DEFAULT CHARSET=utf8 COMMENT='Sales Flat Shipment';

--
-- Dumping data for table `sales_shipment`
--


--
-- Table structure for table `sales_shipment_comment`
--

CREATE TABLE `sales_shipment_comment` (
  `entity_id` int unsigned NOT NULL AUTO_INCREMENT COMMENT 'Entity ID',
  `parent_id` int unsigned NOT NULL COMMENT 'Parent ID',
  `is_customer_notified` int DEFAULT NULL COMMENT 'Is Customer Notified',
  `is_visible_on_front` smallint unsigned NOT NULL DEFAULT '0' COMMENT 'Is Visible On Front',
  `comment` text COMMENT 'Comment',
  `created_at` timestamp NOT NULL DEFAULT CURRENT_TIMESTAMP COMMENT 'Created At',
  PRIMARY KEY (`entity_id`),
  KEY `SALES_SHIPMENT_COMMENT_CREATED_AT` (`created_at`),
  KEY `SALES_SHIPMENT_COMMENT_PARENT_ID` (`parent_id`),
  CONSTRAINT `SALES_SHIPMENT_COMMENT_PARENT_ID_SALES_SHIPMENT_ENTITY_ID` FOREIGN KEY (`parent_id`) REFERENCES `sales_shipment` (`entity_id`) ON DELETE CASCADE
) ENGINE=InnoDB DEFAULT CHARSET=utf8 COMMENT='Sales Flat Shipment Comment';

--
-- Dumping data for table `sales_shipment_comment`
--


--
-- Table structure for table `sales_shipment_grid`
--

CREATE TABLE `sales_shipment_grid` (
  `entity_id` int unsigned NOT NULL COMMENT 'Entity ID',
  `increment_id` varchar(50) DEFAULT NULL COMMENT 'Increment ID',
  `store_id` smallint unsigned DEFAULT NULL COMMENT 'Store ID',
  `order_increment_id` varchar(32) NOT NULL COMMENT 'Order Increment ID',
  `order_id` int unsigned NOT NULL COMMENT 'Order ID',
  `order_created_at` timestamp NOT NULL DEFAULT CURRENT_TIMESTAMP COMMENT 'Order Increment ID',
  `customer_name` varchar(128) NOT NULL COMMENT 'Customer Name',
  `total_qty` decimal(12,4) DEFAULT NULL COMMENT 'Total Qty',
  `shipment_status` int DEFAULT NULL COMMENT 'Shipment Status',
  `order_status` varchar(32) DEFAULT NULL COMMENT 'Order',
  `billing_address` varchar(255) DEFAULT NULL COMMENT 'Billing Address',
  `shipping_address` varchar(255) DEFAULT NULL COMMENT 'Shipping Address',
  `billing_name` varchar(128) DEFAULT NULL COMMENT 'Billing Name',
  `shipping_name` varchar(128) DEFAULT NULL COMMENT 'Shipping Name',
  `customer_email` varchar(128) DEFAULT NULL COMMENT 'Customer Email',
  `customer_group_id` int DEFAULT NULL,
  `payment_method` varchar(32) DEFAULT NULL COMMENT 'Payment Method',
  `shipping_information` varchar(255) DEFAULT NULL COMMENT 'Shipping Method Name',
  `created_at` timestamp NULL DEFAULT NULL COMMENT 'Created At',
  `updated_at` timestamp NULL DEFAULT NULL COMMENT 'Updated At',
  PRIMARY KEY (`entity_id`),
  UNIQUE KEY `SALES_SHIPMENT_GRID_INCREMENT_ID_STORE_ID` (`increment_id`,`store_id`),
  KEY `SALES_SHIPMENT_GRID_STORE_ID` (`store_id`),
  KEY `SALES_SHIPMENT_GRID_TOTAL_QTY` (`total_qty`),
  KEY `SALES_SHIPMENT_GRID_ORDER_INCREMENT_ID` (`order_increment_id`),
  KEY `SALES_SHIPMENT_GRID_SHIPMENT_STATUS` (`shipment_status`),
  KEY `SALES_SHIPMENT_GRID_ORDER_STATUS` (`order_status`),
  KEY `SALES_SHIPMENT_GRID_CREATED_AT` (`created_at`),
  KEY `SALES_SHIPMENT_GRID_UPDATED_AT` (`updated_at`),
  KEY `SALES_SHIPMENT_GRID_ORDER_CREATED_AT` (`order_created_at`),
  KEY `SALES_SHIPMENT_GRID_SHIPPING_NAME` (`shipping_name`),
  KEY `SALES_SHIPMENT_GRID_BILLING_NAME` (`billing_name`),
  KEY `SALES_SHIPMENT_GRID_ORDER_ID` (`order_id`),
  FULLTEXT KEY `FTI_086B40C8955F167B8EA76653437879B4` (`increment_id`,`order_increment_id`,`shipping_name`,`customer_name`,`customer_email`,`billing_address`,`shipping_address`)
) ENGINE=InnoDB DEFAULT CHARSET=utf8 COMMENT='Sales Flat Shipment Grid';

--
-- Dumping data for table `sales_shipment_grid`
--


--
-- Table structure for table `sales_shipment_item`
--

CREATE TABLE `sales_shipment_item` (
  `entity_id` int unsigned NOT NULL AUTO_INCREMENT COMMENT 'Entity ID',
  `parent_id` int unsigned NOT NULL COMMENT 'Parent ID',
  `row_total` decimal(20,4) DEFAULT NULL COMMENT 'Row Total',
  `price` decimal(20,4) DEFAULT NULL COMMENT 'Price',
  `weight` decimal(12,4) DEFAULT NULL COMMENT 'Weight',
  `qty` decimal(12,4) DEFAULT NULL COMMENT 'Qty',
  `product_id` int DEFAULT NULL COMMENT 'Product ID',
  `order_item_id` int DEFAULT NULL COMMENT 'Order Item ID',
  `additional_data` text COMMENT 'Additional Data',
  `description` text COMMENT 'Description',
  `name` varchar(255) DEFAULT NULL COMMENT 'Name',
  `sku` varchar(255) DEFAULT NULL COMMENT 'Sku',
  PRIMARY KEY (`entity_id`),
  KEY `SALES_SHIPMENT_ITEM_PARENT_ID` (`parent_id`),
  CONSTRAINT `SALES_SHIPMENT_ITEM_PARENT_ID_SALES_SHIPMENT_ENTITY_ID` FOREIGN KEY (`parent_id`) REFERENCES `sales_shipment` (`entity_id`) ON DELETE CASCADE
) ENGINE=InnoDB DEFAULT CHARSET=utf8 COMMENT='Sales Flat Shipment Item';

--
-- Dumping data for table `sales_shipment_item`
--


--
-- Table structure for table `sales_shipment_track`
--

CREATE TABLE `sales_shipment_track` (
  `entity_id` int unsigned NOT NULL AUTO_INCREMENT COMMENT 'Entity ID',
  `parent_id` int unsigned NOT NULL COMMENT 'Parent ID',
  `weight` decimal(12,4) DEFAULT NULL COMMENT 'Weight',
  `qty` decimal(12,4) DEFAULT NULL COMMENT 'Qty',
  `order_id` int unsigned NOT NULL COMMENT 'Order ID',
  `track_number` text COMMENT 'Number',
  `description` text COMMENT 'Description',
  `title` varchar(255) DEFAULT NULL COMMENT 'Title',
  `carrier_code` varchar(32) DEFAULT NULL COMMENT 'Carrier Code',
  `created_at` timestamp NOT NULL DEFAULT CURRENT_TIMESTAMP COMMENT 'Created At',
  `updated_at` timestamp NOT NULL DEFAULT CURRENT_TIMESTAMP ON UPDATE CURRENT_TIMESTAMP COMMENT 'Updated At',
  PRIMARY KEY (`entity_id`),
  KEY `SALES_SHIPMENT_TRACK_PARENT_ID` (`parent_id`),
  KEY `SALES_SHIPMENT_TRACK_ORDER_ID` (`order_id`),
  KEY `SALES_SHIPMENT_TRACK_CREATED_AT` (`created_at`),
  CONSTRAINT `SALES_SHIPMENT_TRACK_PARENT_ID_SALES_SHIPMENT_ENTITY_ID` FOREIGN KEY (`parent_id`) REFERENCES `sales_shipment` (`entity_id`) ON DELETE CASCADE
) ENGINE=InnoDB DEFAULT CHARSET=utf8 COMMENT='Sales Flat Shipment Track';

--
-- Dumping data for table `sales_shipment_track`
--


--
-- Table structure for table `sales_shipping_aggregated`
--

CREATE TABLE `sales_shipping_aggregated` (
  `id` int unsigned NOT NULL AUTO_INCREMENT COMMENT 'ID',
  `period` date DEFAULT NULL COMMENT 'Period',
  `store_id` smallint unsigned DEFAULT NULL COMMENT 'Store ID',
  `order_status` varchar(50) DEFAULT NULL COMMENT 'Order Status',
  `shipping_description` varchar(255) DEFAULT NULL COMMENT 'Shipping Description',
  `orders_count` int NOT NULL DEFAULT '0' COMMENT 'Orders Count',
  `total_shipping` decimal(20,4) DEFAULT NULL COMMENT 'Total Shipping',
  `total_shipping_actual` decimal(20,4) DEFAULT NULL COMMENT 'Total Shipping Actual',
  PRIMARY KEY (`id`),
  UNIQUE KEY `SALES_SHPP_AGGRED_PERIOD_STORE_ID_ORDER_STS_SHPP_DESCRIPTION` (`period`,`store_id`,`order_status`,`shipping_description`),
  KEY `SALES_SHIPPING_AGGREGATED_STORE_ID` (`store_id`),
  CONSTRAINT `SALES_SHIPPING_AGGREGATED_STORE_ID_STORE_STORE_ID` FOREIGN KEY (`store_id`) REFERENCES `store` (`store_id`) ON DELETE SET NULL
) ENGINE=InnoDB DEFAULT CHARSET=utf8 COMMENT='Sales Shipping Aggregated';

--
-- Dumping data for table `sales_shipping_aggregated`
--


--
-- Table structure for table `sales_shipping_aggregated_order`
--

CREATE TABLE `sales_shipping_aggregated_order` (
  `id` int unsigned NOT NULL AUTO_INCREMENT COMMENT 'ID',
  `period` date DEFAULT NULL COMMENT 'Period',
  `store_id` smallint unsigned DEFAULT NULL COMMENT 'Store ID',
  `order_status` varchar(50) DEFAULT NULL COMMENT 'Order Status',
  `shipping_description` varchar(255) DEFAULT NULL COMMENT 'Shipping Description',
  `orders_count` int NOT NULL DEFAULT '0' COMMENT 'Orders Count',
  `total_shipping` decimal(20,4) DEFAULT NULL COMMENT 'Total Shipping',
  `total_shipping_actual` decimal(20,4) DEFAULT NULL COMMENT 'Total Shipping Actual',
  PRIMARY KEY (`id`),
  UNIQUE KEY `UNQ_C05FAE47282EEA68654D0924E946761F` (`period`,`store_id`,`order_status`,`shipping_description`),
  KEY `SALES_SHIPPING_AGGREGATED_ORDER_STORE_ID` (`store_id`),
  CONSTRAINT `SALES_SHIPPING_AGGREGATED_ORDER_STORE_ID_STORE_STORE_ID` FOREIGN KEY (`store_id`) REFERENCES `store` (`store_id`) ON DELETE SET NULL
) ENGINE=InnoDB DEFAULT CHARSET=utf8 COMMENT='Sales Shipping Aggregated Order';

--
-- Dumping data for table `sales_shipping_aggregated_order`
--


--
-- Table structure for table `salesrule`
--

CREATE TABLE `salesrule` (
  `rule_id` int unsigned NOT NULL AUTO_INCREMENT COMMENT 'Entity ID',
  `name` varchar(255) DEFAULT NULL COMMENT 'Name',
  `description` text COMMENT 'Description',
  `from_date` date DEFAULT NULL COMMENT 'From',
  `to_date` date DEFAULT NULL COMMENT 'To',
  `uses_per_customer` int NOT NULL DEFAULT '0' COMMENT 'Uses Per Customer',
  `is_active` smallint NOT NULL DEFAULT '0' COMMENT 'Is Active',
  `conditions_serialized` mediumtext COMMENT 'Conditions Serialized',
  `actions_serialized` mediumtext COMMENT 'Actions Serialized',
  `stop_rules_processing` smallint NOT NULL DEFAULT '1' COMMENT 'Stop Rules Processing',
  `is_advanced` smallint unsigned NOT NULL DEFAULT '1' COMMENT 'Is Advanced',
  `product_ids` text COMMENT 'Product Ids',
  `sort_order` int unsigned NOT NULL DEFAULT '0' COMMENT 'Sort Order',
  `simple_action` varchar(32) DEFAULT NULL COMMENT 'Simple Action',
  `discount_amount` decimal(12,4) NOT NULL DEFAULT '0.0000' COMMENT 'Discount Amount',
  `discount_qty` decimal(12,4) DEFAULT NULL COMMENT 'Discount Qty',
  `discount_step` int unsigned NOT NULL DEFAULT '0' COMMENT 'Discount Step',
  `apply_to_shipping` smallint unsigned NOT NULL DEFAULT '0' COMMENT 'Apply To Shipping',
  `times_used` int unsigned NOT NULL DEFAULT '0' COMMENT 'Times Used',
  `is_rss` smallint NOT NULL DEFAULT '0' COMMENT 'Is Rss',
  `coupon_type` smallint unsigned NOT NULL DEFAULT '1' COMMENT 'Coupon Type',
  `use_auto_generation` smallint NOT NULL DEFAULT '0' COMMENT 'Use Auto Generation',
  `uses_per_coupon` int NOT NULL DEFAULT '0' COMMENT 'User Per Coupon',
  `simple_free_shipping` smallint unsigned DEFAULT NULL COMMENT 'Simple Free Shipping',
  PRIMARY KEY (`rule_id`),
  KEY `SALESRULE_IS_ACTIVE_SORT_ORDER_TO_DATE_FROM_DATE` (`is_active`,`sort_order`,`to_date`,`from_date`)
) ENGINE=InnoDB DEFAULT CHARSET=utf8 COMMENT='Salesrule';

--
-- Dumping data for table `salesrule`
--


--
-- Table structure for table `salesrule_coupon`
--

CREATE TABLE `salesrule_coupon` (
  `coupon_id` int unsigned NOT NULL AUTO_INCREMENT COMMENT 'Coupon ID',
  `rule_id` int unsigned NOT NULL COMMENT 'Rule ID',
  `code` varchar(255) DEFAULT NULL COMMENT 'Code',
  `usage_limit` int unsigned DEFAULT NULL COMMENT 'Usage Limit',
  `usage_per_customer` int unsigned DEFAULT NULL COMMENT 'Usage Per Customer',
  `times_used` int unsigned NOT NULL DEFAULT '0' COMMENT 'Times Used',
  `expiration_date` datetime DEFAULT NULL COMMENT 'Expiration Date',
  `is_primary` smallint unsigned DEFAULT NULL COMMENT 'Is Primary',
  `created_at` timestamp NULL DEFAULT NULL COMMENT 'Coupon Code Creation Date',
  `type` smallint DEFAULT '0' COMMENT 'Coupon Code Type',
  `generated_by_dotmailer` smallint DEFAULT NULL COMMENT '1 = Generated by dotmailer',
  PRIMARY KEY (`coupon_id`),
  UNIQUE KEY `SALESRULE_COUPON_CODE` (`code`),
  UNIQUE KEY `SALESRULE_COUPON_RULE_ID_IS_PRIMARY` (`rule_id`,`is_primary`),
  KEY `SALESRULE_COUPON_RULE_ID` (`rule_id`),
  CONSTRAINT `SALESRULE_COUPON_RULE_ID_SALESRULE_RULE_ID` FOREIGN KEY (`rule_id`) REFERENCES `salesrule` (`rule_id`) ON DELETE CASCADE
) ENGINE=InnoDB DEFAULT CHARSET=utf8 COMMENT='Salesrule Coupon';

--
-- Dumping data for table `salesrule_coupon`
--


--
-- Table structure for table `salesrule_coupon_aggregated`
--

CREATE TABLE `salesrule_coupon_aggregated` (
  `id` int unsigned NOT NULL AUTO_INCREMENT COMMENT 'ID',
  `period` date NOT NULL COMMENT 'Period',
  `store_id` smallint unsigned DEFAULT NULL COMMENT 'Store ID',
  `order_status` varchar(50) DEFAULT NULL COMMENT 'Order Status',
  `coupon_code` varchar(50) DEFAULT NULL COMMENT 'Coupon Code',
  `coupon_uses` int NOT NULL DEFAULT '0' COMMENT 'Coupon Uses',
  `subtotal_amount` decimal(20,4) NOT NULL DEFAULT '0.0000' COMMENT 'Subtotal Amount',
  `discount_amount` decimal(12,4) NOT NULL DEFAULT '0.0000' COMMENT 'Discount Amount',
  `total_amount` decimal(20,4) NOT NULL DEFAULT '0.0000' COMMENT 'Total Amount',
  `subtotal_amount_actual` decimal(20,4) NOT NULL DEFAULT '0.0000' COMMENT 'Subtotal Amount Actual',
  `discount_amount_actual` decimal(12,4) NOT NULL DEFAULT '0.0000' COMMENT 'Discount Amount Actual',
  `total_amount_actual` decimal(20,4) NOT NULL DEFAULT '0.0000' COMMENT 'Total Amount Actual',
  `rule_name` varchar(255) DEFAULT NULL COMMENT 'Rule Name',
  PRIMARY KEY (`id`),
  UNIQUE KEY `SALESRULE_COUPON_AGGRED_PERIOD_STORE_ID_ORDER_STS_COUPON_CODE` (`period`,`store_id`,`order_status`,`coupon_code`),
  KEY `SALESRULE_COUPON_AGGREGATED_STORE_ID` (`store_id`),
  KEY `SALESRULE_COUPON_AGGREGATED_RULE_NAME` (`rule_name`),
  CONSTRAINT `SALESRULE_COUPON_AGGREGATED_STORE_ID_STORE_STORE_ID` FOREIGN KEY (`store_id`) REFERENCES `store` (`store_id`) ON DELETE CASCADE
) ENGINE=InnoDB DEFAULT CHARSET=utf8 COMMENT='Coupon Aggregated';

--
-- Dumping data for table `salesrule_coupon_aggregated`
--


--
-- Table structure for table `salesrule_coupon_aggregated_order`
--

CREATE TABLE `salesrule_coupon_aggregated_order` (
  `id` int unsigned NOT NULL AUTO_INCREMENT COMMENT 'ID',
  `period` date NOT NULL COMMENT 'Period',
  `store_id` smallint unsigned DEFAULT NULL COMMENT 'Store ID',
  `order_status` varchar(50) DEFAULT NULL COMMENT 'Order Status',
  `coupon_code` varchar(50) DEFAULT NULL COMMENT 'Coupon Code',
  `coupon_uses` int NOT NULL DEFAULT '0' COMMENT 'Coupon Uses',
  `subtotal_amount` decimal(20,4) NOT NULL DEFAULT '0.0000' COMMENT 'Subtotal Amount',
  `discount_amount` decimal(12,4) NOT NULL DEFAULT '0.0000' COMMENT 'Discount Amount',
  `total_amount` decimal(20,4) NOT NULL DEFAULT '0.0000' COMMENT 'Total Amount',
  `rule_name` varchar(255) DEFAULT NULL COMMENT 'Rule Name',
  PRIMARY KEY (`id`),
  UNIQUE KEY `UNQ_1094D1FBBCBB11704A29DEF3ACC37D2B` (`period`,`store_id`,`order_status`,`coupon_code`),
  KEY `SALESRULE_COUPON_AGGREGATED_ORDER_STORE_ID` (`store_id`),
  KEY `SALESRULE_COUPON_AGGREGATED_ORDER_RULE_NAME` (`rule_name`),
  CONSTRAINT `SALESRULE_COUPON_AGGREGATED_ORDER_STORE_ID_STORE_STORE_ID` FOREIGN KEY (`store_id`) REFERENCES `store` (`store_id`) ON DELETE CASCADE
) ENGINE=InnoDB DEFAULT CHARSET=utf8 COMMENT='Coupon Aggregated Order';

--
-- Dumping data for table `salesrule_coupon_aggregated_order`
--


--
-- Table structure for table `salesrule_coupon_aggregated_updated`
--

CREATE TABLE `salesrule_coupon_aggregated_updated` (
  `id` int unsigned NOT NULL AUTO_INCREMENT COMMENT 'ID',
  `period` date NOT NULL COMMENT 'Period',
  `store_id` smallint unsigned DEFAULT NULL COMMENT 'Store ID',
  `order_status` varchar(50) DEFAULT NULL COMMENT 'Order Status',
  `coupon_code` varchar(50) DEFAULT NULL COMMENT 'Coupon Code',
  `coupon_uses` int NOT NULL DEFAULT '0' COMMENT 'Coupon Uses',
  `subtotal_amount` decimal(20,4) NOT NULL DEFAULT '0.0000' COMMENT 'Subtotal Amount',
  `discount_amount` decimal(12,4) NOT NULL DEFAULT '0.0000' COMMENT 'Discount Amount',
  `total_amount` decimal(20,4) NOT NULL DEFAULT '0.0000' COMMENT 'Total Amount',
  `subtotal_amount_actual` decimal(20,4) NOT NULL DEFAULT '0.0000' COMMENT 'Subtotal Amount Actual',
  `discount_amount_actual` decimal(12,4) NOT NULL DEFAULT '0.0000' COMMENT 'Discount Amount Actual',
  `total_amount_actual` decimal(20,4) NOT NULL DEFAULT '0.0000' COMMENT 'Total Amount Actual',
  `rule_name` varchar(255) DEFAULT NULL COMMENT 'Rule Name',
  PRIMARY KEY (`id`),
  UNIQUE KEY `UNQ_7196FA120A4F0F84E1B66605E87E213E` (`period`,`store_id`,`order_status`,`coupon_code`),
  KEY `SALESRULE_COUPON_AGGREGATED_UPDATED_STORE_ID` (`store_id`),
  KEY `SALESRULE_COUPON_AGGREGATED_UPDATED_RULE_NAME` (`rule_name`),
  CONSTRAINT `SALESRULE_COUPON_AGGREGATED_UPDATED_STORE_ID_STORE_STORE_ID` FOREIGN KEY (`store_id`) REFERENCES `store` (`store_id`) ON DELETE CASCADE
) ENGINE=InnoDB DEFAULT CHARSET=utf8 COMMENT='Salesrule Coupon Aggregated Updated';

--
-- Dumping data for table `salesrule_coupon_aggregated_updated`
--


--
-- Table structure for table `salesrule_coupon_usage`
--

CREATE TABLE `salesrule_coupon_usage` (
  `coupon_id` int unsigned NOT NULL COMMENT 'Coupon ID',
  `customer_id` int unsigned NOT NULL COMMENT 'Customer ID',
  `times_used` int unsigned NOT NULL DEFAULT '0' COMMENT 'Times Used',
  PRIMARY KEY (`coupon_id`,`customer_id`),
  KEY `SALESRULE_COUPON_USAGE_CUSTOMER_ID` (`customer_id`),
  CONSTRAINT `SALESRULE_COUPON_USAGE_COUPON_ID_SALESRULE_COUPON_COUPON_ID` FOREIGN KEY (`coupon_id`) REFERENCES `salesrule_coupon` (`coupon_id`) ON DELETE CASCADE,
  CONSTRAINT `SALESRULE_COUPON_USAGE_CUSTOMER_ID_CUSTOMER_ENTITY_ENTITY_ID` FOREIGN KEY (`customer_id`) REFERENCES `customer_entity` (`entity_id`) ON DELETE CASCADE
) ENGINE=InnoDB DEFAULT CHARSET=utf8 COMMENT='Salesrule Coupon Usage';

--
-- Dumping data for table `salesrule_coupon_usage`
--


--
-- Table structure for table `salesrule_customer`
--

CREATE TABLE `salesrule_customer` (
  `rule_customer_id` int unsigned NOT NULL AUTO_INCREMENT COMMENT 'Rule Customer ID',
  `rule_id` int unsigned NOT NULL DEFAULT '0' COMMENT 'Rule ID',
  `customer_id` int unsigned NOT NULL DEFAULT '0' COMMENT 'Customer ID',
  `times_used` smallint unsigned NOT NULL DEFAULT '0' COMMENT 'Times Used',
  PRIMARY KEY (`rule_customer_id`),
  KEY `SALESRULE_CUSTOMER_RULE_ID_CUSTOMER_ID` (`rule_id`,`customer_id`),
  KEY `SALESRULE_CUSTOMER_CUSTOMER_ID_RULE_ID` (`customer_id`,`rule_id`),
  CONSTRAINT `SALESRULE_CUSTOMER_CUSTOMER_ID_CUSTOMER_ENTITY_ENTITY_ID` FOREIGN KEY (`customer_id`) REFERENCES `customer_entity` (`entity_id`) ON DELETE CASCADE,
  CONSTRAINT `SALESRULE_CUSTOMER_RULE_ID_SALESRULE_RULE_ID` FOREIGN KEY (`rule_id`) REFERENCES `salesrule` (`rule_id`) ON DELETE CASCADE
) ENGINE=InnoDB DEFAULT CHARSET=utf8 COMMENT='Salesrule Customer';

--
-- Dumping data for table `salesrule_customer`
--


--
-- Table structure for table `salesrule_customer_group`
--

CREATE TABLE `salesrule_customer_group` (
  `rule_id` int unsigned NOT NULL COMMENT 'Rule ID',
  `customer_group_id` int unsigned NOT NULL COMMENT 'Customer Group ID',
  PRIMARY KEY (`rule_id`,`customer_group_id`),
  KEY `SALESRULE_CUSTOMER_GROUP_CUSTOMER_GROUP_ID` (`customer_group_id`),
  CONSTRAINT `SALESRULE_CSTR_GROUP_CSTR_GROUP_ID_CSTR_GROUP_CSTR_GROUP_ID` FOREIGN KEY (`customer_group_id`) REFERENCES `customer_group` (`customer_group_id`) ON DELETE CASCADE,
  CONSTRAINT `SALESRULE_CUSTOMER_GROUP_RULE_ID_SALESRULE_RULE_ID` FOREIGN KEY (`rule_id`) REFERENCES `salesrule` (`rule_id`) ON DELETE CASCADE
) ENGINE=InnoDB DEFAULT CHARSET=utf8 COMMENT='Sales Rules To Customer Groups Relations';

--
-- Dumping data for table `salesrule_customer_group`
--


--
-- Table structure for table `salesrule_label`
--

CREATE TABLE `salesrule_label` (
  `label_id` int unsigned NOT NULL AUTO_INCREMENT COMMENT 'Label ID',
  `rule_id` int unsigned NOT NULL COMMENT 'Rule ID',
  `store_id` smallint unsigned NOT NULL COMMENT 'Store ID',
  `label` varchar(255) DEFAULT NULL COMMENT 'Label',
  PRIMARY KEY (`label_id`),
  UNIQUE KEY `SALESRULE_LABEL_RULE_ID_STORE_ID` (`rule_id`,`store_id`),
  KEY `SALESRULE_LABEL_STORE_ID` (`store_id`),
  CONSTRAINT `SALESRULE_LABEL_RULE_ID_SALESRULE_RULE_ID` FOREIGN KEY (`rule_id`) REFERENCES `salesrule` (`rule_id`) ON DELETE CASCADE,
  CONSTRAINT `SALESRULE_LABEL_STORE_ID_STORE_STORE_ID` FOREIGN KEY (`store_id`) REFERENCES `store` (`store_id`) ON DELETE CASCADE
) ENGINE=InnoDB DEFAULT CHARSET=utf8 COMMENT='Salesrule Label';

--
-- Dumping data for table `salesrule_label`
--


--
-- Table structure for table `salesrule_product_attribute`
--

CREATE TABLE `salesrule_product_attribute` (
  `rule_id` int unsigned NOT NULL COMMENT 'Rule ID',
  `website_id` smallint unsigned NOT NULL COMMENT 'Website ID',
  `customer_group_id` int unsigned NOT NULL COMMENT 'Customer Group ID',
  `attribute_id` smallint unsigned NOT NULL COMMENT 'Attribute ID',
  PRIMARY KEY (`rule_id`,`website_id`,`customer_group_id`,`attribute_id`),
  KEY `SALESRULE_PRODUCT_ATTRIBUTE_WEBSITE_ID` (`website_id`),
  KEY `SALESRULE_PRODUCT_ATTRIBUTE_CUSTOMER_GROUP_ID` (`customer_group_id`),
  KEY `SALESRULE_PRODUCT_ATTRIBUTE_ATTRIBUTE_ID` (`attribute_id`),
  CONSTRAINT `SALESRULE_PRD_ATTR_ATTR_ID_EAV_ATTR_ATTR_ID` FOREIGN KEY (`attribute_id`) REFERENCES `eav_attribute` (`attribute_id`) ON DELETE CASCADE,
  CONSTRAINT `SALESRULE_PRD_ATTR_CSTR_GROUP_ID_CSTR_GROUP_CSTR_GROUP_ID` FOREIGN KEY (`customer_group_id`) REFERENCES `customer_group` (`customer_group_id`) ON DELETE CASCADE,
  CONSTRAINT `SALESRULE_PRODUCT_ATTRIBUTE_RULE_ID_SALESRULE_RULE_ID` FOREIGN KEY (`rule_id`) REFERENCES `salesrule` (`rule_id`) ON DELETE CASCADE,
  CONSTRAINT `SALESRULE_PRODUCT_ATTRIBUTE_WEBSITE_ID_STORE_WEBSITE_WEBSITE_ID` FOREIGN KEY (`website_id`) REFERENCES `store_website` (`website_id`) ON DELETE CASCADE
) ENGINE=InnoDB DEFAULT CHARSET=utf8 COMMENT='Salesrule Product Attribute';

--
-- Dumping data for table `salesrule_product_attribute`
--


--
-- Table structure for table `salesrule_website`
--

CREATE TABLE `salesrule_website` (
  `rule_id` int unsigned NOT NULL COMMENT 'Rule ID',
  `website_id` smallint unsigned NOT NULL COMMENT 'Website ID',
  PRIMARY KEY (`rule_id`,`website_id`),
  KEY `SALESRULE_WEBSITE_WEBSITE_ID` (`website_id`),
  CONSTRAINT `SALESRULE_WEBSITE_RULE_ID_SALESRULE_RULE_ID` FOREIGN KEY (`rule_id`) REFERENCES `salesrule` (`rule_id`) ON DELETE CASCADE,
  CONSTRAINT `SALESRULE_WEBSITE_WEBSITE_ID_STORE_WEBSITE_WEBSITE_ID` FOREIGN KEY (`website_id`) REFERENCES `store_website` (`website_id`) ON DELETE CASCADE
) ENGINE=InnoDB DEFAULT CHARSET=utf8 COMMENT='Sales Rules To Websites Relations';

--
-- Dumping data for table `salesrule_website`
--


--
-- Table structure for table `search_query`
--

CREATE TABLE `search_query` (
  `query_id` int unsigned NOT NULL AUTO_INCREMENT COMMENT 'Query ID',
  `query_text` varchar(255) DEFAULT NULL COMMENT 'Query text',
  `num_results` int unsigned NOT NULL DEFAULT '0' COMMENT 'Num results',
  `popularity` int unsigned NOT NULL DEFAULT '0' COMMENT 'Popularity',
  `redirect` varchar(255) DEFAULT NULL COMMENT 'Redirect',
  `store_id` smallint unsigned NOT NULL DEFAULT '0' COMMENT 'Store ID',
  `display_in_terms` smallint NOT NULL DEFAULT '1' COMMENT 'Display in terms',
  `is_active` smallint DEFAULT '1' COMMENT 'Active status',
  `is_processed` smallint DEFAULT '0' COMMENT 'Processed status',
  `updated_at` timestamp NOT NULL DEFAULT CURRENT_TIMESTAMP ON UPDATE CURRENT_TIMESTAMP COMMENT 'Updated at',
  PRIMARY KEY (`query_id`),
  UNIQUE KEY `SEARCH_QUERY_QUERY_TEXT_STORE_ID` (`query_text`,`store_id`),
  KEY `SEARCH_QUERY_QUERY_TEXT_STORE_ID_POPULARITY` (`query_text`,`store_id`,`popularity`),
  KEY `SEARCH_QUERY_STORE_ID` (`store_id`),
  KEY `SEARCH_QUERY_IS_PROCESSED` (`is_processed`),
  KEY `SEARCH_QUERY_STORE_ID_POPULARITY` (`store_id`,`popularity`),
  CONSTRAINT `SEARCH_QUERY_STORE_ID_STORE_STORE_ID` FOREIGN KEY (`store_id`) REFERENCES `store` (`store_id`) ON DELETE CASCADE
) ENGINE=InnoDB AUTO_INCREMENT=143 DEFAULT CHARSET=utf8 COMMENT='Search query table';

--
-- Dumping data for table `search_query`
--

INSERT INTO `search_query` VALUES (1,'product',4,2,NULL,4,1,1,0,'2021-07-20 10:22:48'),(5,'product',4,1,NULL,1,1,1,0,'2021-07-20 10:23:04'),(7,'apple',6,2,NULL,1,1,1,0,'2021-07-27 09:24:07'),(9,'iphne',0,1,NULL,1,1,1,0,'2021-07-27 09:23:13'),(11,'phone',0,4,NULL,1,1,1,0,'2021-09-22 14:29:45'),(15,'pola',2,1,NULL,4,1,1,0,'2021-08-17 00:51:29'),(17,'shirt',0,1,NULL,1,1,1,0,'2021-08-23 14:20:12'),(19,'forever',0,1,NULL,1,1,1,0,'2021-08-23 17:10:31'),(21,'Serpenti Forever crossbody bag',2,1,NULL,1,1,1,0,'2021-08-23 17:11:03'),(25,'polaroid',2,3,NULL,1,1,1,0,'2021-12-30 14:03:26'),(31,'office',0,1,NULL,1,1,1,0,'2021-09-23 13:13:39'),(33,'Config',3,1,NULL,1,1,1,0,'2021-09-27 20:32:32'),(35,'bundle',1,1,NULL,1,1,1,0,'2021-10-13 20:02:47'),(37,'polaroid',2,1,NULL,4,1,1,0,'2021-10-18 14:46:39'),(39,'iphone',2,3,NULL,4,1,1,0,'2022-06-10 13:19:11'),(41,'apple',6,2,NULL,4,1,1,0,'2021-10-23 19:58:34'),(45,'pixel',1,1,NULL,4,1,1,0,'2021-10-23 20:19:37'),(47,'moto',0,2,NULL,1,1,1,0,'2021-10-28 09:51:10'),(51,'iphone 12',2,3,NULL,1,1,1,0,'2021-10-28 09:51:56'),(57,'modern',0,2,NULL,4,1,1,0,'2021-11-09 13:31:36'),(61,'head',1,1,NULL,3,1,1,0,'2021-11-23 15:53:18'),(63,'Mobile',0,1,NULL,1,1,1,0,'2021-11-29 18:53:43'),(65,'pro',6,1,NULL,1,1,1,0,'2021-12-09 14:00:12'),(67,'camara',0,1,NULL,4,1,1,0,'2021-12-18 04:41:04'),(69,'polarid',0,1,NULL,1,1,1,0,'2021-12-30 13:39:28'),(75,'wireless',2,1,NULL,4,1,1,0,'2022-01-31 14:59:05'),(77,'bag',2,1,NULL,1,1,1,0,'2022-02-06 04:33:12'),(79,'Acer',0,2,NULL,4,1,1,0,'2022-02-10 17:20:34'),(83,'MSI',0,1,NULL,4,1,1,0,'2022-02-10 17:20:46'),(85,'headphones',0,1,NULL,1,1,1,0,'2022-02-15 09:20:01'),(87,'beats',1,1,NULL,3,1,1,0,'2022-02-15 09:27:12'),(89,'shoes',0,4,NULL,4,1,1,0,'2022-03-01 12:51:53'),(97,'ipad',1,1,NULL,4,1,1,0,'2022-03-01 14:42:42'),(99,'beats',1,1,NULL,4,1,1,0,'2022-03-02 09:37:49'),(101,'adfafa',0,1,NULL,4,1,1,0,'2022-03-02 10:27:25'),(103,'test',0,1,NULL,1,1,1,0,'2022-03-15 08:24:23'),(105,'clot',0,1,NULL,1,1,1,0,'2022-03-15 13:35:33'),(107,'bag',2,1,NULL,4,1,1,0,'2022-04-11 07:42:54'),(111,'16 inch Macbook Pro',2,1,NULL,1,1,1,0,'2022-04-21 17:11:52'),(113,'Addyvero Women\'s Dress',3,1,NULL,1,1,1,0,'2022-04-21 17:12:22'),(115,'Beats Solo3 Wireless Headphones',2,1,NULL,1,1,1,0,'2022-04-21 17:12:48'),(117,'Black Rouge Lipstick Rose Velvet 245g Burgundy Rose',8,1,NULL,1,1,1,0,'2022-04-21 17:13:06'),(119,'Canon EOS 1500D 24.1 Digital SLR Camera (Black)',7,1,NULL,1,1,1,0,'2022-04-21 17:13:33'),(121,'DELL XPS 15 9550 (2021)',6,1,NULL,1,1,1,0,'2022-04-21 17:31:46'),(123,'phones',0,1,NULL,1,1,1,0,'2022-04-29 20:07:49'),(125,'I phone',0,1,NULL,4,1,1,0,'2022-05-06 08:13:54'),(129,'ipad',1,1,NULL,3,1,1,0,'2022-08-19 13:18:34'),(131,'tes',0,1,NULL,1,1,1,0,'2022-12-29 10:14:19'),(133,'Celular',0,3,NULL,1,1,1,0,'2023-02-07 16:18:25'),(137,'Smartphone',0,1,NULL,1,1,1,0,'2023-02-07 16:18:06'),(141,'125',0,1,NULL,1,1,1,0,'2023-04-18 02:09:04');

--
-- Table structure for table `search_synonyms`
--

CREATE TABLE `search_synonyms` (
  `group_id` bigint unsigned NOT NULL AUTO_INCREMENT COMMENT 'Synonyms Group ID',
  `synonyms` text NOT NULL COMMENT 'list of synonyms making up this group',
  `store_id` smallint unsigned NOT NULL DEFAULT '0' COMMENT 'Store ID - identifies the store view these synonyms belong to',
  `website_id` smallint unsigned NOT NULL DEFAULT '0' COMMENT 'Website ID - identifies the website ID these synonyms belong to',
  PRIMARY KEY (`group_id`),
  KEY `SEARCH_SYNONYMS_STORE_ID` (`store_id`),
  KEY `SEARCH_SYNONYMS_WEBSITE_ID` (`website_id`),
  FULLTEXT KEY `SEARCH_SYNONYMS_SYNONYMS` (`synonyms`),
  CONSTRAINT `SEARCH_SYNONYMS_STORE_ID_STORE_STORE_ID` FOREIGN KEY (`store_id`) REFERENCES `store` (`store_id`) ON DELETE CASCADE,
  CONSTRAINT `SEARCH_SYNONYMS_WEBSITE_ID_STORE_WEBSITE_WEBSITE_ID` FOREIGN KEY (`website_id`) REFERENCES `store_website` (`website_id`) ON DELETE CASCADE
) ENGINE=InnoDB DEFAULT CHARSET=utf8 COMMENT='table storing various synonyms groups';

--
-- Dumping data for table `search_synonyms`
--


--
-- Table structure for table `sendfriend_log`
--

CREATE TABLE `sendfriend_log` (
  `log_id` int unsigned NOT NULL AUTO_INCREMENT COMMENT 'Log ID',
  `ip` bigint unsigned NOT NULL DEFAULT '0' COMMENT 'Customer IP address',
  `time` int unsigned NOT NULL DEFAULT '0' COMMENT 'Log time',
  `website_id` smallint unsigned NOT NULL DEFAULT '0' COMMENT 'Website ID',
  PRIMARY KEY (`log_id`),
  KEY `SENDFRIEND_LOG_IP` (`ip`),
  KEY `SENDFRIEND_LOG_TIME` (`time`)
) ENGINE=InnoDB DEFAULT CHARSET=utf8 COMMENT='Send to friend function log storage table';

--
-- Dumping data for table `sendfriend_log`
--


--
-- Table structure for table `sequence_creditmemo_0`
--

CREATE TABLE `sequence_creditmemo_0` (
  `sequence_value` int unsigned NOT NULL AUTO_INCREMENT,
  PRIMARY KEY (`sequence_value`)
) ENGINE=InnoDB DEFAULT CHARSET=utf8mb4 COLLATE=utf8mb4_0900_ai_ci;

--
-- Dumping data for table `sequence_creditmemo_0`
--


--
-- Table structure for table `sequence_creditmemo_1`
--

CREATE TABLE `sequence_creditmemo_1` (
  `sequence_value` int unsigned NOT NULL AUTO_INCREMENT,
  PRIMARY KEY (`sequence_value`)
) ENGINE=InnoDB DEFAULT CHARSET=utf8mb4 COLLATE=utf8mb4_0900_ai_ci;

--
-- Dumping data for table `sequence_creditmemo_1`
--


--
-- Table structure for table `sequence_creditmemo_2`
--

CREATE TABLE `sequence_creditmemo_2` (
  `sequence_value` int unsigned NOT NULL AUTO_INCREMENT,
  PRIMARY KEY (`sequence_value`)
) ENGINE=InnoDB DEFAULT CHARSET=utf8mb4 COLLATE=utf8mb4_0900_ai_ci;

--
-- Dumping data for table `sequence_creditmemo_2`
--


--
-- Table structure for table `sequence_creditmemo_3`
--

CREATE TABLE `sequence_creditmemo_3` (
  `sequence_value` int unsigned NOT NULL AUTO_INCREMENT,
  PRIMARY KEY (`sequence_value`)
) ENGINE=InnoDB DEFAULT CHARSET=utf8mb4 COLLATE=utf8mb4_0900_ai_ci;

--
-- Dumping data for table `sequence_creditmemo_3`
--


--
-- Table structure for table `sequence_creditmemo_4`
--

CREATE TABLE `sequence_creditmemo_4` (
  `sequence_value` int unsigned NOT NULL AUTO_INCREMENT,
  PRIMARY KEY (`sequence_value`)
) ENGINE=InnoDB DEFAULT CHARSET=utf8mb4 COLLATE=utf8mb4_0900_ai_ci;

--
-- Dumping data for table `sequence_creditmemo_4`
--


--
-- Table structure for table `sequence_invoice_0`
--

CREATE TABLE `sequence_invoice_0` (
  `sequence_value` int unsigned NOT NULL AUTO_INCREMENT,
  PRIMARY KEY (`sequence_value`)
) ENGINE=InnoDB DEFAULT CHARSET=utf8mb4 COLLATE=utf8mb4_0900_ai_ci;

--
-- Dumping data for table `sequence_invoice_0`
--


--
-- Table structure for table `sequence_invoice_1`
--

CREATE TABLE `sequence_invoice_1` (
  `sequence_value` int unsigned NOT NULL AUTO_INCREMENT,
  PRIMARY KEY (`sequence_value`)
) ENGINE=InnoDB DEFAULT CHARSET=utf8mb4 COLLATE=utf8mb4_0900_ai_ci;

--
-- Dumping data for table `sequence_invoice_1`
--


--
-- Table structure for table `sequence_invoice_2`
--

CREATE TABLE `sequence_invoice_2` (
  `sequence_value` int unsigned NOT NULL AUTO_INCREMENT,
  PRIMARY KEY (`sequence_value`)
) ENGINE=InnoDB DEFAULT CHARSET=utf8mb4 COLLATE=utf8mb4_0900_ai_ci;

--
-- Dumping data for table `sequence_invoice_2`
--


--
-- Table structure for table `sequence_invoice_3`
--

CREATE TABLE `sequence_invoice_3` (
  `sequence_value` int unsigned NOT NULL AUTO_INCREMENT,
  PRIMARY KEY (`sequence_value`)
) ENGINE=InnoDB DEFAULT CHARSET=utf8mb4 COLLATE=utf8mb4_0900_ai_ci;

--
-- Dumping data for table `sequence_invoice_3`
--


--
-- Table structure for table `sequence_invoice_4`
--

CREATE TABLE `sequence_invoice_4` (
  `sequence_value` int unsigned NOT NULL AUTO_INCREMENT,
  PRIMARY KEY (`sequence_value`)
) ENGINE=InnoDB DEFAULT CHARSET=utf8mb4 COLLATE=utf8mb4_0900_ai_ci;

--
-- Dumping data for table `sequence_invoice_4`
--


--
-- Table structure for table `sequence_order_0`
--

CREATE TABLE `sequence_order_0` (
  `sequence_value` int unsigned NOT NULL AUTO_INCREMENT,
  PRIMARY KEY (`sequence_value`)
) ENGINE=InnoDB DEFAULT CHARSET=utf8mb4 COLLATE=utf8mb4_0900_ai_ci;

--
-- Dumping data for table `sequence_order_0`
--


--
-- Table structure for table `sequence_order_1`
--

CREATE TABLE `sequence_order_1` (
  `sequence_value` int unsigned NOT NULL AUTO_INCREMENT,
  PRIMARY KEY (`sequence_value`)
) ENGINE=InnoDB AUTO_INCREMENT=12 DEFAULT CHARSET=utf8mb4 COLLATE=utf8mb4_0900_ai_ci;

--
-- Dumping data for table `sequence_order_1`
--

INSERT INTO `sequence_order_1` VALUES (1),(2),(3),(4),(5),(6),(7),(8),(9),(10),(11);

--
-- Table structure for table `sequence_order_2`
--

CREATE TABLE `sequence_order_2` (
  `sequence_value` int unsigned NOT NULL AUTO_INCREMENT,
  PRIMARY KEY (`sequence_value`)
) ENGINE=InnoDB DEFAULT CHARSET=utf8mb4 COLLATE=utf8mb4_0900_ai_ci;

--
-- Dumping data for table `sequence_order_2`
--


--
-- Table structure for table `sequence_order_3`
--

CREATE TABLE `sequence_order_3` (
  `sequence_value` int unsigned NOT NULL AUTO_INCREMENT,
  PRIMARY KEY (`sequence_value`)
) ENGINE=InnoDB DEFAULT CHARSET=utf8mb4 COLLATE=utf8mb4_0900_ai_ci;

--
-- Dumping data for table `sequence_order_3`
--


--
-- Table structure for table `sequence_order_4`
--

CREATE TABLE `sequence_order_4` (
  `sequence_value` int unsigned NOT NULL AUTO_INCREMENT,
  PRIMARY KEY (`sequence_value`)
) ENGINE=InnoDB DEFAULT CHARSET=utf8mb4 COLLATE=utf8mb4_0900_ai_ci;

--
-- Dumping data for table `sequence_order_4`
--


--
-- Table structure for table `sequence_shipment_0`
--

CREATE TABLE `sequence_shipment_0` (
  `sequence_value` int unsigned NOT NULL AUTO_INCREMENT,
  PRIMARY KEY (`sequence_value`)
) ENGINE=InnoDB DEFAULT CHARSET=utf8mb4 COLLATE=utf8mb4_0900_ai_ci;

--
-- Dumping data for table `sequence_shipment_0`
--


--
-- Table structure for table `sequence_shipment_1`
--

CREATE TABLE `sequence_shipment_1` (
  `sequence_value` int unsigned NOT NULL AUTO_INCREMENT,
  PRIMARY KEY (`sequence_value`)
) ENGINE=InnoDB DEFAULT CHARSET=utf8mb4 COLLATE=utf8mb4_0900_ai_ci;

--
-- Dumping data for table `sequence_shipment_1`
--


--
-- Table structure for table `sequence_shipment_2`
--

CREATE TABLE `sequence_shipment_2` (
  `sequence_value` int unsigned NOT NULL AUTO_INCREMENT,
  PRIMARY KEY (`sequence_value`)
) ENGINE=InnoDB DEFAULT CHARSET=utf8mb4 COLLATE=utf8mb4_0900_ai_ci;

--
-- Dumping data for table `sequence_shipment_2`
--


--
-- Table structure for table `sequence_shipment_3`
--

CREATE TABLE `sequence_shipment_3` (
  `sequence_value` int unsigned NOT NULL AUTO_INCREMENT,
  PRIMARY KEY (`sequence_value`)
) ENGINE=InnoDB DEFAULT CHARSET=utf8mb4 COLLATE=utf8mb4_0900_ai_ci;

--
-- Dumping data for table `sequence_shipment_3`
--


--
-- Table structure for table `sequence_shipment_4`
--

CREATE TABLE `sequence_shipment_4` (
  `sequence_value` int unsigned NOT NULL AUTO_INCREMENT,
  PRIMARY KEY (`sequence_value`)
) ENGINE=InnoDB DEFAULT CHARSET=utf8mb4 COLLATE=utf8mb4_0900_ai_ci;

--
-- Dumping data for table `sequence_shipment_4`
--


--
-- Table structure for table `session`
--

CREATE TABLE `session` (
  `session_id` varchar(255) NOT NULL COMMENT 'Session Id',
  `session_expires` int unsigned NOT NULL DEFAULT '0' COMMENT 'Date of Session Expiration',
  `session_data` mediumblob NOT NULL COMMENT 'Session Data',
  PRIMARY KEY (`session_id`)
) ENGINE=InnoDB DEFAULT CHARSET=utf8 COMMENT='Database Sessions Storage';

--
-- Dumping data for table `session`
--


--
-- Table structure for table `setup_module`
--

CREATE TABLE `setup_module` (
  `module` varchar(50) NOT NULL COMMENT 'Module',
  `schema_version` varchar(50) DEFAULT NULL COMMENT 'Schema Version',
  `data_version` varchar(50) DEFAULT NULL COMMENT 'Data Version',
  PRIMARY KEY (`module`)
) ENGINE=InnoDB DEFAULT CHARSET=utf8 COMMENT='Module versions registry';

--
-- Dumping data for table `setup_module`
--

INSERT INTO `setup_module` VALUES ('Amazon_Core','4.2.0','4.2.0'),('Amazon_Login','4.2.0','4.2.0'),('Amazon_Payment','4.2.0','4.2.0'),('Dotdigitalgroup_Chat','1.3.0','1.3.0'),('Dotdigitalgroup_Email','4.10.0','4.10.0'),('Dotdigitalgroup_Sms','1.0.1','1.0.1'),('Klarna_Core','6.1.1','6.1.1'),('Klarna_Kp','7.2.1','7.2.1'),('Klarna_KpGraphQl','0.9.1','0.9.1'),('Klarna_Onsitemessaging','1.0.3','1.0.3'),('Klarna_Ordermanagement','6.1.1','6.1.1'),('Magefan_AdminUserGuide','2.0.1','2.0.1'),('Magefan_Blog','2.10.9','2.10.9'),('Magefan_Community','2.1.10','2.1.10'),('Magefan_WysiwygAdvanced','2.0.12','2.0.12'),('Magento_ComposerRootUpdatePlugin','0.1.0','0.1.0'),('Magento_GoogleShoppingAds','4.0.1','4.0.1'),('Magento_Securitytxt','1.0.0','1.0.0'),('PayPal_Braintree','4.4.0','4.4.0'),('Sm_BackEnd','1.0.0','1.0.0'),('Sm_CartQuickPro','1.5.0','1.5.0'),('Sm_Categories','3.2.0','3.2.0'),('Sm_Ego','1.0.0','1.0.0'),('Sm_FilterProducts','1.3.0','1.3.0'),('Sm_ListingTabs','2.7.0','2.7.0'),('Sm_MegaMenu','3.3.0','3.3.0'),('Sm_SearchBox','2.1.0','2.1.0'),('Sm_ShopBy','2.0.0','2.0.0'),('Sm_Themecore','1.0.0','1.0.0'),('Vertex_AddressValidation','100.5.0','100.5.0'),('Yotpo_Yotpo','3.1.3','3.1.3');

--
-- Table structure for table `shipping_tablerate`
--

CREATE TABLE `shipping_tablerate` (
  `pk` int unsigned NOT NULL AUTO_INCREMENT COMMENT 'Primary key',
  `website_id` int NOT NULL DEFAULT '0' COMMENT 'Website ID',
  `dest_country_id` varchar(4) NOT NULL DEFAULT '0' COMMENT 'Destination coutry ISO/2 or ISO/3 code',
  `dest_region_id` int NOT NULL DEFAULT '0' COMMENT 'Destination Region ID',
  `dest_zip` varchar(10) NOT NULL DEFAULT '*' COMMENT 'Destination Post Code (Zip)',
  `condition_name` varchar(30) NOT NULL COMMENT 'Rate Condition name',
  `condition_value` decimal(12,4) NOT NULL DEFAULT '0.0000' COMMENT 'Rate condition value',
  `price` decimal(12,4) NOT NULL DEFAULT '0.0000' COMMENT 'Price',
  `cost` decimal(12,4) NOT NULL DEFAULT '0.0000' COMMENT 'Cost',
  PRIMARY KEY (`pk`),
  UNIQUE KEY `UNQ_D60821CDB2AFACEE1566CFC02D0D4CAA` (`website_id`,`dest_country_id`,`dest_region_id`,`dest_zip`,`condition_name`,`condition_value`)
) ENGINE=InnoDB DEFAULT CHARSET=utf8 COMMENT='Shipping Tablerate';

--
-- Dumping data for table `shipping_tablerate`
--


--
-- Table structure for table `sitemap`
--

CREATE TABLE `sitemap` (
  `sitemap_id` int unsigned NOT NULL AUTO_INCREMENT COMMENT 'Sitemap ID',
  `sitemap_type` varchar(32) DEFAULT NULL COMMENT 'Sitemap Type',
  `sitemap_filename` varchar(32) DEFAULT NULL COMMENT 'Sitemap Filename',
  `sitemap_path` varchar(255) DEFAULT NULL COMMENT 'Sitemap Path',
  `sitemap_time` timestamp NULL DEFAULT NULL COMMENT 'Sitemap Time',
  `store_id` smallint unsigned NOT NULL DEFAULT '0' COMMENT 'Store ID',
  PRIMARY KEY (`sitemap_id`),
  KEY `SITEMAP_STORE_ID` (`store_id`),
  CONSTRAINT `SITEMAP_STORE_ID_STORE_STORE_ID` FOREIGN KEY (`store_id`) REFERENCES `store` (`store_id`) ON DELETE CASCADE
) ENGINE=InnoDB DEFAULT CHARSET=utf8 COMMENT='XML Sitemap';

--
-- Dumping data for table `sitemap`
--


--
-- Table structure for table `sm_megamenu_groups`
--

CREATE TABLE `sm_megamenu_groups` (
  `group_id` int unsigned NOT NULL AUTO_INCREMENT COMMENT 'Groups ID',
  `title` varchar(255) NOT NULL COMMENT 'Groups Title',
  `status` smallint NOT NULL DEFAULT '1' COMMENT 'Status',
  `content` mediumtext COMMENT 'Content',
  PRIMARY KEY (`group_id`),
  FULLTEXT KEY `SM_MEGAMENU_GROUPS_TITLE_CONTENT` (`title`,`content`)
) ENGINE=InnoDB AUTO_INCREMENT=3 DEFAULT CHARSET=utf8 COMMENT='SM Mega Menu Groups';

--
-- Dumping data for table `sm_megamenu_groups`
--

INSERT INTO `sm_megamenu_groups` VALUES (1,'Menu Horizontal',1,NULL),(2,'Menu Vertical',1,NULL);

--
-- Table structure for table `sm_megamenu_items`
--

CREATE TABLE `sm_megamenu_items` (
  `items_id` int unsigned NOT NULL AUTO_INCREMENT COMMENT 'Items ID',
  `title` varchar(255) NOT NULL COMMENT 'Items Title',
  `show_title` smallint NOT NULL DEFAULT '1' COMMENT 'Show Title',
  `description` mediumtext COMMENT 'Description',
  `status` smallint NOT NULL DEFAULT '1' COMMENT 'Status',
  `align` smallint NOT NULL DEFAULT '1' COMMENT 'Align',
  `depth` smallint NOT NULL DEFAULT '0' COMMENT 'Depth',
  `group_id` int NOT NULL DEFAULT '0' COMMENT 'Group ID',
  `cols_nb` smallint NOT NULL DEFAULT '0' COMMENT 'Cols Number',
  `icon_url` text NOT NULL COMMENT 'Icon Url',
  `target` smallint NOT NULL DEFAULT '1' COMMENT 'Target',
  `type` smallint NOT NULL DEFAULT '0' COMMENT 'Type',
  `data_type` varchar(255) NOT NULL COMMENT 'Data Type',
  `content` mediumtext COMMENT 'Content',
  `custom_class` varchar(255) NOT NULL COMMENT 'Custom Class',
  `parent_id` int NOT NULL DEFAULT '0' COMMENT 'Parent ID',
  `order_item` int NOT NULL DEFAULT '0' COMMENT 'Order Items',
  `position_item` smallint NOT NULL DEFAULT '2' COMMENT 'Position Items',
  `priorities` int NOT NULL DEFAULT '0' COMMENT 'Priorities',
  `show_image_product` smallint NOT NULL DEFAULT '0' COMMENT 'Show Image Products',
  `show_title_product` smallint NOT NULL DEFAULT '0' COMMENT 'Show Title Products',
  `show_rating_product` smallint NOT NULL DEFAULT '0' COMMENT 'Show Rating Products',
  `show_price_product` smallint NOT NULL DEFAULT '0' COMMENT 'Show Price Products',
  `show_title_category` smallint NOT NULL DEFAULT '0' COMMENT 'Show Title Category',
  `limit_category` varchar(255) NOT NULL COMMENT 'Limit Category',
  `show_sub_category` smallint NOT NULL DEFAULT '1' COMMENT 'Show Sub Category',
  `limit_sub_category` varchar(255) NOT NULL COMMENT 'Limit Sub Category',
  PRIMARY KEY (`items_id`),
  FULLTEXT KEY `SM_MEGAMENU_ITEMS_TTL_DESCRIPTION_ICON_URL_CONTENT_CUSTOM_CLASS` (`title`,`description`,`icon_url`,`content`,`custom_class`)
) ENGINE=InnoDB AUTO_INCREMENT=40 DEFAULT CHARSET=utf8 COMMENT='SM Mega Menu Items';

--
-- Dumping data for table `sm_megamenu_items`
--

INSERT INTO `sm_megamenu_items` VALUES (1,'Root[Menu Horizontal]',1,NULL,1,1,0,1,0,'',1,0,'',NULL,'',0,0,2,0,0,0,0,0,0,'',1,''),(2,'Contact Us',1,NULL,1,1,1,1,2,'',3,8,'contact',NULL,'',1,7,2,5,0,0,0,0,0,'',1,''),(5,'About Us',1,NULL,1,1,1,1,6,'',3,5,'9',NULL,'',1,2,2,6,0,0,0,0,0,'',1,''),(6,'Shop',1,NULL,1,1,1,1,6,'',3,8,'smartphone.html',NULL,'',1,9,2,2,0,0,0,0,2,'',1,''),(7,'Deals',1,NULL,2,1,1,1,6,'',3,5,'8',NULL,'',1,8,2,4,0,0,0,0,0,'',1,''),(8,'New Arrivals',1,NULL,1,1,1,1,6,'wysiwyg/mega-menu/icon/hot-icon.png',3,5,'7',NULL,'',1,6,2,3,0,0,0,0,0,'',1,''),(9,'Features',1,NULL,1,1,1,1,4,'',3,1,'',NULL,'',1,9,2,1,0,0,0,0,0,'',1,''),(10,'Dropdown',2,NULL,1,1,2,1,6,'',3,7,'','<div class=\"mega-feature-content\">\r\n	<div class=\"row\">\r\n		<div class=\"col-lg-6 col-md-6 feature-column\" style=\"margin-bottom: 30px;\">\r\n			<h3 class=\"feature-title\">Layouts</h3>\r\n			<ul>\r\n				<li><a href=\"http://magento2.magentech.com/themes/sm_ego/pub/default\">Homepage Layout 1</a></li>\r\n				<li><a href=\"http://magento2.magentech.com/themes/sm_ego/pub/german\">Homepage Layout 2</a></li>\r\n				<li><a href=\"http://magento2.magentech.com/themes/sm_ego/pub/french\">Boxed Layout</a></li>\r\n				<li><a href=\"http://magento2.magentech.com/themes/sm_ego/pub/india\">Right to Left</a></li>\r\n			</ul>\r\n		</div>\r\n		\r\n		<div class=\"col-lg-6 col-md-6 feature-column\" style=\"margin-bottom: 30px;\">\r\n			<h3 class=\"feature-title\">Listing Layouts</h3>\r\n			<ul>\r\n				<li><a href=\"http://magento2.magentech.com/themes/sm_ego/pub/listing-layouts/without-sidebar.html\">Without Sidebar</a></li>\r\n				<li><a href=\"http://magento2.magentech.com/themes/sm_ego/pub/listing-layouts/left-sidebar.html\">Left Sidebar</a></li>\r\n				<li><a href=\"http://magento2.magentech.com/themes/sm_ego/pub/listing-layouts/right-sidebar.html\">Right Sidebar</a></li>\r\n			</ul>\r\n		</div>\r\n		\r\n		<div class=\"col-lg-6 col-md-6 feature-column\">\r\n			<h3 class=\"feature-title\">Detail Layouts</h3>\r\n			<ul>\r\n				<li><a href=\"http://magento2.magentech.com/themes/sm_ego/pub/nike-flight-legacy-mens.html\">Product Detail - Full</a></li>\r\n				<li><a href=\"http://magento2.magentech.com/themes/sm_ego/pub/apple-iphone-x-512gb-white.html\">Product Detail - Left Sidebar</a></li>\r\n				<li><a href=\"http://magento2.magentech.com/themes/sm_ego/pub/16-inch-macbook-pro.html\">Product Detail - Right Sidebar</a></li>\r\n			</ul>\r\n		</div>\r\n\r\n		<div class=\"col-lg-6 col-md-6 feature-column\">\r\n			<h3 class=\"feature-title\">Tab Types</h3>\r\n			<ul>\r\n				<li><a href=\"http://magento2.magentech.com/themes/sm_ego/pub/french/apple-iphone-x-512gb-white.html\">Vertical</a></li>\r\n				<li><a href=\"http://magento2.magentech.com/themes/sm_ego/pub/apple-iphone-x-512gb-white.html\">Horizontal</a></li>\r\n				<li><a href=\"http://magento2.magentech.com/themes/sm_ego/pub/india/apple-iphone-x-512gb-white.html\">Accordion</a></li>\r\n			</ul>\r\n		</div>\r\n		\r\n	</div>\r\n</div>','',9,10,2,6,0,0,0,0,0,'',1,''),(11,'Root[Menu Vertical]',1,NULL,1,1,0,2,0,'',1,0,'',NULL,'',0,0,2,0,0,0,0,0,0,'',1,''),(12,'Smartphone',1,NULL,1,1,1,2,6,'',3,4,'category/3',NULL,'',11,12,2,1,0,0,0,0,1,'',1,''),(13,'Camera & Photo',1,NULL,1,1,1,2,6,'',3,4,'category/4',NULL,'',11,12,2,2,0,0,0,0,1,'',1,''),(14,'Fashion Clothing',1,NULL,1,1,1,2,3,'',3,4,'category/5',NULL,'',11,13,2,3,0,0,0,0,1,'',1,''),(15,'Funiture & Interrior',1,NULL,1,1,1,2,6,'',3,4,'category/6',NULL,'',11,14,2,4,0,0,0,0,1,'',1,''),(16,'Laptop & Accessories',1,NULL,1,1,1,2,4,'',3,4,'category/7',NULL,'',11,15,2,5,0,0,0,0,1,'',1,''),(17,'Column 1',2,NULL,1,1,2,2,3,'',1,1,'',NULL,'',16,17,2,2,0,0,0,0,0,'',1,''),(18,'Column 2',2,NULL,1,1,2,2,3,'',1,1,'',NULL,'',16,17,2,3,0,0,0,0,0,'',1,''),(20,'Laptop Gaming',1,NULL,1,1,3,2,6,'',3,4,'category/12',NULL,'',17,20,2,2,0,0,0,0,2,'6',1,'6'),(21,'Accessories for Laptop',1,NULL,1,1,3,2,6,'',3,4,'category/15',NULL,'',17,20,2,3,0,0,0,0,2,'6',1,'6'),(22,'Laptop Workstation',1,NULL,1,1,3,2,6,'',3,4,'category/13',NULL,'',18,0,2,1,0,0,0,0,2,'6',1,'6'),(23,'Laptop Build Configuration',1,NULL,1,1,3,2,6,'',3,4,'category/14',NULL,'',18,22,2,2,0,0,0,0,2,'6',1,'6'),(24,'row 1',2,NULL,1,1,2,2,6,'',1,1,'',NULL,'',14,0,2,1,0,0,0,0,0,'',1,''),(25,'row 2',2,NULL,1,1,2,2,6,'',3,7,'','<div class=\"banner-image\" style=\"padding:10px;margin:0;\"><a href=\"#\" title=\"Banner Image\"><img src=\"{{media url=\"wysiwyg/mega-menu/banner/image1-menu.jpg\"}}\" alt=\"Banner Image\" /></a></div>','',14,24,2,2,0,0,0,0,0,'',1,''),(26,'column 1',2,NULL,1,1,3,2,2,'',3,1,'',NULL,'',24,0,2,1,0,0,0,0,0,'',1,''),(27,'column 2',2,NULL,1,1,3,2,2,'',1,1,'',NULL,'',24,26,2,2,0,0,0,0,0,'',1,''),(28,'column 3',2,NULL,1,1,3,2,2,'',1,1,'',NULL,'',24,27,2,3,0,0,0,0,0,'',1,''),(29,'Men',1,NULL,1,1,4,2,6,'',3,4,'category/36',NULL,'',26,29,2,3,0,0,0,0,2,'14',1,'14'),(30,'Women',1,NULL,1,1,4,2,6,'',3,4,'category/37',NULL,'',27,30,2,3,0,0,0,0,2,'14',1,'14'),(31,'Accessories',1,NULL,1,1,4,2,6,'',3,4,'category/38',NULL,'',28,31,2,2,0,0,0,0,2,'14',1,'14'),(32,'Health & Beauty',1,NULL,1,1,1,2,6,'',3,1,'',NULL,'',11,16,2,6,0,0,0,0,0,'',1,''),(33,'Sports & Outdoors',1,NULL,1,1,1,2,6,'',3,1,'',NULL,'',11,32,2,7,0,0,0,0,0,'',1,''),(34,'Flashlights & Lamps',1,NULL,1,1,1,2,6,'',3,1,'',NULL,'',11,33,2,8,0,0,0,0,0,'',1,''),(35,'Electronics',1,NULL,1,1,1,2,6,'',3,1,'',NULL,'',11,34,2,9,0,0,0,0,0,'',1,''),(37,'Home & Garden',1,NULL,1,1,1,2,6,'',3,1,'',NULL,'',11,35,2,10,0,0,0,0,0,'',1,''),(38,'Automobiles & Motorcycles',1,NULL,1,1,1,2,6,'',3,1,'',NULL,'',11,37,2,11,0,0,0,0,0,'',1,''),(39,'Toys, Kids & Baby',1,NULL,1,1,1,2,6,'',3,1,'',NULL,'',11,38,2,12,0,0,0,0,0,'',1,'');

--
-- Table structure for table `store`
--

CREATE TABLE `store` (
  `store_id` smallint unsigned NOT NULL AUTO_INCREMENT COMMENT 'Store ID',
  `code` varchar(32) DEFAULT NULL COMMENT 'Code',
  `website_id` smallint unsigned NOT NULL DEFAULT '0' COMMENT 'Website ID',
  `group_id` smallint unsigned NOT NULL DEFAULT '0' COMMENT 'Group ID',
  `name` varchar(255) NOT NULL COMMENT 'Store Name',
  `sort_order` smallint unsigned NOT NULL DEFAULT '0' COMMENT 'Store Sort Order',
  `is_active` smallint unsigned NOT NULL DEFAULT '0' COMMENT 'Store Activity',
  PRIMARY KEY (`store_id`),
  UNIQUE KEY `STORE_CODE` (`code`),
  KEY `STORE_WEBSITE_ID` (`website_id`),
  KEY `STORE_IS_ACTIVE_SORT_ORDER` (`is_active`,`sort_order`),
  KEY `STORE_GROUP_ID` (`group_id`),
  CONSTRAINT `STORE_GROUP_ID_STORE_GROUP_GROUP_ID` FOREIGN KEY (`group_id`) REFERENCES `store_group` (`group_id`) ON DELETE CASCADE,
  CONSTRAINT `STORE_WEBSITE_ID_STORE_WEBSITE_WEBSITE_ID` FOREIGN KEY (`website_id`) REFERENCES `store_website` (`website_id`) ON DELETE CASCADE
) ENGINE=InnoDB AUTO_INCREMENT=5 DEFAULT CHARSET=utf8 COMMENT='Stores';

--
-- Dumping data for table `store`
--

INSERT INTO `store` VALUES (0,'admin',0,0,'Admin',0,1),(1,'default',1,1,'English',0,1),(2,'french',1,1,'French',0,1),(3,'india',1,1,'India',0,1),(4,'german',1,1,'German',0,1);

--
-- Table structure for table `store_group`
--

CREATE TABLE `store_group` (
  `group_id` smallint unsigned NOT NULL AUTO_INCREMENT COMMENT 'Group ID',
  `website_id` smallint unsigned NOT NULL DEFAULT '0' COMMENT 'Website ID',
  `name` varchar(255) NOT NULL COMMENT 'Store Group Name',
  `root_category_id` int unsigned NOT NULL DEFAULT '0' COMMENT 'Root Category ID',
  `default_store_id` smallint unsigned NOT NULL DEFAULT '0' COMMENT 'Default Store ID',
  `code` varchar(32) DEFAULT NULL COMMENT 'Store group unique code',
  PRIMARY KEY (`group_id`),
  UNIQUE KEY `STORE_GROUP_CODE` (`code`),
  KEY `STORE_GROUP_WEBSITE_ID` (`website_id`),
  KEY `STORE_GROUP_DEFAULT_STORE_ID` (`default_store_id`),
  CONSTRAINT `STORE_GROUP_WEBSITE_ID_STORE_WEBSITE_WEBSITE_ID` FOREIGN KEY (`website_id`) REFERENCES `store_website` (`website_id`) ON DELETE CASCADE
) ENGINE=InnoDB AUTO_INCREMENT=2 DEFAULT CHARSET=utf8 COMMENT='Store Groups';

--
-- Dumping data for table `store_group`
--

INSERT INTO `store_group` VALUES (0,0,'Default',0,0,'default'),(1,1,'Main Website Store',2,1,'main_website_store');

--
-- Table structure for table `store_website`
--

CREATE TABLE `store_website` (
  `website_id` smallint unsigned NOT NULL AUTO_INCREMENT COMMENT 'Website ID',
  `code` varchar(32) DEFAULT NULL COMMENT 'Code',
  `name` varchar(64) DEFAULT NULL COMMENT 'Website Name',
  `sort_order` smallint unsigned NOT NULL DEFAULT '0' COMMENT 'Sort Order',
  `default_group_id` smallint unsigned NOT NULL DEFAULT '0' COMMENT 'Default Group ID',
  `is_default` smallint unsigned DEFAULT '0' COMMENT 'Defines Is Website Default',
  PRIMARY KEY (`website_id`),
  UNIQUE KEY `STORE_WEBSITE_CODE` (`code`),
  KEY `STORE_WEBSITE_SORT_ORDER` (`sort_order`),
  KEY `STORE_WEBSITE_DEFAULT_GROUP_ID` (`default_group_id`)
) ENGINE=InnoDB AUTO_INCREMENT=2 DEFAULT CHARSET=utf8 COMMENT='Websites';

--
-- Dumping data for table `store_website`
--

INSERT INTO `store_website` VALUES (0,'admin','Admin',0,0,0),(1,'base','Main Website',0,1,1);

--
-- Table structure for table `tax_calculation`
--

CREATE TABLE `tax_calculation` (
  `tax_calculation_id` int NOT NULL AUTO_INCREMENT COMMENT 'Tax Calculation ID',
  `tax_calculation_rate_id` int NOT NULL COMMENT 'Tax Calculation Rate ID',
  `tax_calculation_rule_id` int NOT NULL COMMENT 'Tax Calculation Rule ID',
  `customer_tax_class_id` smallint NOT NULL COMMENT 'Customer Tax Class ID',
  `product_tax_class_id` smallint NOT NULL COMMENT 'Product Tax Class ID',
  PRIMARY KEY (`tax_calculation_id`),
  KEY `TAX_CALCULATION_TAX_CALCULATION_RULE_ID` (`tax_calculation_rule_id`),
  KEY `TAX_CALCULATION_CUSTOMER_TAX_CLASS_ID` (`customer_tax_class_id`),
  KEY `TAX_CALCULATION_PRODUCT_TAX_CLASS_ID` (`product_tax_class_id`),
  KEY `TAX_CALC_TAX_CALC_RATE_ID_CSTR_TAX_CLASS_ID_PRD_TAX_CLASS_ID` (`tax_calculation_rate_id`,`customer_tax_class_id`,`product_tax_class_id`),
  CONSTRAINT `TAX_CALC_TAX_CALC_RATE_ID_TAX_CALC_RATE_TAX_CALC_RATE_ID` FOREIGN KEY (`tax_calculation_rate_id`) REFERENCES `tax_calculation_rate` (`tax_calculation_rate_id`) ON DELETE CASCADE,
  CONSTRAINT `TAX_CALC_TAX_CALC_RULE_ID_TAX_CALC_RULE_TAX_CALC_RULE_ID` FOREIGN KEY (`tax_calculation_rule_id`) REFERENCES `tax_calculation_rule` (`tax_calculation_rule_id`) ON DELETE CASCADE,
  CONSTRAINT `TAX_CALCULATION_CUSTOMER_TAX_CLASS_ID_TAX_CLASS_CLASS_ID` FOREIGN KEY (`customer_tax_class_id`) REFERENCES `tax_class` (`class_id`) ON DELETE CASCADE,
  CONSTRAINT `TAX_CALCULATION_PRODUCT_TAX_CLASS_ID_TAX_CLASS_CLASS_ID` FOREIGN KEY (`product_tax_class_id`) REFERENCES `tax_class` (`class_id`) ON DELETE CASCADE
) ENGINE=InnoDB DEFAULT CHARSET=utf8 COMMENT='Tax Calculation';

--
-- Dumping data for table `tax_calculation`
--


--
-- Table structure for table `tax_calculation_rate`
--

CREATE TABLE `tax_calculation_rate` (
  `tax_calculation_rate_id` int NOT NULL AUTO_INCREMENT COMMENT 'Tax Calculation Rate ID',
  `tax_country_id` varchar(2) NOT NULL COMMENT 'Tax Country ID',
  `tax_region_id` int NOT NULL COMMENT 'Tax Region ID',
  `tax_postcode` varchar(21) DEFAULT NULL COMMENT 'Tax Postcode',
  `code` varchar(255) NOT NULL COMMENT 'Code',
  `rate` decimal(12,4) NOT NULL COMMENT 'Rate',
  `zip_is_range` smallint DEFAULT NULL COMMENT 'Zip Is Range',
  `zip_from` int unsigned DEFAULT NULL COMMENT 'Zip From',
  `zip_to` int unsigned DEFAULT NULL COMMENT 'Zip To',
  PRIMARY KEY (`tax_calculation_rate_id`),
  KEY `TAX_CALCULATION_RATE_TAX_COUNTRY_ID_TAX_REGION_ID_TAX_POSTCODE` (`tax_country_id`,`tax_region_id`,`tax_postcode`),
  KEY `TAX_CALCULATION_RATE_CODE` (`code`),
  KEY `IDX_CA799F1E2CB843495F601E56C84A626D` (`tax_calculation_rate_id`,`tax_country_id`,`tax_region_id`,`zip_is_range`,`tax_postcode`)
) ENGINE=InnoDB AUTO_INCREMENT=3 DEFAULT CHARSET=utf8 COMMENT='Tax Calculation Rate';

--
-- Dumping data for table `tax_calculation_rate`
--

INSERT INTO `tax_calculation_rate` VALUES (1,'US',12,'*','US-CA-*-Rate 1',8.2500,NULL,NULL,NULL),(2,'US',43,'*','US-NY-*-Rate 1',8.3750,NULL,NULL,NULL);

--
-- Table structure for table `tax_calculation_rate_title`
--

CREATE TABLE `tax_calculation_rate_title` (
  `tax_calculation_rate_title_id` int NOT NULL AUTO_INCREMENT COMMENT 'Tax Calculation Rate Title ID',
  `tax_calculation_rate_id` int NOT NULL COMMENT 'Tax Calculation Rate ID',
  `store_id` smallint unsigned NOT NULL COMMENT 'Store ID',
  `value` varchar(255) NOT NULL COMMENT 'Value',
  PRIMARY KEY (`tax_calculation_rate_title_id`),
  KEY `TAX_CALCULATION_RATE_TITLE_TAX_CALCULATION_RATE_ID_STORE_ID` (`tax_calculation_rate_id`,`store_id`),
  KEY `TAX_CALCULATION_RATE_TITLE_STORE_ID` (`store_id`),
  CONSTRAINT `FK_37FB965F786AD5897BB3AE90470C42AB` FOREIGN KEY (`tax_calculation_rate_id`) REFERENCES `tax_calculation_rate` (`tax_calculation_rate_id`) ON DELETE CASCADE,
  CONSTRAINT `TAX_CALCULATION_RATE_TITLE_STORE_ID_STORE_STORE_ID` FOREIGN KEY (`store_id`) REFERENCES `store` (`store_id`) ON DELETE CASCADE
) ENGINE=InnoDB DEFAULT CHARSET=utf8 COMMENT='Tax Calculation Rate Title';

--
-- Dumping data for table `tax_calculation_rate_title`
--


--
-- Table structure for table `tax_calculation_rule`
--

CREATE TABLE `tax_calculation_rule` (
  `tax_calculation_rule_id` int NOT NULL AUTO_INCREMENT COMMENT 'Tax Calculation Rule ID',
  `code` varchar(255) NOT NULL COMMENT 'Code',
  `priority` int NOT NULL COMMENT 'Priority',
  `position` int NOT NULL COMMENT 'Position',
  `calculate_subtotal` int NOT NULL COMMENT 'Calculate off subtotal option',
  PRIMARY KEY (`tax_calculation_rule_id`),
  KEY `TAX_CALCULATION_RULE_PRIORITY_POSITION` (`priority`,`position`),
  KEY `TAX_CALCULATION_RULE_CODE` (`code`)
) ENGINE=InnoDB DEFAULT CHARSET=utf8 COMMENT='Tax Calculation Rule';

--
-- Dumping data for table `tax_calculation_rule`
--


--
-- Table structure for table `tax_class`
--

CREATE TABLE `tax_class` (
  `class_id` smallint NOT NULL AUTO_INCREMENT COMMENT 'Class ID',
  `class_name` varchar(255) NOT NULL COMMENT 'Class Name',
  `class_type` varchar(8) NOT NULL DEFAULT 'CUSTOMER' COMMENT 'Class Type',
  PRIMARY KEY (`class_id`)
) ENGINE=InnoDB AUTO_INCREMENT=10 DEFAULT CHARSET=utf8 COMMENT='Tax Class';

--
-- Dumping data for table `tax_class`
--

INSERT INTO `tax_class` VALUES (2,'Taxable Goods','PRODUCT'),(3,'Retail Customer','CUSTOMER'),(4,'Refund Adjustments','PRODUCT'),(5,'Gift Options','PRODUCT'),(6,'Order Gift Wrapping','PRODUCT'),(7,'Item Gift Wrapping','PRODUCT'),(8,'Printed Gift Card','PRODUCT'),(9,'Reward Points','PRODUCT');

--
-- Table structure for table `tax_order_aggregated_created`
--

CREATE TABLE `tax_order_aggregated_created` (
  `id` int unsigned NOT NULL AUTO_INCREMENT COMMENT 'ID',
  `period` date DEFAULT NULL COMMENT 'Period',
  `store_id` smallint unsigned DEFAULT NULL COMMENT 'Store ID',
  `code` varchar(255) NOT NULL COMMENT 'Code',
  `order_status` varchar(50) NOT NULL COMMENT 'Order Status',
  `percent` float DEFAULT NULL COMMENT 'Percent',
  `orders_count` int unsigned NOT NULL DEFAULT '0' COMMENT 'Orders Count',
  `tax_base_amount_sum` float DEFAULT NULL COMMENT 'Tax Base Amount Sum',
  PRIMARY KEY (`id`),
  UNIQUE KEY `TAX_ORDER_AGGRED_CREATED_PERIOD_STORE_ID_CODE_PERCENT_ORDER_STS` (`period`,`store_id`,`code`,`percent`,`order_status`),
  KEY `TAX_ORDER_AGGREGATED_CREATED_STORE_ID` (`store_id`),
  CONSTRAINT `TAX_ORDER_AGGREGATED_CREATED_STORE_ID_STORE_STORE_ID` FOREIGN KEY (`store_id`) REFERENCES `store` (`store_id`) ON DELETE CASCADE
) ENGINE=InnoDB DEFAULT CHARSET=utf8 COMMENT='Tax Order Aggregation';

--
-- Dumping data for table `tax_order_aggregated_created`
--


--
-- Table structure for table `tax_order_aggregated_updated`
--

CREATE TABLE `tax_order_aggregated_updated` (
  `id` int unsigned NOT NULL AUTO_INCREMENT COMMENT 'ID',
  `period` date DEFAULT NULL COMMENT 'Period',
  `store_id` smallint unsigned DEFAULT NULL COMMENT 'Store ID',
  `code` varchar(255) NOT NULL COMMENT 'Code',
  `order_status` varchar(50) NOT NULL COMMENT 'Order Status',
  `percent` float DEFAULT NULL COMMENT 'Percent',
  `orders_count` int unsigned NOT NULL DEFAULT '0' COMMENT 'Orders Count',
  `tax_base_amount_sum` float DEFAULT NULL COMMENT 'Tax Base Amount Sum',
  PRIMARY KEY (`id`),
  UNIQUE KEY `TAX_ORDER_AGGRED_UPDATED_PERIOD_STORE_ID_CODE_PERCENT_ORDER_STS` (`period`,`store_id`,`code`,`percent`,`order_status`),
  KEY `TAX_ORDER_AGGREGATED_UPDATED_STORE_ID` (`store_id`),
  CONSTRAINT `TAX_ORDER_AGGREGATED_UPDATED_STORE_ID_STORE_STORE_ID` FOREIGN KEY (`store_id`) REFERENCES `store` (`store_id`) ON DELETE CASCADE
) ENGINE=InnoDB DEFAULT CHARSET=utf8 COMMENT='Tax Order Aggregated Updated';

--
-- Dumping data for table `tax_order_aggregated_updated`
--


--
-- Table structure for table `theme`
--

CREATE TABLE `theme` (
  `theme_id` int unsigned NOT NULL AUTO_INCREMENT COMMENT 'Theme identifier',
  `parent_id` int DEFAULT NULL COMMENT 'Parent ID',
  `theme_path` varchar(255) DEFAULT NULL COMMENT 'Theme Path',
  `theme_title` varchar(255) NOT NULL COMMENT 'Theme Title',
  `preview_image` varchar(255) DEFAULT NULL COMMENT 'Preview Image',
  `is_featured` tinyint(1) NOT NULL DEFAULT '0' COMMENT 'Is Theme Featured',
  `area` varchar(255) NOT NULL COMMENT 'Theme Area',
  `type` smallint NOT NULL COMMENT 'Theme type: 0:physical, 1:virtual, 2:staging',
  `code` text COMMENT 'Full theme code, including package',
  PRIMARY KEY (`theme_id`)
) ENGINE=InnoDB AUTO_INCREMENT=7 DEFAULT CHARSET=utf8 COMMENT='Core theme';

--
-- Dumping data for table `theme`
--

INSERT INTO `theme` VALUES (1,NULL,'Magento/blank','Magento Blank','preview_image_60b89ec9287f4.jpeg',0,'frontend',0,'Magento/blank'),(2,NULL,'Magento/backend','Magento 2 backend',NULL,0,'adminhtml',0,'Magento/backend'),(3,1,'Magento/luma','Magento Luma','preview_image_60b89ec940911.jpeg',0,'frontend',0,'Magento/luma'),(4,1,'Sm/themecore','Sm Theme Core','preview_image_60b8a4cf37d41.png',0,'frontend',0,'Sm/themecore'),(5,4,'Sm/ego','Sm Ego','preview_image_60b8a4cf991cb.png',0,'frontend',0,'Sm/ego'),(6,5,'Sm/smtheme_mobile','Sm Ego Mobile','preview_image_60b8a4d077c36.png',0,'frontend',0,'Sm/smtheme_mobile');

--
-- Table structure for table `theme_file`
--

CREATE TABLE `theme_file` (
  `theme_files_id` int unsigned NOT NULL AUTO_INCREMENT COMMENT 'Theme files identifier',
  `theme_id` int unsigned NOT NULL COMMENT 'Theme ID',
  `file_path` varchar(255) DEFAULT NULL COMMENT 'Relative path to file',
  `file_type` varchar(32) NOT NULL COMMENT 'File Type',
  `content` longtext NOT NULL COMMENT 'File Content',
  `sort_order` smallint NOT NULL DEFAULT '0' COMMENT 'Sort Order',
  `is_temporary` tinyint(1) NOT NULL DEFAULT '0' COMMENT 'Is Temporary File',
  PRIMARY KEY (`theme_files_id`),
  KEY `THEME_FILE_THEME_ID_THEME_THEME_ID` (`theme_id`),
  CONSTRAINT `THEME_FILE_THEME_ID_THEME_THEME_ID` FOREIGN KEY (`theme_id`) REFERENCES `theme` (`theme_id`) ON DELETE CASCADE
) ENGINE=InnoDB DEFAULT CHARSET=utf8 COMMENT='Core theme files';

--
-- Dumping data for table `theme_file`
--


--
-- Table structure for table `translation`
--

CREATE TABLE `translation` (
  `key_id` int unsigned NOT NULL AUTO_INCREMENT COMMENT 'Key ID of Translation',
  `string` varchar(255) NOT NULL DEFAULT 'Translate String' COMMENT 'Translation String',
  `store_id` smallint unsigned NOT NULL DEFAULT '0' COMMENT 'Store ID',
  `translate` varchar(255) DEFAULT NULL COMMENT 'Translate',
  `locale` varchar(20) NOT NULL DEFAULT 'en_US' COMMENT 'Locale',
  `crc_string` bigint NOT NULL DEFAULT '1591228201' COMMENT 'Translation String CRC32 Hash',
  PRIMARY KEY (`key_id`),
  UNIQUE KEY `TRANSLATION_STORE_ID_LOCALE_CRC_STRING_STRING` (`store_id`,`locale`,`crc_string`,`string`),
  CONSTRAINT `TRANSLATION_STORE_ID_STORE_STORE_ID` FOREIGN KEY (`store_id`) REFERENCES `store` (`store_id`) ON DELETE CASCADE
) ENGINE=InnoDB DEFAULT CHARSET=utf8 COMMENT='Translations';

--
-- Dumping data for table `translation`
--


--
-- Table structure for table `ui_bookmark`
--

CREATE TABLE `ui_bookmark` (
  `bookmark_id` int unsigned NOT NULL AUTO_INCREMENT COMMENT 'Bookmark identifier',
  `user_id` int unsigned NOT NULL COMMENT 'User ID',
  `namespace` varchar(255) NOT NULL COMMENT 'Bookmark namespace',
  `identifier` varchar(255) NOT NULL COMMENT 'Bookmark Identifier',
  `current` smallint NOT NULL COMMENT 'Mark current bookmark per user and identifier',
  `title` varchar(255) DEFAULT NULL COMMENT 'Bookmark title',
  `config` longtext COMMENT 'Bookmark config',
  `created_at` datetime NOT NULL DEFAULT CURRENT_TIMESTAMP COMMENT 'Bookmark created at',
  `updated_at` datetime NOT NULL DEFAULT CURRENT_TIMESTAMP ON UPDATE CURRENT_TIMESTAMP COMMENT 'Bookmark updated at',
  PRIMARY KEY (`bookmark_id`),
  KEY `UI_BOOKMARK_USER_ID_NAMESPACE_IDENTIFIER` (`user_id`,`namespace`,`identifier`),
  CONSTRAINT `UI_BOOKMARK_USER_ID_ADMIN_USER_USER_ID` FOREIGN KEY (`user_id`) REFERENCES `admin_user` (`user_id`) ON DELETE CASCADE
) ENGINE=InnoDB AUTO_INCREMENT=15 DEFAULT CHARSET=utf8 COMMENT='Bookmark';

--
-- Dumping data for table `ui_bookmark`
--

INSERT INTO `ui_bookmark` VALUES (1,1,'design_config_listing','default',1,'Default View','{\"views\":{\"default\":{\"label\":\"Default View\",\"index\":\"default\",\"editable\":false,\"data\":{\"filters\":{\"applied\":{\"placeholder\":true}},\"displayMode\":\"grid\",\"positions\":{\"default\":0,\"store_website_id\":1,\"store_group_id\":2,\"store_id\":3,\"theme_theme_id\":4,\"actions\":5},\"columns\":{\"default\":{\"visible\":true,\"sorting\":false},\"actions\":{\"visible\":true,\"sorting\":false},\"store_website_id\":{\"visible\":true,\"sorting\":false},\"store_group_id\":{\"visible\":true,\"sorting\":false},\"store_id\":{\"visible\":true,\"sorting\":false},\"theme_theme_id\":{\"visible\":true,\"sorting\":false}},\"paging\":{\"pageSize\":20,\"current\":1,\"options\":{\"20\":{\"value\":20,\"label\":20},\"30\":{\"value\":30,\"label\":30},\"50\":{\"value\":50,\"label\":50},\"100\":{\"value\":100,\"label\":100},\"200\":{\"value\":200,\"label\":200}},\"value\":20}},\"value\":\"Default View\"}}}','2021-06-03 09:54:01','2021-06-03 09:54:01'),(2,1,'design_config_listing','current',0,NULL,'{\"current\":{\"filters\":{\"applied\":{\"placeholder\":true}},\"displayMode\":\"grid\",\"positions\":{\"default\":0,\"store_website_id\":1,\"store_group_id\":2,\"store_id\":3,\"theme_theme_id\":4,\"actions\":5},\"columns\":{\"default\":{\"visible\":true,\"sorting\":false},\"actions\":{\"visible\":true,\"sorting\":false},\"store_website_id\":{\"visible\":true,\"sorting\":false},\"store_group_id\":{\"visible\":true,\"sorting\":false},\"store_id\":{\"visible\":true,\"sorting\":false},\"theme_theme_id\":{\"visible\":true,\"sorting\":false}},\"paging\":{\"pageSize\":20,\"current\":1,\"options\":{\"20\":{\"value\":20,\"label\":20},\"30\":{\"value\":30,\"label\":30},\"50\":{\"value\":50,\"label\":50},\"100\":{\"value\":100,\"label\":100},\"200\":{\"value\":200,\"label\":200}},\"value\":20}}}','2021-06-03 09:54:02','2021-06-03 09:54:02'),(3,1,'cms_page_listing','default',1,'Default View','{\"views\":{\"default\":{\"label\":\"Default View\",\"index\":\"default\",\"editable\":false,\"data\":{\"filters\":{\"applied\":{\"placeholder\":true}},\"search\":{\"value\":\"\"},\"paging\":{\"pageSize\":20,\"current\":1,\"options\":{\"20\":{\"value\":20,\"label\":20},\"30\":{\"value\":30,\"label\":30},\"50\":{\"value\":50,\"label\":50},\"100\":{\"value\":100,\"label\":100},\"200\":{\"value\":200,\"label\":200}},\"value\":20},\"columns\":{\"page_id\":{\"visible\":true,\"sorting\":\"asc\"},\"title\":{\"visible\":true,\"sorting\":false},\"identifier\":{\"visible\":true,\"sorting\":false},\"store_id\":{\"visible\":true,\"sorting\":false},\"meta_title\":{\"visible\":false,\"sorting\":false},\"meta_keywords\":{\"visible\":false,\"sorting\":false},\"meta_description\":{\"visible\":false,\"sorting\":false},\"actions\":{\"visible\":true,\"sorting\":false},\"page_layout\":{\"visible\":true,\"sorting\":false},\"is_active\":{\"visible\":true,\"sorting\":false},\"custom_theme\":{\"visible\":false,\"sorting\":false},\"custom_root_template\":{\"visible\":false,\"sorting\":false},\"ids\":{\"visible\":true,\"sorting\":false},\"creation_time\":{\"visible\":true,\"sorting\":false},\"update_time\":{\"visible\":true,\"sorting\":false},\"custom_theme_from\":{\"visible\":false,\"sorting\":false},\"custom_theme_to\":{\"visible\":false,\"sorting\":false}},\"displayMode\":\"grid\",\"positions\":{\"ids\":0,\"page_id\":1,\"title\":2,\"identifier\":3,\"page_layout\":4,\"store_id\":5,\"is_active\":6,\"creation_time\":7,\"update_time\":8,\"custom_theme_from\":9,\"custom_theme_to\":10,\"custom_theme\":11,\"custom_root_template\":12,\"meta_title\":13,\"meta_keywords\":14,\"meta_description\":15,\"actions\":16}},\"value\":\"Default View\"}}}','2021-06-03 10:00:27','2021-06-03 10:00:27'),(4,1,'cms_page_listing','current',0,NULL,'{\"current\":{\"filters\":{\"applied\":{\"placeholder\":true}},\"search\":{\"value\":\"\"},\"paging\":{\"pageSize\":20,\"current\":1,\"options\":{\"20\":{\"value\":20,\"label\":20},\"30\":{\"value\":30,\"label\":30},\"50\":{\"value\":50,\"label\":50},\"100\":{\"value\":100,\"label\":100},\"200\":{\"value\":200,\"label\":200}},\"value\":20},\"columns\":{\"page_id\":{\"visible\":true,\"sorting\":\"asc\"},\"title\":{\"visible\":true,\"sorting\":false},\"identifier\":{\"visible\":true,\"sorting\":false},\"store_id\":{\"visible\":true,\"sorting\":false},\"meta_title\":{\"visible\":false,\"sorting\":false},\"meta_keywords\":{\"visible\":false,\"sorting\":false},\"meta_description\":{\"visible\":false,\"sorting\":false},\"actions\":{\"visible\":true,\"sorting\":false},\"page_layout\":{\"visible\":true,\"sorting\":false},\"is_active\":{\"visible\":true,\"sorting\":false},\"custom_theme\":{\"visible\":false,\"sorting\":false},\"custom_root_template\":{\"visible\":false,\"sorting\":false},\"ids\":{\"visible\":true,\"sorting\":false},\"creation_time\":{\"visible\":true,\"sorting\":false},\"update_time\":{\"visible\":true,\"sorting\":false},\"custom_theme_from\":{\"visible\":false,\"sorting\":false},\"custom_theme_to\":{\"visible\":false,\"sorting\":false}},\"displayMode\":\"grid\",\"positions\":{\"ids\":0,\"page_id\":1,\"title\":2,\"identifier\":3,\"page_layout\":4,\"store_id\":5,\"is_active\":6,\"creation_time\":7,\"update_time\":8,\"custom_theme_from\":9,\"custom_theme_to\":10,\"custom_theme\":11,\"custom_root_template\":12,\"meta_title\":13,\"meta_keywords\":14,\"meta_description\":15,\"actions\":16}}}','2021-06-03 10:00:27','2021-06-03 10:00:27'),(5,1,'cms_block_listing','current',0,NULL,'{\"current\":{\"search\":{\"value\":\"\"},\"filters\":{\"applied\":{\"placeholder\":true}},\"paging\":{\"pageSize\":50,\"current\":1,\"options\":{\"20\":{\"value\":20,\"label\":20},\"30\":{\"value\":30,\"label\":30},\"50\":{\"value\":50,\"label\":50},\"100\":{\"value\":100,\"label\":100},\"200\":{\"value\":200,\"label\":200}},\"value\":50},\"columns\":{\"block_id\":{\"visible\":true,\"sorting\":\"asc\"},\"title\":{\"visible\":true,\"sorting\":false},\"identifier\":{\"visible\":true,\"sorting\":false},\"store_id\":{\"visible\":true,\"sorting\":false},\"actions\":{\"visible\":true,\"sorting\":false},\"ids\":{\"visible\":true,\"sorting\":false},\"is_active\":{\"visible\":true,\"sorting\":false},\"creation_time\":{\"visible\":true,\"sorting\":false},\"update_time\":{\"visible\":true,\"sorting\":false}},\"displayMode\":\"grid\",\"positions\":{\"ids\":0,\"block_id\":1,\"title\":2,\"identifier\":3,\"store_id\":4,\"is_active\":5,\"creation_time\":6,\"update_time\":7,\"actions\":8}}}','2021-06-03 10:00:39','2021-07-23 04:23:29'),(6,1,'cms_block_listing','default',1,'Default View','{\"views\":{\"default\":{\"label\":\"Default View\",\"index\":\"default\",\"editable\":false,\"data\":{\"search\":{\"value\":\"\"},\"filters\":{\"applied\":{\"placeholder\":true}},\"paging\":{\"pageSize\":20,\"current\":1,\"options\":{\"20\":{\"value\":20,\"label\":20},\"30\":{\"value\":30,\"label\":30},\"50\":{\"value\":50,\"label\":50},\"100\":{\"value\":100,\"label\":100},\"200\":{\"value\":200,\"label\":200}},\"value\":20},\"columns\":{\"block_id\":{\"visible\":true,\"sorting\":\"asc\"},\"title\":{\"visible\":true,\"sorting\":false},\"identifier\":{\"visible\":true,\"sorting\":false},\"store_id\":{\"visible\":true,\"sorting\":false},\"actions\":{\"visible\":true,\"sorting\":false},\"ids\":{\"visible\":true,\"sorting\":false},\"is_active\":{\"visible\":true,\"sorting\":false},\"creation_time\":{\"visible\":true,\"sorting\":false},\"update_time\":{\"visible\":true,\"sorting\":false}},\"displayMode\":\"grid\",\"positions\":{\"ids\":0,\"block_id\":1,\"title\":2,\"identifier\":3,\"store_id\":4,\"is_active\":5,\"creation_time\":6,\"update_time\":7,\"actions\":8}},\"value\":\"Default View\"}}}','2021-06-03 10:00:53','2021-06-03 10:00:53'),(7,1,'product_listing','default',1,'Default View','{\"views\":{\"default\":{\"label\":\"Default View\",\"index\":\"default\",\"editable\":false,\"data\":{\"filters\":{\"applied\":{\"placeholder\":true}},\"paging\":{\"pageSize\":20,\"current\":1,\"options\":{\"20\":{\"value\":20,\"label\":20},\"30\":{\"value\":30,\"label\":30},\"50\":{\"value\":50,\"label\":50},\"100\":{\"value\":100,\"label\":100},\"200\":{\"value\":200,\"label\":200}},\"value\":20},\"columns\":{\"entity_id\":{\"visible\":true,\"sorting\":\"asc\"},\"name\":{\"visible\":true,\"sorting\":false},\"sku\":{\"visible\":true,\"sorting\":false},\"price\":{\"visible\":true,\"sorting\":false},\"websites\":{\"visible\":true,\"sorting\":false},\"qty\":{\"visible\":true,\"sorting\":false},\"short_description\":{\"visible\":false,\"sorting\":false},\"special_price\":{\"visible\":false,\"sorting\":false},\"cost\":{\"visible\":false,\"sorting\":false},\"weight\":{\"visible\":false,\"sorting\":false},\"meta_title\":{\"visible\":false,\"sorting\":false},\"meta_keyword\":{\"visible\":false,\"sorting\":false},\"meta_description\":{\"visible\":false,\"sorting\":false},\"url_key\":{\"visible\":false,\"sorting\":false},\"msrp\":{\"visible\":false,\"sorting\":false},\"actions\":{\"visible\":true,\"sorting\":false},\"ids\":{\"visible\":true,\"sorting\":false},\"type_id\":{\"visible\":true,\"sorting\":false},\"attribute_set_id\":{\"visible\":true,\"sorting\":false},\"visibility\":{\"visible\":true,\"sorting\":false},\"status\":{\"visible\":true,\"sorting\":false},\"manufacturer\":{\"visible\":false,\"sorting\":false},\"color\":{\"visible\":false,\"sorting\":false},\"custom_design\":{\"visible\":false,\"sorting\":false},\"page_layout\":{\"visible\":false,\"sorting\":false},\"country_of_manufacture\":{\"visible\":false,\"sorting\":false},\"custom_layout\":{\"visible\":false,\"sorting\":false},\"gift_message_available\":{\"visible\":false,\"sorting\":false},\"tax_class_id\":{\"visible\":false,\"sorting\":false},\"salable_quantity\":{\"visible\":true,\"sorting\":false},\"thumbnail\":{\"visible\":true,\"sorting\":false},\"special_from_date\":{\"visible\":false,\"sorting\":false},\"special_to_date\":{\"visible\":false,\"sorting\":false},\"news_from_date\":{\"visible\":false,\"sorting\":false},\"news_to_date\":{\"visible\":false,\"sorting\":false},\"custom_design_from\":{\"visible\":false,\"sorting\":false},\"custom_design_to\":{\"visible\":false,\"sorting\":false}},\"search\":{\"value\":\"\"},\"displayMode\":\"grid\",\"positions\":{\"ids\":0,\"entity_id\":1,\"thumbnail\":2,\"name\":3,\"type_id\":4,\"attribute_set_id\":5,\"sku\":6,\"price\":7,\"qty\":8,\"salable_quantity\":9,\"visibility\":10,\"status\":11,\"websites\":12,\"short_description\":13,\"special_price\":14,\"special_from_date\":15,\"special_to_date\":16,\"cost\":17,\"weight\":18,\"manufacturer\":19,\"meta_title\":20,\"meta_keyword\":21,\"meta_description\":22,\"color\":23,\"news_from_date\":24,\"news_to_date\":25,\"custom_design\":26,\"custom_design_from\":27,\"custom_design_to\":28,\"page_layout\":29,\"country_of_manufacture\":30,\"custom_layout\":31,\"url_key\":32,\"msrp\":33,\"gift_message_available\":34,\"tax_class_id\":35,\"actions\":36}},\"value\":\"Default View\"}}}','2021-06-04 06:45:04','2021-06-04 06:45:04'),(8,1,'product_listing','current',0,NULL,'{\"current\":{\"filters\":{\"applied\":{\"placeholder\":true}},\"paging\":{\"pageSize\":50,\"current\":1,\"options\":{\"20\":{\"value\":20,\"label\":20},\"30\":{\"value\":30,\"label\":30},\"50\":{\"value\":50,\"label\":50},\"100\":{\"value\":100,\"label\":100},\"200\":{\"value\":200,\"label\":200}},\"value\":50},\"columns\":{\"entity_id\":{\"visible\":true,\"sorting\":\"asc\"},\"name\":{\"visible\":true,\"sorting\":false},\"sku\":{\"visible\":true,\"sorting\":false},\"price\":{\"visible\":true,\"sorting\":false},\"websites\":{\"visible\":true,\"sorting\":false},\"qty\":{\"visible\":true,\"sorting\":false},\"short_description\":{\"visible\":false,\"sorting\":false},\"special_price\":{\"visible\":false,\"sorting\":false},\"cost\":{\"visible\":false,\"sorting\":false},\"weight\":{\"visible\":false,\"sorting\":false},\"meta_title\":{\"visible\":false,\"sorting\":false},\"meta_keyword\":{\"visible\":false,\"sorting\":false},\"meta_description\":{\"visible\":false,\"sorting\":false},\"url_key\":{\"visible\":false,\"sorting\":false},\"msrp\":{\"visible\":false,\"sorting\":false},\"actions\":{\"visible\":true,\"sorting\":false},\"ids\":{\"visible\":true,\"sorting\":false},\"type_id\":{\"visible\":true,\"sorting\":false},\"attribute_set_id\":{\"visible\":true,\"sorting\":false},\"visibility\":{\"visible\":true,\"sorting\":false},\"status\":{\"visible\":true,\"sorting\":false},\"manufacturer\":{\"visible\":false,\"sorting\":false},\"color\":{\"visible\":false,\"sorting\":false},\"custom_design\":{\"visible\":false,\"sorting\":false},\"page_layout\":{\"visible\":false,\"sorting\":false},\"country_of_manufacture\":{\"visible\":false,\"sorting\":false},\"custom_layout\":{\"visible\":false,\"sorting\":false},\"gift_message_available\":{\"visible\":false,\"sorting\":false},\"tax_class_id\":{\"visible\":false,\"sorting\":false},\"salable_quantity\":{\"visible\":true,\"sorting\":false},\"thumbnail\":{\"visible\":true,\"sorting\":false},\"special_from_date\":{\"visible\":false,\"sorting\":false},\"special_to_date\":{\"visible\":false,\"sorting\":false},\"news_from_date\":{\"visible\":false,\"sorting\":false},\"news_to_date\":{\"visible\":false,\"sorting\":false},\"custom_design_from\":{\"visible\":false,\"sorting\":false},\"custom_design_to\":{\"visible\":false,\"sorting\":false}},\"search\":{\"value\":\"\"},\"displayMode\":\"grid\",\"positions\":{\"ids\":0,\"entity_id\":1,\"thumbnail\":2,\"name\":3,\"type_id\":4,\"attribute_set_id\":5,\"sku\":6,\"price\":7,\"qty\":8,\"salable_quantity\":9,\"visibility\":10,\"status\":11,\"websites\":12,\"short_description\":13,\"special_price\":14,\"special_from_date\":15,\"special_to_date\":16,\"cost\":17,\"weight\":18,\"manufacturer\":19,\"meta_title\":20,\"meta_keyword\":21,\"meta_description\":22,\"color\":23,\"news_from_date\":24,\"news_to_date\":25,\"custom_design\":26,\"custom_design_from\":27,\"custom_design_to\":28,\"page_layout\":29,\"country_of_manufacture\":30,\"custom_layout\":31,\"url_key\":32,\"msrp\":33,\"gift_message_available\":34,\"tax_class_id\":35,\"actions\":36}}}','2021-06-04 06:45:04','2021-06-22 02:44:34'),(9,1,'adobe_stock_images_listing','default',1,'Default View','{\"views\":{\"default\":{\"label\":\"Default View\",\"index\":\"default\",\"editable\":false,\"data\":{\"search\":{\"value\":\"\"},\"paging\":{\"pageSize\":32,\"current\":1,\"value\":32},\"filters\":{\"applied\":{\"placeholder\":true}},\"columns\":{\"thumbnail_url\":{\"visible\":true,\"sorting\":false},\"overlay\":{\"visible\":true,\"sorting\":false},\"preview\":{\"visible\":true,\"sorting\":false,\"lastOpenedImage\":false},\"relevance\":{\"visible\":false,\"sorting\":false},\"creation\":{\"visible\":false,\"sorting\":false},\"popularity\":{\"visible\":false,\"sorting\":false},\"nb_downloads\":{\"visible\":false,\"sorting\":false},\"undiscovered\":{\"visible\":false,\"sorting\":false}},\"displayMode\":\"grid\",\"positions\":{\"overlay\":0,\"thumbnail_url\":1,\"preview\":2,\"relevance\":3,\"creation\":4,\"popularity\":5,\"nb_downloads\":6,\"undiscovered\":7}},\"value\":\"Default View\"}}}','2021-06-04 09:47:13','2021-06-04 09:47:13'),(10,1,'adobe_stock_images_listing','current',0,NULL,'{\"current\":{\"search\":{\"value\":\"\"},\"paging\":{\"pageSize\":32,\"current\":1,\"value\":32},\"filters\":{\"applied\":{\"placeholder\":true}},\"columns\":{\"thumbnail_url\":{\"visible\":true,\"sorting\":false},\"overlay\":{\"visible\":true,\"sorting\":false},\"preview\":{\"visible\":true,\"sorting\":false,\"lastOpenedImage\":false},\"relevance\":{\"visible\":false,\"sorting\":false},\"creation\":{\"visible\":false,\"sorting\":false},\"popularity\":{\"visible\":false,\"sorting\":false},\"nb_downloads\":{\"visible\":false,\"sorting\":false},\"undiscovered\":{\"visible\":false,\"sorting\":false}},\"displayMode\":\"grid\",\"positions\":{\"overlay\":0,\"thumbnail_url\":1,\"preview\":2,\"relevance\":3,\"creation\":4,\"popularity\":5,\"nb_downloads\":6,\"undiscovered\":7}}}','2021-06-04 09:47:14','2021-06-04 09:47:14'),(11,1,'product_attributes_listing','default',1,'Default View','{\"views\":{\"default\":{\"label\":\"Default View\",\"index\":\"default\",\"editable\":false,\"data\":{\"paging\":{\"pageSize\":20,\"current\":1,\"options\":{\"20\":{\"value\":20,\"label\":20},\"30\":{\"value\":30,\"label\":30},\"50\":{\"value\":50,\"label\":50},\"100\":{\"value\":100,\"label\":100},\"200\":{\"value\":200,\"label\":200}},\"value\":20},\"columns\":{\"ids\":{\"visible\":true,\"sorting\":false},\"is_required\":{\"visible\":true,\"sorting\":false},\"is_user_defined\":{\"visible\":true,\"sorting\":false},\"is_visible\":{\"visible\":true,\"sorting\":false},\"is_global\":{\"visible\":true,\"sorting\":false},\"is_searchable\":{\"visible\":true,\"sorting\":false},\"is_comparable\":{\"visible\":true,\"sorting\":false},\"is_filterable\":{\"visible\":true,\"sorting\":false},\"attribute_code\":{\"visible\":true,\"sorting\":\"asc\"},\"frontend_label\":{\"visible\":true,\"sorting\":false}},\"displayMode\":\"grid\",\"positions\":{\"ids\":0,\"attribute_code\":1,\"frontend_label\":2,\"is_required\":3,\"is_user_defined\":4,\"is_visible\":5,\"is_global\":6,\"is_searchable\":7,\"is_comparable\":8,\"is_filterable\":9}},\"value\":\"Default View\"}}}','2021-06-19 04:28:49','2021-06-19 04:28:49'),(12,1,'product_attributes_listing','current',0,NULL,'{\"current\":{\"paging\":{\"pageSize\":20,\"current\":1,\"options\":{\"20\":{\"value\":20,\"label\":20},\"30\":{\"value\":30,\"label\":30},\"50\":{\"value\":50,\"label\":50},\"100\":{\"value\":100,\"label\":100},\"200\":{\"value\":200,\"label\":200}},\"value\":20},\"columns\":{\"ids\":{\"visible\":true,\"sorting\":false},\"is_required\":{\"visible\":true,\"sorting\":false},\"is_user_defined\":{\"visible\":true,\"sorting\":false},\"is_visible\":{\"visible\":true,\"sorting\":false},\"is_global\":{\"visible\":true,\"sorting\":false},\"is_searchable\":{\"visible\":true,\"sorting\":false},\"is_comparable\":{\"visible\":true,\"sorting\":false},\"is_filterable\":{\"visible\":true,\"sorting\":false},\"attribute_code\":{\"visible\":true,\"sorting\":\"asc\"},\"frontend_label\":{\"visible\":true,\"sorting\":false}},\"displayMode\":\"grid\",\"positions\":{\"ids\":0,\"attribute_code\":1,\"frontend_label\":2,\"is_required\":3,\"is_user_defined\":4,\"is_visible\":5,\"is_global\":6,\"is_searchable\":7,\"is_comparable\":8,\"is_filterable\":9}}}','2021-06-19 04:28:50','2021-06-19 04:28:50'),(13,3,'product_listing','current',0,NULL,'{\"current\":{\"filters\":{\"applied\":{\"placeholder\":true}},\"paging\":{\"pageSize\":20,\"current\":1,\"options\":{\"20\":{\"value\":20,\"label\":20},\"30\":{\"value\":30,\"label\":30},\"50\":{\"value\":50,\"label\":50},\"100\":{\"value\":100,\"label\":100},\"200\":{\"value\":200,\"label\":200}},\"value\":20},\"search\":{\"value\":\"\"},\"columns\":{\"entity_id\":{\"visible\":true,\"sorting\":\"asc\"},\"name\":{\"visible\":true,\"sorting\":false},\"sku\":{\"visible\":true,\"sorting\":false},\"price\":{\"visible\":true,\"sorting\":false},\"websites\":{\"visible\":true,\"sorting\":false},\"qty\":{\"visible\":true,\"sorting\":false},\"short_description\":{\"visible\":false,\"sorting\":false},\"special_price\":{\"visible\":false,\"sorting\":false},\"cost\":{\"visible\":false,\"sorting\":false},\"weight\":{\"visible\":false,\"sorting\":false},\"meta_title\":{\"visible\":false,\"sorting\":false},\"meta_keyword\":{\"visible\":false,\"sorting\":false},\"meta_description\":{\"visible\":false,\"sorting\":false},\"url_key\":{\"visible\":false,\"sorting\":false},\"msrp\":{\"visible\":false,\"sorting\":false},\"actions\":{\"visible\":true,\"sorting\":false},\"ids\":{\"visible\":true,\"sorting\":false},\"type_id\":{\"visible\":true,\"sorting\":false},\"attribute_set_id\":{\"visible\":true,\"sorting\":false},\"visibility\":{\"visible\":true,\"sorting\":false},\"status\":{\"visible\":true,\"sorting\":false},\"manufacturer\":{\"visible\":false,\"sorting\":false},\"color\":{\"visible\":false,\"sorting\":false},\"custom_design\":{\"visible\":false,\"sorting\":false},\"page_layout\":{\"visible\":false,\"sorting\":false},\"country_of_manufacture\":{\"visible\":false,\"sorting\":false},\"custom_layout\":{\"visible\":false,\"sorting\":false},\"gift_message_available\":{\"visible\":false,\"sorting\":false},\"tax_class_id\":{\"visible\":false,\"sorting\":false},\"salable_quantity\":{\"visible\":true,\"sorting\":false},\"thumbnail\":{\"visible\":true,\"sorting\":false},\"updated_at\":{\"visible\":true,\"sorting\":false},\"special_from_date\":{\"visible\":false,\"sorting\":false},\"special_to_date\":{\"visible\":false,\"sorting\":false},\"news_from_date\":{\"visible\":false,\"sorting\":false},\"news_to_date\":{\"visible\":false,\"sorting\":false},\"custom_design_from\":{\"visible\":false,\"sorting\":false},\"custom_design_to\":{\"visible\":false,\"sorting\":false}},\"displayMode\":\"grid\",\"positions\":{\"ids\":0,\"entity_id\":1,\"thumbnail\":2,\"name\":3,\"type_id\":4,\"attribute_set_id\":5,\"sku\":6,\"price\":7,\"qty\":8,\"salable_quantity\":9,\"visibility\":10,\"status\":11,\"websites\":12,\"short_description\":13,\"special_price\":14,\"special_from_date\":15,\"special_to_date\":16,\"cost\":17,\"weight\":18,\"manufacturer\":19,\"meta_title\":20,\"meta_keyword\":21,\"meta_description\":22,\"color\":23,\"news_from_date\":24,\"news_to_date\":25,\"custom_design\":26,\"custom_design_from\":27,\"custom_design_to\":28,\"page_layout\":29,\"country_of_manufacture\":30,\"custom_layout\":31,\"url_key\":32,\"msrp\":33,\"gift_message_available\":34,\"tax_class_id\":35,\"updated_at\":36,\"actions\":37}}}','2023-07-13 04:49:38','2023-07-13 04:49:41'),(14,3,'product_listing','default',1,'Default View','{\"views\":{\"default\":{\"label\":\"Default View\",\"index\":\"default\",\"editable\":false,\"data\":{\"filters\":{\"applied\":{\"placeholder\":true}},\"paging\":{\"pageSize\":20,\"current\":1,\"options\":{\"20\":{\"value\":20,\"label\":20},\"30\":{\"value\":30,\"label\":30},\"50\":{\"value\":50,\"label\":50},\"100\":{\"value\":100,\"label\":100},\"200\":{\"value\":200,\"label\":200}},\"value\":20},\"search\":{\"value\":\"\"},\"columns\":{\"entity_id\":{\"visible\":true,\"sorting\":\"asc\"},\"name\":{\"visible\":true,\"sorting\":false},\"sku\":{\"visible\":true,\"sorting\":false},\"price\":{\"visible\":true,\"sorting\":false},\"websites\":{\"visible\":true,\"sorting\":false},\"qty\":{\"visible\":true,\"sorting\":false},\"short_description\":{\"visible\":false,\"sorting\":false},\"special_price\":{\"visible\":false,\"sorting\":false},\"cost\":{\"visible\":false,\"sorting\":false},\"weight\":{\"visible\":false,\"sorting\":false},\"meta_title\":{\"visible\":false,\"sorting\":false},\"meta_keyword\":{\"visible\":false,\"sorting\":false},\"meta_description\":{\"visible\":false,\"sorting\":false},\"url_key\":{\"visible\":false,\"sorting\":false},\"msrp\":{\"visible\":false,\"sorting\":false},\"actions\":{\"visible\":true,\"sorting\":false},\"ids\":{\"visible\":true,\"sorting\":false},\"type_id\":{\"visible\":true,\"sorting\":false},\"attribute_set_id\":{\"visible\":true,\"sorting\":false},\"visibility\":{\"visible\":true,\"sorting\":false},\"status\":{\"visible\":true,\"sorting\":false},\"manufacturer\":{\"visible\":false,\"sorting\":false},\"color\":{\"visible\":false,\"sorting\":false},\"custom_design\":{\"visible\":false,\"sorting\":false},\"page_layout\":{\"visible\":false,\"sorting\":false},\"country_of_manufacture\":{\"visible\":false,\"sorting\":false},\"custom_layout\":{\"visible\":false,\"sorting\":false},\"gift_message_available\":{\"visible\":false,\"sorting\":false},\"tax_class_id\":{\"visible\":false,\"sorting\":false},\"salable_quantity\":{\"visible\":true,\"sorting\":false},\"thumbnail\":{\"visible\":true,\"sorting\":false},\"updated_at\":{\"visible\":true,\"sorting\":false},\"special_from_date\":{\"visible\":false,\"sorting\":false},\"special_to_date\":{\"visible\":false,\"sorting\":false},\"news_from_date\":{\"visible\":false,\"sorting\":false},\"news_to_date\":{\"visible\":false,\"sorting\":false},\"custom_design_from\":{\"visible\":false,\"sorting\":false},\"custom_design_to\":{\"visible\":false,\"sorting\":false}},\"displayMode\":\"grid\",\"positions\":{\"ids\":0,\"entity_id\":1,\"thumbnail\":2,\"name\":3,\"type_id\":4,\"attribute_set_id\":5,\"sku\":6,\"price\":7,\"qty\":8,\"salable_quantity\":9,\"visibility\":10,\"status\":11,\"websites\":12,\"short_description\":13,\"special_price\":14,\"special_from_date\":15,\"special_to_date\":16,\"cost\":17,\"weight\":18,\"manufacturer\":19,\"meta_title\":20,\"meta_keyword\":21,\"meta_description\":22,\"color\":23,\"news_from_date\":24,\"news_to_date\":25,\"custom_design\":26,\"custom_design_from\":27,\"custom_design_to\":28,\"page_layout\":29,\"country_of_manufacture\":30,\"custom_layout\":31,\"url_key\":32,\"msrp\":33,\"gift_message_available\":34,\"tax_class_id\":35,\"updated_at\":36,\"actions\":37}},\"value\":\"Default View\"}}}','2023-07-13 04:49:42','2023-07-13 04:49:42');

--
-- Table structure for table `url_rewrite`
--

CREATE TABLE `url_rewrite` (
  `url_rewrite_id` int unsigned NOT NULL AUTO_INCREMENT COMMENT 'Rewrite ID',
  `entity_type` varchar(32) NOT NULL COMMENT 'Entity type code',
  `entity_id` int unsigned NOT NULL COMMENT 'Entity ID',
  `request_path` varchar(255) DEFAULT NULL COMMENT 'Request Path',
  `target_path` varchar(255) DEFAULT NULL COMMENT 'Target Path',
  `redirect_type` smallint unsigned NOT NULL DEFAULT '0' COMMENT 'Redirect Type',
  `store_id` smallint unsigned NOT NULL COMMENT 'Store ID',
  `description` varchar(255) DEFAULT NULL COMMENT 'Description',
  `is_autogenerated` smallint unsigned NOT NULL DEFAULT '0' COMMENT 'Is rewrite generated automatically flag',
  `metadata` varchar(255) DEFAULT NULL COMMENT 'Meta data for url rewrite',
  PRIMARY KEY (`url_rewrite_id`),
  UNIQUE KEY `URL_REWRITE_REQUEST_PATH_STORE_ID` (`request_path`,`store_id`),
  KEY `URL_REWRITE_TARGET_PATH` (`target_path`),
  KEY `URL_REWRITE_STORE_ID_ENTITY_ID` (`store_id`,`entity_id`),
  KEY `URL_REWRITE_ENTITY_ID` (`entity_id`),
  KEY `URL_REWRITE_IS_AUTOGENERATED_METADATA` (`is_autogenerated`,`metadata`)
) ENGINE=InnoDB AUTO_INCREMENT=1258 DEFAULT CHARSET=utf8 COMMENT='Url Rewrites';

--
-- Dumping data for table `url_rewrite`
--

INSERT INTO `url_rewrite` VALUES (1,'cms-page',1,'no-route','cms/page/view/page_id/1',0,1,NULL,1,NULL),(2,'cms-page',2,'home','cms/page/view/page_id/2',0,1,NULL,1,NULL),(3,'cms-page',3,'enable-cookies','cms/page/view/page_id/3',0,1,NULL,1,NULL),(4,'cms-page',4,'privacy-policy-cookie-restriction-mode','cms/page/view/page_id/4',0,1,NULL,1,NULL),(5,'cms-page',5,'home-demo-01','cms/page/view/page_id/5',0,1,NULL,1,NULL),(6,'cms-page',6,'under-price','cms/page/view/page_id/6',0,1,NULL,1,NULL),(7,'cms-page',7,'new-arrivals','cms/page/view/page_id/7',0,1,NULL,1,NULL),(8,'cms-page',8,'daily-deals','cms/page/view/page_id/8',0,1,NULL,1,NULL),(9,'cms-page',9,'about-us','cms/page/view/page_id/9',0,1,NULL,1,NULL),(19,'category',3,'smartphone.html','catalog/category/view/id/3',0,1,NULL,1,NULL),(20,'category',4,'cameras-photos.html','catalog/category/view/id/4',0,1,NULL,1,NULL),(21,'category',5,'fashion-clothing.html','catalog/category/view/id/5',0,1,NULL,1,NULL),(22,'category',6,'furniture-interior.html','catalog/category/view/id/6',0,1,NULL,1,NULL),(23,'category',7,'laptops-accessories.html','catalog/category/view/id/7',0,1,NULL,1,NULL),(40,'product',9,'half-sleeves-printed-cotton-crop.html','catalog/product/view/id/9',0,1,NULL,1,NULL),(41,'product',9,'fashion-clothing/half-sleeves-printed-cotton-crop.html','catalog/product/view/id/9/category/5',0,1,NULL,1,'{\"category_id\":\"5\"}'),(46,'product',12,'jean-paul-gaultier-le-male-essence-de-parfum.html','catalog/product/view/id/12',0,1,NULL,1,NULL),(47,'product',12,'fashion-clothing/jean-paul-gaultier-le-male-essence-de-parfum.html','catalog/product/view/id/12/category/5',0,1,NULL,1,'{\"category_id\":\"5\"}'),(48,'product',13,'la-vie-est-belle-intensement-100ml-edp.html','catalog/product/view/id/13',0,1,NULL,1,NULL),(49,'product',13,'fashion-clothing/la-vie-est-belle-intensement-100ml-edp.html','catalog/product/view/id/13/category/5',0,1,NULL,1,'{\"category_id\":\"5\"}'),(50,'product',14,'microsoft-15-multi-touch-surface-laptop-3.html','catalog/product/view/id/14',0,1,NULL,1,NULL),(51,'product',14,'laptops-accessories/microsoft-15-multi-touch-surface-laptop-3.html','catalog/product/view/id/14/category/7',0,1,NULL,1,'{\"category_id\":\"7\"}'),(56,'product',17,'nightstar-dress.html','catalog/product/view/id/17',0,1,NULL,1,NULL),(57,'product',17,'fashion-clothing/nightstar-dress.html','catalog/product/view/id/17/category/5',0,1,NULL,1,'{\"category_id\":\"5\"}'),(58,'product',18,'nike-flight-legacy-mens.html','catalog/product/view/id/18',0,1,NULL,1,NULL),(59,'product',18,'fashion-clothing/nike-flight-legacy-mens.html','catalog/product/view/id/18/category/5',0,1,NULL,1,'{\"category_id\":\"5\"}'),(60,'product',19,'organic-rose-water-facial-mist.html','catalog/product/view/id/19',0,1,NULL,1,NULL),(61,'product',19,'fashion-clothing/organic-rose-water-facial-mist.html','catalog/product/view/id/19/category/5',0,1,NULL,1,'{\"category_id\":\"5\"}'),(62,'product',20,'perfect-marc-jacobs.html','catalog/product/view/id/20',0,1,NULL,1,NULL),(63,'product',20,'fashion-clothing/perfect-marc-jacobs.html','catalog/product/view/id/20/category/5',0,1,NULL,1,'{\"category_id\":\"5\"}'),(64,'product',21,'polaroid-now-instant-camera-with-film.html','catalog/product/view/id/21',0,1,NULL,1,NULL),(65,'product',21,'cameras-photos/polaroid-now-instant-camera-with-film.html','catalog/product/view/id/21/category/4',0,1,NULL,1,'{\"category_id\":\"4\"}'),(66,'product',22,'polaroid-snap-touch-instant-digital-camera-red.html','catalog/product/view/id/22',0,1,NULL,1,NULL),(67,'product',22,'cameras-photos/polaroid-snap-touch-instant-digital-camera-red.html','catalog/product/view/id/22/category/4',0,1,NULL,1,'{\"category_id\":\"4\"}'),(68,'product',23,'puma-rs-0-play.html','catalog/product/view/id/23',0,1,NULL,1,NULL),(69,'product',23,'fashion-clothing/puma-rs-0-play.html','catalog/product/view/id/23/category/5',0,1,NULL,1,'{\"category_id\":\"5\"}'),(70,'product',24,'romand-zero-gram-matte-lipstick.html','catalog/product/view/id/24',0,1,NULL,1,NULL),(71,'product',24,'fashion-clothing/romand-zero-gram-matte-lipstick.html','catalog/product/view/id/24/category/5',0,1,NULL,1,'{\"category_id\":\"5\"}'),(76,'product',26,'serpenti-forever-crossbody-bag.html','catalog/product/view/id/26',0,1,NULL,1,NULL),(77,'product',26,'fashion-clothing/serpenti-forever-crossbody-bag.html','catalog/product/view/id/26/category/5',0,1,NULL,1,'{\"category_id\":\"5\"}'),(78,'product',27,'sony-vlog-camera-zv1.html','catalog/product/view/id/27',0,1,NULL,1,NULL),(79,'product',27,'cameras-photos/sony-vlog-camera-zv1.html','catalog/product/view/id/27/category/4',0,1,NULL,1,'{\"category_id\":\"4\"}'),(80,'product',28,'true-wireless-samsung-galaxy-buds-live.html','catalog/product/view/id/28',0,1,NULL,1,NULL),(81,'product',28,'laptops-accessories/true-wireless-samsung-galaxy-buds-live.html','catalog/product/view/id/28/category/7',0,1,NULL,1,'{\"category_id\":\"7\"}'),(82,'product',29,'volcom-be-easy-dress.html','catalog/product/view/id/29',0,1,NULL,1,NULL),(83,'product',29,'fashion-clothing/volcom-be-easy-dress.html','catalog/product/view/id/29/category/5',0,1,NULL,1,'{\"category_id\":\"5\"}'),(84,'product',30,'wrangler-retro-premium-corduroy-shirt.html','catalog/product/view/id/30',0,1,NULL,1,NULL),(85,'product',30,'fashion-clothing/wrangler-retro-premium-corduroy-shirt.html','catalog/product/view/id/30/category/5',0,1,NULL,1,'{\"category_id\":\"5\"}'),(86,'product',31,'yellow-shirt-for-men.html','catalog/product/view/id/31',0,1,NULL,1,NULL),(87,'product',31,'fashion-clothing/yellow-shirt-for-men.html','catalog/product/view/id/31/category/5',0,1,NULL,1,'{\"category_id\":\"5\"}'),(88,'product',32,'lg-wm3900hwa.html','catalog/product/view/id/32',0,1,NULL,1,NULL),(89,'product',32,'furniture-interior/lg-wm3900hwa.html','catalog/product/view/id/32/category/6',0,1,NULL,1,'{\"category_id\":\"6\"}'),(90,'product',33,'quindim-retro-ceramic-pendant-lamp.html','catalog/product/view/id/33',0,1,NULL,1,NULL),(91,'product',33,'furniture-interior/quindim-retro-ceramic-pendant-lamp.html','catalog/product/view/id/33/category/6',0,1,NULL,1,'{\"category_id\":\"6\"}'),(92,'product',34,'regal-2-seater-fabric-sofa.html','catalog/product/view/id/34',0,1,NULL,1,NULL),(93,'product',34,'furniture-interior/regal-2-seater-fabric-sofa.html','catalog/product/view/id/34/category/6',0,1,NULL,1,'{\"category_id\":\"6\"}'),(94,'product',35,'samsung-american-fridge-freezer-stainless-steel.html','catalog/product/view/id/35',0,1,NULL,1,NULL),(95,'product',35,'furniture-interior/samsung-american-fridge-freezer-stainless-steel.html','catalog/product/view/id/35/category/6',0,1,NULL,1,'{\"category_id\":\"6\"}'),(96,'product',36,'soborg-chair-wood-frame.html','catalog/product/view/id/36',0,1,NULL,1,NULL),(97,'product',36,'furniture-interior/soborg-chair-wood-frame.html','catalog/product/view/id/36/category/6',0,1,NULL,1,'{\"category_id\":\"6\"}'),(102,'category',3,'smartphone.html','catalog/category/view/id/3',0,2,NULL,1,NULL),(103,'category',4,'cameras-photos.html','catalog/category/view/id/4',0,2,NULL,1,NULL),(104,'category',5,'fashion-clothing.html','catalog/category/view/id/5',0,2,NULL,1,NULL),(105,'category',6,'furniture-interior.html','catalog/category/view/id/6',0,2,NULL,1,NULL),(106,'category',7,'laptops-accessories.html','catalog/category/view/id/7',0,2,NULL,1,NULL),(123,'product',9,'half-sleeves-printed-cotton-crop.html','catalog/product/view/id/9',0,2,NULL,1,NULL),(124,'product',9,'fashion-clothing/half-sleeves-printed-cotton-crop.html','catalog/product/view/id/9/category/5',0,2,NULL,1,'{\"category_id\":\"5\"}'),(129,'product',12,'jean-paul-gaultier-le-male-essence-de-parfum.html','catalog/product/view/id/12',0,2,NULL,1,NULL),(130,'product',12,'fashion-clothing/jean-paul-gaultier-le-male-essence-de-parfum.html','catalog/product/view/id/12/category/5',0,2,NULL,1,'{\"category_id\":\"5\"}'),(131,'product',13,'la-vie-est-belle-intensement-100ml-edp.html','catalog/product/view/id/13',0,2,NULL,1,NULL),(132,'product',13,'fashion-clothing/la-vie-est-belle-intensement-100ml-edp.html','catalog/product/view/id/13/category/5',0,2,NULL,1,'{\"category_id\":\"5\"}'),(133,'product',14,'microsoft-15-multi-touch-surface-laptop-3.html','catalog/product/view/id/14',0,2,NULL,1,NULL),(134,'product',14,'laptops-accessories/microsoft-15-multi-touch-surface-laptop-3.html','catalog/product/view/id/14/category/7',0,2,NULL,1,'{\"category_id\":\"7\"}'),(139,'product',17,'nightstar-dress.html','catalog/product/view/id/17',0,2,NULL,1,NULL),(140,'product',17,'fashion-clothing/nightstar-dress.html','catalog/product/view/id/17/category/5',0,2,NULL,1,'{\"category_id\":\"5\"}'),(141,'product',18,'nike-flight-legacy-mens.html','catalog/product/view/id/18',0,2,NULL,1,NULL),(142,'product',18,'fashion-clothing/nike-flight-legacy-mens.html','catalog/product/view/id/18/category/5',0,2,NULL,1,'{\"category_id\":\"5\"}'),(143,'product',19,'organic-rose-water-facial-mist.html','catalog/product/view/id/19',0,2,NULL,1,NULL),(144,'product',19,'fashion-clothing/organic-rose-water-facial-mist.html','catalog/product/view/id/19/category/5',0,2,NULL,1,'{\"category_id\":\"5\"}'),(145,'product',20,'perfect-marc-jacobs.html','catalog/product/view/id/20',0,2,NULL,1,NULL),(146,'product',20,'fashion-clothing/perfect-marc-jacobs.html','catalog/product/view/id/20/category/5',0,2,NULL,1,'{\"category_id\":\"5\"}'),(147,'product',21,'polaroid-now-instant-camera-with-film.html','catalog/product/view/id/21',0,2,NULL,1,NULL),(148,'product',21,'cameras-photos/polaroid-now-instant-camera-with-film.html','catalog/product/view/id/21/category/4',0,2,NULL,1,'{\"category_id\":\"4\"}'),(149,'product',22,'polaroid-snap-touch-instant-digital-camera-red.html','catalog/product/view/id/22',0,2,NULL,1,NULL),(150,'product',22,'cameras-photos/polaroid-snap-touch-instant-digital-camera-red.html','catalog/product/view/id/22/category/4',0,2,NULL,1,'{\"category_id\":\"4\"}'),(151,'product',23,'puma-rs-0-play.html','catalog/product/view/id/23',0,2,NULL,1,NULL),(152,'product',23,'fashion-clothing/puma-rs-0-play.html','catalog/product/view/id/23/category/5',0,2,NULL,1,'{\"category_id\":\"5\"}'),(153,'product',24,'romand-zero-gram-matte-lipstick.html','catalog/product/view/id/24',0,2,NULL,1,NULL),(154,'product',24,'fashion-clothing/romand-zero-gram-matte-lipstick.html','catalog/product/view/id/24/category/5',0,2,NULL,1,'{\"category_id\":\"5\"}'),(157,'product',26,'serpenti-forever-crossbody-bag.html','catalog/product/view/id/26',0,2,NULL,1,NULL),(158,'product',26,'fashion-clothing/serpenti-forever-crossbody-bag.html','catalog/product/view/id/26/category/5',0,2,NULL,1,'{\"category_id\":\"5\"}'),(159,'product',27,'sony-vlog-camera-zv1.html','catalog/product/view/id/27',0,2,NULL,1,NULL),(160,'product',27,'cameras-photos/sony-vlog-camera-zv1.html','catalog/product/view/id/27/category/4',0,2,NULL,1,'{\"category_id\":\"4\"}'),(161,'product',28,'true-wireless-samsung-galaxy-buds-live.html','catalog/product/view/id/28',0,2,NULL,1,NULL),(162,'product',28,'laptops-accessories/true-wireless-samsung-galaxy-buds-live.html','catalog/product/view/id/28/category/7',0,2,NULL,1,'{\"category_id\":\"7\"}'),(163,'product',29,'volcom-be-easy-dress.html','catalog/product/view/id/29',0,2,NULL,1,NULL),(164,'product',29,'fashion-clothing/volcom-be-easy-dress.html','catalog/product/view/id/29/category/5',0,2,NULL,1,'{\"category_id\":\"5\"}'),(165,'product',30,'wrangler-retro-premium-corduroy-shirt.html','catalog/product/view/id/30',0,2,NULL,1,NULL),(166,'product',30,'fashion-clothing/wrangler-retro-premium-corduroy-shirt.html','catalog/product/view/id/30/category/5',0,2,NULL,1,'{\"category_id\":\"5\"}'),(167,'product',31,'yellow-shirt-for-men.html','catalog/product/view/id/31',0,2,NULL,1,NULL),(168,'product',31,'fashion-clothing/yellow-shirt-for-men.html','catalog/product/view/id/31/category/5',0,2,NULL,1,'{\"category_id\":\"5\"}'),(169,'product',32,'lg-wm3900hwa.html','catalog/product/view/id/32',0,2,NULL,1,NULL),(170,'product',32,'furniture-interior/lg-wm3900hwa.html','catalog/product/view/id/32/category/6',0,2,NULL,1,'{\"category_id\":\"6\"}'),(171,'product',33,'quindim-retro-ceramic-pendant-lamp.html','catalog/product/view/id/33',0,2,NULL,1,NULL),(172,'product',33,'furniture-interior/quindim-retro-ceramic-pendant-lamp.html','catalog/product/view/id/33/category/6',0,2,NULL,1,'{\"category_id\":\"6\"}'),(173,'product',34,'regal-2-seater-fabric-sofa.html','catalog/product/view/id/34',0,2,NULL,1,NULL),(174,'product',34,'furniture-interior/regal-2-seater-fabric-sofa.html','catalog/product/view/id/34/category/6',0,2,NULL,1,'{\"category_id\":\"6\"}'),(175,'product',35,'samsung-american-fridge-freezer-stainless-steel.html','catalog/product/view/id/35',0,2,NULL,1,NULL),(176,'product',35,'furniture-interior/samsung-american-fridge-freezer-stainless-steel.html','catalog/product/view/id/35/category/6',0,2,NULL,1,'{\"category_id\":\"6\"}'),(177,'product',36,'soborg-chair-wood-frame.html','catalog/product/view/id/36',0,2,NULL,1,NULL),(178,'product',36,'furniture-interior/soborg-chair-wood-frame.html','catalog/product/view/id/36/category/6',0,2,NULL,1,'{\"category_id\":\"6\"}'),(183,'cms-page',1,'no-route','cms/page/view/page_id/1',0,2,NULL,1,NULL),(184,'cms-page',2,'home','cms/page/view/page_id/2',0,2,NULL,1,NULL),(185,'cms-page',3,'enable-cookies','cms/page/view/page_id/3',0,2,NULL,1,NULL),(186,'cms-page',4,'privacy-policy-cookie-restriction-mode','cms/page/view/page_id/4',0,2,NULL,1,NULL),(187,'cms-page',5,'home-demo-01','cms/page/view/page_id/5',0,2,NULL,1,NULL),(188,'cms-page',6,'under-price','cms/page/view/page_id/6',0,2,NULL,1,NULL),(189,'cms-page',7,'new-arrivals','cms/page/view/page_id/7',0,2,NULL,1,NULL),(190,'cms-page',8,'daily-deals','cms/page/view/page_id/8',0,2,NULL,1,NULL),(191,'cms-page',9,'about-us','cms/page/view/page_id/9',0,2,NULL,1,NULL),(192,'category',3,'smartphone.html','catalog/category/view/id/3',0,3,NULL,1,NULL),(193,'category',4,'cameras-photos.html','catalog/category/view/id/4',0,3,NULL,1,NULL),(194,'category',5,'fashion-clothing.html','catalog/category/view/id/5',0,3,NULL,1,NULL),(195,'category',6,'furniture-interior.html','catalog/category/view/id/6',0,3,NULL,1,NULL),(196,'category',7,'laptops-accessories.html','catalog/category/view/id/7',0,3,NULL,1,NULL),(213,'product',9,'half-sleeves-printed-cotton-crop.html','catalog/product/view/id/9',0,3,NULL,1,NULL),(214,'product',9,'fashion-clothing/half-sleeves-printed-cotton-crop.html','catalog/product/view/id/9/category/5',0,3,NULL,1,'{\"category_id\":\"5\"}'),(219,'product',12,'jean-paul-gaultier-le-male-essence-de-parfum.html','catalog/product/view/id/12',0,3,NULL,1,NULL),(220,'product',12,'fashion-clothing/jean-paul-gaultier-le-male-essence-de-parfum.html','catalog/product/view/id/12/category/5',0,3,NULL,1,'{\"category_id\":\"5\"}'),(221,'product',13,'la-vie-est-belle-intensement-100ml-edp.html','catalog/product/view/id/13',0,3,NULL,1,NULL),(222,'product',13,'fashion-clothing/la-vie-est-belle-intensement-100ml-edp.html','catalog/product/view/id/13/category/5',0,3,NULL,1,'{\"category_id\":\"5\"}'),(223,'product',14,'microsoft-15-multi-touch-surface-laptop-3.html','catalog/product/view/id/14',0,3,NULL,1,NULL),(224,'product',14,'laptops-accessories/microsoft-15-multi-touch-surface-laptop-3.html','catalog/product/view/id/14/category/7',0,3,NULL,1,'{\"category_id\":\"7\"}'),(229,'product',17,'nightstar-dress.html','catalog/product/view/id/17',0,3,NULL,1,NULL),(230,'product',17,'fashion-clothing/nightstar-dress.html','catalog/product/view/id/17/category/5',0,3,NULL,1,'{\"category_id\":\"5\"}'),(231,'product',18,'nike-flight-legacy-mens.html','catalog/product/view/id/18',0,3,NULL,1,NULL),(232,'product',18,'fashion-clothing/nike-flight-legacy-mens.html','catalog/product/view/id/18/category/5',0,3,NULL,1,'{\"category_id\":\"5\"}'),(233,'product',19,'organic-rose-water-facial-mist.html','catalog/product/view/id/19',0,3,NULL,1,NULL),(234,'product',19,'fashion-clothing/organic-rose-water-facial-mist.html','catalog/product/view/id/19/category/5',0,3,NULL,1,'{\"category_id\":\"5\"}'),(235,'product',20,'perfect-marc-jacobs.html','catalog/product/view/id/20',0,3,NULL,1,NULL),(236,'product',20,'fashion-clothing/perfect-marc-jacobs.html','catalog/product/view/id/20/category/5',0,3,NULL,1,'{\"category_id\":\"5\"}'),(237,'product',21,'polaroid-now-instant-camera-with-film.html','catalog/product/view/id/21',0,3,NULL,1,NULL),(238,'product',21,'cameras-photos/polaroid-now-instant-camera-with-film.html','catalog/product/view/id/21/category/4',0,3,NULL,1,'{\"category_id\":\"4\"}'),(239,'product',22,'polaroid-snap-touch-instant-digital-camera-red.html','catalog/product/view/id/22',0,3,NULL,1,NULL),(240,'product',22,'cameras-photos/polaroid-snap-touch-instant-digital-camera-red.html','catalog/product/view/id/22/category/4',0,3,NULL,1,'{\"category_id\":\"4\"}'),(241,'product',23,'puma-rs-0-play.html','catalog/product/view/id/23',0,3,NULL,1,NULL),(242,'product',23,'fashion-clothing/puma-rs-0-play.html','catalog/product/view/id/23/category/5',0,3,NULL,1,'{\"category_id\":\"5\"}'),(243,'product',24,'romand-zero-gram-matte-lipstick.html','catalog/product/view/id/24',0,3,NULL,1,NULL),(244,'product',24,'fashion-clothing/romand-zero-gram-matte-lipstick.html','catalog/product/view/id/24/category/5',0,3,NULL,1,'{\"category_id\":\"5\"}'),(247,'product',26,'serpenti-forever-crossbody-bag.html','catalog/product/view/id/26',0,3,NULL,1,NULL),(248,'product',26,'fashion-clothing/serpenti-forever-crossbody-bag.html','catalog/product/view/id/26/category/5',0,3,NULL,1,'{\"category_id\":\"5\"}'),(249,'product',27,'sony-vlog-camera-zv1.html','catalog/product/view/id/27',0,3,NULL,1,NULL),(250,'product',27,'cameras-photos/sony-vlog-camera-zv1.html','catalog/product/view/id/27/category/4',0,3,NULL,1,'{\"category_id\":\"4\"}'),(251,'product',28,'true-wireless-samsung-galaxy-buds-live.html','catalog/product/view/id/28',0,3,NULL,1,NULL),(252,'product',28,'laptops-accessories/true-wireless-samsung-galaxy-buds-live.html','catalog/product/view/id/28/category/7',0,3,NULL,1,'{\"category_id\":\"7\"}'),(253,'product',29,'volcom-be-easy-dress.html','catalog/product/view/id/29',0,3,NULL,1,NULL),(254,'product',29,'fashion-clothing/volcom-be-easy-dress.html','catalog/product/view/id/29/category/5',0,3,NULL,1,'{\"category_id\":\"5\"}'),(255,'product',30,'wrangler-retro-premium-corduroy-shirt.html','catalog/product/view/id/30',0,3,NULL,1,NULL),(256,'product',30,'fashion-clothing/wrangler-retro-premium-corduroy-shirt.html','catalog/product/view/id/30/category/5',0,3,NULL,1,'{\"category_id\":\"5\"}'),(257,'product',31,'yellow-shirt-for-men.html','catalog/product/view/id/31',0,3,NULL,1,NULL),(258,'product',31,'fashion-clothing/yellow-shirt-for-men.html','catalog/product/view/id/31/category/5',0,3,NULL,1,'{\"category_id\":\"5\"}'),(259,'product',32,'lg-wm3900hwa.html','catalog/product/view/id/32',0,3,NULL,1,NULL),(260,'product',32,'furniture-interior/lg-wm3900hwa.html','catalog/product/view/id/32/category/6',0,3,NULL,1,'{\"category_id\":\"6\"}'),(261,'product',33,'quindim-retro-ceramic-pendant-lamp.html','catalog/product/view/id/33',0,3,NULL,1,NULL),(262,'product',33,'furniture-interior/quindim-retro-ceramic-pendant-lamp.html','catalog/product/view/id/33/category/6',0,3,NULL,1,'{\"category_id\":\"6\"}'),(263,'product',34,'regal-2-seater-fabric-sofa.html','catalog/product/view/id/34',0,3,NULL,1,NULL),(264,'product',34,'furniture-interior/regal-2-seater-fabric-sofa.html','catalog/product/view/id/34/category/6',0,3,NULL,1,'{\"category_id\":\"6\"}'),(265,'product',35,'samsung-american-fridge-freezer-stainless-steel.html','catalog/product/view/id/35',0,3,NULL,1,NULL),(266,'product',35,'furniture-interior/samsung-american-fridge-freezer-stainless-steel.html','catalog/product/view/id/35/category/6',0,3,NULL,1,'{\"category_id\":\"6\"}'),(267,'product',36,'soborg-chair-wood-frame.html','catalog/product/view/id/36',0,3,NULL,1,NULL),(268,'product',36,'furniture-interior/soborg-chair-wood-frame.html','catalog/product/view/id/36/category/6',0,3,NULL,1,'{\"category_id\":\"6\"}'),(273,'cms-page',1,'no-route','cms/page/view/page_id/1',0,3,NULL,1,NULL),(274,'cms-page',2,'home','cms/page/view/page_id/2',0,3,NULL,1,NULL),(275,'cms-page',3,'enable-cookies','cms/page/view/page_id/3',0,3,NULL,1,NULL),(276,'cms-page',4,'privacy-policy-cookie-restriction-mode','cms/page/view/page_id/4',0,3,NULL,1,NULL),(277,'cms-page',5,'home-demo-01','cms/page/view/page_id/5',0,3,NULL,1,NULL),(278,'cms-page',6,'under-price','cms/page/view/page_id/6',0,3,NULL,1,NULL),(279,'cms-page',7,'new-arrivals','cms/page/view/page_id/7',0,3,NULL,1,NULL),(280,'cms-page',8,'daily-deals','cms/page/view/page_id/8',0,3,NULL,1,NULL),(281,'cms-page',9,'about-us','cms/page/view/page_id/9',0,3,NULL,1,NULL),(285,'category',8,'listing-layouts.html','catalog/category/view/id/8',0,1,NULL,1,NULL),(286,'category',8,'about-us.html','listing-layouts.html',301,1,NULL,0,NULL),(287,'category',8,'listing-layouts.html','catalog/category/view/id/8',0,2,NULL,1,NULL),(288,'category',8,'about-us.html','listing-layouts.html',301,2,NULL,0,NULL),(289,'category',8,'listing-layouts.html','catalog/category/view/id/8',0,3,NULL,1,NULL),(290,'category',8,'about-us.html','listing-layouts.html',301,3,NULL,0,NULL),(291,'category',9,'listing-layouts/without-sidebar.html','catalog/category/view/id/9',0,1,NULL,1,NULL),(292,'category',9,'listing-layouts/without-sidebar.html','catalog/category/view/id/9',0,2,NULL,1,NULL),(293,'category',9,'listing-layouts/without-sidebar.html','catalog/category/view/id/9',0,3,NULL,1,NULL),(294,'category',10,'listing-layouts/left-sidebar.html','catalog/category/view/id/10',0,1,NULL,1,NULL),(295,'category',10,'listing-layouts/left-sidebar.html','catalog/category/view/id/10',0,2,NULL,1,NULL),(296,'category',10,'listing-layouts/left-sidebar.html','catalog/category/view/id/10',0,3,NULL,1,NULL),(297,'category',11,'listing-layouts/right-sidebar.html','catalog/category/view/id/11',0,1,NULL,1,NULL),(298,'category',11,'listing-layouts/right-sidebar.html','catalog/category/view/id/11',0,2,NULL,1,NULL),(299,'category',11,'listing-layouts/right-sidebar.html','catalog/category/view/id/11',0,3,NULL,1,NULL),(300,'product',1,'16-inch-macbook-pro.html','catalog/product/view/id/1',0,1,NULL,1,NULL),(301,'product',1,'laptops-accessories/16-inch-macbook-pro.html','catalog/product/view/id/1/category/7',0,1,NULL,1,'{\"category_id\":\"7\"}'),(302,'product',1,'listing-layouts/without-sidebar/16-inch-macbook-pro.html','catalog/product/view/id/1/category/9',0,1,NULL,1,'{\"category_id\":\"9\"}'),(303,'product',1,'listing-layouts/left-sidebar/16-inch-macbook-pro.html','catalog/product/view/id/1/category/10',0,1,NULL,1,'{\"category_id\":\"10\"}'),(304,'product',1,'listing-layouts/right-sidebar/16-inch-macbook-pro.html','catalog/product/view/id/1/category/11',0,1,NULL,1,'{\"category_id\":\"11\"}'),(305,'product',1,'listing-layouts/16-inch-macbook-pro.html','catalog/product/view/id/1/category/8',0,1,NULL,1,'{\"category_id\":\"8\"}'),(306,'product',1,'16-inch-macbook-pro.html','catalog/product/view/id/1',0,2,NULL,1,NULL),(307,'product',1,'laptops-accessories/16-inch-macbook-pro.html','catalog/product/view/id/1/category/7',0,2,NULL,1,'{\"category_id\":\"7\"}'),(308,'product',1,'listing-layouts/without-sidebar/16-inch-macbook-pro.html','catalog/product/view/id/1/category/9',0,2,NULL,1,'{\"category_id\":\"9\"}'),(309,'product',1,'listing-layouts/left-sidebar/16-inch-macbook-pro.html','catalog/product/view/id/1/category/10',0,2,NULL,1,'{\"category_id\":\"10\"}'),(310,'product',1,'listing-layouts/right-sidebar/16-inch-macbook-pro.html','catalog/product/view/id/1/category/11',0,2,NULL,1,'{\"category_id\":\"11\"}'),(311,'product',1,'listing-layouts/16-inch-macbook-pro.html','catalog/product/view/id/1/category/8',0,2,NULL,1,'{\"category_id\":\"8\"}'),(312,'product',1,'16-inch-macbook-pro.html','catalog/product/view/id/1',0,3,NULL,1,NULL),(313,'product',1,'laptops-accessories/16-inch-macbook-pro.html','catalog/product/view/id/1/category/7',0,3,NULL,1,'{\"category_id\":\"7\"}'),(314,'product',1,'listing-layouts/without-sidebar/16-inch-macbook-pro.html','catalog/product/view/id/1/category/9',0,3,NULL,1,'{\"category_id\":\"9\"}'),(315,'product',1,'listing-layouts/left-sidebar/16-inch-macbook-pro.html','catalog/product/view/id/1/category/10',0,3,NULL,1,'{\"category_id\":\"10\"}'),(316,'product',1,'listing-layouts/right-sidebar/16-inch-macbook-pro.html','catalog/product/view/id/1/category/11',0,3,NULL,1,'{\"category_id\":\"11\"}'),(317,'product',1,'listing-layouts/16-inch-macbook-pro.html','catalog/product/view/id/1/category/8',0,3,NULL,1,'{\"category_id\":\"8\"}'),(318,'product',2,'addyvero-women-s-dress.html','catalog/product/view/id/2',0,1,NULL,1,NULL),(319,'product',2,'fashion-clothing/addyvero-women-s-dress.html','catalog/product/view/id/2/category/5',0,1,NULL,1,'{\"category_id\":\"5\"}'),(320,'product',2,'listing-layouts/without-sidebar/addyvero-women-s-dress.html','catalog/product/view/id/2/category/9',0,1,NULL,1,'{\"category_id\":\"9\"}'),(321,'product',2,'listing-layouts/left-sidebar/addyvero-women-s-dress.html','catalog/product/view/id/2/category/10',0,1,NULL,1,'{\"category_id\":\"10\"}'),(322,'product',2,'listing-layouts/right-sidebar/addyvero-women-s-dress.html','catalog/product/view/id/2/category/11',0,1,NULL,1,'{\"category_id\":\"11\"}'),(323,'product',2,'listing-layouts/addyvero-women-s-dress.html','catalog/product/view/id/2/category/8',0,1,NULL,1,'{\"category_id\":\"8\"}'),(324,'product',2,'addyvero-women-s-dress.html','catalog/product/view/id/2',0,2,NULL,1,NULL),(325,'product',2,'fashion-clothing/addyvero-women-s-dress.html','catalog/product/view/id/2/category/5',0,2,NULL,1,'{\"category_id\":\"5\"}'),(326,'product',2,'listing-layouts/without-sidebar/addyvero-women-s-dress.html','catalog/product/view/id/2/category/9',0,2,NULL,1,'{\"category_id\":\"9\"}'),(327,'product',2,'listing-layouts/left-sidebar/addyvero-women-s-dress.html','catalog/product/view/id/2/category/10',0,2,NULL,1,'{\"category_id\":\"10\"}'),(328,'product',2,'listing-layouts/right-sidebar/addyvero-women-s-dress.html','catalog/product/view/id/2/category/11',0,2,NULL,1,'{\"category_id\":\"11\"}'),(329,'product',2,'listing-layouts/addyvero-women-s-dress.html','catalog/product/view/id/2/category/8',0,2,NULL,1,'{\"category_id\":\"8\"}'),(330,'product',2,'addyvero-women-s-dress.html','catalog/product/view/id/2',0,3,NULL,1,NULL),(331,'product',2,'fashion-clothing/addyvero-women-s-dress.html','catalog/product/view/id/2/category/5',0,3,NULL,1,'{\"category_id\":\"5\"}'),(332,'product',2,'listing-layouts/without-sidebar/addyvero-women-s-dress.html','catalog/product/view/id/2/category/9',0,3,NULL,1,'{\"category_id\":\"9\"}'),(333,'product',2,'listing-layouts/left-sidebar/addyvero-women-s-dress.html','catalog/product/view/id/2/category/10',0,3,NULL,1,'{\"category_id\":\"10\"}'),(334,'product',2,'listing-layouts/right-sidebar/addyvero-women-s-dress.html','catalog/product/view/id/2/category/11',0,3,NULL,1,'{\"category_id\":\"11\"}'),(335,'product',2,'listing-layouts/addyvero-women-s-dress.html','catalog/product/view/id/2/category/8',0,3,NULL,1,'{\"category_id\":\"8\"}'),(336,'product',3,'beats-solo3-wireless-headphones.html','catalog/product/view/id/3',0,1,NULL,1,NULL),(337,'product',3,'laptops-accessories/beats-solo3-wireless-headphones.html','catalog/product/view/id/3/category/7',0,1,NULL,1,'{\"category_id\":\"7\"}'),(338,'product',3,'listing-layouts/without-sidebar/beats-solo3-wireless-headphones.html','catalog/product/view/id/3/category/9',0,1,NULL,1,'{\"category_id\":\"9\"}'),(339,'product',3,'listing-layouts/left-sidebar/beats-solo3-wireless-headphones.html','catalog/product/view/id/3/category/10',0,1,NULL,1,'{\"category_id\":\"10\"}'),(340,'product',3,'listing-layouts/right-sidebar/beats-solo3-wireless-headphones.html','catalog/product/view/id/3/category/11',0,1,NULL,1,'{\"category_id\":\"11\"}'),(341,'product',3,'listing-layouts/beats-solo3-wireless-headphones.html','catalog/product/view/id/3/category/8',0,1,NULL,1,'{\"category_id\":\"8\"}'),(342,'product',3,'beats-solo3-wireless-headphones.html','catalog/product/view/id/3',0,2,NULL,1,NULL),(343,'product',3,'laptops-accessories/beats-solo3-wireless-headphones.html','catalog/product/view/id/3/category/7',0,2,NULL,1,'{\"category_id\":\"7\"}'),(344,'product',3,'listing-layouts/without-sidebar/beats-solo3-wireless-headphones.html','catalog/product/view/id/3/category/9',0,2,NULL,1,'{\"category_id\":\"9\"}'),(345,'product',3,'listing-layouts/left-sidebar/beats-solo3-wireless-headphones.html','catalog/product/view/id/3/category/10',0,2,NULL,1,'{\"category_id\":\"10\"}'),(346,'product',3,'listing-layouts/right-sidebar/beats-solo3-wireless-headphones.html','catalog/product/view/id/3/category/11',0,2,NULL,1,'{\"category_id\":\"11\"}'),(347,'product',3,'listing-layouts/beats-solo3-wireless-headphones.html','catalog/product/view/id/3/category/8',0,2,NULL,1,'{\"category_id\":\"8\"}'),(348,'product',3,'beats-solo3-wireless-headphones.html','catalog/product/view/id/3',0,3,NULL,1,NULL),(349,'product',3,'laptops-accessories/beats-solo3-wireless-headphones.html','catalog/product/view/id/3/category/7',0,3,NULL,1,'{\"category_id\":\"7\"}'),(350,'product',3,'listing-layouts/without-sidebar/beats-solo3-wireless-headphones.html','catalog/product/view/id/3/category/9',0,3,NULL,1,'{\"category_id\":\"9\"}'),(351,'product',3,'listing-layouts/left-sidebar/beats-solo3-wireless-headphones.html','catalog/product/view/id/3/category/10',0,3,NULL,1,'{\"category_id\":\"10\"}'),(352,'product',3,'listing-layouts/right-sidebar/beats-solo3-wireless-headphones.html','catalog/product/view/id/3/category/11',0,3,NULL,1,'{\"category_id\":\"11\"}'),(353,'product',3,'listing-layouts/beats-solo3-wireless-headphones.html','catalog/product/view/id/3/category/8',0,3,NULL,1,'{\"category_id\":\"8\"}'),(354,'product',4,'black-rouge-lipstick-rose-velvet-245g-burgundy-rose.html','catalog/product/view/id/4',0,1,NULL,1,NULL),(355,'product',4,'fashion-clothing/black-rouge-lipstick-rose-velvet-245g-burgundy-rose.html','catalog/product/view/id/4/category/5',0,1,NULL,1,'{\"category_id\":\"5\"}'),(356,'product',4,'listing-layouts/without-sidebar/black-rouge-lipstick-rose-velvet-245g-burgundy-rose.html','catalog/product/view/id/4/category/9',0,1,NULL,1,'{\"category_id\":\"9\"}'),(357,'product',4,'listing-layouts/left-sidebar/black-rouge-lipstick-rose-velvet-245g-burgundy-rose.html','catalog/product/view/id/4/category/10',0,1,NULL,1,'{\"category_id\":\"10\"}'),(358,'product',4,'listing-layouts/right-sidebar/black-rouge-lipstick-rose-velvet-245g-burgundy-rose.html','catalog/product/view/id/4/category/11',0,1,NULL,1,'{\"category_id\":\"11\"}'),(359,'product',4,'listing-layouts/black-rouge-lipstick-rose-velvet-245g-burgundy-rose.html','catalog/product/view/id/4/category/8',0,1,NULL,1,'{\"category_id\":\"8\"}'),(360,'product',4,'black-rouge-lipstick-rose-velvet-245g-burgundy-rose.html','catalog/product/view/id/4',0,2,NULL,1,NULL),(361,'product',4,'fashion-clothing/black-rouge-lipstick-rose-velvet-245g-burgundy-rose.html','catalog/product/view/id/4/category/5',0,2,NULL,1,'{\"category_id\":\"5\"}'),(362,'product',4,'listing-layouts/without-sidebar/black-rouge-lipstick-rose-velvet-245g-burgundy-rose.html','catalog/product/view/id/4/category/9',0,2,NULL,1,'{\"category_id\":\"9\"}'),(363,'product',4,'listing-layouts/left-sidebar/black-rouge-lipstick-rose-velvet-245g-burgundy-rose.html','catalog/product/view/id/4/category/10',0,2,NULL,1,'{\"category_id\":\"10\"}'),(364,'product',4,'listing-layouts/right-sidebar/black-rouge-lipstick-rose-velvet-245g-burgundy-rose.html','catalog/product/view/id/4/category/11',0,2,NULL,1,'{\"category_id\":\"11\"}'),(365,'product',4,'listing-layouts/black-rouge-lipstick-rose-velvet-245g-burgundy-rose.html','catalog/product/view/id/4/category/8',0,2,NULL,1,'{\"category_id\":\"8\"}'),(366,'product',4,'black-rouge-lipstick-rose-velvet-245g-burgundy-rose.html','catalog/product/view/id/4',0,3,NULL,1,NULL),(367,'product',4,'fashion-clothing/black-rouge-lipstick-rose-velvet-245g-burgundy-rose.html','catalog/product/view/id/4/category/5',0,3,NULL,1,'{\"category_id\":\"5\"}'),(368,'product',4,'listing-layouts/without-sidebar/black-rouge-lipstick-rose-velvet-245g-burgundy-rose.html','catalog/product/view/id/4/category/9',0,3,NULL,1,'{\"category_id\":\"9\"}'),(369,'product',4,'listing-layouts/left-sidebar/black-rouge-lipstick-rose-velvet-245g-burgundy-rose.html','catalog/product/view/id/4/category/10',0,3,NULL,1,'{\"category_id\":\"10\"}'),(370,'product',4,'listing-layouts/right-sidebar/black-rouge-lipstick-rose-velvet-245g-burgundy-rose.html','catalog/product/view/id/4/category/11',0,3,NULL,1,'{\"category_id\":\"11\"}'),(371,'product',4,'listing-layouts/black-rouge-lipstick-rose-velvet-245g-burgundy-rose.html','catalog/product/view/id/4/category/8',0,3,NULL,1,'{\"category_id\":\"8\"}'),(372,'product',5,'canon-eos-1500d-24-1-digital-slr-camera-black.html','catalog/product/view/id/5',0,1,NULL,1,NULL),(373,'product',5,'cameras-photos/canon-eos-1500d-24-1-digital-slr-camera-black.html','catalog/product/view/id/5/category/4',0,1,NULL,1,'{\"category_id\":\"4\"}'),(374,'product',5,'listing-layouts/without-sidebar/canon-eos-1500d-24-1-digital-slr-camera-black.html','catalog/product/view/id/5/category/9',0,1,NULL,1,'{\"category_id\":\"9\"}'),(375,'product',5,'listing-layouts/left-sidebar/canon-eos-1500d-24-1-digital-slr-camera-black.html','catalog/product/view/id/5/category/10',0,1,NULL,1,'{\"category_id\":\"10\"}'),(376,'product',5,'listing-layouts/right-sidebar/canon-eos-1500d-24-1-digital-slr-camera-black.html','catalog/product/view/id/5/category/11',0,1,NULL,1,'{\"category_id\":\"11\"}'),(377,'product',5,'listing-layouts/canon-eos-1500d-24-1-digital-slr-camera-black.html','catalog/product/view/id/5/category/8',0,1,NULL,1,'{\"category_id\":\"8\"}'),(378,'product',5,'canon-eos-1500d-24-1-digital-slr-camera-black.html','catalog/product/view/id/5',0,2,NULL,1,NULL),(379,'product',5,'cameras-photos/canon-eos-1500d-24-1-digital-slr-camera-black.html','catalog/product/view/id/5/category/4',0,2,NULL,1,'{\"category_id\":\"4\"}'),(380,'product',5,'listing-layouts/without-sidebar/canon-eos-1500d-24-1-digital-slr-camera-black.html','catalog/product/view/id/5/category/9',0,2,NULL,1,'{\"category_id\":\"9\"}'),(381,'product',5,'listing-layouts/left-sidebar/canon-eos-1500d-24-1-digital-slr-camera-black.html','catalog/product/view/id/5/category/10',0,2,NULL,1,'{\"category_id\":\"10\"}'),(382,'product',5,'listing-layouts/right-sidebar/canon-eos-1500d-24-1-digital-slr-camera-black.html','catalog/product/view/id/5/category/11',0,2,NULL,1,'{\"category_id\":\"11\"}'),(383,'product',5,'listing-layouts/canon-eos-1500d-24-1-digital-slr-camera-black.html','catalog/product/view/id/5/category/8',0,2,NULL,1,'{\"category_id\":\"8\"}'),(384,'product',5,'canon-eos-1500d-24-1-digital-slr-camera-black.html','catalog/product/view/id/5',0,3,NULL,1,NULL),(385,'product',5,'cameras-photos/canon-eos-1500d-24-1-digital-slr-camera-black.html','catalog/product/view/id/5/category/4',0,3,NULL,1,'{\"category_id\":\"4\"}'),(386,'product',5,'listing-layouts/without-sidebar/canon-eos-1500d-24-1-digital-slr-camera-black.html','catalog/product/view/id/5/category/9',0,3,NULL,1,'{\"category_id\":\"9\"}'),(387,'product',5,'listing-layouts/left-sidebar/canon-eos-1500d-24-1-digital-slr-camera-black.html','catalog/product/view/id/5/category/10',0,3,NULL,1,'{\"category_id\":\"10\"}'),(388,'product',5,'listing-layouts/right-sidebar/canon-eos-1500d-24-1-digital-slr-camera-black.html','catalog/product/view/id/5/category/11',0,3,NULL,1,'{\"category_id\":\"11\"}'),(389,'product',5,'listing-layouts/canon-eos-1500d-24-1-digital-slr-camera-black.html','catalog/product/view/id/5/category/8',0,3,NULL,1,'{\"category_id\":\"8\"}'),(390,'product',6,'dell-xps-15-9550-2021.html','catalog/product/view/id/6',0,1,NULL,1,NULL),(391,'product',6,'laptops-accessories/dell-xps-15-9550-2021.html','catalog/product/view/id/6/category/7',0,1,NULL,1,'{\"category_id\":\"7\"}'),(392,'product',6,'listing-layouts/without-sidebar/dell-xps-15-9550-2021.html','catalog/product/view/id/6/category/9',0,1,NULL,1,'{\"category_id\":\"9\"}'),(393,'product',6,'listing-layouts/left-sidebar/dell-xps-15-9550-2021.html','catalog/product/view/id/6/category/10',0,1,NULL,1,'{\"category_id\":\"10\"}'),(394,'product',6,'listing-layouts/right-sidebar/dell-xps-15-9550-2021.html','catalog/product/view/id/6/category/11',0,1,NULL,1,'{\"category_id\":\"11\"}'),(395,'product',6,'listing-layouts/dell-xps-15-9550-2021.html','catalog/product/view/id/6/category/8',0,1,NULL,1,'{\"category_id\":\"8\"}'),(396,'product',6,'dell-xps-15-9550-2021.html','catalog/product/view/id/6',0,2,NULL,1,NULL),(397,'product',6,'laptops-accessories/dell-xps-15-9550-2021.html','catalog/product/view/id/6/category/7',0,2,NULL,1,'{\"category_id\":\"7\"}'),(398,'product',6,'listing-layouts/without-sidebar/dell-xps-15-9550-2021.html','catalog/product/view/id/6/category/9',0,2,NULL,1,'{\"category_id\":\"9\"}'),(399,'product',6,'listing-layouts/left-sidebar/dell-xps-15-9550-2021.html','catalog/product/view/id/6/category/10',0,2,NULL,1,'{\"category_id\":\"10\"}'),(400,'product',6,'listing-layouts/right-sidebar/dell-xps-15-9550-2021.html','catalog/product/view/id/6/category/11',0,2,NULL,1,'{\"category_id\":\"11\"}'),(401,'product',6,'listing-layouts/dell-xps-15-9550-2021.html','catalog/product/view/id/6/category/8',0,2,NULL,1,'{\"category_id\":\"8\"}'),(402,'product',6,'dell-xps-15-9550-2021.html','catalog/product/view/id/6',0,3,NULL,1,NULL),(403,'product',6,'laptops-accessories/dell-xps-15-9550-2021.html','catalog/product/view/id/6/category/7',0,3,NULL,1,'{\"category_id\":\"7\"}'),(404,'product',6,'listing-layouts/without-sidebar/dell-xps-15-9550-2021.html','catalog/product/view/id/6/category/9',0,3,NULL,1,'{\"category_id\":\"9\"}'),(405,'product',6,'listing-layouts/left-sidebar/dell-xps-15-9550-2021.html','catalog/product/view/id/6/category/10',0,3,NULL,1,'{\"category_id\":\"10\"}'),(406,'product',6,'listing-layouts/right-sidebar/dell-xps-15-9550-2021.html','catalog/product/view/id/6/category/11',0,3,NULL,1,'{\"category_id\":\"11\"}'),(407,'product',6,'listing-layouts/dell-xps-15-9550-2021.html','catalog/product/view/id/6/category/8',0,3,NULL,1,'{\"category_id\":\"8\"}'),(408,'product',8,'gopro-media-mod-do-gopro-hero-9-black.html','catalog/product/view/id/8',0,1,NULL,1,NULL),(409,'product',8,'cameras-photos/gopro-media-mod-do-gopro-hero-9-black.html','catalog/product/view/id/8/category/4',0,1,NULL,1,'{\"category_id\":\"4\"}'),(410,'product',8,'listing-layouts/without-sidebar/gopro-media-mod-do-gopro-hero-9-black.html','catalog/product/view/id/8/category/9',0,1,NULL,1,'{\"category_id\":\"9\"}'),(411,'product',8,'listing-layouts/left-sidebar/gopro-media-mod-do-gopro-hero-9-black.html','catalog/product/view/id/8/category/10',0,1,NULL,1,'{\"category_id\":\"10\"}'),(412,'product',8,'listing-layouts/right-sidebar/gopro-media-mod-do-gopro-hero-9-black.html','catalog/product/view/id/8/category/11',0,1,NULL,1,'{\"category_id\":\"11\"}'),(413,'product',8,'listing-layouts/gopro-media-mod-do-gopro-hero-9-black.html','catalog/product/view/id/8/category/8',0,1,NULL,1,'{\"category_id\":\"8\"}'),(414,'product',8,'gopro-media-mod-do-gopro-hero-9-black.html','catalog/product/view/id/8',0,2,NULL,1,NULL),(415,'product',8,'cameras-photos/gopro-media-mod-do-gopro-hero-9-black.html','catalog/product/view/id/8/category/4',0,2,NULL,1,'{\"category_id\":\"4\"}'),(416,'product',8,'listing-layouts/without-sidebar/gopro-media-mod-do-gopro-hero-9-black.html','catalog/product/view/id/8/category/9',0,2,NULL,1,'{\"category_id\":\"9\"}'),(417,'product',8,'listing-layouts/left-sidebar/gopro-media-mod-do-gopro-hero-9-black.html','catalog/product/view/id/8/category/10',0,2,NULL,1,'{\"category_id\":\"10\"}'),(418,'product',8,'listing-layouts/right-sidebar/gopro-media-mod-do-gopro-hero-9-black.html','catalog/product/view/id/8/category/11',0,2,NULL,1,'{\"category_id\":\"11\"}'),(419,'product',8,'listing-layouts/gopro-media-mod-do-gopro-hero-9-black.html','catalog/product/view/id/8/category/8',0,2,NULL,1,'{\"category_id\":\"8\"}'),(420,'product',8,'gopro-media-mod-do-gopro-hero-9-black.html','catalog/product/view/id/8',0,3,NULL,1,NULL),(421,'product',8,'cameras-photos/gopro-media-mod-do-gopro-hero-9-black.html','catalog/product/view/id/8/category/4',0,3,NULL,1,'{\"category_id\":\"4\"}'),(422,'product',8,'listing-layouts/without-sidebar/gopro-media-mod-do-gopro-hero-9-black.html','catalog/product/view/id/8/category/9',0,3,NULL,1,'{\"category_id\":\"9\"}'),(423,'product',8,'listing-layouts/left-sidebar/gopro-media-mod-do-gopro-hero-9-black.html','catalog/product/view/id/8/category/10',0,3,NULL,1,'{\"category_id\":\"10\"}'),(424,'product',8,'listing-layouts/right-sidebar/gopro-media-mod-do-gopro-hero-9-black.html','catalog/product/view/id/8/category/11',0,3,NULL,1,'{\"category_id\":\"11\"}'),(425,'product',8,'listing-layouts/gopro-media-mod-do-gopro-hero-9-black.html','catalog/product/view/id/8/category/8',0,3,NULL,1,'{\"category_id\":\"8\"}'),(426,'product',10,'ipad-pro-2021.html','catalog/product/view/id/10',0,1,NULL,1,NULL),(427,'product',10,'smartphone/ipad-pro-2021.html','catalog/product/view/id/10/category/3',0,1,NULL,1,'{\"category_id\":\"3\"}'),(428,'product',10,'listing-layouts/without-sidebar/ipad-pro-2021.html','catalog/product/view/id/10/category/9',0,1,NULL,1,'{\"category_id\":\"9\"}'),(429,'product',10,'listing-layouts/left-sidebar/ipad-pro-2021.html','catalog/product/view/id/10/category/10',0,1,NULL,1,'{\"category_id\":\"10\"}'),(430,'product',10,'listing-layouts/right-sidebar/ipad-pro-2021.html','catalog/product/view/id/10/category/11',0,1,NULL,1,'{\"category_id\":\"11\"}'),(431,'product',10,'listing-layouts/ipad-pro-2021.html','catalog/product/view/id/10/category/8',0,1,NULL,1,'{\"category_id\":\"8\"}'),(432,'product',10,'ipad-pro-2021.html','catalog/product/view/id/10',0,2,NULL,1,NULL),(433,'product',10,'smartphone/ipad-pro-2021.html','catalog/product/view/id/10/category/3',0,2,NULL,1,'{\"category_id\":\"3\"}'),(434,'product',10,'listing-layouts/without-sidebar/ipad-pro-2021.html','catalog/product/view/id/10/category/9',0,2,NULL,1,'{\"category_id\":\"9\"}'),(435,'product',10,'listing-layouts/left-sidebar/ipad-pro-2021.html','catalog/product/view/id/10/category/10',0,2,NULL,1,'{\"category_id\":\"10\"}'),(436,'product',10,'listing-layouts/right-sidebar/ipad-pro-2021.html','catalog/product/view/id/10/category/11',0,2,NULL,1,'{\"category_id\":\"11\"}'),(437,'product',10,'listing-layouts/ipad-pro-2021.html','catalog/product/view/id/10/category/8',0,2,NULL,1,'{\"category_id\":\"8\"}'),(438,'product',10,'ipad-pro-2021.html','catalog/product/view/id/10',0,3,NULL,1,NULL),(439,'product',10,'smartphone/ipad-pro-2021.html','catalog/product/view/id/10/category/3',0,3,NULL,1,'{\"category_id\":\"3\"}'),(440,'product',10,'listing-layouts/without-sidebar/ipad-pro-2021.html','catalog/product/view/id/10/category/9',0,3,NULL,1,'{\"category_id\":\"9\"}'),(441,'product',10,'listing-layouts/left-sidebar/ipad-pro-2021.html','catalog/product/view/id/10/category/10',0,3,NULL,1,'{\"category_id\":\"10\"}'),(442,'product',10,'listing-layouts/right-sidebar/ipad-pro-2021.html','catalog/product/view/id/10/category/11',0,3,NULL,1,'{\"category_id\":\"11\"}'),(443,'product',10,'listing-layouts/ipad-pro-2021.html','catalog/product/view/id/10/category/8',0,3,NULL,1,'{\"category_id\":\"8\"}'),(444,'product',16,'multicolor-shoulder-bag.html','catalog/product/view/id/16',0,1,NULL,1,NULL),(445,'product',16,'fashion-clothing/multicolor-shoulder-bag.html','catalog/product/view/id/16/category/5',0,1,NULL,1,'{\"category_id\":\"5\"}'),(446,'product',16,'listing-layouts/without-sidebar/multicolor-shoulder-bag.html','catalog/product/view/id/16/category/9',0,1,NULL,1,'{\"category_id\":\"9\"}'),(447,'product',16,'listing-layouts/left-sidebar/multicolor-shoulder-bag.html','catalog/product/view/id/16/category/10',0,1,NULL,1,'{\"category_id\":\"10\"}'),(448,'product',16,'listing-layouts/right-sidebar/multicolor-shoulder-bag.html','catalog/product/view/id/16/category/11',0,1,NULL,1,'{\"category_id\":\"11\"}'),(449,'product',16,'listing-layouts/multicolor-shoulder-bag.html','catalog/product/view/id/16/category/8',0,1,NULL,1,'{\"category_id\":\"8\"}'),(450,'product',16,'multicolor-shoulder-bag.html','catalog/product/view/id/16',0,2,NULL,1,NULL),(451,'product',16,'fashion-clothing/multicolor-shoulder-bag.html','catalog/product/view/id/16/category/5',0,2,NULL,1,'{\"category_id\":\"5\"}'),(452,'product',16,'listing-layouts/without-sidebar/multicolor-shoulder-bag.html','catalog/product/view/id/16/category/9',0,2,NULL,1,'{\"category_id\":\"9\"}'),(453,'product',16,'listing-layouts/left-sidebar/multicolor-shoulder-bag.html','catalog/product/view/id/16/category/10',0,2,NULL,1,'{\"category_id\":\"10\"}'),(454,'product',16,'listing-layouts/right-sidebar/multicolor-shoulder-bag.html','catalog/product/view/id/16/category/11',0,2,NULL,1,'{\"category_id\":\"11\"}'),(455,'product',16,'listing-layouts/multicolor-shoulder-bag.html','catalog/product/view/id/16/category/8',0,2,NULL,1,'{\"category_id\":\"8\"}'),(456,'product',16,'multicolor-shoulder-bag.html','catalog/product/view/id/16',0,3,NULL,1,NULL),(457,'product',16,'fashion-clothing/multicolor-shoulder-bag.html','catalog/product/view/id/16/category/5',0,3,NULL,1,'{\"category_id\":\"5\"}'),(458,'product',16,'listing-layouts/without-sidebar/multicolor-shoulder-bag.html','catalog/product/view/id/16/category/9',0,3,NULL,1,'{\"category_id\":\"9\"}'),(459,'product',16,'listing-layouts/left-sidebar/multicolor-shoulder-bag.html','catalog/product/view/id/16/category/10',0,3,NULL,1,'{\"category_id\":\"10\"}'),(460,'product',16,'listing-layouts/right-sidebar/multicolor-shoulder-bag.html','catalog/product/view/id/16/category/11',0,3,NULL,1,'{\"category_id\":\"11\"}'),(461,'product',16,'listing-layouts/multicolor-shoulder-bag.html','catalog/product/view/id/16/category/8',0,3,NULL,1,'{\"category_id\":\"8\"}'),(462,'category',12,'laptops-accessories/laptop-gaming.html','catalog/category/view/id/12',0,1,NULL,1,NULL),(463,'category',12,'laptops-accessories/laptop-gaming.html','catalog/category/view/id/12',0,2,NULL,1,NULL),(464,'category',12,'laptops-accessories/laptop-gaming.html','catalog/category/view/id/12',0,3,NULL,1,NULL),(465,'category',13,'laptops-accessories/laptop-workstation.html','catalog/category/view/id/13',0,1,NULL,1,NULL),(466,'category',13,'laptops-accessories/laptop-workstation.html','catalog/category/view/id/13',0,2,NULL,1,NULL),(467,'category',13,'laptops-accessories/laptop-workstation.html','catalog/category/view/id/13',0,3,NULL,1,NULL),(468,'category',14,'laptops-accessories/laptop-build-configuration.html','catalog/category/view/id/14',0,1,NULL,1,NULL),(469,'category',14,'laptops-accessories/laptop-build-configuration.html','catalog/category/view/id/14',0,2,NULL,1,NULL),(470,'category',14,'laptops-accessories/laptop-build-configuration.html','catalog/category/view/id/14',0,3,NULL,1,NULL),(471,'category',15,'laptops-accessories/accessories-for-laptop.html','catalog/category/view/id/15',0,1,NULL,1,NULL),(472,'category',15,'laptops-accessories/accessories-for-laptop.html','catalog/category/view/id/15',0,2,NULL,1,NULL),(473,'category',15,'laptops-accessories/accessories-for-laptop.html','catalog/category/view/id/15',0,3,NULL,1,NULL),(474,'category',16,'laptops-accessories/laptop-gaming/msi-gs75-stealth.html','catalog/category/view/id/16',0,1,NULL,1,NULL),(475,'category',16,'laptops-accessories/laptop-gaming/msi-gs75-stealth.html','catalog/category/view/id/16',0,2,NULL,1,NULL),(476,'category',16,'laptops-accessories/laptop-gaming/msi-gs75-stealth.html','catalog/category/view/id/16',0,3,NULL,1,NULL),(477,'category',17,'laptops-accessories/laptop-gaming/razer-blade.html','catalog/category/view/id/17',0,1,NULL,1,NULL),(478,'category',17,'laptops-accessories/laptop-gaming/razer-blade.html','catalog/category/view/id/17',0,2,NULL,1,NULL),(479,'category',17,'laptops-accessories/laptop-gaming/razer-blade.html','catalog/category/view/id/17',0,3,NULL,1,NULL),(480,'category',18,'laptops-accessories/laptop-gaming/alienware-area-51m.html','catalog/category/view/id/18',0,1,NULL,1,NULL),(481,'category',18,'laptops-accessories/laptop-gaming/alienware-area-51m.html','catalog/category/view/id/18',0,2,NULL,1,NULL),(482,'category',18,'laptops-accessories/laptop-gaming/alienware-area-51m.html','catalog/category/view/id/18',0,3,NULL,1,NULL),(483,'category',19,'laptops-accessories/laptop-gaming/acer-predator-triton-500.html','catalog/category/view/id/19',0,1,NULL,1,NULL),(484,'category',19,'laptops-accessories/laptop-gaming/acer-predator-triton-500.html','catalog/category/view/id/19',0,2,NULL,1,NULL),(485,'category',19,'laptops-accessories/laptop-gaming/acer-predator-triton-500.html','catalog/category/view/id/19',0,3,NULL,1,NULL),(486,'category',20,'laptops-accessories/laptop-gaming/dell-g3-gaming-laptop.html','catalog/category/view/id/20',0,1,NULL,1,NULL),(487,'category',20,'laptops-accessories/laptop-gaming/dell-g3-gaming-laptop.html','catalog/category/view/id/20',0,2,NULL,1,NULL),(488,'category',20,'laptops-accessories/laptop-gaming/dell-g3-gaming-laptop.html','catalog/category/view/id/20',0,3,NULL,1,NULL),(489,'category',21,'laptops-accessories/laptop-workstation/aesthedes.html','catalog/category/view/id/21',0,1,NULL,1,NULL),(490,'category',21,'laptops-accessories/laptop-workstation/aesthedes.html','catalog/category/view/id/21',0,2,NULL,1,NULL),(491,'category',21,'laptops-accessories/laptop-workstation/aesthedes.html','catalog/category/view/id/21',0,3,NULL,1,NULL),(492,'category',22,'laptops-accessories/laptop-workstation/quantel-paintbox.html','catalog/category/view/id/22',0,1,NULL,1,NULL),(493,'category',22,'laptops-accessories/laptop-workstation/quantel-paintbox.html','catalog/category/view/id/22',0,2,NULL,1,NULL),(494,'category',22,'laptops-accessories/laptop-workstation/quantel-paintbox.html','catalog/category/view/id/22',0,3,NULL,1,NULL),(495,'category',23,'laptops-accessories/laptop-workstation/lisp-machine.html','catalog/category/view/id/23',0,1,NULL,1,NULL),(496,'category',23,'laptops-accessories/laptop-workstation/lisp-machine.html','catalog/category/view/id/23',0,2,NULL,1,NULL),(497,'category',23,'laptops-accessories/laptop-workstation/lisp-machine.html','catalog/category/view/id/23',0,3,NULL,1,NULL),(498,'category',24,'laptops-accessories/laptop-workstation/dell-precision.html','catalog/category/view/id/24',0,1,NULL,1,NULL),(499,'category',24,'laptops-accessories/laptop-workstation/dell-precision.html','catalog/category/view/id/24',0,2,NULL,1,NULL),(500,'category',24,'laptops-accessories/laptop-workstation/dell-precision.html','catalog/category/view/id/24',0,3,NULL,1,NULL),(501,'category',25,'laptops-accessories/laptop-workstation/thinkstation.html','catalog/category/view/id/25',0,1,NULL,1,NULL),(502,'category',25,'laptops-accessories/laptop-workstation/thinkstation.html','catalog/category/view/id/25',0,2,NULL,1,NULL),(503,'category',25,'laptops-accessories/laptop-workstation/thinkstation.html','catalog/category/view/id/25',0,3,NULL,1,NULL),(504,'category',26,'laptops-accessories/laptop-build-configuration/ram.html','catalog/category/view/id/26',0,1,NULL,1,NULL),(505,'category',26,'laptops-accessories/laptop-build-configuration/ram.html','catalog/category/view/id/26',0,2,NULL,1,NULL),(506,'category',26,'laptops-accessories/laptop-build-configuration/ram.html','catalog/category/view/id/26',0,3,NULL,1,NULL),(507,'category',27,'laptops-accessories/laptop-build-configuration/ssd.html','catalog/category/view/id/27',0,1,NULL,1,NULL),(508,'category',27,'laptops-accessories/laptop-build-configuration/ssd.html','catalog/category/view/id/27',0,2,NULL,1,NULL),(509,'category',27,'laptops-accessories/laptop-build-configuration/ssd.html','catalog/category/view/id/27',0,3,NULL,1,NULL),(510,'category',28,'laptops-accessories/laptop-build-configuration/vga.html','catalog/category/view/id/28',0,1,NULL,1,NULL),(511,'category',28,'laptops-accessories/laptop-build-configuration/vga.html','catalog/category/view/id/28',0,2,NULL,1,NULL),(512,'category',28,'laptops-accessories/laptop-build-configuration/vga.html','catalog/category/view/id/28',0,3,NULL,1,NULL),(513,'category',29,'laptops-accessories/laptop-build-configuration/cpu.html','catalog/category/view/id/29',0,1,NULL,1,NULL),(514,'category',29,'laptops-accessories/laptop-build-configuration/cpu.html','catalog/category/view/id/29',0,2,NULL,1,NULL),(515,'category',29,'laptops-accessories/laptop-build-configuration/cpu.html','catalog/category/view/id/29',0,3,NULL,1,NULL),(516,'category',30,'laptops-accessories/laptop-build-configuration/monitor.html','catalog/category/view/id/30',0,1,NULL,1,NULL),(517,'category',30,'laptops-accessories/laptop-build-configuration/monitor.html','catalog/category/view/id/30',0,2,NULL,1,NULL),(518,'category',30,'laptops-accessories/laptop-build-configuration/monitor.html','catalog/category/view/id/30',0,3,NULL,1,NULL),(519,'category',31,'laptops-accessories/accessories-for-laptop/keyboard.html','catalog/category/view/id/31',0,1,NULL,1,NULL),(520,'category',31,'laptops-accessories/accessories-for-laptop/keyboard.html','catalog/category/view/id/31',0,2,NULL,1,NULL),(521,'category',31,'laptops-accessories/accessories-for-laptop/keyboard.html','catalog/category/view/id/31',0,3,NULL,1,NULL),(522,'category',32,'laptops-accessories/accessories-for-laptop/mouse.html','catalog/category/view/id/32',0,1,NULL,1,NULL),(523,'category',32,'laptops-accessories/accessories-for-laptop/mouse.html','catalog/category/view/id/32',0,2,NULL,1,NULL),(524,'category',32,'laptops-accessories/accessories-for-laptop/mouse.html','catalog/category/view/id/32',0,3,NULL,1,NULL),(525,'category',33,'laptops-accessories/accessories-for-laptop/adapter.html','catalog/category/view/id/33',0,1,NULL,1,NULL),(526,'category',33,'laptops-accessories/accessories-for-laptop/adapter.html','catalog/category/view/id/33',0,2,NULL,1,NULL),(527,'category',33,'laptops-accessories/accessories-for-laptop/adapter.html','catalog/category/view/id/33',0,3,NULL,1,NULL),(528,'category',34,'laptops-accessories/accessories-for-laptop/touch-pad.html','catalog/category/view/id/34',0,1,NULL,1,NULL),(529,'category',34,'laptops-accessories/accessories-for-laptop/touch-pad.html','catalog/category/view/id/34',0,2,NULL,1,NULL),(530,'category',34,'laptops-accessories/accessories-for-laptop/touch-pad.html','catalog/category/view/id/34',0,3,NULL,1,NULL),(531,'category',35,'laptops-accessories/accessories-for-laptop/laptop-bags.html','catalog/category/view/id/35',0,1,NULL,1,NULL),(532,'category',35,'laptops-accessories/accessories-for-laptop/laptop-bags.html','catalog/category/view/id/35',0,2,NULL,1,NULL),(533,'category',35,'laptops-accessories/accessories-for-laptop/laptop-bags.html','catalog/category/view/id/35',0,3,NULL,1,NULL),(534,'category',36,'fashion-clothing/men-collections.html','catalog/category/view/id/36',0,1,NULL,1,NULL),(535,'category',36,'fashion-clothing/men-collections.html','catalog/category/view/id/36',0,2,NULL,1,NULL),(536,'category',36,'fashion-clothing/men-collections.html','catalog/category/view/id/36',0,3,NULL,1,NULL),(537,'category',37,'fashion-clothing/women-collections.html','catalog/category/view/id/37',0,1,NULL,1,NULL),(538,'category',37,'fashion-clothing/women-collections.html','catalog/category/view/id/37',0,2,NULL,1,NULL),(539,'category',37,'fashion-clothing/women-collections.html','catalog/category/view/id/37',0,3,NULL,1,NULL),(540,'category',38,'fashion-clothing/accessories.html','catalog/category/view/id/38',0,1,NULL,1,NULL),(541,'category',38,'fashion-clothing/accessories.html','catalog/category/view/id/38',0,2,NULL,1,NULL),(542,'category',38,'fashion-clothing/accessories.html','catalog/category/view/id/38',0,3,NULL,1,NULL),(543,'category',39,'fashion-clothing/women-collections/dresses.html','catalog/category/view/id/39',0,1,NULL,1,NULL),(544,'category',39,'fashion-clothing/women-collections/dresses.html','catalog/category/view/id/39',0,2,NULL,1,NULL),(545,'category',39,'fashion-clothing/women-collections/dresses.html','catalog/category/view/id/39',0,3,NULL,1,NULL),(546,'category',40,'fashion-clothing/women-collections/jeans.html','catalog/category/view/id/40',0,1,NULL,1,NULL),(547,'category',40,'fashion-clothing/women-collections/jeans.html','catalog/category/view/id/40',0,2,NULL,1,NULL),(548,'category',40,'fashion-clothing/women-collections/jeans.html','catalog/category/view/id/40',0,3,NULL,1,NULL),(549,'category',41,'fashion-clothing/women-collections/outerwear.html','catalog/category/view/id/41',0,1,NULL,1,NULL),(550,'category',41,'fashion-clothing/women-collections/outerwear.html','catalog/category/view/id/41',0,2,NULL,1,NULL),(551,'category',41,'fashion-clothing/women-collections/outerwear.html','catalog/category/view/id/41',0,3,NULL,1,NULL),(552,'category',42,'fashion-clothing/women-collections/knit-tops.html','catalog/category/view/id/42',0,1,NULL,1,NULL),(553,'category',42,'fashion-clothing/women-collections/knit-tops.html','catalog/category/view/id/42',0,2,NULL,1,NULL),(554,'category',42,'fashion-clothing/women-collections/knit-tops.html','catalog/category/view/id/42',0,3,NULL,1,NULL),(555,'category',43,'fashion-clothing/women-collections/activewear.html','catalog/category/view/id/43',0,1,NULL,1,NULL),(556,'category',43,'fashion-clothing/women-collections/activewear.html','catalog/category/view/id/43',0,2,NULL,1,NULL),(557,'category',43,'fashion-clothing/women-collections/activewear.html','catalog/category/view/id/43',0,3,NULL,1,NULL),(558,'category',44,'fashion-clothing/men-collections/t-shirts.html','catalog/category/view/id/44',0,1,NULL,1,NULL),(559,'category',44,'fashion-clothing/men-collections/t-shirts.html','catalog/category/view/id/44',0,2,NULL,1,NULL),(560,'category',44,'fashion-clothing/men-collections/t-shirts.html','catalog/category/view/id/44',0,3,NULL,1,NULL),(561,'category',45,'fashion-clothing/men-collections/jeans.html','catalog/category/view/id/45',0,1,NULL,1,NULL),(562,'category',45,'fashion-clothing/men-collections/jeans.html','catalog/category/view/id/45',0,2,NULL,1,NULL),(563,'category',45,'fashion-clothing/men-collections/jeans.html','catalog/category/view/id/45',0,3,NULL,1,NULL),(564,'category',46,'fashion-clothing/men-collections/suits.html','catalog/category/view/id/46',0,1,NULL,1,NULL),(565,'category',46,'fashion-clothing/men-collections/suits.html','catalog/category/view/id/46',0,2,NULL,1,NULL),(566,'category',46,'fashion-clothing/men-collections/suits.html','catalog/category/view/id/46',0,3,NULL,1,NULL),(567,'category',47,'fashion-clothing/men-collections/shorts.html','catalog/category/view/id/47',0,1,NULL,1,NULL),(568,'category',47,'fashion-clothing/men-collections/shorts.html','catalog/category/view/id/47',0,2,NULL,1,NULL),(569,'category',47,'fashion-clothing/men-collections/shorts.html','catalog/category/view/id/47',0,3,NULL,1,NULL),(570,'category',48,'fashion-clothing/men-collections/beachwear.html','catalog/category/view/id/48',0,1,NULL,1,NULL),(571,'category',48,'fashion-clothing/men-collections/beachwear.html','catalog/category/view/id/48',0,2,NULL,1,NULL),(572,'category',48,'fashion-clothing/men-collections/beachwear.html','catalog/category/view/id/48',0,3,NULL,1,NULL),(573,'category',49,'fashion-clothing/accessories/shoes.html','catalog/category/view/id/49',0,1,NULL,1,NULL),(574,'category',49,'fashion-clothing/accessories/shoes.html','catalog/category/view/id/49',0,2,NULL,1,NULL),(575,'category',49,'fashion-clothing/accessories/shoes.html','catalog/category/view/id/49',0,3,NULL,1,NULL),(576,'category',50,'fashion-clothing/accessories/bags.html','catalog/category/view/id/50',0,1,NULL,1,NULL),(577,'category',50,'fashion-clothing/accessories/bags.html','catalog/category/view/id/50',0,2,NULL,1,NULL),(578,'category',50,'fashion-clothing/accessories/bags.html','catalog/category/view/id/50',0,3,NULL,1,NULL),(579,'category',51,'fashion-clothing/accessories/hats.html','catalog/category/view/id/51',0,1,NULL,1,NULL),(580,'category',51,'fashion-clothing/accessories/hats.html','catalog/category/view/id/51',0,2,NULL,1,NULL),(581,'category',51,'fashion-clothing/accessories/hats.html','catalog/category/view/id/51',0,3,NULL,1,NULL),(582,'category',52,'fashion-clothing/accessories/jewellery.html','catalog/category/view/id/52',0,1,NULL,1,NULL),(583,'category',52,'fashion-clothing/accessories/jewellery.html','catalog/category/view/id/52',0,2,NULL,1,NULL),(584,'category',52,'fashion-clothing/accessories/jewellery.html','catalog/category/view/id/52',0,3,NULL,1,NULL),(585,'category',53,'fashion-clothing/accessories/leather.html','catalog/category/view/id/53',0,1,NULL,1,NULL),(586,'category',53,'fashion-clothing/accessories/leather.html','catalog/category/view/id/53',0,2,NULL,1,NULL),(587,'category',53,'fashion-clothing/accessories/leather.html','catalog/category/view/id/53',0,3,NULL,1,NULL),(588,'category',54,'smartphone/samsung.html','catalog/category/view/id/54',0,1,NULL,1,NULL),(589,'category',54,'smartphone/samsung.html','catalog/category/view/id/54',0,2,NULL,1,NULL),(590,'category',54,'smartphone/samsung.html','catalog/category/view/id/54',0,3,NULL,1,NULL),(591,'category',55,'smartphone/iphone.html','catalog/category/view/id/55',0,1,NULL,1,NULL),(592,'category',55,'smartphone/iphone.html','catalog/category/view/id/55',0,2,NULL,1,NULL),(593,'category',55,'smartphone/iphone.html','catalog/category/view/id/55',0,3,NULL,1,NULL),(594,'category',56,'smartphone/android-mobile.html','catalog/category/view/id/56',0,1,NULL,1,NULL),(595,'category',56,'smartphone/android-mobile.html','catalog/category/view/id/56',0,2,NULL,1,NULL),(596,'category',56,'smartphone/android-mobile.html','catalog/category/view/id/56',0,3,NULL,1,NULL),(606,'product',11,'iphone-12-product-red.html','catalog/product/view/id/11',0,1,NULL,1,NULL),(607,'product',11,'smartphone/iphone-12-product-red.html','catalog/product/view/id/11/category/3',0,1,NULL,1,'{\"category_id\":\"3\"}'),(608,'product',11,'smartphone/iphone/iphone-12-product-red.html','catalog/product/view/id/11/category/55',0,1,NULL,1,'{\"category_id\":\"55\"}'),(609,'product',11,'iphone-12-product-red.html','catalog/product/view/id/11',0,2,NULL,1,NULL),(610,'product',11,'smartphone/iphone-12-product-red.html','catalog/product/view/id/11/category/3',0,2,NULL,1,'{\"category_id\":\"3\"}'),(611,'product',11,'smartphone/iphone/iphone-12-product-red.html','catalog/product/view/id/11/category/55',0,2,NULL,1,'{\"category_id\":\"55\"}'),(612,'product',11,'iphone-12-product-red.html','catalog/product/view/id/11',0,3,NULL,1,NULL),(613,'product',11,'smartphone/iphone-12-product-red.html','catalog/product/view/id/11/category/3',0,3,NULL,1,'{\"category_id\":\"3\"}'),(614,'product',11,'smartphone/iphone/iphone-12-product-red.html','catalog/product/view/id/11/category/55',0,3,NULL,1,'{\"category_id\":\"55\"}'),(633,'product',38,'apple-iphone-x-512gb-white.html','catalog/product/view/id/38',0,1,NULL,1,NULL),(634,'product',38,'smartphone/apple-iphone-x-512gb-white.html','catalog/product/view/id/38/category/3',0,1,NULL,1,'{\"category_id\":\"3\"}'),(635,'product',38,'smartphone/iphone/apple-iphone-x-512gb-white.html','catalog/product/view/id/38/category/55',0,1,NULL,1,'{\"category_id\":\"55\"}'),(636,'product',38,'apple-iphone-x-512gb-white.html','catalog/product/view/id/38',0,2,NULL,1,NULL),(637,'product',38,'smartphone/apple-iphone-x-512gb-white.html','catalog/product/view/id/38/category/3',0,2,NULL,1,'{\"category_id\":\"3\"}'),(638,'product',38,'smartphone/iphone/apple-iphone-x-512gb-white.html','catalog/product/view/id/38/category/55',0,2,NULL,1,'{\"category_id\":\"55\"}'),(639,'product',38,'apple-iphone-x-512gb-white.html','catalog/product/view/id/38',0,3,NULL,1,NULL),(640,'product',38,'smartphone/apple-iphone-x-512gb-white.html','catalog/product/view/id/38/category/3',0,3,NULL,1,'{\"category_id\":\"3\"}'),(641,'product',38,'smartphone/iphone/apple-iphone-x-512gb-white.html','catalog/product/view/id/38/category/55',0,3,NULL,1,'{\"category_id\":\"55\"}'),(645,'product',42,'config-product.html','catalog/product/view/id/42',0,1,NULL,1,NULL),(646,'product',42,'smartphone/config-product.html','catalog/product/view/id/42/category/3',0,1,NULL,1,'{\"category_id\":\"3\"}'),(647,'product',42,'config-product.html','catalog/product/view/id/42',0,2,NULL,1,NULL),(648,'product',42,'smartphone/config-product.html','catalog/product/view/id/42/category/3',0,2,NULL,1,'{\"category_id\":\"3\"}'),(649,'product',42,'config-product.html','catalog/product/view/id/42',0,3,NULL,1,NULL),(650,'product',42,'smartphone/config-product.html','catalog/product/view/id/42/category/3',0,3,NULL,1,'{\"category_id\":\"3\"}'),(684,'product',40,'config-product-red.html','catalog/product/view/id/40',0,1,NULL,1,NULL),(685,'product',40,'smartphone/config-product-red.html','catalog/product/view/id/40/category/3',0,1,NULL,1,'{\"category_id\":\"3\"}'),(686,'product',40,'listing-layouts/without-sidebar/config-product-red.html','catalog/product/view/id/40/category/9',0,1,NULL,1,'{\"category_id\":\"9\"}'),(687,'product',40,'listing-layouts/left-sidebar/config-product-red.html','catalog/product/view/id/40/category/10',0,1,NULL,1,'{\"category_id\":\"10\"}'),(688,'product',40,'listing-layouts/right-sidebar/config-product-red.html','catalog/product/view/id/40/category/11',0,1,NULL,1,'{\"category_id\":\"11\"}'),(689,'product',40,'listing-layouts/config-product-red.html','catalog/product/view/id/40/category/8',0,1,NULL,1,'{\"category_id\":\"8\"}'),(690,'product',40,'config-product-red.html','catalog/product/view/id/40',0,2,NULL,1,NULL),(691,'product',40,'smartphone/config-product-red.html','catalog/product/view/id/40/category/3',0,2,NULL,1,'{\"category_id\":\"3\"}'),(692,'product',40,'listing-layouts/without-sidebar/config-product-red.html','catalog/product/view/id/40/category/9',0,2,NULL,1,'{\"category_id\":\"9\"}'),(693,'product',40,'listing-layouts/left-sidebar/config-product-red.html','catalog/product/view/id/40/category/10',0,2,NULL,1,'{\"category_id\":\"10\"}'),(694,'product',40,'listing-layouts/right-sidebar/config-product-red.html','catalog/product/view/id/40/category/11',0,2,NULL,1,'{\"category_id\":\"11\"}'),(695,'product',40,'listing-layouts/config-product-red.html','catalog/product/view/id/40/category/8',0,2,NULL,1,'{\"category_id\":\"8\"}'),(696,'product',40,'config-product-red.html','catalog/product/view/id/40',0,3,NULL,1,NULL),(697,'product',40,'smartphone/config-product-red.html','catalog/product/view/id/40/category/3',0,3,NULL,1,'{\"category_id\":\"3\"}'),(698,'product',40,'listing-layouts/without-sidebar/config-product-red.html','catalog/product/view/id/40/category/9',0,3,NULL,1,'{\"category_id\":\"9\"}'),(699,'product',40,'listing-layouts/left-sidebar/config-product-red.html','catalog/product/view/id/40/category/10',0,3,NULL,1,'{\"category_id\":\"10\"}'),(700,'product',40,'listing-layouts/right-sidebar/config-product-red.html','catalog/product/view/id/40/category/11',0,3,NULL,1,'{\"category_id\":\"11\"}'),(701,'product',40,'listing-layouts/config-product-red.html','catalog/product/view/id/40/category/8',0,3,NULL,1,'{\"category_id\":\"8\"}'),(702,'product',39,'config-product-white.html','catalog/product/view/id/39',0,1,NULL,1,NULL),(703,'product',39,'smartphone/config-product-white.html','catalog/product/view/id/39/category/3',0,1,NULL,1,'{\"category_id\":\"3\"}'),(704,'product',39,'listing-layouts/without-sidebar/config-product-white.html','catalog/product/view/id/39/category/9',0,1,NULL,1,'{\"category_id\":\"9\"}'),(705,'product',39,'listing-layouts/left-sidebar/config-product-white.html','catalog/product/view/id/39/category/10',0,1,NULL,1,'{\"category_id\":\"10\"}'),(706,'product',39,'listing-layouts/right-sidebar/config-product-white.html','catalog/product/view/id/39/category/11',0,1,NULL,1,'{\"category_id\":\"11\"}'),(707,'product',39,'listing-layouts/config-product-white.html','catalog/product/view/id/39/category/8',0,1,NULL,1,'{\"category_id\":\"8\"}'),(708,'product',39,'config-product-white.html','catalog/product/view/id/39',0,2,NULL,1,NULL),(709,'product',39,'smartphone/config-product-white.html','catalog/product/view/id/39/category/3',0,2,NULL,1,'{\"category_id\":\"3\"}'),(710,'product',39,'listing-layouts/without-sidebar/config-product-white.html','catalog/product/view/id/39/category/9',0,2,NULL,1,'{\"category_id\":\"9\"}'),(711,'product',39,'listing-layouts/left-sidebar/config-product-white.html','catalog/product/view/id/39/category/10',0,2,NULL,1,'{\"category_id\":\"10\"}'),(712,'product',39,'listing-layouts/right-sidebar/config-product-white.html','catalog/product/view/id/39/category/11',0,2,NULL,1,'{\"category_id\":\"11\"}'),(713,'product',39,'listing-layouts/config-product-white.html','catalog/product/view/id/39/category/8',0,2,NULL,1,'{\"category_id\":\"8\"}'),(714,'product',39,'config-product-white.html','catalog/product/view/id/39',0,3,NULL,1,NULL),(715,'product',39,'smartphone/config-product-white.html','catalog/product/view/id/39/category/3',0,3,NULL,1,'{\"category_id\":\"3\"}'),(716,'product',39,'listing-layouts/without-sidebar/config-product-white.html','catalog/product/view/id/39/category/9',0,3,NULL,1,'{\"category_id\":\"9\"}'),(717,'product',39,'listing-layouts/left-sidebar/config-product-white.html','catalog/product/view/id/39/category/10',0,3,NULL,1,'{\"category_id\":\"10\"}'),(718,'product',39,'listing-layouts/right-sidebar/config-product-white.html','catalog/product/view/id/39/category/11',0,3,NULL,1,'{\"category_id\":\"11\"}'),(719,'product',39,'listing-layouts/config-product-white.html','catalog/product/view/id/39/category/8',0,3,NULL,1,'{\"category_id\":\"8\"}'),(720,'product',41,'config-product-black.html','catalog/product/view/id/41',0,1,NULL,1,NULL),(721,'product',41,'smartphone/config-product-black.html','catalog/product/view/id/41/category/3',0,1,NULL,1,'{\"category_id\":\"3\"}'),(722,'product',41,'listing-layouts/left-sidebar/config-product-black.html','catalog/product/view/id/41/category/10',0,1,NULL,1,'{\"category_id\":\"10\"}'),(723,'product',41,'listing-layouts/right-sidebar/config-product-black.html','catalog/product/view/id/41/category/11',0,1,NULL,1,'{\"category_id\":\"11\"}'),(724,'product',41,'listing-layouts/without-sidebar/config-product-black.html','catalog/product/view/id/41/category/9',0,1,NULL,1,'{\"category_id\":\"9\"}'),(725,'product',41,'listing-layouts/config-product-black.html','catalog/product/view/id/41/category/8',0,1,NULL,1,'{\"category_id\":\"8\"}'),(726,'product',41,'config-product-black.html','catalog/product/view/id/41',0,2,NULL,1,NULL),(727,'product',41,'smartphone/config-product-black.html','catalog/product/view/id/41/category/3',0,2,NULL,1,'{\"category_id\":\"3\"}'),(728,'product',41,'listing-layouts/left-sidebar/config-product-black.html','catalog/product/view/id/41/category/10',0,2,NULL,1,'{\"category_id\":\"10\"}'),(729,'product',41,'listing-layouts/right-sidebar/config-product-black.html','catalog/product/view/id/41/category/11',0,2,NULL,1,'{\"category_id\":\"11\"}'),(730,'product',41,'listing-layouts/without-sidebar/config-product-black.html','catalog/product/view/id/41/category/9',0,2,NULL,1,'{\"category_id\":\"9\"}'),(731,'product',41,'listing-layouts/config-product-black.html','catalog/product/view/id/41/category/8',0,2,NULL,1,'{\"category_id\":\"8\"}'),(732,'product',41,'config-product-black.html','catalog/product/view/id/41',0,3,NULL,1,NULL),(733,'product',41,'smartphone/config-product-black.html','catalog/product/view/id/41/category/3',0,3,NULL,1,'{\"category_id\":\"3\"}'),(734,'product',41,'listing-layouts/left-sidebar/config-product-black.html','catalog/product/view/id/41/category/10',0,3,NULL,1,'{\"category_id\":\"10\"}'),(735,'product',41,'listing-layouts/right-sidebar/config-product-black.html','catalog/product/view/id/41/category/11',0,3,NULL,1,'{\"category_id\":\"11\"}'),(736,'product',41,'listing-layouts/without-sidebar/config-product-black.html','catalog/product/view/id/41/category/9',0,3,NULL,1,'{\"category_id\":\"9\"}'),(737,'product',41,'listing-layouts/config-product-black.html','catalog/product/view/id/41/category/8',0,3,NULL,1,'{\"category_id\":\"8\"}'),(780,'category',3,'smartphone.html','catalog/category/view/id/3',0,4,NULL,1,NULL),(781,'category',54,'smartphone/samsung.html','catalog/category/view/id/54',0,4,NULL,1,NULL),(782,'category',55,'smartphone/iphone.html','catalog/category/view/id/55',0,4,NULL,1,NULL),(783,'category',56,'smartphone/android-mobile.html','catalog/category/view/id/56',0,4,NULL,1,NULL),(784,'category',4,'cameras-photos.html','catalog/category/view/id/4',0,4,NULL,1,NULL),(785,'category',5,'fashion-clothing.html','catalog/category/view/id/5',0,4,NULL,1,NULL),(786,'category',36,'fashion-clothing/men-collections.html','catalog/category/view/id/36',0,4,NULL,1,NULL),(787,'category',44,'fashion-clothing/men-collections/t-shirts.html','catalog/category/view/id/44',0,4,NULL,1,NULL),(788,'category',45,'fashion-clothing/men-collections/jeans.html','catalog/category/view/id/45',0,4,NULL,1,NULL),(789,'category',46,'fashion-clothing/men-collections/suits.html','catalog/category/view/id/46',0,4,NULL,1,NULL),(790,'category',47,'fashion-clothing/men-collections/shorts.html','catalog/category/view/id/47',0,4,NULL,1,NULL),(791,'category',48,'fashion-clothing/men-collections/beachwear.html','catalog/category/view/id/48',0,4,NULL,1,NULL),(792,'category',37,'fashion-clothing/women-collections.html','catalog/category/view/id/37',0,4,NULL,1,NULL),(793,'category',39,'fashion-clothing/women-collections/dresses.html','catalog/category/view/id/39',0,4,NULL,1,NULL),(794,'category',40,'fashion-clothing/women-collections/jeans.html','catalog/category/view/id/40',0,4,NULL,1,NULL),(795,'category',41,'fashion-clothing/women-collections/outerwear.html','catalog/category/view/id/41',0,4,NULL,1,NULL),(796,'category',42,'fashion-clothing/women-collections/knit-tops.html','catalog/category/view/id/42',0,4,NULL,1,NULL),(797,'category',43,'fashion-clothing/women-collections/activewear.html','catalog/category/view/id/43',0,4,NULL,1,NULL),(798,'category',38,'fashion-clothing/accessories.html','catalog/category/view/id/38',0,4,NULL,1,NULL),(799,'category',49,'fashion-clothing/accessories/shoes.html','catalog/category/view/id/49',0,4,NULL,1,NULL),(800,'category',50,'fashion-clothing/accessories/bags.html','catalog/category/view/id/50',0,4,NULL,1,NULL),(801,'category',51,'fashion-clothing/accessories/hats.html','catalog/category/view/id/51',0,4,NULL,1,NULL),(802,'category',52,'fashion-clothing/accessories/jewellery.html','catalog/category/view/id/52',0,4,NULL,1,NULL),(803,'category',53,'fashion-clothing/accessories/leather.html','catalog/category/view/id/53',0,4,NULL,1,NULL),(804,'category',6,'furniture-interior.html','catalog/category/view/id/6',0,4,NULL,1,NULL),(805,'category',7,'laptops-accessories.html','catalog/category/view/id/7',0,4,NULL,1,NULL),(806,'category',12,'laptops-accessories/laptop-gaming.html','catalog/category/view/id/12',0,4,NULL,1,NULL),(807,'category',16,'laptops-accessories/laptop-gaming/msi-gs75-stealth.html','catalog/category/view/id/16',0,4,NULL,1,NULL),(808,'category',17,'laptops-accessories/laptop-gaming/razer-blade.html','catalog/category/view/id/17',0,4,NULL,1,NULL),(809,'category',18,'laptops-accessories/laptop-gaming/alienware-area-51m.html','catalog/category/view/id/18',0,4,NULL,1,NULL),(810,'category',19,'laptops-accessories/laptop-gaming/acer-predator-triton-500.html','catalog/category/view/id/19',0,4,NULL,1,NULL),(811,'category',20,'laptops-accessories/laptop-gaming/dell-g3-gaming-laptop.html','catalog/category/view/id/20',0,4,NULL,1,NULL),(812,'category',13,'laptops-accessories/laptop-workstation.html','catalog/category/view/id/13',0,4,NULL,1,NULL),(813,'category',21,'laptops-accessories/laptop-workstation/aesthedes.html','catalog/category/view/id/21',0,4,NULL,1,NULL),(814,'category',22,'laptops-accessories/laptop-workstation/quantel-paintbox.html','catalog/category/view/id/22',0,4,NULL,1,NULL),(815,'category',23,'laptops-accessories/laptop-workstation/lisp-machine.html','catalog/category/view/id/23',0,4,NULL,1,NULL),(816,'category',24,'laptops-accessories/laptop-workstation/dell-precision.html','catalog/category/view/id/24',0,4,NULL,1,NULL),(817,'category',25,'laptops-accessories/laptop-workstation/thinkstation.html','catalog/category/view/id/25',0,4,NULL,1,NULL),(818,'category',14,'laptops-accessories/laptop-build-configuration.html','catalog/category/view/id/14',0,4,NULL,1,NULL),(819,'category',26,'laptops-accessories/laptop-build-configuration/ram.html','catalog/category/view/id/26',0,4,NULL,1,NULL),(820,'category',27,'laptops-accessories/laptop-build-configuration/ssd.html','catalog/category/view/id/27',0,4,NULL,1,NULL),(821,'category',28,'laptops-accessories/laptop-build-configuration/vga.html','catalog/category/view/id/28',0,4,NULL,1,NULL),(822,'category',29,'laptops-accessories/laptop-build-configuration/cpu.html','catalog/category/view/id/29',0,4,NULL,1,NULL),(823,'category',30,'laptops-accessories/laptop-build-configuration/monitor.html','catalog/category/view/id/30',0,4,NULL,1,NULL),(824,'category',15,'laptops-accessories/accessories-for-laptop.html','catalog/category/view/id/15',0,4,NULL,1,NULL),(825,'category',31,'laptops-accessories/accessories-for-laptop/keyboard.html','catalog/category/view/id/31',0,4,NULL,1,NULL),(826,'category',32,'laptops-accessories/accessories-for-laptop/mouse.html','catalog/category/view/id/32',0,4,NULL,1,NULL),(827,'category',33,'laptops-accessories/accessories-for-laptop/adapter.html','catalog/category/view/id/33',0,4,NULL,1,NULL),(828,'category',34,'laptops-accessories/accessories-for-laptop/touch-pad.html','catalog/category/view/id/34',0,4,NULL,1,NULL),(829,'category',35,'laptops-accessories/accessories-for-laptop/laptop-bags.html','catalog/category/view/id/35',0,4,NULL,1,NULL),(830,'category',8,'listing-layouts.html','catalog/category/view/id/8',0,4,NULL,1,NULL),(831,'category',10,'listing-layouts/left-sidebar.html','catalog/category/view/id/10',0,4,NULL,1,NULL),(832,'category',11,'listing-layouts/right-sidebar.html','catalog/category/view/id/11',0,4,NULL,1,NULL),(833,'category',9,'listing-layouts/without-sidebar.html','catalog/category/view/id/9',0,4,NULL,1,NULL),(834,'product',1,'16-inch-macbook-pro.html','catalog/product/view/id/1',0,4,NULL,1,NULL),(835,'product',1,'laptops-accessories/16-inch-macbook-pro.html','catalog/product/view/id/1/category/7',0,4,NULL,1,'{\"category_id\":\"7\"}'),(836,'product',1,'listing-layouts/without-sidebar/16-inch-macbook-pro.html','catalog/product/view/id/1/category/9',0,4,NULL,1,'{\"category_id\":\"9\"}'),(837,'product',1,'listing-layouts/left-sidebar/16-inch-macbook-pro.html','catalog/product/view/id/1/category/10',0,4,NULL,1,'{\"category_id\":\"10\"}'),(838,'product',1,'listing-layouts/right-sidebar/16-inch-macbook-pro.html','catalog/product/view/id/1/category/11',0,4,NULL,1,'{\"category_id\":\"11\"}'),(839,'product',1,'listing-layouts/16-inch-macbook-pro.html','catalog/product/view/id/1/category/8',0,4,NULL,1,'{\"category_id\":\"8\"}'),(840,'product',2,'addyvero-women-s-dress.html','catalog/product/view/id/2',0,4,NULL,1,NULL),(841,'product',2,'fashion-clothing/addyvero-women-s-dress.html','catalog/product/view/id/2/category/5',0,4,NULL,1,'{\"category_id\":\"5\"}'),(842,'product',2,'listing-layouts/without-sidebar/addyvero-women-s-dress.html','catalog/product/view/id/2/category/9',0,4,NULL,1,'{\"category_id\":\"9\"}'),(843,'product',2,'listing-layouts/left-sidebar/addyvero-women-s-dress.html','catalog/product/view/id/2/category/10',0,4,NULL,1,'{\"category_id\":\"10\"}'),(844,'product',2,'listing-layouts/right-sidebar/addyvero-women-s-dress.html','catalog/product/view/id/2/category/11',0,4,NULL,1,'{\"category_id\":\"11\"}'),(845,'product',2,'listing-layouts/addyvero-women-s-dress.html','catalog/product/view/id/2/category/8',0,4,NULL,1,'{\"category_id\":\"8\"}'),(846,'product',3,'beats-solo3-wireless-headphones.html','catalog/product/view/id/3',0,4,NULL,1,NULL),(847,'product',3,'laptops-accessories/beats-solo3-wireless-headphones.html','catalog/product/view/id/3/category/7',0,4,NULL,1,'{\"category_id\":\"7\"}'),(848,'product',3,'listing-layouts/without-sidebar/beats-solo3-wireless-headphones.html','catalog/product/view/id/3/category/9',0,4,NULL,1,'{\"category_id\":\"9\"}'),(849,'product',3,'listing-layouts/left-sidebar/beats-solo3-wireless-headphones.html','catalog/product/view/id/3/category/10',0,4,NULL,1,'{\"category_id\":\"10\"}'),(850,'product',3,'listing-layouts/right-sidebar/beats-solo3-wireless-headphones.html','catalog/product/view/id/3/category/11',0,4,NULL,1,'{\"category_id\":\"11\"}'),(851,'product',3,'listing-layouts/beats-solo3-wireless-headphones.html','catalog/product/view/id/3/category/8',0,4,NULL,1,'{\"category_id\":\"8\"}'),(852,'product',4,'black-rouge-lipstick-rose-velvet-245g-burgundy-rose.html','catalog/product/view/id/4',0,4,NULL,1,NULL),(853,'product',4,'fashion-clothing/black-rouge-lipstick-rose-velvet-245g-burgundy-rose.html','catalog/product/view/id/4/category/5',0,4,NULL,1,'{\"category_id\":\"5\"}'),(854,'product',4,'listing-layouts/without-sidebar/black-rouge-lipstick-rose-velvet-245g-burgundy-rose.html','catalog/product/view/id/4/category/9',0,4,NULL,1,'{\"category_id\":\"9\"}'),(855,'product',4,'listing-layouts/left-sidebar/black-rouge-lipstick-rose-velvet-245g-burgundy-rose.html','catalog/product/view/id/4/category/10',0,4,NULL,1,'{\"category_id\":\"10\"}'),(856,'product',4,'listing-layouts/right-sidebar/black-rouge-lipstick-rose-velvet-245g-burgundy-rose.html','catalog/product/view/id/4/category/11',0,4,NULL,1,'{\"category_id\":\"11\"}'),(857,'product',4,'listing-layouts/black-rouge-lipstick-rose-velvet-245g-burgundy-rose.html','catalog/product/view/id/4/category/8',0,4,NULL,1,'{\"category_id\":\"8\"}'),(858,'product',5,'canon-eos-1500d-24-1-digital-slr-camera-black.html','catalog/product/view/id/5',0,4,NULL,1,NULL),(859,'product',5,'cameras-photos/canon-eos-1500d-24-1-digital-slr-camera-black.html','catalog/product/view/id/5/category/4',0,4,NULL,1,'{\"category_id\":\"4\"}'),(860,'product',5,'listing-layouts/without-sidebar/canon-eos-1500d-24-1-digital-slr-camera-black.html','catalog/product/view/id/5/category/9',0,4,NULL,1,'{\"category_id\":\"9\"}'),(861,'product',5,'listing-layouts/left-sidebar/canon-eos-1500d-24-1-digital-slr-camera-black.html','catalog/product/view/id/5/category/10',0,4,NULL,1,'{\"category_id\":\"10\"}'),(862,'product',5,'listing-layouts/right-sidebar/canon-eos-1500d-24-1-digital-slr-camera-black.html','catalog/product/view/id/5/category/11',0,4,NULL,1,'{\"category_id\":\"11\"}'),(863,'product',5,'listing-layouts/canon-eos-1500d-24-1-digital-slr-camera-black.html','catalog/product/view/id/5/category/8',0,4,NULL,1,'{\"category_id\":\"8\"}'),(864,'product',6,'dell-xps-15-9550-2021.html','catalog/product/view/id/6',0,4,NULL,1,NULL),(865,'product',6,'laptops-accessories/dell-xps-15-9550-2021.html','catalog/product/view/id/6/category/7',0,4,NULL,1,'{\"category_id\":\"7\"}'),(866,'product',6,'listing-layouts/without-sidebar/dell-xps-15-9550-2021.html','catalog/product/view/id/6/category/9',0,4,NULL,1,'{\"category_id\":\"9\"}'),(867,'product',6,'listing-layouts/left-sidebar/dell-xps-15-9550-2021.html','catalog/product/view/id/6/category/10',0,4,NULL,1,'{\"category_id\":\"10\"}'),(868,'product',6,'listing-layouts/right-sidebar/dell-xps-15-9550-2021.html','catalog/product/view/id/6/category/11',0,4,NULL,1,'{\"category_id\":\"11\"}'),(869,'product',6,'listing-layouts/dell-xps-15-9550-2021.html','catalog/product/view/id/6/category/8',0,4,NULL,1,'{\"category_id\":\"8\"}'),(877,'product',8,'gopro-media-mod-do-gopro-hero-9-black.html','catalog/product/view/id/8',0,4,NULL,1,NULL),(878,'product',8,'cameras-photos/gopro-media-mod-do-gopro-hero-9-black.html','catalog/product/view/id/8/category/4',0,4,NULL,1,'{\"category_id\":\"4\"}'),(879,'product',8,'listing-layouts/without-sidebar/gopro-media-mod-do-gopro-hero-9-black.html','catalog/product/view/id/8/category/9',0,4,NULL,1,'{\"category_id\":\"9\"}'),(880,'product',8,'listing-layouts/left-sidebar/gopro-media-mod-do-gopro-hero-9-black.html','catalog/product/view/id/8/category/10',0,4,NULL,1,'{\"category_id\":\"10\"}'),(881,'product',8,'listing-layouts/right-sidebar/gopro-media-mod-do-gopro-hero-9-black.html','catalog/product/view/id/8/category/11',0,4,NULL,1,'{\"category_id\":\"11\"}'),(882,'product',8,'listing-layouts/gopro-media-mod-do-gopro-hero-9-black.html','catalog/product/view/id/8/category/8',0,4,NULL,1,'{\"category_id\":\"8\"}'),(883,'product',9,'half-sleeves-printed-cotton-crop.html','catalog/product/view/id/9',0,4,NULL,1,NULL),(884,'product',9,'fashion-clothing/half-sleeves-printed-cotton-crop.html','catalog/product/view/id/9/category/5',0,4,NULL,1,'{\"category_id\":\"5\"}'),(885,'product',10,'ipad-pro-2021.html','catalog/product/view/id/10',0,4,NULL,1,NULL),(886,'product',10,'smartphone/ipad-pro-2021.html','catalog/product/view/id/10/category/3',0,4,NULL,1,'{\"category_id\":\"3\"}'),(887,'product',10,'listing-layouts/without-sidebar/ipad-pro-2021.html','catalog/product/view/id/10/category/9',0,4,NULL,1,'{\"category_id\":\"9\"}'),(888,'product',10,'listing-layouts/left-sidebar/ipad-pro-2021.html','catalog/product/view/id/10/category/10',0,4,NULL,1,'{\"category_id\":\"10\"}'),(889,'product',10,'listing-layouts/right-sidebar/ipad-pro-2021.html','catalog/product/view/id/10/category/11',0,4,NULL,1,'{\"category_id\":\"11\"}'),(890,'product',10,'listing-layouts/ipad-pro-2021.html','catalog/product/view/id/10/category/8',0,4,NULL,1,'{\"category_id\":\"8\"}'),(891,'product',11,'iphone-12-product-red.html','catalog/product/view/id/11',0,4,NULL,1,NULL),(892,'product',11,'smartphone/iphone-12-product-red.html','catalog/product/view/id/11/category/3',0,4,NULL,1,'{\"category_id\":\"3\"}'),(893,'product',11,'smartphone/iphone/iphone-12-product-red.html','catalog/product/view/id/11/category/55',0,4,NULL,1,'{\"category_id\":\"55\"}'),(894,'product',12,'jean-paul-gaultier-le-male-essence-de-parfum.html','catalog/product/view/id/12',0,4,NULL,1,NULL),(895,'product',12,'fashion-clothing/jean-paul-gaultier-le-male-essence-de-parfum.html','catalog/product/view/id/12/category/5',0,4,NULL,1,'{\"category_id\":\"5\"}'),(896,'product',13,'la-vie-est-belle-intensement-100ml-edp.html','catalog/product/view/id/13',0,4,NULL,1,NULL),(897,'product',13,'fashion-clothing/la-vie-est-belle-intensement-100ml-edp.html','catalog/product/view/id/13/category/5',0,4,NULL,1,'{\"category_id\":\"5\"}'),(898,'product',14,'microsoft-15-multi-touch-surface-laptop-3.html','catalog/product/view/id/14',0,4,NULL,1,NULL),(899,'product',14,'laptops-accessories/microsoft-15-multi-touch-surface-laptop-3.html','catalog/product/view/id/14/category/7',0,4,NULL,1,'{\"category_id\":\"7\"}'),(902,'product',16,'multicolor-shoulder-bag.html','catalog/product/view/id/16',0,4,NULL,1,NULL),(903,'product',16,'fashion-clothing/multicolor-shoulder-bag.html','catalog/product/view/id/16/category/5',0,4,NULL,1,'{\"category_id\":\"5\"}'),(904,'product',16,'listing-layouts/without-sidebar/multicolor-shoulder-bag.html','catalog/product/view/id/16/category/9',0,4,NULL,1,'{\"category_id\":\"9\"}'),(905,'product',16,'listing-layouts/left-sidebar/multicolor-shoulder-bag.html','catalog/product/view/id/16/category/10',0,4,NULL,1,'{\"category_id\":\"10\"}'),(906,'product',16,'listing-layouts/right-sidebar/multicolor-shoulder-bag.html','catalog/product/view/id/16/category/11',0,4,NULL,1,'{\"category_id\":\"11\"}'),(907,'product',16,'listing-layouts/multicolor-shoulder-bag.html','catalog/product/view/id/16/category/8',0,4,NULL,1,'{\"category_id\":\"8\"}'),(908,'product',17,'nightstar-dress.html','catalog/product/view/id/17',0,4,NULL,1,NULL),(909,'product',17,'fashion-clothing/nightstar-dress.html','catalog/product/view/id/17/category/5',0,4,NULL,1,'{\"category_id\":\"5\"}'),(910,'product',18,'nike-flight-legacy-mens.html','catalog/product/view/id/18',0,4,NULL,1,NULL),(911,'product',18,'fashion-clothing/nike-flight-legacy-mens.html','catalog/product/view/id/18/category/5',0,4,NULL,1,'{\"category_id\":\"5\"}'),(912,'product',19,'organic-rose-water-facial-mist.html','catalog/product/view/id/19',0,4,NULL,1,NULL),(913,'product',19,'fashion-clothing/organic-rose-water-facial-mist.html','catalog/product/view/id/19/category/5',0,4,NULL,1,'{\"category_id\":\"5\"}'),(914,'product',20,'perfect-marc-jacobs.html','catalog/product/view/id/20',0,4,NULL,1,NULL),(915,'product',20,'fashion-clothing/perfect-marc-jacobs.html','catalog/product/view/id/20/category/5',0,4,NULL,1,'{\"category_id\":\"5\"}'),(916,'product',21,'polaroid-now-instant-camera-with-film.html','catalog/product/view/id/21',0,4,NULL,1,NULL),(917,'product',21,'cameras-photos/polaroid-now-instant-camera-with-film.html','catalog/product/view/id/21/category/4',0,4,NULL,1,'{\"category_id\":\"4\"}'),(918,'product',22,'polaroid-snap-touch-instant-digital-camera-red.html','catalog/product/view/id/22',0,4,NULL,1,NULL),(919,'product',22,'cameras-photos/polaroid-snap-touch-instant-digital-camera-red.html','catalog/product/view/id/22/category/4',0,4,NULL,1,'{\"category_id\":\"4\"}'),(920,'product',23,'puma-rs-0-play.html','catalog/product/view/id/23',0,4,NULL,1,NULL),(921,'product',23,'fashion-clothing/puma-rs-0-play.html','catalog/product/view/id/23/category/5',0,4,NULL,1,'{\"category_id\":\"5\"}'),(922,'product',24,'romand-zero-gram-matte-lipstick.html','catalog/product/view/id/24',0,4,NULL,1,NULL),(923,'product',24,'fashion-clothing/romand-zero-gram-matte-lipstick.html','catalog/product/view/id/24/category/5',0,4,NULL,1,'{\"category_id\":\"5\"}'),(927,'product',26,'serpenti-forever-crossbody-bag.html','catalog/product/view/id/26',0,4,NULL,1,NULL),(928,'product',26,'fashion-clothing/serpenti-forever-crossbody-bag.html','catalog/product/view/id/26/category/5',0,4,NULL,1,'{\"category_id\":\"5\"}'),(929,'product',27,'sony-vlog-camera-zv1.html','catalog/product/view/id/27',0,4,NULL,1,NULL),(930,'product',27,'cameras-photos/sony-vlog-camera-zv1.html','catalog/product/view/id/27/category/4',0,4,NULL,1,'{\"category_id\":\"4\"}'),(931,'product',28,'true-wireless-samsung-galaxy-buds-live.html','catalog/product/view/id/28',0,4,NULL,1,NULL),(932,'product',28,'laptops-accessories/true-wireless-samsung-galaxy-buds-live.html','catalog/product/view/id/28/category/7',0,4,NULL,1,'{\"category_id\":\"7\"}'),(933,'product',29,'volcom-be-easy-dress.html','catalog/product/view/id/29',0,4,NULL,1,NULL),(934,'product',29,'fashion-clothing/volcom-be-easy-dress.html','catalog/product/view/id/29/category/5',0,4,NULL,1,'{\"category_id\":\"5\"}'),(935,'product',30,'wrangler-retro-premium-corduroy-shirt.html','catalog/product/view/id/30',0,4,NULL,1,NULL),(936,'product',30,'fashion-clothing/wrangler-retro-premium-corduroy-shirt.html','catalog/product/view/id/30/category/5',0,4,NULL,1,'{\"category_id\":\"5\"}'),(937,'product',31,'yellow-shirt-for-men.html','catalog/product/view/id/31',0,4,NULL,1,NULL),(938,'product',31,'fashion-clothing/yellow-shirt-for-men.html','catalog/product/view/id/31/category/5',0,4,NULL,1,'{\"category_id\":\"5\"}'),(939,'product',32,'lg-wm3900hwa.html','catalog/product/view/id/32',0,4,NULL,1,NULL),(940,'product',32,'furniture-interior/lg-wm3900hwa.html','catalog/product/view/id/32/category/6',0,4,NULL,1,'{\"category_id\":\"6\"}'),(941,'product',33,'quindim-retro-ceramic-pendant-lamp.html','catalog/product/view/id/33',0,4,NULL,1,NULL),(942,'product',33,'furniture-interior/quindim-retro-ceramic-pendant-lamp.html','catalog/product/view/id/33/category/6',0,4,NULL,1,'{\"category_id\":\"6\"}'),(943,'product',34,'regal-2-seater-fabric-sofa.html','catalog/product/view/id/34',0,4,NULL,1,NULL),(944,'product',34,'furniture-interior/regal-2-seater-fabric-sofa.html','catalog/product/view/id/34/category/6',0,4,NULL,1,'{\"category_id\":\"6\"}'),(945,'product',35,'samsung-american-fridge-freezer-stainless-steel.html','catalog/product/view/id/35',0,4,NULL,1,NULL),(946,'product',35,'furniture-interior/samsung-american-fridge-freezer-stainless-steel.html','catalog/product/view/id/35/category/6',0,4,NULL,1,'{\"category_id\":\"6\"}'),(947,'product',36,'soborg-chair-wood-frame.html','catalog/product/view/id/36',0,4,NULL,1,NULL),(948,'product',36,'furniture-interior/soborg-chair-wood-frame.html','catalog/product/view/id/36/category/6',0,4,NULL,1,'{\"category_id\":\"6\"}'),(956,'product',38,'apple-iphone-x-512gb-white.html','catalog/product/view/id/38',0,4,NULL,1,NULL),(957,'product',38,'smartphone/apple-iphone-x-512gb-white.html','catalog/product/view/id/38/category/3',0,4,NULL,1,'{\"category_id\":\"3\"}'),(958,'product',38,'smartphone/iphone/apple-iphone-x-512gb-white.html','catalog/product/view/id/38/category/55',0,4,NULL,1,'{\"category_id\":\"55\"}'),(959,'product',39,'config-product-white.html','catalog/product/view/id/39',0,4,NULL,1,NULL),(960,'product',39,'smartphone/config-product-white.html','catalog/product/view/id/39/category/3',0,4,NULL,1,'{\"category_id\":\"3\"}'),(961,'product',39,'listing-layouts/without-sidebar/config-product-white.html','catalog/product/view/id/39/category/9',0,4,NULL,1,'{\"category_id\":\"9\"}'),(962,'product',39,'listing-layouts/left-sidebar/config-product-white.html','catalog/product/view/id/39/category/10',0,4,NULL,1,'{\"category_id\":\"10\"}'),(963,'product',39,'listing-layouts/right-sidebar/config-product-white.html','catalog/product/view/id/39/category/11',0,4,NULL,1,'{\"category_id\":\"11\"}'),(964,'product',39,'listing-layouts/config-product-white.html','catalog/product/view/id/39/category/8',0,4,NULL,1,'{\"category_id\":\"8\"}'),(965,'product',40,'config-product-red.html','catalog/product/view/id/40',0,4,NULL,1,NULL),(966,'product',40,'smartphone/config-product-red.html','catalog/product/view/id/40/category/3',0,4,NULL,1,'{\"category_id\":\"3\"}'),(967,'product',40,'listing-layouts/without-sidebar/config-product-red.html','catalog/product/view/id/40/category/9',0,4,NULL,1,'{\"category_id\":\"9\"}'),(968,'product',40,'listing-layouts/left-sidebar/config-product-red.html','catalog/product/view/id/40/category/10',0,4,NULL,1,'{\"category_id\":\"10\"}'),(969,'product',40,'listing-layouts/right-sidebar/config-product-red.html','catalog/product/view/id/40/category/11',0,4,NULL,1,'{\"category_id\":\"11\"}'),(970,'product',40,'listing-layouts/config-product-red.html','catalog/product/view/id/40/category/8',0,4,NULL,1,'{\"category_id\":\"8\"}'),(971,'product',41,'config-product-black.html','catalog/product/view/id/41',0,4,NULL,1,NULL),(972,'product',41,'smartphone/config-product-black.html','catalog/product/view/id/41/category/3',0,4,NULL,1,'{\"category_id\":\"3\"}'),(973,'product',41,'listing-layouts/left-sidebar/config-product-black.html','catalog/product/view/id/41/category/10',0,4,NULL,1,'{\"category_id\":\"10\"}'),(974,'product',41,'listing-layouts/right-sidebar/config-product-black.html','catalog/product/view/id/41/category/11',0,4,NULL,1,'{\"category_id\":\"11\"}'),(975,'product',41,'listing-layouts/without-sidebar/config-product-black.html','catalog/product/view/id/41/category/9',0,4,NULL,1,'{\"category_id\":\"9\"}'),(976,'product',41,'listing-layouts/config-product-black.html','catalog/product/view/id/41/category/8',0,4,NULL,1,'{\"category_id\":\"8\"}'),(977,'cms-page',1,'no-route','cms/page/view/page_id/1',0,4,NULL,1,NULL),(978,'cms-page',2,'home','cms/page/view/page_id/2',0,4,NULL,1,NULL),(979,'cms-page',3,'enable-cookies','cms/page/view/page_id/3',0,4,NULL,1,NULL),(980,'cms-page',4,'privacy-policy-cookie-restriction-mode','cms/page/view/page_id/4',0,4,NULL,1,NULL),(981,'cms-page',5,'home-demo-01','cms/page/view/page_id/5',0,4,NULL,1,NULL),(982,'cms-page',6,'under-price','cms/page/view/page_id/6',0,4,NULL,1,NULL),(983,'cms-page',7,'new-arrivals','cms/page/view/page_id/7',0,4,NULL,1,NULL),(984,'cms-page',8,'daily-deals','cms/page/view/page_id/8',0,4,NULL,1,NULL),(985,'cms-page',9,'about-us','cms/page/view/page_id/9',0,4,NULL,1,NULL),(986,'cms-page',19,'home-demo-02','cms/page/view/page_id/19',0,1,NULL,1,NULL),(987,'cms-page',19,'home-demo-02','cms/page/view/page_id/19',0,2,NULL,1,NULL),(988,'cms-page',19,'home-demo-02','cms/page/view/page_id/19',0,3,NULL,1,NULL),(989,'cms-page',19,'home-demo-02','cms/page/view/page_id/19',0,4,NULL,1,NULL),(990,'category',57,'fashion-clothing/men-collections/bags.html','catalog/category/view/id/57',0,1,NULL,1,NULL),(991,'category',57,'fashion-clothing/men-collections/bags.html','catalog/category/view/id/57',0,2,NULL,1,NULL),(992,'category',57,'fashion-clothing/men-collections/bags.html','catalog/category/view/id/57',0,4,NULL,1,NULL),(993,'category',57,'fashion-clothing/men-collections/bags.html','catalog/category/view/id/57',0,3,NULL,1,NULL),(1006,'category',58,'fashion-clothing/men-collections/men-hats.html','catalog/category/view/id/58',0,1,NULL,1,NULL),(1007,'category',58,'fashion-clothing/men-collections/hats.html','fashion-clothing/men-collections/men-hats.html',301,1,NULL,0,NULL),(1008,'category',58,'fashion-clothing/men-collections/men-hats.html','catalog/category/view/id/58',0,2,NULL,1,NULL),(1009,'category',58,'fashion-clothing/men-collections/hats.html','fashion-clothing/men-collections/men-hats.html',301,2,NULL,0,NULL),(1010,'category',58,'fashion-clothing/men-collections/men-hats.html','catalog/category/view/id/58',0,4,NULL,1,NULL),(1011,'category',58,'fashion-clothing/men-collections/hats.html','fashion-clothing/men-collections/men-hats.html',301,4,NULL,0,NULL),(1012,'category',58,'fashion-clothing/men-collections/men-hats.html','catalog/category/view/id/58',0,3,NULL,1,NULL),(1013,'category',58,'fashion-clothing/men-collections/hats.html','fashion-clothing/men-collections/men-hats.html',301,3,NULL,0,NULL),(1014,'category',59,'fashion-clothing/men-collections/men-shoes.html','catalog/category/view/id/59',0,1,NULL,1,NULL),(1015,'category',59,'fashion-clothing/men-collections/shoes.html','fashion-clothing/men-collections/men-shoes.html',301,1,NULL,0,NULL),(1016,'category',59,'fashion-clothing/men-collections/men-shoes.html','catalog/category/view/id/59',0,2,NULL,1,NULL),(1017,'category',59,'fashion-clothing/men-collections/shoes.html','fashion-clothing/men-collections/men-shoes.html',301,2,NULL,0,NULL),(1018,'category',59,'fashion-clothing/men-collections/men-shoes.html','catalog/category/view/id/59',0,4,NULL,1,NULL),(1019,'category',59,'fashion-clothing/men-collections/shoes.html','fashion-clothing/men-collections/men-shoes.html',301,4,NULL,0,NULL),(1020,'category',59,'fashion-clothing/men-collections/men-shoes.html','catalog/category/view/id/59',0,3,NULL,1,NULL),(1021,'category',59,'fashion-clothing/men-collections/shoes.html','fashion-clothing/men-collections/men-shoes.html',301,3,NULL,0,NULL),(1022,'category',60,'fashion-clothing/men-collections/men-glass.html','catalog/category/view/id/60',0,1,NULL,1,NULL),(1023,'category',60,'fashion-clothing/men-collections/glass.html','fashion-clothing/men-collections/men-glass.html',301,1,NULL,0,NULL),(1024,'category',60,'fashion-clothing/men-collections/men-glass.html','catalog/category/view/id/60',0,2,NULL,1,NULL),(1025,'category',60,'fashion-clothing/men-collections/glass.html','fashion-clothing/men-collections/men-glass.html',301,2,NULL,0,NULL),(1026,'category',60,'fashion-clothing/men-collections/men-glass.html','catalog/category/view/id/60',0,4,NULL,1,NULL),(1027,'category',60,'fashion-clothing/men-collections/glass.html','fashion-clothing/men-collections/men-glass.html',301,4,NULL,0,NULL),(1028,'category',60,'fashion-clothing/men-collections/men-glass.html','catalog/category/view/id/60',0,3,NULL,1,NULL),(1029,'category',60,'fashion-clothing/men-collections/glass.html','fashion-clothing/men-collections/men-glass.html',301,3,NULL,0,NULL),(1030,'category',61,'fashion-clothing/men-collections/watchs.html','catalog/category/view/id/61',0,1,NULL,1,NULL),(1031,'category',61,'fashion-clothing/men-collections/watchs.html','catalog/category/view/id/61',0,2,NULL,1,NULL),(1032,'category',61,'fashion-clothing/men-collections/watchs.html','catalog/category/view/id/61',0,4,NULL,1,NULL),(1033,'category',61,'fashion-clothing/men-collections/watchs.html','catalog/category/view/id/61',0,3,NULL,1,NULL),(1042,'category',64,'fashion-clothing/men-collections/t-sport.html','catalog/category/view/id/64',0,1,NULL,1,NULL),(1043,'category',64,'fashion-clothing/men-collections/t-sport.html','catalog/category/view/id/64',0,2,NULL,1,NULL),(1044,'category',64,'fashion-clothing/men-collections/t-sport.html','catalog/category/view/id/64',0,4,NULL,1,NULL),(1045,'category',64,'fashion-clothing/men-collections/t-sport.html','catalog/category/view/id/64',0,3,NULL,1,NULL),(1050,'category',66,'fashion-clothing/women-collections/shoes.html','catalog/category/view/id/66',0,1,NULL,1,NULL),(1051,'category',66,'fashion-clothing/women-collections/shoes.html','catalog/category/view/id/66',0,2,NULL,1,NULL),(1052,'category',66,'fashion-clothing/women-collections/shoes.html','catalog/category/view/id/66',0,4,NULL,1,NULL),(1053,'category',66,'fashion-clothing/women-collections/shoes.html','catalog/category/view/id/66',0,3,NULL,1,NULL),(1054,'category',67,'fashion-clothing/women-collections/bags.html','catalog/category/view/id/67',0,1,NULL,1,NULL),(1055,'category',67,'fashion-clothing/women-collections/bags.html','catalog/category/view/id/67',0,2,NULL,1,NULL),(1056,'category',67,'fashion-clothing/women-collections/bags.html','catalog/category/view/id/67',0,4,NULL,1,NULL),(1057,'category',67,'fashion-clothing/women-collections/bags.html','catalog/category/view/id/67',0,3,NULL,1,NULL),(1058,'category',68,'fashion-clothing/women-collections/watchs.html','catalog/category/view/id/68',0,1,NULL,1,NULL),(1059,'category',68,'fashion-clothing/women-collections/watchs.html','catalog/category/view/id/68',0,2,NULL,1,NULL),(1060,'category',68,'fashion-clothing/women-collections/watchs.html','catalog/category/view/id/68',0,4,NULL,1,NULL),(1061,'category',68,'fashion-clothing/women-collections/watchs.html','catalog/category/view/id/68',0,3,NULL,1,NULL),(1062,'category',69,'fashion-clothing/women-collections/skirts.html','catalog/category/view/id/69',0,1,NULL,1,NULL),(1063,'category',69,'fashion-clothing/women-collections/skirts.html','catalog/category/view/id/69',0,2,NULL,1,NULL),(1064,'category',69,'fashion-clothing/women-collections/skirts.html','catalog/category/view/id/69',0,4,NULL,1,NULL),(1065,'category',69,'fashion-clothing/women-collections/skirts.html','catalog/category/view/id/69',0,3,NULL,1,NULL),(1066,'category',70,'fashion-clothing/women-collections/sweatshirts.html','catalog/category/view/id/70',0,1,NULL,1,NULL),(1067,'category',70,'fashion-clothing/women-collections/sweatshirts.html','catalog/category/view/id/70',0,2,NULL,1,NULL),(1068,'category',70,'fashion-clothing/women-collections/sweatshirts.html','catalog/category/view/id/70',0,4,NULL,1,NULL),(1069,'category',70,'fashion-clothing/women-collections/sweatshirts.html','catalog/category/view/id/70',0,3,NULL,1,NULL),(1070,'category',71,'fashion-clothing/women-collections/jackets.html','catalog/category/view/id/71',0,1,NULL,1,NULL),(1071,'category',71,'fashion-clothing/women-collections/jackets.html','catalog/category/view/id/71',0,2,NULL,1,NULL),(1072,'category',71,'fashion-clothing/women-collections/jackets.html','catalog/category/view/id/71',0,4,NULL,1,NULL),(1073,'category',71,'fashion-clothing/women-collections/jackets.html','catalog/category/view/id/71',0,3,NULL,1,NULL),(1078,'category',73,'fashion-clothing/accessories/skinny.html','catalog/category/view/id/73',0,1,NULL,1,NULL),(1079,'category',73,'fashion-clothing/accessories/skinny.html','catalog/category/view/id/73',0,2,NULL,1,NULL),(1080,'category',73,'fashion-clothing/accessories/skinny.html','catalog/category/view/id/73',0,4,NULL,1,NULL),(1081,'category',73,'fashion-clothing/accessories/skinny.html','catalog/category/view/id/73',0,3,NULL,1,NULL),(1082,'category',74,'fashion-clothing/accessories/watchs.html','catalog/category/view/id/74',0,1,NULL,1,NULL),(1083,'category',74,'fashion-clothing/accessories/watchs.html','catalog/category/view/id/74',0,2,NULL,1,NULL),(1084,'category',74,'fashion-clothing/accessories/watchs.html','catalog/category/view/id/74',0,4,NULL,1,NULL),(1085,'category',74,'fashion-clothing/accessories/watchs.html','catalog/category/view/id/74',0,3,NULL,1,NULL),(1086,'category',75,'fashion-clothing/accessories/rings.html','catalog/category/view/id/75',0,1,NULL,1,NULL),(1087,'category',75,'fashion-clothing/accessories/rings.html','catalog/category/view/id/75',0,2,NULL,1,NULL),(1088,'category',75,'fashion-clothing/accessories/rings.html','catalog/category/view/id/75',0,4,NULL,1,NULL),(1089,'category',75,'fashion-clothing/accessories/rings.html','catalog/category/view/id/75',0,3,NULL,1,NULL),(1090,'category',76,'fashion-clothing/accessories/glass.html','catalog/category/view/id/76',0,1,NULL,1,NULL),(1091,'category',76,'fashion-clothing/accessories/glass.html','catalog/category/view/id/76',0,2,NULL,1,NULL),(1092,'category',76,'fashion-clothing/accessories/glass.html','catalog/category/view/id/76',0,4,NULL,1,NULL),(1093,'category',76,'fashion-clothing/accessories/glass.html','catalog/category/view/id/76',0,3,NULL,1,NULL),(1094,'category',77,'fashion-clothing/accessories/perfumes.html','catalog/category/view/id/77',0,1,NULL,1,NULL),(1095,'category',77,'fashion-clothing/accessories/perfumes.html','catalog/category/view/id/77',0,2,NULL,1,NULL),(1096,'category',77,'fashion-clothing/accessories/perfumes.html','catalog/category/view/id/77',0,4,NULL,1,NULL),(1097,'category',77,'fashion-clothing/accessories/perfumes.html','catalog/category/view/id/77',0,3,NULL,1,NULL),(1098,'category',78,'fashion-clothing/accessories/nails.html','catalog/category/view/id/78',0,1,NULL,1,NULL),(1099,'category',78,'fashion-clothing/accessories/nails.html','catalog/category/view/id/78',0,2,NULL,1,NULL),(1100,'category',78,'fashion-clothing/accessories/nails.html','catalog/category/view/id/78',0,4,NULL,1,NULL),(1101,'category',78,'fashion-clothing/accessories/nails.html','catalog/category/view/id/78',0,3,NULL,1,NULL),(1158,'product',15,'msgr-strobelight-glowpowder.html','catalog/product/view/id/15',0,1,NULL,1,NULL),(1159,'product',15,'fashion-clothing/msgr-strobelight-glowpowder.html','catalog/product/view/id/15/category/5',0,1,NULL,1,'{\"category_id\":\"5\"}'),(1160,'product',15,'laptops-accessories/msgr-strobelight-glowpowder.html','catalog/product/view/id/15/category/7',0,1,NULL,1,'{\"category_id\":\"7\"}'),(1161,'product',15,'msgr-strobelight-glowpowder.html','catalog/product/view/id/15',0,2,NULL,1,NULL),(1162,'product',15,'fashion-clothing/msgr-strobelight-glowpowder.html','catalog/product/view/id/15/category/5',0,2,NULL,1,'{\"category_id\":\"5\"}'),(1163,'product',15,'laptops-accessories/msgr-strobelight-glowpowder.html','catalog/product/view/id/15/category/7',0,2,NULL,1,'{\"category_id\":\"7\"}'),(1164,'product',15,'msgr-strobelight-glowpowder.html','catalog/product/view/id/15',0,4,NULL,1,NULL),(1165,'product',15,'fashion-clothing/msgr-strobelight-glowpowder.html','catalog/product/view/id/15/category/5',0,4,NULL,1,'{\"category_id\":\"5\"}'),(1166,'product',15,'laptops-accessories/msgr-strobelight-glowpowder.html','catalog/product/view/id/15/category/7',0,4,NULL,1,'{\"category_id\":\"7\"}'),(1167,'product',15,'msgr-strobelight-glowpowder.html','catalog/product/view/id/15',0,3,NULL,1,NULL),(1168,'product',15,'fashion-clothing/msgr-strobelight-glowpowder.html','catalog/product/view/id/15/category/5',0,3,NULL,1,'{\"category_id\":\"5\"}'),(1169,'product',15,'laptops-accessories/msgr-strobelight-glowpowder.html','catalog/product/view/id/15/category/7',0,3,NULL,1,'{\"category_id\":\"7\"}'),(1170,'product',7,'google-pixel-5.html','catalog/product/view/id/7',0,1,NULL,1,NULL),(1171,'product',7,'smartphone/google-pixel-5.html','catalog/product/view/id/7/category/3',0,1,NULL,1,'{\"category_id\":\"3\"}'),(1172,'product',7,'smartphone/android-mobile/google-pixel-5.html','catalog/product/view/id/7/category/56',0,1,NULL,1,'{\"category_id\":\"56\"}'),(1173,'product',7,'listing-layouts/without-sidebar/google-pixel-5.html','catalog/product/view/id/7/category/9',0,1,NULL,1,'{\"category_id\":\"9\"}'),(1174,'product',7,'listing-layouts/left-sidebar/google-pixel-5.html','catalog/product/view/id/7/category/10',0,1,NULL,1,'{\"category_id\":\"10\"}'),(1175,'product',7,'listing-layouts/right-sidebar/google-pixel-5.html','catalog/product/view/id/7/category/11',0,1,NULL,1,'{\"category_id\":\"11\"}'),(1176,'product',7,'cameras-photos/google-pixel-5.html','catalog/product/view/id/7/category/4',0,1,NULL,1,'{\"category_id\":\"4\"}'),(1177,'product',7,'listing-layouts/google-pixel-5.html','catalog/product/view/id/7/category/8',0,1,NULL,1,'{\"category_id\":\"8\"}'),(1178,'product',7,'google-pixel-5.html','catalog/product/view/id/7',0,2,NULL,1,NULL),(1179,'product',7,'smartphone/google-pixel-5.html','catalog/product/view/id/7/category/3',0,2,NULL,1,'{\"category_id\":\"3\"}'),(1180,'product',7,'smartphone/android-mobile/google-pixel-5.html','catalog/product/view/id/7/category/56',0,2,NULL,1,'{\"category_id\":\"56\"}'),(1181,'product',7,'listing-layouts/without-sidebar/google-pixel-5.html','catalog/product/view/id/7/category/9',0,2,NULL,1,'{\"category_id\":\"9\"}'),(1182,'product',7,'listing-layouts/left-sidebar/google-pixel-5.html','catalog/product/view/id/7/category/10',0,2,NULL,1,'{\"category_id\":\"10\"}'),(1183,'product',7,'listing-layouts/right-sidebar/google-pixel-5.html','catalog/product/view/id/7/category/11',0,2,NULL,1,'{\"category_id\":\"11\"}'),(1184,'product',7,'cameras-photos/google-pixel-5.html','catalog/product/view/id/7/category/4',0,2,NULL,1,'{\"category_id\":\"4\"}'),(1185,'product',7,'listing-layouts/google-pixel-5.html','catalog/product/view/id/7/category/8',0,2,NULL,1,'{\"category_id\":\"8\"}'),(1186,'product',7,'google-pixel-5.html','catalog/product/view/id/7',0,4,NULL,1,NULL),(1187,'product',7,'smartphone/google-pixel-5.html','catalog/product/view/id/7/category/3',0,4,NULL,1,'{\"category_id\":\"3\"}'),(1188,'product',7,'smartphone/android-mobile/google-pixel-5.html','catalog/product/view/id/7/category/56',0,4,NULL,1,'{\"category_id\":\"56\"}'),(1189,'product',7,'listing-layouts/without-sidebar/google-pixel-5.html','catalog/product/view/id/7/category/9',0,4,NULL,1,'{\"category_id\":\"9\"}'),(1190,'product',7,'listing-layouts/left-sidebar/google-pixel-5.html','catalog/product/view/id/7/category/10',0,4,NULL,1,'{\"category_id\":\"10\"}'),(1191,'product',7,'listing-layouts/right-sidebar/google-pixel-5.html','catalog/product/view/id/7/category/11',0,4,NULL,1,'{\"category_id\":\"11\"}'),(1192,'product',7,'cameras-photos/google-pixel-5.html','catalog/product/view/id/7/category/4',0,4,NULL,1,'{\"category_id\":\"4\"}'),(1193,'product',7,'listing-layouts/google-pixel-5.html','catalog/product/view/id/7/category/8',0,4,NULL,1,'{\"category_id\":\"8\"}'),(1194,'product',7,'google-pixel-5.html','catalog/product/view/id/7',0,3,NULL,1,NULL),(1195,'product',7,'smartphone/google-pixel-5.html','catalog/product/view/id/7/category/3',0,3,NULL,1,'{\"category_id\":\"3\"}'),(1196,'product',7,'smartphone/android-mobile/google-pixel-5.html','catalog/product/view/id/7/category/56',0,3,NULL,1,'{\"category_id\":\"56\"}'),(1197,'product',7,'listing-layouts/without-sidebar/google-pixel-5.html','catalog/product/view/id/7/category/9',0,3,NULL,1,'{\"category_id\":\"9\"}'),(1198,'product',7,'listing-layouts/left-sidebar/google-pixel-5.html','catalog/product/view/id/7/category/10',0,3,NULL,1,'{\"category_id\":\"10\"}'),(1199,'product',7,'listing-layouts/right-sidebar/google-pixel-5.html','catalog/product/view/id/7/category/11',0,3,NULL,1,'{\"category_id\":\"11\"}'),(1200,'product',7,'cameras-photos/google-pixel-5.html','catalog/product/view/id/7/category/4',0,3,NULL,1,'{\"category_id\":\"4\"}'),(1201,'product',7,'listing-layouts/google-pixel-5.html','catalog/product/view/id/7/category/8',0,3,NULL,1,'{\"category_id\":\"8\"}'),(1202,'product',25,'romand-zero-gram-matte-lipstick-1.html','catalog/product/view/id/25',0,1,NULL,1,NULL),(1203,'product',25,'smartphone/romand-zero-gram-matte-lipstick-1.html','catalog/product/view/id/25/category/3',0,1,NULL,1,'{\"category_id\":\"3\"}'),(1204,'product',25,'smartphone/samsung/romand-zero-gram-matte-lipstick-1.html','catalog/product/view/id/25/category/54',0,1,NULL,1,'{\"category_id\":\"54\"}'),(1205,'product',25,'laptops-accessories/romand-zero-gram-matte-lipstick-1.html','catalog/product/view/id/25/category/7',0,1,NULL,1,'{\"category_id\":\"7\"}'),(1206,'product',25,'cameras-photos/romand-zero-gram-matte-lipstick-1.html','catalog/product/view/id/25/category/4',0,1,NULL,1,'{\"category_id\":\"4\"}'),(1207,'product',25,'romand-zero-gram-matte-lipstick-1.html','catalog/product/view/id/25',0,2,NULL,1,NULL),(1208,'product',25,'smartphone/romand-zero-gram-matte-lipstick-1.html','catalog/product/view/id/25/category/3',0,2,NULL,1,'{\"category_id\":\"3\"}'),(1209,'product',25,'smartphone/samsung/romand-zero-gram-matte-lipstick-1.html','catalog/product/view/id/25/category/54',0,2,NULL,1,'{\"category_id\":\"54\"}'),(1210,'product',25,'laptops-accessories/romand-zero-gram-matte-lipstick-1.html','catalog/product/view/id/25/category/7',0,2,NULL,1,'{\"category_id\":\"7\"}'),(1211,'product',25,'cameras-photos/romand-zero-gram-matte-lipstick-1.html','catalog/product/view/id/25/category/4',0,2,NULL,1,'{\"category_id\":\"4\"}'),(1212,'product',25,'romand-zero-gram-matte-lipstick-1.html','catalog/product/view/id/25',0,4,NULL,1,NULL),(1213,'product',25,'smartphone/romand-zero-gram-matte-lipstick-1.html','catalog/product/view/id/25/category/3',0,4,NULL,1,'{\"category_id\":\"3\"}'),(1214,'product',25,'smartphone/samsung/romand-zero-gram-matte-lipstick-1.html','catalog/product/view/id/25/category/54',0,4,NULL,1,'{\"category_id\":\"54\"}'),(1215,'product',25,'laptops-accessories/romand-zero-gram-matte-lipstick-1.html','catalog/product/view/id/25/category/7',0,4,NULL,1,'{\"category_id\":\"7\"}'),(1216,'product',25,'cameras-photos/romand-zero-gram-matte-lipstick-1.html','catalog/product/view/id/25/category/4',0,4,NULL,1,'{\"category_id\":\"4\"}'),(1217,'product',25,'romand-zero-gram-matte-lipstick-1.html','catalog/product/view/id/25',0,3,NULL,1,NULL),(1218,'product',25,'smartphone/romand-zero-gram-matte-lipstick-1.html','catalog/product/view/id/25/category/3',0,3,NULL,1,'{\"category_id\":\"3\"}'),(1219,'product',25,'smartphone/samsung/romand-zero-gram-matte-lipstick-1.html','catalog/product/view/id/25/category/54',0,3,NULL,1,'{\"category_id\":\"54\"}'),(1220,'product',25,'laptops-accessories/romand-zero-gram-matte-lipstick-1.html','catalog/product/view/id/25/category/7',0,3,NULL,1,'{\"category_id\":\"7\"}'),(1221,'product',25,'cameras-photos/romand-zero-gram-matte-lipstick-1.html','catalog/product/view/id/25/category/4',0,3,NULL,1,'{\"category_id\":\"4\"}'),(1222,'product',37,'samsung-galaxy-s21-2021-bundle.html','catalog/product/view/id/37',0,1,NULL,1,NULL),(1223,'product',37,'smartphone/samsung-galaxy-s21-2021-bundle.html','catalog/product/view/id/37/category/3',0,1,NULL,1,'{\"category_id\":\"3\"}'),(1224,'product',37,'smartphone/samsung/samsung-galaxy-s21-2021-bundle.html','catalog/product/view/id/37/category/54',0,1,NULL,1,'{\"category_id\":\"54\"}'),(1225,'product',37,'listing-layouts/without-sidebar/samsung-galaxy-s21-2021-bundle.html','catalog/product/view/id/37/category/9',0,1,NULL,1,'{\"category_id\":\"9\"}'),(1226,'product',37,'listing-layouts/left-sidebar/samsung-galaxy-s21-2021-bundle.html','catalog/product/view/id/37/category/10',0,1,NULL,1,'{\"category_id\":\"10\"}'),(1227,'product',37,'listing-layouts/right-sidebar/samsung-galaxy-s21-2021-bundle.html','catalog/product/view/id/37/category/11',0,1,NULL,1,'{\"category_id\":\"11\"}'),(1228,'product',37,'laptops-accessories/samsung-galaxy-s21-2021-bundle.html','catalog/product/view/id/37/category/7',0,1,NULL,1,'{\"category_id\":\"7\"}'),(1229,'product',37,'cameras-photos/samsung-galaxy-s21-2021-bundle.html','catalog/product/view/id/37/category/4',0,1,NULL,1,'{\"category_id\":\"4\"}'),(1230,'product',37,'listing-layouts/samsung-galaxy-s21-2021-bundle.html','catalog/product/view/id/37/category/8',0,1,NULL,1,'{\"category_id\":\"8\"}'),(1231,'product',37,'samsung-galaxy-s21-2021-bundle.html','catalog/product/view/id/37',0,2,NULL,1,NULL),(1232,'product',37,'smartphone/samsung-galaxy-s21-2021-bundle.html','catalog/product/view/id/37/category/3',0,2,NULL,1,'{\"category_id\":\"3\"}'),(1233,'product',37,'smartphone/samsung/samsung-galaxy-s21-2021-bundle.html','catalog/product/view/id/37/category/54',0,2,NULL,1,'{\"category_id\":\"54\"}'),(1234,'product',37,'listing-layouts/without-sidebar/samsung-galaxy-s21-2021-bundle.html','catalog/product/view/id/37/category/9',0,2,NULL,1,'{\"category_id\":\"9\"}'),(1235,'product',37,'listing-layouts/left-sidebar/samsung-galaxy-s21-2021-bundle.html','catalog/product/view/id/37/category/10',0,2,NULL,1,'{\"category_id\":\"10\"}'),(1236,'product',37,'listing-layouts/right-sidebar/samsung-galaxy-s21-2021-bundle.html','catalog/product/view/id/37/category/11',0,2,NULL,1,'{\"category_id\":\"11\"}'),(1237,'product',37,'laptops-accessories/samsung-galaxy-s21-2021-bundle.html','catalog/product/view/id/37/category/7',0,2,NULL,1,'{\"category_id\":\"7\"}'),(1238,'product',37,'cameras-photos/samsung-galaxy-s21-2021-bundle.html','catalog/product/view/id/37/category/4',0,2,NULL,1,'{\"category_id\":\"4\"}'),(1239,'product',37,'listing-layouts/samsung-galaxy-s21-2021-bundle.html','catalog/product/view/id/37/category/8',0,2,NULL,1,'{\"category_id\":\"8\"}'),(1240,'product',37,'samsung-galaxy-s21-2021-bundle.html','catalog/product/view/id/37',0,4,NULL,1,NULL),(1241,'product',37,'smartphone/samsung-galaxy-s21-2021-bundle.html','catalog/product/view/id/37/category/3',0,4,NULL,1,'{\"category_id\":\"3\"}'),(1242,'product',37,'smartphone/samsung/samsung-galaxy-s21-2021-bundle.html','catalog/product/view/id/37/category/54',0,4,NULL,1,'{\"category_id\":\"54\"}'),(1243,'product',37,'listing-layouts/without-sidebar/samsung-galaxy-s21-2021-bundle.html','catalog/product/view/id/37/category/9',0,4,NULL,1,'{\"category_id\":\"9\"}'),(1244,'product',37,'listing-layouts/left-sidebar/samsung-galaxy-s21-2021-bundle.html','catalog/product/view/id/37/category/10',0,4,NULL,1,'{\"category_id\":\"10\"}'),(1245,'product',37,'listing-layouts/right-sidebar/samsung-galaxy-s21-2021-bundle.html','catalog/product/view/id/37/category/11',0,4,NULL,1,'{\"category_id\":\"11\"}'),(1246,'product',37,'laptops-accessories/samsung-galaxy-s21-2021-bundle.html','catalog/product/view/id/37/category/7',0,4,NULL,1,'{\"category_id\":\"7\"}'),(1247,'product',37,'cameras-photos/samsung-galaxy-s21-2021-bundle.html','catalog/product/view/id/37/category/4',0,4,NULL,1,'{\"category_id\":\"4\"}'),(1248,'product',37,'listing-layouts/samsung-galaxy-s21-2021-bundle.html','catalog/product/view/id/37/category/8',0,4,NULL,1,'{\"category_id\":\"8\"}'),(1249,'product',37,'samsung-galaxy-s21-2021-bundle.html','catalog/product/view/id/37',0,3,NULL,1,NULL),(1250,'product',37,'smartphone/samsung-galaxy-s21-2021-bundle.html','catalog/product/view/id/37/category/3',0,3,NULL,1,'{\"category_id\":\"3\"}'),(1251,'product',37,'smartphone/samsung/samsung-galaxy-s21-2021-bundle.html','catalog/product/view/id/37/category/54',0,3,NULL,1,'{\"category_id\":\"54\"}'),(1252,'product',37,'listing-layouts/without-sidebar/samsung-galaxy-s21-2021-bundle.html','catalog/product/view/id/37/category/9',0,3,NULL,1,'{\"category_id\":\"9\"}'),(1253,'product',37,'listing-layouts/left-sidebar/samsung-galaxy-s21-2021-bundle.html','catalog/product/view/id/37/category/10',0,3,NULL,1,'{\"category_id\":\"10\"}'),(1254,'product',37,'listing-layouts/right-sidebar/samsung-galaxy-s21-2021-bundle.html','catalog/product/view/id/37/category/11',0,3,NULL,1,'{\"category_id\":\"11\"}'),(1255,'product',37,'laptops-accessories/samsung-galaxy-s21-2021-bundle.html','catalog/product/view/id/37/category/7',0,3,NULL,1,'{\"category_id\":\"7\"}'),(1256,'product',37,'cameras-photos/samsung-galaxy-s21-2021-bundle.html','catalog/product/view/id/37/category/4',0,3,NULL,1,'{\"category_id\":\"4\"}'),(1257,'product',37,'listing-layouts/samsung-galaxy-s21-2021-bundle.html','catalog/product/view/id/37/category/8',0,3,NULL,1,'{\"category_id\":\"8\"}');

--
-- Table structure for table `variable`
--

CREATE TABLE `variable` (
  `variable_id` int unsigned NOT NULL AUTO_INCREMENT COMMENT 'Variable ID',
  `code` varchar(255) DEFAULT NULL COMMENT 'Variable Code',
  `name` varchar(255) DEFAULT NULL COMMENT 'Variable Name',
  PRIMARY KEY (`variable_id`),
  UNIQUE KEY `VARIABLE_CODE` (`code`)
) ENGINE=InnoDB DEFAULT CHARSET=utf8 COMMENT='Variables';

--
-- Dumping data for table `variable`
--


--
-- Table structure for table `variable_value`
--

CREATE TABLE `variable_value` (
  `value_id` int unsigned NOT NULL AUTO_INCREMENT COMMENT 'Variable Value ID',
  `variable_id` int unsigned NOT NULL DEFAULT '0' COMMENT 'Variable ID',
  `store_id` smallint unsigned NOT NULL DEFAULT '0' COMMENT 'Store ID',
  `plain_value` text COMMENT 'Plain Text Value',
  `html_value` text COMMENT 'Html Value',
  PRIMARY KEY (`value_id`),
  UNIQUE KEY `VARIABLE_VALUE_VARIABLE_ID_STORE_ID` (`variable_id`,`store_id`),
  KEY `VARIABLE_VALUE_STORE_ID` (`store_id`),
  CONSTRAINT `VARIABLE_VALUE_STORE_ID_STORE_STORE_ID` FOREIGN KEY (`store_id`) REFERENCES `store` (`store_id`) ON DELETE CASCADE,
  CONSTRAINT `VARIABLE_VALUE_VARIABLE_ID_VARIABLE_VARIABLE_ID` FOREIGN KEY (`variable_id`) REFERENCES `variable` (`variable_id`) ON DELETE CASCADE
) ENGINE=InnoDB DEFAULT CHARSET=utf8 COMMENT='Variable Value';

--
-- Dumping data for table `variable_value`
--


--
-- Table structure for table `vault_payment_token`
--

CREATE TABLE `vault_payment_token` (
  `entity_id` int unsigned NOT NULL AUTO_INCREMENT COMMENT 'Entity ID',
  `customer_id` int unsigned DEFAULT NULL COMMENT 'Customer ID',
  `public_hash` varchar(128) NOT NULL COMMENT 'Hash code for using on frontend',
  `payment_method_code` varchar(128) NOT NULL COMMENT 'Payment method code',
  `type` varchar(128) NOT NULL COMMENT 'Type',
  `created_at` timestamp NOT NULL DEFAULT CURRENT_TIMESTAMP COMMENT 'Created At',
  `expires_at` timestamp NULL DEFAULT NULL COMMENT 'Expires At',
  `gateway_token` varchar(255) NOT NULL COMMENT 'Gateway Token',
  `details` text COMMENT 'Details',
  `is_active` tinyint(1) NOT NULL DEFAULT '1',
  `is_visible` tinyint(1) NOT NULL DEFAULT '1',
  PRIMARY KEY (`entity_id`),
  UNIQUE KEY `VAULT_PAYMENT_TOKEN_PUBLIC_HASH` (`public_hash`),
  UNIQUE KEY `VAULT_PAYMENT_TOKEN_PAYMENT_METHOD_CODE_CSTR_ID_GATEWAY_TOKEN` (`payment_method_code`,`customer_id`,`gateway_token`),
  KEY `VAULT_PAYMENT_TOKEN_CUSTOMER_ID_CUSTOMER_ENTITY_ENTITY_ID` (`customer_id`),
  CONSTRAINT `VAULT_PAYMENT_TOKEN_CUSTOMER_ID_CUSTOMER_ENTITY_ENTITY_ID` FOREIGN KEY (`customer_id`) REFERENCES `customer_entity` (`entity_id`) ON DELETE CASCADE
) ENGINE=InnoDB DEFAULT CHARSET=utf8 COMMENT='Vault tokens of payment';

--
-- Dumping data for table `vault_payment_token`
--


--
-- Table structure for table `vault_payment_token_order_payment_link`
--

CREATE TABLE `vault_payment_token_order_payment_link` (
  `order_payment_id` int unsigned NOT NULL COMMENT 'Order payment ID',
  `payment_token_id` int unsigned NOT NULL COMMENT 'Payment token ID',
  PRIMARY KEY (`order_payment_id`,`payment_token_id`),
  KEY `FK_4ED894655446D385894580BECA993862` (`payment_token_id`),
  CONSTRAINT `FK_4ED894655446D385894580BECA993862` FOREIGN KEY (`payment_token_id`) REFERENCES `vault_payment_token` (`entity_id`) ON DELETE CASCADE,
  CONSTRAINT `FK_CF37B9D854256534BE23C818F6291CA2` FOREIGN KEY (`order_payment_id`) REFERENCES `sales_order_payment` (`entity_id`) ON DELETE CASCADE
) ENGINE=InnoDB DEFAULT CHARSET=utf8 COMMENT='Order payments to vault token';

--
-- Dumping data for table `vault_payment_token_order_payment_link`
--


--
-- Table structure for table `vertex_commodity_code_order_item`
--

CREATE TABLE `vertex_commodity_code_order_item` (
  `order_item_id` int unsigned NOT NULL COMMENT 'Item ID',
  `code` varchar(255) DEFAULT NULL COMMENT 'Commodity Code',
  `type` varchar(255) DEFAULT NULL COMMENT 'Commodity Type',
  PRIMARY KEY (`order_item_id`)
) ENGINE=InnoDB DEFAULT CHARSET=utf8 COMMENT='Vertex Commodity Code';

--
-- Dumping data for table `vertex_commodity_code_order_item`
--


--
-- Table structure for table `vertex_commodity_code_product`
--

CREATE TABLE `vertex_commodity_code_product` (
  `product_id` int unsigned NOT NULL COMMENT 'Product ID',
  `code` varchar(255) DEFAULT NULL COMMENT 'Commodity Code',
  `type` varchar(255) DEFAULT NULL COMMENT 'Commodity Type',
  PRIMARY KEY (`product_id`)
) ENGINE=InnoDB DEFAULT CHARSET=utf8 COMMENT='Vertex Commodity Code';

--
-- Dumping data for table `vertex_commodity_code_product`
--


--
-- Table structure for table `vertex_custom_option_flex_field`
--

CREATE TABLE `vertex_custom_option_flex_field` (
  `entity_id` int NOT NULL AUTO_INCREMENT COMMENT 'Map Entity ID',
  `option_id` int NOT NULL COMMENT 'Customizable Option ID',
  `website_id` int NOT NULL DEFAULT '0' COMMENT 'Website ID',
  `flex_field` int DEFAULT '0' COMMENT 'Customizable Option to Flex Field Map',
  PRIMARY KEY (`entity_id`),
  UNIQUE KEY `VERTEX_CUSTOM_OPTION_FLEX_FIELD_OPTION_ID_WEBSITE_ID` (`option_id`,`website_id`),
  KEY `VERTEX_CUSTOM_OPTION_FLEX_FIELD_OPTION_ID` (`option_id`),
  KEY `VERTEX_CUSTOM_OPTION_FLEX_FIELD_WEBSITE_ID` (`website_id`)
) ENGINE=InnoDB DEFAULT CHARSET=utf8 COMMENT='Customizable Option to Flex Field Map';

--
-- Dumping data for table `vertex_custom_option_flex_field`
--


--
-- Table structure for table `vertex_customer_code`
--

CREATE TABLE `vertex_customer_code` (
  `customer_id` int unsigned NOT NULL COMMENT 'Customer ID',
  `customer_code` text COMMENT 'Customer Code for Vertex',
  PRIMARY KEY (`customer_id`)
) ENGINE=InnoDB DEFAULT CHARSET=utf8 COMMENT='Customer Code for Vertex';

--
-- Dumping data for table `vertex_customer_code`
--


--
-- Table structure for table `vertex_customer_country`
--

CREATE TABLE `vertex_customer_country` (
  `customer_id` int unsigned NOT NULL COMMENT 'Customer ID',
  `customer_country` varchar(255) DEFAULT NULL COMMENT 'Customer Country',
  PRIMARY KEY (`customer_id`)
) ENGINE=InnoDB DEFAULT CHARSET=utf8 COMMENT='Country associated to Customer';

--
-- Dumping data for table `vertex_customer_country`
--


--
-- Table structure for table `vertex_invoice_sent`
--

CREATE TABLE `vertex_invoice_sent` (
  `invoice_id` int unsigned NOT NULL COMMENT 'Invoice ID',
  `sent_to_vertex` tinyint(1) NOT NULL DEFAULT '0' COMMENT 'Invoice has been logged in Vertex',
  PRIMARY KEY (`invoice_id`)
) ENGINE=InnoDB DEFAULT CHARSET=utf8;

--
-- Dumping data for table `vertex_invoice_sent`
--


--
-- Table structure for table `vertex_order_invoice_status`
--

CREATE TABLE `vertex_order_invoice_status` (
  `order_id` int unsigned NOT NULL COMMENT 'Order ID',
  `sent_to_vertex` tinyint(1) NOT NULL DEFAULT '0' COMMENT 'Invoice has been logged in Vertex',
  PRIMARY KEY (`order_id`)
) ENGINE=InnoDB DEFAULT CHARSET=utf8 COMMENT='Invoice has been logged in Vertex';

--
-- Dumping data for table `vertex_order_invoice_status`
--


--
-- Table structure for table `vertex_sales_creditmemo_item_invoice_text_code`
--

CREATE TABLE `vertex_sales_creditmemo_item_invoice_text_code` (
  `item_id` int NOT NULL COMMENT 'Creditmemo Item ID',
  `invoice_text_code` varchar(100) NOT NULL COMMENT 'Invoice text code from Vertex',
  UNIQUE KEY `UNQ_4BC40DA748D7713ADA661D2DE1BCF161` (`item_id`,`invoice_text_code`),
  KEY `VERTEX_SALES_CREDITMEMO_ITEM_INVOICE_TEXT_CODE_ITEM_ID` (`item_id`),
  KEY `VERTEX_SALES_CREDITMEMO_ITEM_INVOICE_TEXT_CODE_INVOICE_TEXT_CODE` (`invoice_text_code`)
) ENGINE=InnoDB DEFAULT CHARSET=utf8 COMMENT='Creditmemo text code from Vertex';

--
-- Dumping data for table `vertex_sales_creditmemo_item_invoice_text_code`
--


--
-- Table structure for table `vertex_sales_creditmemo_item_tax_code`
--

CREATE TABLE `vertex_sales_creditmemo_item_tax_code` (
  `item_id` int NOT NULL COMMENT 'Creditmemo Item ID',
  `tax_code` varchar(100) NOT NULL COMMENT 'Invoice text code from Vertex',
  UNIQUE KEY `VERTEX_SALES_CREDITMEMO_ITEM_TAX_CODE_ITEM_ID_TAX_CODE` (`item_id`,`tax_code`),
  KEY `VERTEX_SALES_CREDITMEMO_ITEM_TAX_CODE_ITEM_ID` (`item_id`),
  KEY `VERTEX_SALES_CREDITMEMO_ITEM_TAX_CODE_TAX_CODE` (`tax_code`)
) ENGINE=InnoDB DEFAULT CHARSET=utf8 COMMENT='Creditmemo tax code from Vertex';

--
-- Dumping data for table `vertex_sales_creditmemo_item_tax_code`
--


--
-- Table structure for table `vertex_sales_creditmemo_item_vertex_tax_code`
--

CREATE TABLE `vertex_sales_creditmemo_item_vertex_tax_code` (
  `item_id` int NOT NULL COMMENT 'Creditmemo Item ID',
  `vertex_tax_code` varchar(100) NOT NULL COMMENT 'Invoice text code from Vertex',
  UNIQUE KEY `UNQ_31D7AADB3412BC7E7C1C98D5CC3A5D46` (`item_id`,`vertex_tax_code`),
  KEY `VERTEX_SALES_CREDITMEMO_ITEM_VERTEX_TAX_CODE_ITEM_ID` (`item_id`),
  KEY `VERTEX_SALES_CREDITMEMO_ITEM_VERTEX_TAX_CODE_VERTEX_TAX_CODE` (`vertex_tax_code`)
) ENGINE=InnoDB DEFAULT CHARSET=utf8 COMMENT='Creditmemo vertex tax code from Vertex';

--
-- Dumping data for table `vertex_sales_creditmemo_item_vertex_tax_code`
--


--
-- Table structure for table `vertex_sales_order_item_invoice_text_code`
--

CREATE TABLE `vertex_sales_order_item_invoice_text_code` (
  `item_id` int unsigned NOT NULL COMMENT 'Order ID',
  `invoice_text_code` varchar(100) NOT NULL COMMENT 'Invoice text code from Vertex',
  UNIQUE KEY `UNQ_96F6BE3160A4185CEA4D866018EAF6DC` (`item_id`,`invoice_text_code`),
  KEY `VERTEX_SALES_ORDER_ITEM_INVOICE_TEXT_CODE_ITEM_ID` (`item_id`),
  KEY `VERTEX_SALES_ORDER_ITEM_INVOICE_TEXT_CODE_INVOICE_TEXT_CODE` (`invoice_text_code`)
) ENGINE=InnoDB DEFAULT CHARSET=utf8 COMMENT='Invoice text code from Vertex';

--
-- Dumping data for table `vertex_sales_order_item_invoice_text_code`
--


--
-- Table structure for table `vertex_sales_order_item_tax_code`
--

CREATE TABLE `vertex_sales_order_item_tax_code` (
  `item_id` int NOT NULL COMMENT 'Creditmemo Item ID',
  `tax_code` varchar(100) NOT NULL COMMENT 'Invoice text code from Vertex',
  UNIQUE KEY `VERTEX_SALES_ORDER_ITEM_TAX_CODE_ITEM_ID_TAX_CODE` (`item_id`,`tax_code`),
  KEY `VERTEX_SALES_ORDER_ITEM_TAX_CODE_ITEM_ID` (`item_id`),
  KEY `VERTEX_SALES_ORDER_ITEM_TAX_CODE_TAX_CODE` (`tax_code`)
) ENGINE=InnoDB DEFAULT CHARSET=utf8 COMMENT='Invoice tax code from Vertex';

--
-- Dumping data for table `vertex_sales_order_item_tax_code`
--


--
-- Table structure for table `vertex_sales_order_item_vertex_tax_code`
--

CREATE TABLE `vertex_sales_order_item_vertex_tax_code` (
  `item_id` int NOT NULL COMMENT 'Creditmemo Item ID',
  `vertex_tax_code` varchar(100) NOT NULL COMMENT 'Invoice text code from Vertex',
  UNIQUE KEY `VERTEX_SALES_ORDER_ITEM_VERTEX_TAX_CODE_ITEM_ID_VERTEX_TAX_CODE` (`item_id`,`vertex_tax_code`),
  KEY `VERTEX_SALES_ORDER_ITEM_VERTEX_TAX_CODE_ITEM_ID` (`item_id`),
  KEY `VERTEX_SALES_ORDER_ITEM_VERTEX_TAX_CODE_VERTEX_TAX_CODE` (`vertex_tax_code`)
) ENGINE=InnoDB DEFAULT CHARSET=utf8 COMMENT='Invoice Vertex tax code from Vertex';

--
-- Dumping data for table `vertex_sales_order_item_vertex_tax_code`
--


--
-- Table structure for table `vertex_taxrequest`
--

CREATE TABLE `vertex_taxrequest` (
  `request_id` bigint NOT NULL AUTO_INCREMENT COMMENT 'Request Id',
  `request_type` varchar(255) NOT NULL COMMENT 'Request type',
  `quote_id` bigint NOT NULL COMMENT 'Quote Id',
  `order_id` bigint NOT NULL COMMENT 'Order Id',
  `total_tax` varchar(255) NOT NULL COMMENT 'Total Tax Amount',
  `source_path` varchar(255) NOT NULL COMMENT 'Source path controller_module_action',
  `tax_area_id` varchar(255) NOT NULL COMMENT 'Tax Jurisdictions Id',
  `sub_total` varchar(255) NOT NULL COMMENT 'Response Subtotal Amount',
  `total` varchar(255) NOT NULL COMMENT 'Response Total Amount',
  `lookup_result` varchar(255) NOT NULL COMMENT 'Tax Area Response Lookup Result',
  `request_date` timestamp NOT NULL DEFAULT CURRENT_TIMESTAMP COMMENT 'Request create date',
  `request_xml` text NOT NULL COMMENT 'Request XML',
  `response_xml` text NOT NULL COMMENT 'Response XML',
  `response_time` int unsigned NOT NULL COMMENT 'Milliseconds taken for Vertex API call to complete',
  PRIMARY KEY (`request_id`),
  UNIQUE KEY `VERTEX_TAXREQUEST_REQUEST_ID` (`request_id`),
  KEY `VERTEX_TAXREQUEST_REQUEST_TYPE` (`request_type`),
  KEY `VERTEX_TAXREQUEST_ORDER_ID` (`order_id`)
) ENGINE=InnoDB DEFAULT CHARSET=utf8 COMMENT='The tax request table';

--
-- Dumping data for table `vertex_taxrequest`
--


--
-- Table structure for table `vertex_vat_country_code`
--

CREATE TABLE `vertex_vat_country_code` (
  `address_id` int unsigned NOT NULL COMMENT 'Address ID',
  `customer_country` varchar(255) DEFAULT NULL COMMENT 'Customer Country',
  PRIMARY KEY (`address_id`)
) ENGINE=InnoDB DEFAULT CHARSET=utf8 COMMENT='Vat Country code associated to Order Address';

--
-- Dumping data for table `vertex_vat_country_code`
--


--
-- Table structure for table `weee_tax`
--

CREATE TABLE `weee_tax` (
  `value_id` int NOT NULL AUTO_INCREMENT COMMENT 'Value ID',
  `website_id` smallint unsigned NOT NULL DEFAULT '0' COMMENT 'Website ID',
  `entity_id` int unsigned NOT NULL DEFAULT '0' COMMENT 'Entity ID',
  `country` varchar(2) DEFAULT NULL COMMENT 'Country',
  `value` decimal(12,4) NOT NULL DEFAULT '0.0000' COMMENT 'Value',
  `state` int NOT NULL DEFAULT '0' COMMENT 'State',
  `attribute_id` smallint unsigned NOT NULL COMMENT 'Attribute ID',
  PRIMARY KEY (`value_id`),
  KEY `WEEE_TAX_WEBSITE_ID` (`website_id`),
  KEY `WEEE_TAX_ENTITY_ID` (`entity_id`),
  KEY `WEEE_TAX_COUNTRY` (`country`),
  KEY `WEEE_TAX_ATTRIBUTE_ID` (`attribute_id`),
  CONSTRAINT `WEEE_TAX_ATTRIBUTE_ID_EAV_ATTRIBUTE_ATTRIBUTE_ID` FOREIGN KEY (`attribute_id`) REFERENCES `eav_attribute` (`attribute_id`) ON DELETE CASCADE,
  CONSTRAINT `WEEE_TAX_COUNTRY_DIRECTORY_COUNTRY_COUNTRY_ID` FOREIGN KEY (`country`) REFERENCES `directory_country` (`country_id`) ON DELETE CASCADE,
  CONSTRAINT `WEEE_TAX_ENTITY_ID_CATALOG_PRODUCT_ENTITY_ENTITY_ID` FOREIGN KEY (`entity_id`) REFERENCES `catalog_product_entity` (`entity_id`) ON DELETE CASCADE,
  CONSTRAINT `WEEE_TAX_WEBSITE_ID_STORE_WEBSITE_WEBSITE_ID` FOREIGN KEY (`website_id`) REFERENCES `store_website` (`website_id`) ON DELETE CASCADE
) ENGINE=InnoDB DEFAULT CHARSET=utf8 COMMENT='Weee Tax';

--
-- Dumping data for table `weee_tax`
--


--
-- Table structure for table `widget`
--

CREATE TABLE `widget` (
  `widget_id` int unsigned NOT NULL AUTO_INCREMENT COMMENT 'Widget ID',
  `widget_code` varchar(255) DEFAULT NULL COMMENT 'Widget code for template directive',
  `widget_type` varchar(255) DEFAULT NULL COMMENT 'Widget Type',
  `parameters` text COMMENT 'Parameters',
  PRIMARY KEY (`widget_id`),
  KEY `WIDGET_WIDGET_CODE` (`widget_code`)
) ENGINE=InnoDB DEFAULT CHARSET=utf8 COMMENT='Preconfigured Widgets';

--
-- Dumping data for table `widget`
--


--
-- Table structure for table `widget_instance`
--

CREATE TABLE `widget_instance` (
  `instance_id` int unsigned NOT NULL AUTO_INCREMENT COMMENT 'Instance ID',
  `instance_type` varchar(255) DEFAULT NULL COMMENT 'Instance Type',
  `theme_id` int unsigned NOT NULL COMMENT 'Theme ID',
  `title` varchar(255) DEFAULT NULL COMMENT 'Widget Title',
  `store_ids` varchar(255) NOT NULL DEFAULT '0' COMMENT 'Store ids',
  `widget_parameters` text COMMENT 'Widget parameters',
  `sort_order` smallint unsigned NOT NULL DEFAULT '0' COMMENT 'Sort order',
  PRIMARY KEY (`instance_id`),
  KEY `WIDGET_INSTANCE_THEME_ID_THEME_THEME_ID` (`theme_id`),
  CONSTRAINT `WIDGET_INSTANCE_THEME_ID_THEME_THEME_ID` FOREIGN KEY (`theme_id`) REFERENCES `theme` (`theme_id`) ON DELETE CASCADE
) ENGINE=InnoDB DEFAULT CHARSET=utf8 COMMENT='Instances of Widget for Package Theme';

--
-- Dumping data for table `widget_instance`
--


--
-- Table structure for table `widget_instance_page`
--

CREATE TABLE `widget_instance_page` (
  `page_id` int unsigned NOT NULL AUTO_INCREMENT COMMENT 'Page ID',
  `instance_id` int unsigned NOT NULL DEFAULT '0' COMMENT 'Instance ID',
  `page_group` varchar(25) DEFAULT NULL COMMENT 'Block Group Type',
  `layout_handle` varchar(255) DEFAULT NULL COMMENT 'Layout Handle',
  `block_reference` varchar(255) DEFAULT NULL COMMENT 'Container',
  `page_for` varchar(25) DEFAULT NULL COMMENT 'For instance entities',
  `entities` text COMMENT 'Catalog entities (comma separated)',
  `page_template` varchar(255) DEFAULT NULL COMMENT 'Path to widget template',
  PRIMARY KEY (`page_id`),
  KEY `WIDGET_INSTANCE_PAGE_INSTANCE_ID` (`instance_id`),
  CONSTRAINT `WIDGET_INSTANCE_PAGE_INSTANCE_ID_WIDGET_INSTANCE_INSTANCE_ID` FOREIGN KEY (`instance_id`) REFERENCES `widget_instance` (`instance_id`) ON DELETE CASCADE
) ENGINE=InnoDB DEFAULT CHARSET=utf8 COMMENT='Instance of Widget on Page';

--
-- Dumping data for table `widget_instance_page`
--


--
-- Table structure for table `widget_instance_page_layout`
--

CREATE TABLE `widget_instance_page_layout` (
  `page_id` int unsigned NOT NULL DEFAULT '0' COMMENT 'Page ID',
  `layout_update_id` int unsigned NOT NULL DEFAULT '0' COMMENT 'Layout Update ID',
  PRIMARY KEY (`layout_update_id`,`page_id`),
  KEY `WIDGET_INSTANCE_PAGE_LAYOUT_PAGE_ID` (`page_id`),
  CONSTRAINT `WIDGET_INSTANCE_PAGE_LAYOUT_PAGE_ID_WIDGET_INSTANCE_PAGE_PAGE_ID` FOREIGN KEY (`page_id`) REFERENCES `widget_instance_page` (`page_id`) ON DELETE CASCADE,
  CONSTRAINT `WIDGET_INSTANCE_PAGE_LYT_LYT_UPDATE_ID_LYT_UPDATE_LYT_UPDATE_ID` FOREIGN KEY (`layout_update_id`) REFERENCES `layout_update` (`layout_update_id`) ON DELETE CASCADE
) ENGINE=InnoDB DEFAULT CHARSET=utf8 COMMENT='Layout updates';

--
-- Dumping data for table `widget_instance_page_layout`
--


--
-- Table structure for table `wishlist`
--

CREATE TABLE `wishlist` (
  `wishlist_id` int unsigned NOT NULL AUTO_INCREMENT COMMENT 'Wishlist ID',
  `customer_id` int unsigned NOT NULL DEFAULT '0' COMMENT 'Customer ID',
  `shared` smallint unsigned NOT NULL DEFAULT '0' COMMENT 'Sharing flag (0 or 1)',
  `sharing_code` varchar(32) DEFAULT NULL COMMENT 'Sharing encrypted code',
  `updated_at` timestamp NULL DEFAULT NULL COMMENT 'Last updated date',
  PRIMARY KEY (`wishlist_id`),
  UNIQUE KEY `WISHLIST_CUSTOMER_ID` (`customer_id`),
  KEY `WISHLIST_SHARED` (`shared`),
  CONSTRAINT `WISHLIST_CUSTOMER_ID_CUSTOMER_ENTITY_ENTITY_ID` FOREIGN KEY (`customer_id`) REFERENCES `customer_entity` (`entity_id`) ON DELETE CASCADE
) ENGINE=InnoDB AUTO_INCREMENT=23 DEFAULT CHARSET=utf8 COMMENT='Wishlist main Table';

--
-- Dumping data for table `wishlist`
--

INSERT INTO `wishlist` VALUES (1,1,0,'IObkxfKzwRngsx5mWclFtf3Zgq6F4j0u','2021-06-08 04:34:40'),(2,2,0,'Sml6l6fzHTpVc81q8ri6P0tHiEgOtIBf','2021-07-23 02:35:48'),(3,3,0,'E4WMUmgCLVZ7deOuefL9XF5rEmjpKxZS','2021-07-23 02:39:02'),(4,4,0,'92w9C9CArOdhvc0efsYoVUxjvjOo47DK','2021-08-08 00:19:58'),(5,5,0,'U8l35uulKQNYAyffRsxgPNmjhqWJY0UC','2021-08-08 00:20:46'),(6,6,0,'gAlMhps2q5eZHKvETp5yAN7VBJu58Viw','2021-09-07 09:45:47'),(7,7,0,'95qISVSP48jcmdJGEB0jtdVQ9QVqxdGn','2021-09-07 15:45:31'),(8,8,0,'ohRqYoCXGonOGTp7lBHZIiA8sN7dFUYM','2021-09-07 16:08:13'),(9,9,0,'YGPsp3JZT5LievHp44SCYq9CfBoC3eb6','2021-09-09 11:45:16'),(10,10,0,'cPB4pZArIIUcN4Q2aHHnEoCtt8yo2WH1','2021-10-27 06:23:52'),(11,11,0,'5VC0kTwf7hf0tXTXkC1gtzyPsfhcESO2','2021-12-24 09:57:51'),(12,12,0,'Jn0EuHiNIvHImXbG8WWPSLpy1beip3fC','2022-01-28 15:32:13'),(13,13,0,'U1eWrd0LXfAjg2yKtOcwkN3iAoU4vjRm','2022-04-22 10:34:14'),(14,14,0,'gh48D8F66nxT4yaKcZcD2TTg3lUIp2jn','2022-05-18 07:24:06'),(15,15,0,'DN2L8dI0yYYYhmi5JgsRwgnHSc6NKAb7','2022-05-30 05:16:45'),(16,16,0,'kzLYVOVSS4BkaAg8Jwks9rbxts0xU4qa','2022-07-25 18:25:25'),(17,17,0,'BY5htrW1sZ7SRDJThDVvLve2ZcmBtsAM','2022-08-24 17:18:03'),(18,18,0,'dOf8pWlTGTAuzHSO5YzgcVEy9YcN0fbC','2022-12-10 07:18:45'),(19,19,0,'xr88z4fSCDYYMajM68Q7heptxyhFs2ZJ','2023-01-18 21:12:34'),(20,20,0,'GKk5fT9fqeTQ3VDXJDBA60M3feU2WXA0','2023-02-25 18:56:44'),(21,21,0,'F8EDg5wqE6NLH9IPZ4nvJ64zxZUHJbEe','2023-03-04 01:00:53'),(22,22,0,'SJ04GGNXOrdlOrBTT3JYrRjcTMGEyANi','2023-06-15 04:53:06');

--
-- Table structure for table `wishlist_item`
--

CREATE TABLE `wishlist_item` (
  `wishlist_item_id` int unsigned NOT NULL AUTO_INCREMENT COMMENT 'Wishlist item ID',
  `wishlist_id` int unsigned NOT NULL DEFAULT '0' COMMENT 'Wishlist ID',
  `product_id` int unsigned NOT NULL DEFAULT '0' COMMENT 'Product ID',
  `store_id` smallint unsigned DEFAULT NULL COMMENT 'Store ID',
  `added_at` timestamp NULL DEFAULT NULL COMMENT 'Add date and time',
  `description` text COMMENT 'Short description of wish list item',
  `qty` decimal(12,4) NOT NULL COMMENT 'Qty',
  PRIMARY KEY (`wishlist_item_id`),
  KEY `WISHLIST_ITEM_WISHLIST_ID` (`wishlist_id`),
  KEY `WISHLIST_ITEM_PRODUCT_ID` (`product_id`),
  KEY `WISHLIST_ITEM_STORE_ID` (`store_id`),
  CONSTRAINT `WISHLIST_ITEM_PRODUCT_ID_CATALOG_PRODUCT_ENTITY_ENTITY_ID` FOREIGN KEY (`product_id`) REFERENCES `catalog_product_entity` (`entity_id`) ON DELETE CASCADE,
  CONSTRAINT `WISHLIST_ITEM_STORE_ID_STORE_STORE_ID` FOREIGN KEY (`store_id`) REFERENCES `store` (`store_id`) ON DELETE SET NULL,
  CONSTRAINT `WISHLIST_ITEM_WISHLIST_ID_WISHLIST_WISHLIST_ID` FOREIGN KEY (`wishlist_id`) REFERENCES `wishlist` (`wishlist_id`) ON DELETE CASCADE
) ENGINE=InnoDB AUTO_INCREMENT=7 DEFAULT CHARSET=utf8 COMMENT='Wishlist items';

--
-- Dumping data for table `wishlist_item`
--

INSERT INTO `wishlist_item` VALUES (2,9,3,1,'2021-09-09 11:43:48',NULL,1.0000),(4,11,3,1,'2021-12-24 09:57:51',NULL,1.0000),(5,12,40,1,'2022-01-28 15:32:13',NULL,1.0000),(6,15,40,1,'2022-05-30 05:16:45',NULL,1.0000);

--
-- Table structure for table `wishlist_item_option`
--

CREATE TABLE `wishlist_item_option` (
  `option_id` int unsigned NOT NULL AUTO_INCREMENT COMMENT 'Option ID',
  `wishlist_item_id` int unsigned NOT NULL COMMENT 'Wishlist Item ID',
  `product_id` int unsigned NOT NULL COMMENT 'Product ID',
  `code` varchar(255) NOT NULL COMMENT 'Code',
  `value` text COMMENT 'Value',
  PRIMARY KEY (`option_id`),
  KEY `FK_A014B30B04B72DD0EAB3EECD779728D6` (`wishlist_item_id`),
  CONSTRAINT `FK_A014B30B04B72DD0EAB3EECD779728D6` FOREIGN KEY (`wishlist_item_id`) REFERENCES `wishlist_item` (`wishlist_item_id`) ON DELETE CASCADE
) ENGINE=InnoDB AUTO_INCREMENT=7 DEFAULT CHARSET=utf8 COMMENT='Wishlist Item Option Table';

--
-- Dumping data for table `wishlist_item_option`
--

INSERT INTO `wishlist_item_option` VALUES (2,2,3,'info_buyRequest','{\"product\":\"3\",\"form_key\":\"fQ9EJ2wNeXQQ75Ai\",\"uenc\":\"aHR0cDovL21hZ2VudG8yLm1hZ2VudGVjaC5jb20vdGhlbWVzL3NtX2Vnby9wdWIvZGVmYXVsdA,,\",\"action\":\"add\"}'),(4,4,3,'info_buyRequest','{\"product\":\"3\",\"form_key\":\"zuiv2yNJOAEVaq2c\",\"uenc\":\"aHR0cDovL21hZ2VudG8yLm1hZ2VudGVjaC5jb20vdGhlbWVzL3NtX2Vnby9wdWIvZGVmYXVsdA,,\",\"action\":\"add\"}'),(5,5,40,'info_buyRequest','{\"product\":\"40\",\"form_key\":\"yRha1kJOhXFtLamP\",\"uenc\":\"aHR0cDovL21hZ2VudG8yLm1hZ2VudGVjaC5jb20vdGhlbWVzL3NtX2Vnby9wdWIvZGVmYXVsdA,,\",\"action\":\"add\"}'),(6,6,40,'info_buyRequest','{\"product\":\"40\",\"form_key\":\"cgGf6wc8EXikrP4F\",\"uenc\":\"aHR0cDovL21hZ2VudG8yLm1hZ2VudGVjaC5jb20vdGhlbWVzL3NtX2Vnby9wdWIvZGVmYXVsdC9jYXJ0cXVpY2twcm8vY2F0YWxvZ19wcm9kdWN0L3ZpZXcvaWQvNDAvcmFuZHRpbWUvMTY1Mzg4Nzc3MTkzMQ,,\",\"action\":\"add\"}');

--
-- Table structure for table `yotpo_order_status_history`
--

CREATE TABLE `yotpo_order_status_history` (
  `id` int unsigned NOT NULL AUTO_INCREMENT COMMENT 'Id',
  `order_id` int unsigned DEFAULT NULL COMMENT 'Order Id',
  `store_id` int unsigned DEFAULT NULL COMMENT 'Store Id',
  `old_status` varchar(32) DEFAULT NULL COMMENT 'Old Status',
  `new_status` varchar(32) DEFAULT NULL COMMENT 'New Status',
  `created_at` datetime DEFAULT NULL COMMENT 'Created At',
  PRIMARY KEY (`id`)
) ENGINE=InnoDB DEFAULT CHARSET=utf8 COMMENT='yotpo_order_status_history';

--
-- Dumping data for table `yotpo_order_status_history`
--


--
-- Table structure for table `yotpo_rich_snippets`
--

CREATE TABLE `yotpo_rich_snippets` (
  `rich_snippet_id` int NOT NULL AUTO_INCREMENT COMMENT 'Id',
  `product_id` int NOT NULL COMMENT 'Product Id',
  `store_id` int NOT NULL COMMENT 'Store Id',
  `average_score` decimal(10,2) NOT NULL COMMENT 'Average Score',
  `reviews_count` float(10,0) NOT NULL COMMENT 'Reviews Count',
  `expiration_time` timestamp NOT NULL COMMENT 'Expiry Time',
  PRIMARY KEY (`rich_snippet_id`)
) ENGINE=InnoDB DEFAULT CHARSET=utf8 COMMENT='yotpo_rich_snippets';

--
-- Dumping data for table `yotpo_rich_snippets`
--


--
-- Table structure for table `yotpo_sync`
--

CREATE TABLE `yotpo_sync` (
  `sync_id` int unsigned NOT NULL AUTO_INCREMENT COMMENT 'Id',
  `store_id` int unsigned DEFAULT NULL COMMENT 'Store Id',
  `entity_type` varchar(50) DEFAULT NULL COMMENT 'Entity Type',
  `entity_id` int unsigned DEFAULT NULL COMMENT 'Entity Id',
  `sync_flag` smallint DEFAULT '0' COMMENT 'Sync Flag',
  `sync_date` datetime NOT NULL COMMENT 'Sync Date',
  PRIMARY KEY (`sync_id`),
  UNIQUE KEY `YOTPO_SYNC_STORE_ID_ENTITY_TYPE_ENTITY_ID` (`store_id`,`entity_type`,`entity_id`)
) ENGINE=InnoDB DEFAULT CHARSET=utf8 COMMENT='yotpo_sync';

--
-- Dumping data for table `yotpo_sync`
--

