--
-- Host: localhost    Database: sm_ego
-- ------------------------------------------------------


--
-- Table structure for table `admin_adobe_ims_webapi`
--

CREATE TABLE `admin_adobe_ims_webapi` (
  `id` int unsigned NOT NULL AUTO_INCREMENT COMMENT 'Entity ID',
  `admin_user_id` int unsigned NOT NULL DEFAULT '0' COMMENT 'Admin User Id',
  `access_token_hash` varchar(255) DEFAULT NULL COMMENT 'Access Token Hash',
  `access_token` text COMMENT 'Access Token',
  `created_at` timestamp NOT NULL DEFAULT CURRENT_TIMESTAMP COMMENT 'Created At',
  `updated_at` timestamp NOT NULL DEFAULT CURRENT_TIMESTAMP ON UPDATE CURRENT_TIMESTAMP COMMENT 'Updated At',
  `last_check_time` timestamp NOT NULL DEFAULT '0000-00-00 00:00:00' COMMENT 'Last check time',
  `access_token_expires_at` timestamp NOT NULL DEFAULT '0000-00-00 00:00:00' COMMENT 'Access Token Expires At',
  PRIMARY KEY (`id`),
  UNIQUE KEY `ADMIN_ADOBE_IMS_WEBAPI_ACCESS_TOKEN_HASH` (`access_token_hash`),
  KEY `ADMIN_ADOBE_IMS_WEBAPI_ADMIN_USER_ID` (`admin_user_id`),
  CONSTRAINT `ADMIN_ADOBE_IMS_WEBAPI_ADMIN_USER_ID_ADMIN_USER_USER_ID` FOREIGN KEY (`admin_user_id`) REFERENCES `admin_user` (`user_id`) ON DELETE CASCADE
) ENGINE=InnoDB DEFAULT CHARSET=utf8 COMMENT='Admin Adobe IMS Webapi';

--
-- Dumping data for table `admin_adobe_ims_webapi`
--


--
-- Table structure for table `admin_analytics_usage_version_log`
--

CREATE TABLE `admin_analytics_usage_version_log` (
  `id` int unsigned NOT NULL AUTO_INCREMENT COMMENT 'Log ID',
  `last_viewed_in_version` varchar(50) NOT NULL COMMENT 'Viewer last viewed on product version',
  PRIMARY KEY (`id`),
  UNIQUE KEY `ADMIN_ANALYTICS_USAGE_VERSION_LOG_LAST_VIEWED_IN_VERSION` (`last_viewed_in_version`)
) ENGINE=InnoDB AUTO_INCREMENT=2 DEFAULT CHARSET=utf8 COMMENT='Admin Notification Viewer Log Table';

--
-- Dumping data for table `admin_analytics_usage_version_log`
--

INSERT INTO `admin_analytics_usage_version_log` VALUES (1,'2.4.2-p1');

--
-- Table structure for table `admin_system_messages`
--

CREATE TABLE `admin_system_messages` (
  `identity` varchar(100) NOT NULL COMMENT 'Message ID',
  `severity` smallint unsigned NOT NULL DEFAULT '0' COMMENT 'Problem type',
  `created_at` timestamp NOT NULL DEFAULT CURRENT_TIMESTAMP COMMENT 'Create date',
  PRIMARY KEY (`identity`)
) ENGINE=InnoDB DEFAULT CHARSET=utf8 COMMENT='Admin System Messages';

--
-- Dumping data for table `admin_system_messages`
--


--
-- Table structure for table `admin_user`
--




--
-- Table structure for table `admin_user_expiration`
--

CREATE TABLE `admin_user_expiration` (
  `user_id` int unsigned NOT NULL COMMENT 'User ID',
  `expires_at` datetime NOT NULL DEFAULT '0000-00-00 00:00:00' COMMENT 'User Expiration Date',
  PRIMARY KEY (`user_id`),
  CONSTRAINT `ADMIN_USER_EXPIRATION_USER_ID_ADMIN_USER_USER_ID` FOREIGN KEY (`user_id`) REFERENCES `admin_user` (`user_id`) ON DELETE CASCADE
) ENGINE=InnoDB DEFAULT CHARSET=utf8 COMMENT='Admin User expiration dates table';

--
-- Dumping data for table `admin_user_expiration`
--


--
-- Table structure for table `adminnotification_inbox`
--

CREATE TABLE `adminnotification_inbox` (
  `notification_id` int unsigned NOT NULL AUTO_INCREMENT COMMENT 'Notification ID',
  `severity` smallint unsigned NOT NULL DEFAULT '0' COMMENT 'Problem type',
  `date_added` timestamp NOT NULL DEFAULT CURRENT_TIMESTAMP COMMENT 'Create date',
  `title` varchar(255) NOT NULL COMMENT 'Title',
  `description` text COMMENT 'Description',
  `url` varchar(255) DEFAULT NULL COMMENT 'Url',
  `is_read` smallint unsigned NOT NULL DEFAULT '0' COMMENT 'Flag if notification read',
  `is_remove` smallint unsigned NOT NULL DEFAULT '0' COMMENT 'Flag if notification might be removed',
  PRIMARY KEY (`notification_id`),
  KEY `ADMINNOTIFICATION_INBOX_SEVERITY` (`severity`),
  KEY `ADMINNOTIFICATION_INBOX_IS_READ` (`is_read`),
  KEY `ADMINNOTIFICATION_INBOX_IS_REMOVE` (`is_remove`)
) ENGINE=InnoDB AUTO_INCREMENT=20 DEFAULT CHARSET=utf8 COMMENT='Adminnotification Inbox';

--
-- Dumping data for table `adminnotification_inbox`
--

INSERT INTO `adminnotification_inbox` VALUES (1,4,'2021-06-03 09:20:44','Disable Notice','To improve performance, collecting statistics for the Magento Report module is disabled by default. \nYou can enable it in System Config.','',0,0),(2,3,'2021-06-03 09:50:02','New version 2.10.1 of Magefan Magento 2 Blog Extension is now available.',' You can download the new version from Magefan Store or update it via composer. Get us in touch if you need our help with an update or you have any questions.\n                                    https://magefan.com/magento2-blog-extension?version=2.10.1\n                                 ','https://magefan.com/magento2-blog-extension?version=2.10.1',0,0),(3,4,'2021-06-03 09:50:02','FAQ: How to configure &quot;read more&quot; in your Magento 2 blog post',' If you still don&#039;t know how to configure read more functionality in your magento 2 blog post, please read this article.\n                    Online documentation for Magento 2 blog extension is also available on our website. http://goo.gl/XOEdpy ','http://magefan.com/blog/add-read-more-tag-to-blog-post-content/?from=notification1',0,0),(4,3,'2021-07-22 01:27:28','New version 2.10.2 of Magefan Magento 2 Blog Extension is now available.',' You can download the new version from Magefan Store or update it via composer. Get us in touch if you need our help with an update or you have any questions.\n                                    https://magefan.com/magento2-blog-extension?version=2.10.2\n                                 ','https://magefan.com/magento2-blog-extension?version=2.10.2',0,0),(5,3,'2021-08-03 00:00:00','New FREE Magento 2 Facebook Pixel Extension','Integrate Facebook Pixel just in a few clicks with the new FREE Magento 2 Facebook Pixel Extension. Hurry up to try it out! https://magefan.com/magento-2-facebook-pixel-extension','https://magefan.com/magento-2-facebook-pixel-extension?utm_source=website&amp;utm_medium=admin_notification&amp;utm_campaign=new_extension_fb_pixel',0,0),(6,4,'2021-08-10 17:53:11','Magento Open Source 2.4.3 available today!','Magento Open Source 2.4.3, along with security-only patches 2.4.2-p1 and 2.3.7-p2, is now generally available. Magento Open Source 2.4.3 includes 33 security and 370+ quality improvements, along with performance and scale enhancements.  With these important updates, we strongly recommend that you upgrade to maintain the highest level of security for your sites. Learn how this release can help you save time and maximize resources in our release blog. ','http://magento.com/blog/magento-news/get-ready-your-peak-season-adobe-commerce-243',0,0),(7,4,'2021-10-01 14:44:47','New, Simplified Upgrade Process and Lifecycle Policy Helps Reduce Your TCO ','Adobe Commerce developed a new release strategy and updated its lifecycle policy in effort to help Merchants lower their total cost of ownership and accelerate their time to innovation. Learn more about how upgrades are now more predictable and easier to implement in our blog.','https://magento.com/blog/accelerating-innovation-through-simplified-release-strategy',0,0),(8,4,'2021-10-22 19:06:48','Magento Technology Stack Evaluation Survey','Please take a few minutes to fill out this survey https://forms.office.com/r/DLN8K3h2h0. We appreciate your effort to support the future of Adobe Commerce!','https://forms.office.com/r/DLN8K3h2h0',0,0),(9,3,'2021-10-29 10:28:51','New version 2.10.3 of Magefan Magento 2 Blog Extension is now available.',' You can download the new version from Magefan Store or update it via composer. Get us in touch if you need our help with an update or you have any questions.\n                                    https://magefan.com/magento2-blog-extension?version=2.10.3\n                                 ','https://magefan.com/magento2-blog-extension?version=2.10.3',0,0),(10,2,'2022-02-17 16:49:28','Security update available for Adobe Commerce | APSB22-12','Adobe has released security updates for Adobe Commerce and Magento Open Source. These updates resolve vulnerabilities rated critical. Full details included in security bulletin.','https://helpx.adobe.com/security/products/magento/apsb22-12.html',0,0),(11,2,'2022-03-01 23:33:53','Magento Open Source 2.4.4 Coming April 12','To help ensure this release delivers the highest standards of security and quality, general availability of Magento Open Source is now planned for April 12. For more information, visit our DevBlog. ','https://community.magento.com/t5/Magento-DevBlog/Adobe-Commerce-2-4-4-Now-Coming-April-12/ba-p/492935',0,0),(12,2,'2022-04-12 16:52:58','Magento Open Source 2.4.4 Available Now!','Magento Open Source 2.4.4 enables customers to future-proof and accelerate the growth of their digital commerce businesses. This release is our fastest and most scalable version ever, with increased GraphQL API coverage for several Admin features, as well as new capabilities to PWA Studio 12.3.  Learn how this release can help you save time and maximize resources in our release blog. ','https://business.adobe.com/blog/perspectives/future-proof-your-business-with-adobe-commerce-2-4-4',0,0),(13,4,'2022-05-24 15:06:25','Prepared to upgrade to Magento Open Source 2.4.4?','With 2.3 end of support (EOS) in September and 2.4.0-2.4.3 EOS in November, it is critical to have an upgrade plan in place to make sure your site stays secure, performant and PCI-Compliant. Learn more about how Magento Open Source 2.4.4 will future-proof your business.','https://business.adobe.com/blog/perspectives/future-proof-your-business-with-adobe-commerce-2-4-4',0,0),(14,4,'2022-07-26 16:18:18','Expanded video library on the Adobe Commerce Experience League','Check out our expanded video library on the Adobe Commerce Experience League that now has a set of 35 short demo videos of our core Adobe Commerce capabilities and support tools.','https://experienceleague.adobe.com/docs/commerce-learn/tutorials/overview.html?lang=en',0,0),(15,1,'2022-10-11 16:58:58','Magento Open Source Security Patches Now Available','Adobe is excited to announce that Magento Open Source security-only patches 2.4.5-p1 and 2.4.4-p2 are now available to our entire Commerce Community. In this release, you will find several security enhancements. Refer to the Readying your business for peak season shopping blog for more information and other exciting upgrades. ','https://business.adobe.com/blog/the-latest/readying-your-business-for-peak-season-shopping',0,0),(16,1,'2023-03-14 16:47:30','Welcome Magento Open Source 2.4.6, along with exciting product updates','We are excited to announce that our March release, including Magento Open Source 2.4.6, is now available to our entire Commerce Community. In this core release, you will find several enhancements to platform quality, security, performance, and scale. Also included in this release is the expansion of Payment Services to UK and France. Refer to the Adobe release blog. ','https://business.adobe.com/blog/the-latest/7-adobe-commerce-innovations-that-increase-sales-and-performance',0,0),(17,1,'2023-06-13 14:28:45','Magento Open Source June release brings important accessibility and security updates','We are excited to announce great new accessibility updates in PWA Studio, along with multiple security updates in our June release. PWA Studio can now address the needs of people with all types, degrees, and combinations of disability. These guidelines make Web content more usable for individuals with changing abilities due to aging and often improve usability for users in general. We also have new security patches for all versions still under support or extended support. ','https://business.adobe.com/blog/the-latest/three-rules-of-b2b-commerce-using-adobe-commerce',0,0),(18,3,'2023-07-13 04:48:46','New version 2.10.14 of Magefan Magento 2 Blog Extension is now available.',' You can download the new version from Magefan Store or update it via composer. Get us in touch if you need our help with an update or you have any questions.\n                                    https://magefan.com/magento2-blog-extension?version=2.10.14\n                                 ','https://magefan.com/magento2-blog-extension?version=2.10.14',0,0),(19,1,'2023-05-11 00:00:00','Google Universal Analytics is living the last days. Hurry up and switch to Google Analytics 4!','Easily enable Google Analytics 4 tracking on your Magento 2 to continue collecting data. Learn more https://magefan.com/magento-2-google-tag-manager','https://magefan.com/magento-2-google-tag-manager?utm_source=website&amp;utm_medium=admin-ntf&amp;utm_campaign=last-days-ga-universal',0,0);

--
-- Table structure for table `adobe_stock_asset`
--

CREATE TABLE `adobe_stock_asset` (
  `id` int unsigned NOT NULL AUTO_INCREMENT COMMENT 'Entity ID',
  `media_gallery_id` int unsigned DEFAULT NULL COMMENT 'Media gallery ID',
  `category_id` int unsigned DEFAULT NULL COMMENT 'Category ID',
  `creator_id` int unsigned DEFAULT NULL COMMENT 'Creator ID',
  `is_licensed` int unsigned NOT NULL DEFAULT '0' COMMENT 'Is Licensed',
  `creation_date` varchar(255) DEFAULT NULL COMMENT 'Creation Date',
  PRIMARY KEY (`id`),
  KEY `ADOBE_STOCK_ASSET_MEDIA_GALLERY_ID_MEDIA_GALLERY_ASSET_ID` (`media_gallery_id`),
  KEY `ADOBE_STOCK_ASSET_ID` (`id`),
  KEY `ADOBE_STOCK_ASSET_CATEGORY_ID` (`category_id`),
  KEY `ADOBE_STOCK_ASSET_CREATOR_ID` (`creator_id`),
  CONSTRAINT `ADOBE_STOCK_ASSET_CATEGORY_ID_ADOBE_STOCK_CATEGORY_ID` FOREIGN KEY (`category_id`) REFERENCES `adobe_stock_category` (`id`) ON DELETE SET NULL,
  CONSTRAINT `ADOBE_STOCK_ASSET_CREATOR_ID_ADOBE_STOCK_CREATOR_ID` FOREIGN KEY (`creator_id`) REFERENCES `adobe_stock_creator` (`id`) ON DELETE SET NULL,
  CONSTRAINT `ADOBE_STOCK_ASSET_MEDIA_GALLERY_ID_MEDIA_GALLERY_ASSET_ID` FOREIGN KEY (`media_gallery_id`) REFERENCES `media_gallery_asset` (`id`) ON DELETE CASCADE
) ENGINE=InnoDB DEFAULT CHARSET=utf8 COMMENT='Adobe Stock Asset';

--
-- Dumping data for table `adobe_stock_asset`
--


--
-- Table structure for table `adobe_stock_category`
--

CREATE TABLE `adobe_stock_category` (
  `id` int unsigned NOT NULL AUTO_INCREMENT COMMENT 'Entity ID',
  `name` varchar(255) DEFAULT NULL COMMENT 'Name',
  PRIMARY KEY (`id`),
  KEY `ADOBE_STOCK_CATEGORY_ID` (`id`)
) ENGINE=InnoDB DEFAULT CHARSET=utf8 COMMENT='Adobe Stock Category';

--
-- Dumping data for table `adobe_stock_category`
--


--
-- Table structure for table `adobe_stock_creator`
--

CREATE TABLE `adobe_stock_creator` (
  `id` int unsigned NOT NULL AUTO_INCREMENT COMMENT 'ID',
  `name` varchar(255) DEFAULT NULL COMMENT 'Asset creator''s name',
  PRIMARY KEY (`id`),
  KEY `ADOBE_STOCK_CREATOR_ID` (`id`)
) ENGINE=InnoDB DEFAULT CHARSET=utf8 COMMENT='Adobe Stock Creator';

--
-- Dumping data for table `adobe_stock_creator`
--


--
-- Table structure for table `adobe_user_profile`
--

CREATE TABLE `adobe_user_profile` (
  `id` int unsigned NOT NULL AUTO_INCREMENT COMMENT 'Entity ID',
  `admin_user_id` int unsigned NOT NULL DEFAULT '0' COMMENT 'Admin User Id',
  `name` varchar(255) NOT NULL COMMENT 'Display Name',
  `email` varchar(255) NOT NULL COMMENT 'user profile email',
  `image` varchar(255) NOT NULL COMMENT 'user profile avatar',
  `account_type` varchar(255) DEFAULT NULL COMMENT 'Account Type',
  `access_token` text COMMENT 'Access Token',
  `refresh_token` text COMMENT 'Refresh Token',
  `created_at` timestamp NOT NULL DEFAULT CURRENT_TIMESTAMP COMMENT 'Created At',
  `updated_at` timestamp NOT NULL DEFAULT CURRENT_TIMESTAMP ON UPDATE CURRENT_TIMESTAMP COMMENT 'Updated At',
  `access_token_expires_at` timestamp NOT NULL DEFAULT '0000-00-00 00:00:00' COMMENT 'Access Token Expires At',
  PRIMARY KEY (`id`),
  KEY `ADOBE_USER_PROFILE_ADMIN_USER_ID_ADMIN_USER_USER_ID` (`admin_user_id`),
  KEY `ADOBE_USER_PROFILE_ID` (`id`),
  KEY `ADOBE_USER_PROFILE_ADMIN_USER_ID` (`admin_user_id`),
  CONSTRAINT `ADOBE_USER_PROFILE_ADMIN_USER_ID_ADMIN_USER_USER_ID` FOREIGN KEY (`admin_user_id`) REFERENCES `admin_user` (`user_id`) ON DELETE CASCADE
) ENGINE=InnoDB DEFAULT CHARSET=utf8 COMMENT='Adobe IMS User Profile';

--
-- Dumping data for table `adobe_user_profile`
--


--
-- Table structure for table `amazon_customer`
--

CREATE TABLE `amazon_customer` (
  `entity_id` int unsigned NOT NULL AUTO_INCREMENT COMMENT 'Entity_id',
  `customer_id` int unsigned NOT NULL COMMENT 'Customer_id',
  `amazon_id` varchar(255) NOT NULL COMMENT 'Amazon_id',
  PRIMARY KEY (`entity_id`),
  UNIQUE KEY `AMAZON_CUSTOMER_CUSTOMER_ID_AMAZON_ID` (`customer_id`,`amazon_id`),
  UNIQUE KEY `AMAZON_CUSTOMER_CUSTOMER_ID` (`customer_id`),
  CONSTRAINT `AMAZON_CUSTOMER_CUSTOMER_ID_CUSTOMER_ENTITY_ENTITY_ID` FOREIGN KEY (`customer_id`) REFERENCES `customer_entity` (`entity_id`) ON DELETE CASCADE
) ENGINE=InnoDB DEFAULT CHARSET=utf8 COMMENT='amazon_customer';

--
-- Dumping data for table `amazon_customer`
--


--
-- Table structure for table `amazon_pending_authorization`
--

CREATE TABLE `amazon_pending_authorization` (
  `entity_id` int unsigned NOT NULL AUTO_INCREMENT COMMENT 'Entity_id',
  `order_id` int unsigned NOT NULL COMMENT 'Order_id',
  `payment_id` int unsigned NOT NULL COMMENT 'Payment_id',
  `authorization_id` varchar(255) DEFAULT NULL COMMENT 'Authorization_id',
  `created_at` datetime NOT NULL COMMENT 'Created_at',
  `updated_at` datetime DEFAULT NULL COMMENT 'Updated_at',
  `processed` smallint unsigned DEFAULT '0' COMMENT 'Initial authorization processed',
  `capture` smallint unsigned DEFAULT '0' COMMENT 'Initial authorization has capture',
  `capture_id` varchar(255) DEFAULT NULL COMMENT 'Initial authorization capture id',
  PRIMARY KEY (`entity_id`),
  UNIQUE KEY `UNQ_E6CCA08713FB32BB136A56837009C371` (`order_id`,`payment_id`,`authorization_id`)
) ENGINE=InnoDB DEFAULT CHARSET=utf8 COMMENT='amazon_pending_authorization';

--
-- Dumping data for table `amazon_pending_authorization`
--


--
-- Table structure for table `amazon_pending_capture`
--

CREATE TABLE `amazon_pending_capture` (
  `entity_id` int unsigned NOT NULL AUTO_INCREMENT COMMENT 'Entity_id',
  `capture_id` varchar(255) NOT NULL COMMENT 'Capture_id',
  `created_at` datetime NOT NULL COMMENT 'Created_at',
  `order_id` int unsigned NOT NULL COMMENT 'order id',
  `payment_id` int unsigned NOT NULL COMMENT 'payment id',
  PRIMARY KEY (`entity_id`),
  UNIQUE KEY `AMAZON_PENDING_CAPTURE_ORDER_ID_PAYMENT_ID_CAPTURE_ID` (`order_id`,`payment_id`,`capture_id`)
) ENGINE=InnoDB DEFAULT CHARSET=utf8 COMMENT='amazon_pending_capture';

--
-- Dumping data for table `amazon_pending_capture`
--


--
-- Table structure for table `amazon_pending_refund`
--

CREATE TABLE `amazon_pending_refund` (
  `entity_id` int unsigned NOT NULL AUTO_INCREMENT COMMENT 'Entity_id',
  `refund_id` varchar(255) NOT NULL COMMENT 'Refund_id',
  `created_at` datetime NOT NULL COMMENT 'Created_at',
  `order_id` int unsigned NOT NULL COMMENT 'Order_id',
  `payment_id` int unsigned NOT NULL COMMENT 'Payment_id',
  PRIMARY KEY (`entity_id`),
  UNIQUE KEY `AMAZON_PENDING_REFUND_ORDER_ID_PAYMENT_ID_REFUND_ID` (`order_id`,`payment_id`,`refund_id`)
) ENGINE=InnoDB DEFAULT CHARSET=utf8 COMMENT='amazon_pending_refund';

--
-- Dumping data for table `amazon_pending_refund`
--


--
-- Table structure for table `amazon_quote`
--

CREATE TABLE `amazon_quote` (
  `entity_id` int unsigned NOT NULL AUTO_INCREMENT COMMENT 'Entity ID',
  `quote_id` int unsigned NOT NULL COMMENT 'Quote ID',
  `amazon_order_reference_id` varchar(255) NOT NULL COMMENT 'Amazon Order Reference ID',
  `sandbox_simulation_reference` varchar(255) DEFAULT NULL COMMENT 'Sandbox simulation reference',
  `confirmed` smallint unsigned NOT NULL DEFAULT '0' COMMENT 'Quote confirmed with Amazon',
  PRIMARY KEY (`entity_id`),
  UNIQUE KEY `AMAZON_QUOTE_QUOTE_ID` (`quote_id`),
  CONSTRAINT `AMAZON_QUOTE_QUOTE_ID_QUOTE_ENTITY_ID` FOREIGN KEY (`quote_id`) REFERENCES `quote` (`entity_id`) ON DELETE CASCADE
) ENGINE=InnoDB DEFAULT CHARSET=utf8 COMMENT='amazon_quote';

--
-- Dumping data for table `amazon_quote`
--


--
-- Table structure for table `amazon_sales_order`
--

CREATE TABLE `amazon_sales_order` (
  `entity_id` int unsigned NOT NULL AUTO_INCREMENT COMMENT 'Entity ID',
  `order_id` int unsigned NOT NULL COMMENT 'Order ID',
  `amazon_order_reference_id` varchar(255) NOT NULL COMMENT 'Amazon Order Reference ID',
  PRIMARY KEY (`entity_id`),
  UNIQUE KEY `AMAZON_SALES_ORDER_ORDER_ID` (`order_id`),
  CONSTRAINT `AMAZON_SALES_ORDER_ORDER_ID_SALES_ORDER_ENTITY_ID` FOREIGN KEY (`order_id`) REFERENCES `sales_order` (`entity_id`) ON DELETE CASCADE
) ENGINE=InnoDB DEFAULT CHARSET=utf8 COMMENT='amazon_sales_order';

--
-- Dumping data for table `amazon_sales_order`
--


--
-- Table structure for table `authorization_role`
--

CREATE TABLE `authorization_role` (
  `role_id` int unsigned NOT NULL AUTO_INCREMENT COMMENT 'Role ID',
  `parent_id` int unsigned NOT NULL DEFAULT '0' COMMENT 'Parent Role ID',
  `tree_level` smallint unsigned NOT NULL DEFAULT '0' COMMENT 'Role Tree Level',
  `sort_order` smallint unsigned NOT NULL DEFAULT '0' COMMENT 'Role Sort Order',
  `role_type` varchar(1) NOT NULL DEFAULT '0' COMMENT 'Role Type',
  `user_id` int unsigned NOT NULL DEFAULT '0' COMMENT 'User ID',
  `user_type` varchar(16) DEFAULT NULL COMMENT 'User Type',
  `role_name` varchar(50) DEFAULT NULL COMMENT 'Role Name',
  PRIMARY KEY (`role_id`),
  KEY `AUTHORIZATION_ROLE_PARENT_ID_SORT_ORDER` (`parent_id`,`sort_order`),
  KEY `AUTHORIZATION_ROLE_TREE_LEVEL` (`tree_level`)
) ENGINE=InnoDB AUTO_INCREMENT=5 DEFAULT CHARSET=utf8 COMMENT='Admin Role Table';

--
-- Dumping data for table `authorization_role`
--

INSERT INTO `authorization_role` VALUES (1,0,1,1,'G',0,'2','Administrators'),(2,1,2,0,'U',1,'2','admin'),(3,1,2,0,'U',2,'2','ytcdemo'),(4,1,2,0,'U',3,'2','mageplaza');

--
-- Table structure for table `authorization_rule`
--

CREATE TABLE `authorization_rule` (
  `rule_id` int unsigned NOT NULL AUTO_INCREMENT COMMENT 'Rule ID',
  `role_id` int unsigned NOT NULL DEFAULT '0' COMMENT 'Role ID',
  `resource_id` varchar(255) DEFAULT NULL COMMENT 'Resource ID',
  `privileges` varchar(20) DEFAULT NULL COMMENT 'Privileges',
  `permission` varchar(10) DEFAULT NULL COMMENT 'Permission',
  PRIMARY KEY (`rule_id`),
  KEY `AUTHORIZATION_RULE_RESOURCE_ID_ROLE_ID` (`resource_id`,`role_id`),
  KEY `AUTHORIZATION_RULE_ROLE_ID_RESOURCE_ID` (`role_id`,`resource_id`),
  CONSTRAINT `AUTHORIZATION_RULE_ROLE_ID_AUTHORIZATION_ROLE_ROLE_ID` FOREIGN KEY (`role_id`) REFERENCES `authorization_role` (`role_id`) ON DELETE CASCADE
) ENGINE=InnoDB AUTO_INCREMENT=2 DEFAULT CHARSET=utf8 COMMENT='Admin Rule Table';

--
-- Dumping data for table `authorization_rule`
--

INSERT INTO `authorization_rule` VALUES (1,1,'Magento_Backend::all',NULL,'allow');

--
-- Table structure for table `braintree_credit_prices`
--

CREATE TABLE `braintree_credit_prices` (
  `id` int unsigned NOT NULL AUTO_INCREMENT COMMENT 'Row ID',
  `product_id` int unsigned NOT NULL COMMENT 'Product Id',
  `term` int NOT NULL COMMENT 'Credit Term',
  `monthly_payment` decimal(12,2) NOT NULL COMMENT 'Monthly Payment',
  `instalment_rate` decimal(12,2) NOT NULL COMMENT 'Instalment Rate',
  `cost_of_purchase` decimal(12,2) NOT NULL COMMENT 'Cost of purchase',
  `total_inc_interest` decimal(12,2) NOT NULL COMMENT 'Total Inc Interest',
  PRIMARY KEY (`id`),
  UNIQUE KEY `BRAINTREE_CREDIT_PRICES_PRODUCT_ID_TERM` (`product_id`,`term`),
  KEY `BRAINTREE_CREDIT_PRICES_PRODUCT_ID` (`product_id`)
) ENGINE=InnoDB DEFAULT CHARSET=utf8 COMMENT='Braintree credit rates';

--
-- Dumping data for table `braintree_credit_prices`
--


--
-- Table structure for table `braintree_transaction_details`
--

CREATE TABLE `braintree_transaction_details` (
  `entity_id` int unsigned NOT NULL AUTO_INCREMENT COMMENT 'Entity ID',
  `order_id` int unsigned NOT NULL COMMENT 'Order Id',
  `transaction_source` varchar(12) DEFAULT NULL COMMENT 'Transaction Source',
  PRIMARY KEY (`entity_id`),
  KEY `BRAINTREE_TRANSACTION_DETAILS_ORDER_ID` (`order_id`),
  CONSTRAINT `BRAINTREE_TRANSACTION_DETAILS_ORDER_ID_SALES_ORDER_ENTITY_ID` FOREIGN KEY (`order_id`) REFERENCES `sales_order` (`entity_id`) ON DELETE CASCADE
) ENGINE=InnoDB DEFAULT CHARSET=utf8 COMMENT='Braintree transaction details table';

--
-- Dumping data for table `braintree_transaction_details`
--


--
-- Table structure for table `cache`
--

CREATE TABLE `cache` (
  `id` varchar(200) NOT NULL COMMENT 'Cache Id',
  `data` mediumblob COMMENT 'Cache Data',
  `create_time` int DEFAULT NULL COMMENT 'Cache Creation Time',
  `update_time` int DEFAULT NULL COMMENT 'Time of Cache Updating',
  `expire_time` int DEFAULT NULL COMMENT 'Cache Expiration Time',
  PRIMARY KEY (`id`),
  KEY `CACHE_EXPIRE_TIME` (`expire_time`)
) ENGINE=InnoDB DEFAULT CHARSET=utf8 COMMENT='Caches';

--
-- Dumping data for table `cache`
--


--
-- Table structure for table `cache_tag`
--

CREATE TABLE `cache_tag` (
  `tag` varchar(100) NOT NULL COMMENT 'Tag',
  `cache_id` varchar(200) NOT NULL COMMENT 'Cache Id',
  PRIMARY KEY (`tag`,`cache_id`),
  KEY `CACHE_TAG_CACHE_ID` (`cache_id`)
) ENGINE=InnoDB DEFAULT CHARSET=utf8 COMMENT='Tag Caches';

--
-- Dumping data for table `cache_tag`
--


--
-- Table structure for table `captcha_log`
--

CREATE TABLE `captcha_log` (
  `type` varchar(32) NOT NULL COMMENT 'Type',
  `value` varchar(255) NOT NULL COMMENT 'Value',
  `count` int unsigned NOT NULL DEFAULT '0' COMMENT 'Count',
  `updated_at` timestamp NULL DEFAULT NULL COMMENT 'Update Time',
  PRIMARY KEY (`type`,`value`)
) ENGINE=InnoDB DEFAULT CHARSET=utf8 COMMENT='Count Login Attempts';

--
-- Dumping data for table `captcha_log`
--

INSERT INTO `captcha_log` VALUES ('1','1.55.211.132',2,'2021-08-04 07:34:41'),('1','103.252.171.97',2,'2021-09-06 11:11:31'),('1','116.72.49.239',1,'2021-09-09 11:40:21'),('1','118.71.224.135',4,'2021-11-03 02:57:47'),('1','202.131.110.94',1,'2022-05-30 05:14:40'),('1','39.42.144.39',1,'2022-02-26 19:32:40'),('2','2@gmail.com',1,'2022-02-26 19:32:40'),('2','abc@gmail.com',1,'2022-05-30 05:14:39'),('2','admin',3,'2021-09-06 11:05:08'),('2','megeplaza',1,'2021-09-06 11:11:30'),('2','test@gmail.com',1,'2021-09-09 11:40:21'),('2','ytcdemo',6,'2023-07-13 03:55:57');

--
-- Table structure for table `catalog_category_entity`
--

CREATE TABLE `catalog_category_entity` (
  `entity_id` int unsigned NOT NULL AUTO_INCREMENT COMMENT 'Entity ID',
  `attribute_set_id` smallint unsigned NOT NULL DEFAULT '0' COMMENT 'Attribute Set ID',
  `parent_id` int unsigned NOT NULL DEFAULT '0' COMMENT 'Parent Category ID',
  `created_at` timestamp NOT NULL DEFAULT CURRENT_TIMESTAMP COMMENT 'Creation Time',
  `updated_at` timestamp NOT NULL DEFAULT CURRENT_TIMESTAMP ON UPDATE CURRENT_TIMESTAMP COMMENT 'Update Time',
  `path` varchar(255) NOT NULL COMMENT 'Tree Path',
  `position` int NOT NULL COMMENT 'Position',
  `level` int NOT NULL DEFAULT '0' COMMENT 'Tree Level',
  `children_count` int NOT NULL COMMENT 'Child Count',
  PRIMARY KEY (`entity_id`),
  KEY `CATALOG_CATEGORY_ENTITY_LEVEL` (`level`),
  KEY `CATALOG_CATEGORY_ENTITY_PATH` (`path`)
) ENGINE=InnoDB AUTO_INCREMENT=79 DEFAULT CHARSET=utf8 COMMENT='Catalog Category Table';

--
-- Dumping data for table `catalog_category_entity`
--

INSERT INTO `catalog_category_entity` VALUES (1,3,0,'2021-06-03 09:20:18','2021-07-09 07:46:51','1',0,0,73),(2,3,1,'2021-06-03 09:20:20','2021-07-09 07:46:51','1/2',1,1,72),(3,3,2,'2021-06-04 06:38:21','2021-06-19 04:16:33','1/2/3',1,2,3),(4,3,2,'2021-06-04 06:39:21','2021-06-04 06:39:21','1/2/4',2,2,0),(5,3,2,'2021-06-04 06:40:59','2021-07-09 07:46:51','1/2/5',3,2,36),(6,3,2,'2021-06-04 06:43:13','2021-06-04 06:43:13','1/2/6',4,2,0),(7,3,2,'2021-06-04 06:48:01','2021-06-07 03:30:40','1/2/7',5,2,24),(8,3,2,'2021-06-04 09:24:41','2021-06-04 09:57:16','1/2/8',6,2,3),(9,3,8,'2021-06-04 09:56:17','2021-06-04 10:21:27','1/2/8/9',1,3,0),(10,3,8,'2021-06-04 09:56:51','2021-06-04 10:21:42','1/2/8/10',2,3,0),(11,3,8,'2021-06-04 09:57:16','2021-06-04 10:22:02','1/2/8/11',3,3,0),(12,3,7,'2021-06-07 03:18:29','2021-06-07 03:21:56','1/2/7/12',1,3,5),(13,3,7,'2021-06-07 03:19:01','2021-06-07 03:23:54','1/2/7/13',2,3,5),(14,3,7,'2021-06-07 03:19:25','2021-06-07 03:25:59','1/2/7/14',3,3,5),(15,3,7,'2021-06-07 03:19:44','2021-06-07 03:30:40','1/2/7/15',4,3,5),(16,3,12,'2021-06-07 03:20:16','2021-06-07 03:20:16','1/2/7/12/16',1,4,0),(17,3,12,'2021-06-07 03:20:39','2021-06-07 03:20:39','1/2/7/12/17',2,4,0),(18,3,12,'2021-06-07 03:21:03','2021-06-07 03:21:03','1/2/7/12/18',3,4,0),(19,3,12,'2021-06-07 03:21:35','2021-06-07 03:21:35','1/2/7/12/19',4,4,0),(20,3,12,'2021-06-07 03:21:56','2021-06-07 03:21:56','1/2/7/12/20',5,4,0),(21,3,13,'2021-06-07 03:22:31','2021-06-07 03:22:31','1/2/7/13/21',1,4,0),(22,3,13,'2021-06-07 03:22:47','2021-06-07 03:22:47','1/2/7/13/22',2,4,0),(23,3,13,'2021-06-07 03:23:05','2021-06-07 03:23:05','1/2/7/13/23',3,4,0),(24,3,13,'2021-06-07 03:23:27','2021-06-07 03:23:27','1/2/7/13/24',4,4,0),(25,3,13,'2021-06-07 03:23:54','2021-06-07 03:23:54','1/2/7/13/25',5,4,0),(26,3,14,'2021-06-07 03:24:18','2021-06-07 03:24:19','1/2/7/14/26',1,4,0),(27,3,14,'2021-06-07 03:24:41','2021-06-07 03:24:41','1/2/7/14/27',2,4,0),(28,3,14,'2021-06-07 03:25:20','2021-06-07 03:25:20','1/2/7/14/28',3,4,0),(29,3,14,'2021-06-07 03:25:39','2021-06-07 03:25:39','1/2/7/14/29',4,4,0),(30,3,14,'2021-06-07 03:25:59','2021-06-07 03:25:59','1/2/7/14/30',5,4,0),(31,3,15,'2021-06-07 03:27:29','2021-06-07 03:27:29','1/2/7/15/31',1,4,0),(32,3,15,'2021-06-07 03:27:48','2021-06-07 03:27:48','1/2/7/15/32',2,4,0),(33,3,15,'2021-06-07 03:29:48','2021-06-07 03:29:48','1/2/7/15/33',3,4,0),(34,3,15,'2021-06-07 03:30:16','2021-06-07 03:30:16','1/2/7/15/34',4,4,0),(35,3,15,'2021-06-07 03:30:40','2021-06-07 03:30:40','1/2/7/15/35',5,4,0),(36,3,5,'2021-06-07 03:43:46','2021-07-09 07:16:09','1/2/5/36',1,3,11),(37,3,5,'2021-06-07 03:44:14','2021-07-09 07:45:33','1/2/5/37',2,3,11),(38,3,5,'2021-06-07 03:44:37','2021-07-09 07:46:51','1/2/5/38',3,3,11),(39,3,37,'2021-06-07 03:45:03','2021-06-07 03:45:03','1/2/5/37/39',1,4,0),(40,3,37,'2021-06-07 03:45:30','2021-06-07 03:45:30','1/2/5/37/40',2,4,0),(41,3,37,'2021-06-07 03:45:50','2021-06-07 03:45:50','1/2/5/37/41',3,4,0),(42,3,37,'2021-06-07 03:46:13','2021-06-07 03:46:13','1/2/5/37/42',4,4,0),(43,3,37,'2021-06-07 03:46:33','2021-06-07 03:46:33','1/2/5/37/43',5,4,0),(44,3,36,'2021-06-07 03:47:43','2021-06-07 03:47:43','1/2/5/36/44',1,4,0),(45,3,36,'2021-06-07 03:48:06','2021-06-07 03:48:06','1/2/5/36/45',2,4,0),(46,3,36,'2021-06-07 03:51:44','2021-06-07 03:51:44','1/2/5/36/46',3,4,0),(47,3,36,'2021-06-07 03:52:20','2021-06-07 03:52:20','1/2/5/36/47',4,4,0),(48,3,36,'2021-06-07 03:53:27','2021-06-07 03:53:27','1/2/5/36/48',5,4,0),(49,3,38,'2021-06-07 03:54:02','2021-06-07 03:54:02','1/2/5/38/49',1,4,0),(50,3,38,'2021-06-07 03:54:18','2021-06-07 03:54:18','1/2/5/38/50',2,4,0),(51,3,38,'2021-06-07 03:54:57','2021-06-07 03:54:57','1/2/5/38/51',3,4,0),(52,3,38,'2021-06-07 03:55:36','2021-06-07 03:55:36','1/2/5/38/52',4,4,0),(53,3,38,'2021-06-07 03:56:30','2021-06-07 03:56:30','1/2/5/38/53',5,4,0),(54,3,3,'2021-06-19 04:15:29','2021-06-19 04:15:29','1/2/3/54',1,3,0),(55,3,3,'2021-06-19 04:15:59','2021-06-19 04:15:59','1/2/3/55',2,3,0),(56,3,3,'2021-06-19 04:16:33','2021-06-19 04:16:33','1/2/3/56',3,3,0),(57,3,36,'2021-07-09 04:36:45','2021-07-09 04:36:45','1/2/5/36/57',6,4,0),(58,3,36,'2021-07-09 04:37:42','2021-07-09 04:44:06','1/2/5/36/58',7,4,0),(59,3,36,'2021-07-09 04:38:04','2021-07-09 04:44:22','1/2/5/36/59',8,4,0),(60,3,36,'2021-07-09 04:38:31','2021-07-09 04:44:38','1/2/5/36/60',9,4,0),(61,3,36,'2021-07-09 04:47:53','2021-07-09 05:01:54','1/2/5/36/61',10,4,0),(64,3,36,'2021-07-09 04:49:21','2021-07-09 04:49:21','1/2/5/36/64',13,4,0),(66,3,37,'2021-07-09 04:51:12','2021-07-09 04:51:12','1/2/5/37/66',7,4,0),(67,3,37,'2021-07-09 04:51:31','2021-07-09 04:51:31','1/2/5/37/67',8,4,0),(68,3,37,'2021-07-09 04:51:55','2021-07-09 05:01:41','1/2/5/37/68',9,4,0),(69,3,37,'2021-07-09 04:53:06','2021-07-09 04:53:06','1/2/5/37/69',10,4,0),(70,3,37,'2021-07-09 04:53:47','2021-07-09 04:53:47','1/2/5/37/70',11,4,0),(71,3,37,'2021-07-09 04:54:18','2021-07-09 04:54:18','1/2/5/37/71',12,4,0),(73,3,38,'2021-07-09 04:59:43','2021-07-09 04:59:43','1/2/5/38/73',6,4,0),(74,3,38,'2021-07-09 05:00:06','2021-07-09 05:01:16','1/2/5/38/74',7,4,0),(75,3,38,'2021-07-09 05:00:22','2021-07-09 05:00:22','1/2/5/38/75',8,4,0),(76,3,38,'2021-07-09 05:02:09','2021-07-09 05:02:09','1/2/5/38/76',9,4,0),(77,3,38,'2021-07-09 07:43:01','2021-07-09 07:43:02','1/2/5/38/77',10,4,0),(78,3,38,'2021-07-09 07:46:51','2021-07-09 07:46:51','1/2/5/38/78',11,4,0);

--
-- Table structure for table `catalog_category_entity_datetime`
--

CREATE TABLE `catalog_category_entity_datetime` (
  `value_id` int NOT NULL AUTO_INCREMENT COMMENT 'Value ID',
  `attribute_id` smallint unsigned NOT NULL DEFAULT '0' COMMENT 'Attribute ID',
  `store_id` smallint unsigned NOT NULL DEFAULT '0' COMMENT 'Store ID',
  `entity_id` int unsigned NOT NULL DEFAULT '0' COMMENT 'Entity ID',
  `value` datetime DEFAULT NULL COMMENT 'Value',
  PRIMARY KEY (`value_id`),
  UNIQUE KEY `CATALOG_CATEGORY_ENTITY_DATETIME_ENTITY_ID_ATTRIBUTE_ID_STORE_ID` (`entity_id`,`attribute_id`,`store_id`),
  KEY `CATALOG_CATEGORY_ENTITY_DATETIME_ENTITY_ID` (`entity_id`),
  KEY `CATALOG_CATEGORY_ENTITY_DATETIME_ATTRIBUTE_ID` (`attribute_id`),
  KEY `CATALOG_CATEGORY_ENTITY_DATETIME_STORE_ID` (`store_id`),
  CONSTRAINT `CAT_CTGR_ENTT_DTIME_ATTR_ID_EAV_ATTR_ATTR_ID` FOREIGN KEY (`attribute_id`) REFERENCES `eav_attribute` (`attribute_id`) ON DELETE CASCADE,
  CONSTRAINT `CAT_CTGR_ENTT_DTIME_ENTT_ID_CAT_CTGR_ENTT_ENTT_ID` FOREIGN KEY (`entity_id`) REFERENCES `catalog_category_entity` (`entity_id`) ON DELETE CASCADE,
  CONSTRAINT `CATALOG_CATEGORY_ENTITY_DATETIME_STORE_ID_STORE_STORE_ID` FOREIGN KEY (`store_id`) REFERENCES `store` (`store_id`) ON DELETE CASCADE
) ENGINE=InnoDB AUTO_INCREMENT=23 DEFAULT CHARSET=utf8 COMMENT='Catalog Category Datetime Attribute Backend Table';

--
-- Dumping data for table `catalog_category_entity_datetime`
--

INSERT INTO `catalog_category_entity_datetime` VALUES (1,61,0,8,NULL),(2,62,0,8,NULL),(3,61,0,9,NULL),(4,62,0,9,NULL),(5,61,0,10,NULL),(6,62,0,10,NULL),(7,61,0,11,NULL),(8,62,0,11,NULL),(9,61,0,37,NULL),(10,62,0,37,NULL),(11,61,0,58,NULL),(12,62,0,58,NULL),(13,61,0,59,NULL),(14,62,0,59,NULL),(15,61,0,60,NULL),(16,62,0,60,NULL),(17,61,0,74,NULL),(18,62,0,74,NULL),(19,61,0,68,NULL),(20,62,0,68,NULL),(21,61,0,61,NULL),(22,62,0,61,NULL);

--
-- Table structure for table `catalog_category_entity_decimal`
--

CREATE TABLE `catalog_category_entity_decimal` (
  `value_id` int NOT NULL AUTO_INCREMENT COMMENT 'Value ID',
  `attribute_id` smallint unsigned NOT NULL DEFAULT '0' COMMENT 'Attribute ID',
  `store_id` smallint unsigned NOT NULL DEFAULT '0' COMMENT 'Store ID',
  `entity_id` int unsigned NOT NULL DEFAULT '0' COMMENT 'Entity ID',
  `value` decimal(20,6) DEFAULT NULL COMMENT 'Value',
  PRIMARY KEY (`value_id`),
  UNIQUE KEY `CATALOG_CATEGORY_ENTITY_DECIMAL_ENTITY_ID_ATTRIBUTE_ID_STORE_ID` (`entity_id`,`attribute_id`,`store_id`),
  KEY `CATALOG_CATEGORY_ENTITY_DECIMAL_ENTITY_ID` (`entity_id`),
  KEY `CATALOG_CATEGORY_ENTITY_DECIMAL_ATTRIBUTE_ID` (`attribute_id`),
  KEY `CATALOG_CATEGORY_ENTITY_DECIMAL_STORE_ID` (`store_id`),
  CONSTRAINT `CAT_CTGR_ENTT_DEC_ATTR_ID_EAV_ATTR_ATTR_ID` FOREIGN KEY (`attribute_id`) REFERENCES `eav_attribute` (`attribute_id`) ON DELETE CASCADE,
  CONSTRAINT `CAT_CTGR_ENTT_DEC_ENTT_ID_CAT_CTGR_ENTT_ENTT_ID` FOREIGN KEY (`entity_id`) REFERENCES `catalog_category_entity` (`entity_id`) ON DELETE CASCADE,
  CONSTRAINT `CATALOG_CATEGORY_ENTITY_DECIMAL_STORE_ID_STORE_STORE_ID` FOREIGN KEY (`store_id`) REFERENCES `store` (`store_id`) ON DELETE CASCADE
) ENGINE=InnoDB DEFAULT CHARSET=utf8 COMMENT='Catalog Category Decimal Attribute Backend Table';

--
-- Dumping data for table `catalog_category_entity_decimal`
--


--
-- Table structure for table `catalog_category_entity_int`
--

CREATE TABLE `catalog_category_entity_int` (
  `value_id` int NOT NULL AUTO_INCREMENT COMMENT 'Value ID',
  `attribute_id` smallint unsigned NOT NULL DEFAULT '0' COMMENT 'Attribute ID',
  `store_id` smallint unsigned NOT NULL DEFAULT '0' COMMENT 'Store ID',
  `entity_id` int unsigned NOT NULL DEFAULT '0' COMMENT 'Entity ID',
  `value` int DEFAULT NULL COMMENT 'Value',
  PRIMARY KEY (`value_id`),
  UNIQUE KEY `CATALOG_CATEGORY_ENTITY_INT_ENTITY_ID_ATTRIBUTE_ID_STORE_ID` (`entity_id`,`attribute_id`,`store_id`),
  KEY `CATALOG_CATEGORY_ENTITY_INT_ENTITY_ID` (`entity_id`),
  KEY `CATALOG_CATEGORY_ENTITY_INT_ATTRIBUTE_ID` (`attribute_id`),
  KEY `CATALOG_CATEGORY_ENTITY_INT_STORE_ID` (`store_id`),
  CONSTRAINT `CAT_CTGR_ENTT_INT_ATTR_ID_EAV_ATTR_ATTR_ID` FOREIGN KEY (`attribute_id`) REFERENCES `eav_attribute` (`attribute_id`) ON DELETE CASCADE,
  CONSTRAINT `CAT_CTGR_ENTT_INT_ENTT_ID_CAT_CTGR_ENTT_ENTT_ID` FOREIGN KEY (`entity_id`) REFERENCES `catalog_category_entity` (`entity_id`) ON DELETE CASCADE,
  CONSTRAINT `CATALOG_CATEGORY_ENTITY_INT_STORE_ID_STORE_STORE_ID` FOREIGN KEY (`store_id`) REFERENCES `store` (`store_id`) ON DELETE CASCADE
) ENGINE=InnoDB AUTO_INCREMENT=395 DEFAULT CHARSET=utf8 COMMENT='Catalog Category Integer Attribute Backend Table';

--
-- Dumping data for table `catalog_category_entity_int`
--

INSERT INTO `catalog_category_entity_int` VALUES (1,69,0,1,1),(2,69,0,2,1),(3,46,0,2,1),(4,46,0,3,1),(5,54,0,3,1),(6,69,0,3,1),(7,70,0,3,0),(8,71,0,3,0),(9,46,0,4,1),(10,54,0,4,1),(11,69,0,4,1),(12,70,0,4,0),(13,71,0,4,0),(14,46,0,5,1),(15,54,0,5,1),(16,69,0,5,1),(17,70,0,5,0),(18,71,0,5,0),(19,46,0,6,1),(20,54,0,6,1),(21,69,0,6,1),(22,70,0,6,0),(23,71,0,6,0),(24,46,0,7,1),(25,54,0,7,1),(26,69,0,7,1),(27,70,0,7,0),(28,71,0,7,0),(29,46,0,8,1),(30,54,0,8,1),(31,69,0,8,1),(32,70,0,8,0),(33,71,0,8,0),(34,53,0,8,NULL),(35,46,0,9,1),(36,54,0,9,1),(37,69,0,9,1),(38,70,0,9,0),(39,71,0,9,0),(40,46,0,10,1),(41,54,0,10,1),(42,69,0,10,1),(43,70,0,10,0),(44,71,0,10,0),(45,46,0,11,1),(46,54,0,11,1),(47,69,0,11,1),(48,70,0,11,0),(49,71,0,11,0),(50,53,0,9,NULL),(51,53,0,10,NULL),(52,53,0,11,NULL),(53,46,0,12,1),(54,54,0,12,1),(55,69,0,12,1),(56,70,0,12,0),(57,71,0,12,0),(58,46,0,13,1),(59,54,0,13,1),(60,69,0,13,1),(61,70,0,13,0),(62,71,0,13,0),(63,46,0,14,1),(64,54,0,14,1),(65,69,0,14,1),(66,70,0,14,0),(67,71,0,14,0),(68,46,0,15,1),(69,54,0,15,1),(70,69,0,15,1),(71,70,0,15,0),(72,71,0,15,0),(73,46,0,16,1),(74,54,0,16,1),(75,69,0,16,1),(76,70,0,16,0),(77,71,0,16,0),(78,46,0,17,1),(79,54,0,17,1),(80,69,0,17,1),(81,70,0,17,0),(82,71,0,17,0),(83,46,0,18,1),(84,54,0,18,1),(85,69,0,18,1),(86,70,0,18,0),(87,71,0,18,0),(88,46,0,19,1),(89,54,0,19,1),(90,69,0,19,1),(91,70,0,19,0),(92,71,0,19,0),(93,46,0,20,1),(94,54,0,20,1),(95,69,0,20,1),(96,70,0,20,0),(97,71,0,20,0),(98,46,0,21,1),(99,54,0,21,1),(100,69,0,21,1),(101,70,0,21,0),(102,71,0,21,0),(103,46,0,22,1),(104,54,0,22,1),(105,69,0,22,1),(106,70,0,22,0),(107,71,0,22,0),(108,46,0,23,1),(109,54,0,23,1),(110,69,0,23,1),(111,70,0,23,0),(112,71,0,23,0),(113,46,0,24,1),(114,54,0,24,1),(115,69,0,24,1),(116,70,0,24,0),(117,71,0,24,0),(118,46,0,25,1),(119,54,0,25,1),(120,69,0,25,1),(121,70,0,25,0),(122,71,0,25,0),(123,46,0,26,1),(124,54,0,26,1),(125,69,0,26,1),(126,70,0,26,0),(127,71,0,26,0),(128,46,0,27,1),(129,54,0,27,1),(130,69,0,27,1),(131,70,0,27,0),(132,71,0,27,0),(133,46,0,28,1),(134,54,0,28,1),(135,69,0,28,1),(136,70,0,28,0),(137,71,0,28,0),(138,46,0,29,1),(139,54,0,29,1),(140,69,0,29,1),(141,70,0,29,0),(142,71,0,29,0),(143,46,0,30,1),(144,54,0,30,1),(145,69,0,30,1),(146,70,0,30,0),(147,71,0,30,0),(148,46,0,31,1),(149,54,0,31,1),(150,69,0,31,1),(151,70,0,31,0),(152,71,0,31,0),(153,46,0,32,1),(154,54,0,32,1),(155,69,0,32,1),(156,70,0,32,0),(157,71,0,32,0),(158,46,0,33,1),(159,54,0,33,1),(160,69,0,33,1),(161,70,0,33,0),(162,71,0,33,0),(163,46,0,34,1),(164,54,0,34,1),(165,69,0,34,1),(166,70,0,34,0),(167,71,0,34,0),(168,46,0,35,1),(169,54,0,35,1),(170,69,0,35,1),(171,70,0,35,0),(172,71,0,35,0),(173,46,0,36,1),(174,54,0,36,1),(175,69,0,36,1),(176,70,0,36,0),(177,71,0,36,0),(178,46,0,37,1),(179,54,0,37,1),(180,69,0,37,1),(181,70,0,37,0),(182,71,0,37,0),(183,46,0,38,1),(184,54,0,38,1),(185,69,0,38,1),(186,70,0,38,0),(187,71,0,38,0),(188,46,0,39,1),(189,54,0,39,1),(190,69,0,39,1),(191,70,0,39,0),(192,71,0,39,0),(193,46,0,40,1),(194,54,0,40,1),(195,69,0,40,1),(196,70,0,40,0),(197,71,0,40,0),(198,46,0,41,1),(199,54,0,41,1),(200,69,0,41,1),(201,70,0,41,0),(202,71,0,41,0),(203,53,0,37,NULL),(204,46,0,42,1),(205,54,0,42,1),(206,69,0,42,1),(207,70,0,42,0),(208,71,0,42,0),(209,46,0,43,1),(210,54,0,43,1),(211,69,0,43,1),(212,70,0,43,0),(213,71,0,43,0),(214,46,0,44,1),(215,54,0,44,1),(216,69,0,44,1),(217,70,0,44,0),(218,71,0,44,0),(219,46,0,45,1),(220,54,0,45,1),(221,69,0,45,1),(222,70,0,45,0),(223,71,0,45,0),(224,46,0,46,1),(225,54,0,46,1),(226,69,0,46,1),(227,70,0,46,0),(228,71,0,46,0),(229,46,0,47,1),(230,54,0,47,1),(231,69,0,47,1),(232,70,0,47,0),(233,71,0,47,0),(234,46,0,48,1),(235,54,0,48,1),(236,69,0,48,1),(237,70,0,48,0),(238,71,0,48,0),(239,46,0,49,1),(240,54,0,49,1),(241,69,0,49,1),(242,70,0,49,0),(243,71,0,49,0),(244,46,0,50,1),(245,54,0,50,1),(246,69,0,50,1),(247,70,0,50,0),(248,71,0,50,0),(249,46,0,51,1),(250,54,0,51,1),(251,69,0,51,1),(252,70,0,51,0),(253,71,0,51,0),(254,46,0,52,1),(255,54,0,52,1),(256,69,0,52,1),(257,70,0,52,0),(258,71,0,52,0),(259,46,0,53,1),(260,54,0,53,1),(261,69,0,53,1),(262,70,0,53,0),(263,71,0,53,0),(264,46,0,54,1),(265,54,0,54,1),(266,69,0,54,1),(267,70,0,54,0),(268,71,0,54,0),(269,46,0,55,1),(270,54,0,55,1),(271,69,0,55,1),(272,70,0,55,0),(273,71,0,55,0),(274,46,0,56,1),(275,54,0,56,1),(276,69,0,56,1),(277,70,0,56,0),(278,71,0,56,0),(279,46,0,57,1),(280,54,0,57,1),(281,69,0,57,1),(282,70,0,57,0),(283,71,0,57,0),(284,46,0,58,1),(285,54,0,58,1),(286,69,0,58,1),(287,70,0,58,0),(288,71,0,58,0),(289,46,0,59,1),(290,54,0,59,1),(291,69,0,59,1),(292,70,0,59,0),(293,71,0,59,0),(294,46,0,60,1),(295,54,0,60,1),(296,69,0,60,1),(297,70,0,60,0),(298,71,0,60,0),(299,53,0,58,NULL),(300,53,0,59,NULL),(301,53,0,60,NULL),(302,46,0,61,1),(303,54,0,61,1),(304,69,0,61,1),(305,70,0,61,0),(306,71,0,61,0),(317,46,0,64,1),(318,54,0,64,1),(319,69,0,64,1),(320,70,0,64,0),(321,71,0,64,0),(327,46,0,66,1),(328,54,0,66,1),(329,69,0,66,1),(330,70,0,66,0),(331,71,0,66,0),(332,46,0,67,1),(333,54,0,67,1),(334,69,0,67,1),(335,70,0,67,0),(336,71,0,67,0),(337,46,0,68,1),(338,54,0,68,1),(339,69,0,68,1),(340,70,0,68,0),(341,71,0,68,0),(342,46,0,69,1),(343,54,0,69,1),(344,69,0,69,1),(345,70,0,69,0),(346,71,0,69,0),(347,46,0,70,1),(348,54,0,70,1),(349,69,0,70,1),(350,70,0,70,0),(351,71,0,70,0),(352,46,0,71,1),(353,54,0,71,1),(354,69,0,71,1),(355,70,0,71,0),(356,71,0,71,0),(362,46,0,73,1),(363,54,0,73,1),(364,69,0,73,1),(365,70,0,73,0),(366,71,0,73,0),(367,46,0,74,1),(368,54,0,74,1),(369,69,0,74,1),(370,70,0,74,0),(371,71,0,74,0),(372,46,0,75,1),(373,54,0,75,1),(374,69,0,75,1),(375,70,0,75,0),(376,71,0,75,0),(377,53,0,74,NULL),(378,53,0,68,NULL),(379,53,0,61,NULL),(380,46,0,76,1),(381,54,0,76,1),(382,69,0,76,1),(383,70,0,76,0),(384,71,0,76,0),(385,46,0,77,1),(386,54,0,77,1),(387,69,0,77,1),(388,70,0,77,0),(389,71,0,77,0),(390,46,0,78,1),(391,54,0,78,1),(392,69,0,78,1),(393,70,0,78,0),(394,71,0,78,0);

--
-- Table structure for table `catalog_category_entity_text`
--

CREATE TABLE `catalog_category_entity_text` (
  `value_id` int NOT NULL AUTO_INCREMENT COMMENT 'Value ID',
  `attribute_id` smallint unsigned NOT NULL DEFAULT '0' COMMENT 'Attribute ID',
  `store_id` smallint unsigned NOT NULL DEFAULT '0' COMMENT 'Store ID',
  `entity_id` int unsigned NOT NULL DEFAULT '0' COMMENT 'Entity ID',
  `value` mediumtext COMMENT 'Value',
  PRIMARY KEY (`value_id`),
  UNIQUE KEY `CATALOG_CATEGORY_ENTITY_TEXT_ENTITY_ID_ATTRIBUTE_ID_STORE_ID` (`entity_id`,`attribute_id`,`store_id`),
  KEY `CATALOG_CATEGORY_ENTITY_TEXT_ENTITY_ID` (`entity_id`),
  KEY `CATALOG_CATEGORY_ENTITY_TEXT_ATTRIBUTE_ID` (`attribute_id`),
  KEY `CATALOG_CATEGORY_ENTITY_TEXT_STORE_ID` (`store_id`),
  CONSTRAINT `CAT_CTGR_ENTT_TEXT_ATTR_ID_EAV_ATTR_ATTR_ID` FOREIGN KEY (`attribute_id`) REFERENCES `eav_attribute` (`attribute_id`) ON DELETE CASCADE,
  CONSTRAINT `CAT_CTGR_ENTT_TEXT_ENTT_ID_CAT_CTGR_ENTT_ENTT_ID` FOREIGN KEY (`entity_id`) REFERENCES `catalog_category_entity` (`entity_id`) ON DELETE CASCADE,
  CONSTRAINT `CATALOG_CATEGORY_ENTITY_TEXT_STORE_ID_STORE_STORE_ID` FOREIGN KEY (`store_id`) REFERENCES `store` (`store_id`) ON DELETE CASCADE
) ENGINE=InnoDB AUTO_INCREMENT=34 DEFAULT CHARSET=utf8 COMMENT='Catalog Category Text Attribute Backend Table';

--
-- Dumping data for table `catalog_category_entity_text`
--

INSERT INTO `catalog_category_entity_text` VALUES (1,47,0,8,NULL),(2,50,0,8,NULL),(3,51,0,8,NULL),(4,47,0,9,NULL),(5,50,0,9,NULL),(6,51,0,9,NULL),(7,47,0,10,NULL),(8,50,0,10,NULL),(9,51,0,10,NULL),(10,47,0,11,NULL),(11,50,0,11,NULL),(12,51,0,11,NULL),(13,47,0,37,NULL),(14,50,0,37,NULL),(15,51,0,37,NULL),(16,47,0,58,NULL),(17,50,0,58,NULL),(18,51,0,58,NULL),(19,47,0,59,NULL),(20,50,0,59,NULL),(21,51,0,59,NULL),(22,47,0,60,NULL),(23,50,0,60,NULL),(24,51,0,60,NULL),(25,47,0,74,NULL),(26,50,0,74,NULL),(27,51,0,74,NULL),(28,47,0,68,NULL),(29,50,0,68,NULL),(30,51,0,68,NULL),(31,47,0,61,NULL),(32,50,0,61,NULL),(33,51,0,61,NULL);

--
-- Table structure for table `catalog_category_entity_varchar`
--

CREATE TABLE `catalog_category_entity_varchar` (
  `value_id` int NOT NULL AUTO_INCREMENT COMMENT 'Value ID',
  `attribute_id` smallint unsigned NOT NULL DEFAULT '0' COMMENT 'Attribute ID',
  `store_id` smallint unsigned NOT NULL DEFAULT '0' COMMENT 'Store ID',
  `entity_id` int unsigned NOT NULL DEFAULT '0' COMMENT 'Entity ID',
  `value` varchar(255) DEFAULT NULL COMMENT 'Value',
  PRIMARY KEY (`value_id`),
  UNIQUE KEY `CATALOG_CATEGORY_ENTITY_VARCHAR_ENTITY_ID_ATTRIBUTE_ID_STORE_ID` (`entity_id`,`attribute_id`,`store_id`),
  KEY `CATALOG_CATEGORY_ENTITY_VARCHAR_ENTITY_ID` (`entity_id`),
  KEY `CATALOG_CATEGORY_ENTITY_VARCHAR_ATTRIBUTE_ID` (`attribute_id`),
  KEY `CATALOG_CATEGORY_ENTITY_VARCHAR_STORE_ID` (`store_id`),
  CONSTRAINT `CAT_CTGR_ENTT_VCHR_ATTR_ID_EAV_ATTR_ATTR_ID` FOREIGN KEY (`attribute_id`) REFERENCES `eav_attribute` (`attribute_id`) ON DELETE CASCADE,
  CONSTRAINT `CAT_CTGR_ENTT_VCHR_ENTT_ID_CAT_CTGR_ENTT_ENTT_ID` FOREIGN KEY (`entity_id`) REFERENCES `catalog_category_entity` (`entity_id`) ON DELETE CASCADE,
  CONSTRAINT `CATALOG_CATEGORY_ENTITY_VARCHAR_STORE_ID_STORE_STORE_ID` FOREIGN KEY (`store_id`) REFERENCES `store` (`store_id`) ON DELETE CASCADE
) ENGINE=InnoDB AUTO_INCREMENT=363 DEFAULT CHARSET=utf8 COMMENT='Catalog Category Varchar Attribute Backend Table';

--
-- Dumping data for table `catalog_category_entity_varchar`
--

INSERT INTO `catalog_category_entity_varchar` VALUES (1,45,0,1,'Root Catalog'),(2,52,0,2,'PRODUCTS'),(3,45,0,2,'Default Category'),(4,45,0,3,'Smartphone'),(5,52,0,3,'PRODUCTS'),(6,119,0,3,'smartphone'),(7,120,0,3,'smartphone'),(8,45,0,4,'Cameras & Photos'),(9,52,0,4,'PRODUCTS'),(10,119,0,4,'cameras-photos'),(11,120,0,4,'cameras-photos'),(12,45,0,5,'Fashion Clothing'),(13,52,0,5,'PRODUCTS'),(14,119,0,5,'fashion-clothing'),(15,120,0,5,'fashion-clothing'),(16,45,0,6,'Furniture & Interior'),(17,52,0,6,'PRODUCTS'),(18,119,0,6,'furniture-interior'),(19,120,0,6,'furniture-interior'),(20,45,0,7,'Laptops & Accessories'),(21,52,0,7,'PRODUCTS'),(22,119,0,7,'laptops-accessories'),(23,120,0,7,'laptops-accessories'),(24,45,0,8,'Listing Layouts'),(25,52,0,8,'PRODUCTS'),(26,119,0,8,'listing-layouts'),(27,120,0,8,'listing-layouts'),(29,48,0,8,NULL),(30,49,0,8,NULL),(31,60,0,8,NULL),(32,63,0,8,NULL),(33,45,0,9,'Without Sidebar'),(34,52,0,9,'PRODUCTS'),(35,119,0,9,'without-sidebar'),(36,120,0,9,'listing-layouts/without-sidebar'),(37,45,0,10,'Left Sidebar'),(38,52,0,10,'PRODUCTS'),(39,119,0,10,'left-sidebar'),(40,120,0,10,'listing-layouts/left-sidebar'),(41,45,0,11,'Right Sidebar'),(42,52,0,11,'PRODUCTS'),(43,119,0,11,'right-sidebar'),(44,120,0,11,'listing-layouts/right-sidebar'),(46,48,0,9,NULL),(47,49,0,9,NULL),(48,60,0,9,NULL),(49,63,0,9,'1column'),(51,48,0,10,NULL),(52,49,0,10,NULL),(53,60,0,10,NULL),(54,63,0,10,'2columns-left'),(56,48,0,11,NULL),(57,49,0,11,NULL),(58,60,0,11,NULL),(59,63,0,11,'2columns-right'),(60,45,0,12,'Laptop Gaming'),(61,52,0,12,'PRODUCTS'),(62,119,0,12,'laptop-gaming'),(63,120,0,12,'laptops-accessories/laptop-gaming'),(64,45,0,13,'Laptop Workstation'),(65,52,0,13,'PRODUCTS'),(66,119,0,13,'laptop-workstation'),(67,120,0,13,'laptops-accessories/laptop-workstation'),(68,45,0,14,'Laptop Build Configuration'),(69,52,0,14,'PRODUCTS'),(70,119,0,14,'laptop-build-configuration'),(71,120,0,14,'laptops-accessories/laptop-build-configuration'),(72,45,0,15,'Accessories for Laptop'),(73,52,0,15,'PRODUCTS'),(74,119,0,15,'accessories-for-laptop'),(75,120,0,15,'laptops-accessories/accessories-for-laptop'),(76,45,0,16,'MSI GS75 Stealth'),(77,52,0,16,'PRODUCTS'),(78,119,0,16,'msi-gs75-stealth'),(79,120,0,16,'laptops-accessories/laptop-gaming/msi-gs75-stealth'),(80,45,0,17,'Razer Blade'),(81,52,0,17,'PRODUCTS'),(82,119,0,17,'razer-blade'),(83,120,0,17,'laptops-accessories/laptop-gaming/razer-blade'),(84,45,0,18,'Alienware Area-51m'),(85,52,0,18,'PRODUCTS'),(86,119,0,18,'alienware-area-51m'),(87,120,0,18,'laptops-accessories/laptop-gaming/alienware-area-51m'),(88,45,0,19,'Acer Predator Triton 500'),(89,52,0,19,'PRODUCTS'),(90,119,0,19,'acer-predator-triton-500'),(91,120,0,19,'laptops-accessories/laptop-gaming/acer-predator-triton-500'),(92,45,0,20,'Dell G3 Gaming Laptop'),(93,52,0,20,'PRODUCTS'),(94,119,0,20,'dell-g3-gaming-laptop'),(95,120,0,20,'laptops-accessories/laptop-gaming/dell-g3-gaming-laptop'),(96,45,0,21,'Aesthedes'),(97,52,0,21,'PRODUCTS'),(98,119,0,21,'aesthedes'),(99,120,0,21,'laptops-accessories/laptop-workstation/aesthedes'),(100,45,0,22,'Quantel Paintbox'),(101,52,0,22,'PRODUCTS'),(102,119,0,22,'quantel-paintbox'),(103,120,0,22,'laptops-accessories/laptop-workstation/quantel-paintbox'),(104,45,0,23,'Lisp Machine'),(105,52,0,23,'PRODUCTS'),(106,119,0,23,'lisp-machine'),(107,120,0,23,'laptops-accessories/laptop-workstation/lisp-machine'),(108,45,0,24,'Dell Precision'),(109,52,0,24,'PRODUCTS'),(110,119,0,24,'dell-precision'),(111,120,0,24,'laptops-accessories/laptop-workstation/dell-precision'),(112,45,0,25,'ThinkStation'),(113,52,0,25,'PRODUCTS'),(114,119,0,25,'thinkstation'),(115,120,0,25,'laptops-accessories/laptop-workstation/thinkstation'),(116,45,0,26,'Ram'),(117,52,0,26,'PRODUCTS'),(118,119,0,26,'ram'),(119,120,0,26,'laptops-accessories/laptop-build-configuration/ram'),(120,45,0,27,'SSD'),(121,52,0,27,'PRODUCTS'),(122,119,0,27,'ssd'),(123,120,0,27,'laptops-accessories/laptop-build-configuration/ssd'),(124,45,0,28,'VGA'),(125,52,0,28,'PRODUCTS'),(126,119,0,28,'vga'),(127,120,0,28,'laptops-accessories/laptop-build-configuration/vga'),(128,45,0,29,'CPU'),(129,52,0,29,'PRODUCTS'),(130,119,0,29,'cpu'),(131,120,0,29,'laptops-accessories/laptop-build-configuration/cpu'),(132,45,0,30,'Monitor'),(133,52,0,30,'PRODUCTS'),(134,119,0,30,'monitor'),(135,120,0,30,'laptops-accessories/laptop-build-configuration/monitor'),(136,45,0,31,'Keyboard'),(137,52,0,31,'PRODUCTS'),(138,119,0,31,'keyboard'),(139,120,0,31,'laptops-accessories/accessories-for-laptop/keyboard'),(140,45,0,32,'Mouse'),(141,52,0,32,'PRODUCTS'),(142,119,0,32,'mouse'),(143,120,0,32,'laptops-accessories/accessories-for-laptop/mouse'),(144,45,0,33,'Adapter'),(145,52,0,33,'PRODUCTS'),(146,119,0,33,'adapter'),(147,120,0,33,'laptops-accessories/accessories-for-laptop/adapter'),(148,45,0,34,'Touch Pad'),(149,52,0,34,'PRODUCTS'),(150,119,0,34,'touch-pad'),(151,120,0,34,'laptops-accessories/accessories-for-laptop/touch-pad'),(152,45,0,35,'Laptop Bags'),(153,52,0,35,'PRODUCTS'),(154,119,0,35,'laptop-bags'),(155,120,0,35,'laptops-accessories/accessories-for-laptop/laptop-bags'),(156,45,0,36,'Men Collections'),(157,52,0,36,'PRODUCTS'),(158,119,0,36,'men-collections'),(159,120,0,36,'fashion-clothing/men-collections'),(160,45,0,37,'Women Collections'),(161,52,0,37,'PRODUCTS'),(162,119,0,37,'women-collections'),(163,120,0,37,'fashion-clothing/women-collections'),(164,45,0,38,'Accessories'),(165,52,0,38,'PRODUCTS'),(166,119,0,38,'accessories'),(167,120,0,38,'fashion-clothing/accessories'),(168,45,0,39,'Dresses'),(169,52,0,39,'PRODUCTS'),(170,119,0,39,'dresses'),(171,120,0,39,'fashion-clothing/women-collections/dresses'),(172,45,0,40,'Jeans'),(173,52,0,40,'PRODUCTS'),(174,119,0,40,'jeans'),(175,120,0,40,'fashion-clothing/women-collections/jeans'),(176,45,0,41,'Outerwear'),(177,52,0,41,'PRODUCTS'),(178,119,0,41,'outerwear'),(179,120,0,41,'fashion-clothing/women-collections/outerwear'),(181,48,0,37,NULL),(182,49,0,37,NULL),(183,60,0,37,NULL),(184,63,0,37,NULL),(185,45,0,42,'Knit Tops'),(186,52,0,42,'PRODUCTS'),(187,119,0,42,'knit-tops'),(188,120,0,42,'fashion-clothing/women-collections/knit-tops'),(189,45,0,43,'Activewear'),(190,52,0,43,'PRODUCTS'),(191,119,0,43,'activewear'),(192,120,0,43,'fashion-clothing/women-collections/activewear'),(193,45,0,44,'T-shirts'),(194,52,0,44,'PRODUCTS'),(195,119,0,44,'t-shirts'),(196,120,0,44,'fashion-clothing/men-collections/t-shirts'),(197,45,0,45,'Jeans'),(198,52,0,45,'PRODUCTS'),(199,119,0,45,'jeans'),(200,120,0,45,'fashion-clothing/men-collections/jeans'),(201,45,0,46,'Suits'),(202,52,0,46,'PRODUCTS'),(203,119,0,46,'suits'),(204,120,0,46,'fashion-clothing/men-collections/suits'),(205,45,0,47,'Shorts'),(206,52,0,47,'PRODUCTS'),(207,119,0,47,'shorts'),(208,120,0,47,'fashion-clothing/men-collections/shorts'),(209,45,0,48,'Beachwear'),(210,52,0,48,'PRODUCTS'),(211,119,0,48,'beachwear'),(212,120,0,48,'fashion-clothing/men-collections/beachwear'),(213,45,0,49,'Shoes'),(214,52,0,49,'PRODUCTS'),(215,119,0,49,'shoes'),(216,120,0,49,'fashion-clothing/accessories/shoes'),(217,45,0,50,'Bags'),(218,52,0,50,'PRODUCTS'),(219,119,0,50,'bags'),(220,120,0,50,'fashion-clothing/accessories/bags'),(221,45,0,51,'Hats'),(222,52,0,51,'PRODUCTS'),(223,119,0,51,'hats'),(224,120,0,51,'fashion-clothing/accessories/hats'),(225,45,0,52,'Jewellery'),(226,52,0,52,'PRODUCTS'),(227,119,0,52,'jewellery'),(228,120,0,52,'fashion-clothing/accessories/jewellery'),(229,45,0,53,'Leather'),(230,52,0,53,'PRODUCTS'),(231,119,0,53,'leather'),(232,120,0,53,'fashion-clothing/accessories/leather'),(233,45,0,54,'Samsung'),(234,52,0,54,'PRODUCTS'),(235,119,0,54,'samsung'),(236,120,0,54,'smartphone/samsung'),(237,45,0,55,'iPhone'),(238,52,0,55,'PRODUCTS'),(239,119,0,55,'iphone'),(240,120,0,55,'smartphone/iphone'),(241,45,0,56,'Android Mobile'),(242,52,0,56,'PRODUCTS'),(243,119,0,56,'android-mobile'),(244,120,0,56,'smartphone/android-mobile'),(245,45,0,57,'Bags'),(246,52,0,57,'PRODUCTS'),(247,119,0,57,'bags'),(248,120,0,57,'fashion-clothing/men-collections/bags'),(249,45,0,58,'Hats'),(250,52,0,58,'PRODUCTS'),(251,119,0,58,'men-hats'),(252,120,0,58,'fashion-clothing/men-collections/men-hats'),(253,45,0,59,'Shoes'),(254,52,0,59,'PRODUCTS'),(255,119,0,59,'men-shoes'),(256,120,0,59,'fashion-clothing/men-collections/men-shoes'),(257,45,0,60,'Glass'),(258,52,0,60,'PRODUCTS'),(259,119,0,60,'men-glass'),(260,120,0,60,'fashion-clothing/men-collections/men-glass'),(262,48,0,58,NULL),(263,49,0,58,NULL),(264,60,0,58,NULL),(265,63,0,58,NULL),(267,48,0,59,NULL),(268,49,0,59,NULL),(269,60,0,59,NULL),(270,63,0,59,NULL),(272,48,0,60,NULL),(273,49,0,60,NULL),(274,60,0,60,NULL),(275,63,0,60,NULL),(276,45,0,61,'Watches'),(277,52,0,61,'PRODUCTS'),(278,119,0,61,'watchs'),(279,120,0,61,'fashion-clothing/men-collections/watchs'),(288,45,0,64,'T-sport'),(289,52,0,64,'PRODUCTS'),(290,119,0,64,'t-sport'),(291,120,0,64,'fashion-clothing/men-collections/t-sport'),(296,45,0,66,'Shoes'),(297,52,0,66,'PRODUCTS'),(298,119,0,66,'shoes'),(299,120,0,66,'fashion-clothing/women-collections/shoes'),(300,45,0,67,'Bags'),(301,52,0,67,'PRODUCTS'),(302,119,0,67,'bags'),(303,120,0,67,'fashion-clothing/women-collections/bags'),(304,45,0,68,'Watches'),(305,52,0,68,'PRODUCTS'),(306,119,0,68,'watchs'),(307,120,0,68,'fashion-clothing/women-collections/watchs'),(308,45,0,69,'Skirts'),(309,52,0,69,'PRODUCTS'),(310,119,0,69,'skirts'),(311,120,0,69,'fashion-clothing/women-collections/skirts'),(312,45,0,70,'Sweatshirts'),(313,52,0,70,'PRODUCTS'),(314,119,0,70,'sweatshirts'),(315,120,0,70,'fashion-clothing/women-collections/sweatshirts'),(316,45,0,71,'Jackets'),(317,52,0,71,'PRODUCTS'),(318,119,0,71,'jackets'),(319,120,0,71,'fashion-clothing/women-collections/jackets'),(324,45,0,73,'Skinny'),(325,52,0,73,'PRODUCTS'),(326,119,0,73,'skinny'),(327,120,0,73,'fashion-clothing/accessories/skinny'),(328,45,0,74,'Watches'),(329,52,0,74,'PRODUCTS'),(330,119,0,74,'watchs'),(331,120,0,74,'fashion-clothing/accessories/watchs'),(332,45,0,75,'Rings'),(333,52,0,75,'PRODUCTS'),(334,119,0,75,'rings'),(335,120,0,75,'fashion-clothing/accessories/rings'),(337,48,0,74,NULL),(338,49,0,74,NULL),(339,60,0,74,NULL),(340,63,0,74,NULL),(342,48,0,68,NULL),(343,49,0,68,NULL),(344,60,0,68,NULL),(345,63,0,68,NULL),(347,48,0,61,NULL),(348,49,0,61,NULL),(349,60,0,61,NULL),(350,63,0,61,NULL),(351,45,0,76,'Glass'),(352,52,0,76,'PRODUCTS'),(353,119,0,76,'glass'),(354,120,0,76,'fashion-clothing/accessories/glass'),(355,45,0,77,'Perfumes'),(356,52,0,77,'PRODUCTS'),(357,119,0,77,'perfumes'),(358,120,0,77,'fashion-clothing/accessories/perfumes'),(359,45,0,78,'Nails'),(360,52,0,78,'PRODUCTS'),(361,119,0,78,'nails'),(362,120,0,78,'fashion-clothing/accessories/nails');

--
-- Table structure for table `catalog_category_product`
--

CREATE TABLE `catalog_category_product` (
  `entity_id` int NOT NULL AUTO_INCREMENT COMMENT 'Entity ID',
  `category_id` int unsigned NOT NULL DEFAULT '0' COMMENT 'Category ID',
  `product_id` int unsigned NOT NULL DEFAULT '0' COMMENT 'Product ID',
  `position` int NOT NULL DEFAULT '0' COMMENT 'Position',
  PRIMARY KEY (`entity_id`,`category_id`,`product_id`),
  UNIQUE KEY `CATALOG_CATEGORY_PRODUCT_CATEGORY_ID_PRODUCT_ID` (`category_id`,`product_id`),
  KEY `CATALOG_CATEGORY_PRODUCT_PRODUCT_ID` (`product_id`),
  CONSTRAINT `CAT_CTGR_PRD_CTGR_ID_CAT_CTGR_ENTT_ENTT_ID` FOREIGN KEY (`category_id`) REFERENCES `catalog_category_entity` (`entity_id`) ON DELETE CASCADE,
  CONSTRAINT `CAT_CTGR_PRD_PRD_ID_CAT_PRD_ENTT_ENTT_ID` FOREIGN KEY (`product_id`) REFERENCES `catalog_product_entity` (`entity_id`) ON DELETE CASCADE
) ENGINE=InnoDB AUTO_INCREMENT=100 DEFAULT CHARSET=utf8 COMMENT='Catalog Product To Category Linkage Table';

--
-- Dumping data for table `catalog_category_product`
--

INSERT INTO `catalog_category_product` VALUES (1,7,1,0),(2,5,2,0),(3,7,3,0),(4,5,4,0),(5,4,5,0),(6,7,6,0),(7,3,7,0),(8,4,8,0),(9,5,9,0),(10,3,10,0),(11,3,11,0),(12,5,12,0),(13,5,13,0),(14,7,14,0),(15,5,15,0),(16,5,16,0),(17,5,17,0),(18,5,18,0),(19,5,19,0),(20,5,20,0),(21,4,21,0),(22,4,22,0),(23,5,23,0),(24,5,24,0),(26,3,25,0),(27,5,26,0),(28,4,27,0),(29,7,28,0),(30,5,29,0),(31,5,30,0),(32,5,31,0),(33,6,32,0),(34,6,33,0),(35,6,34,0),(36,6,35,0),(37,6,36,0),(38,3,37,0),(39,3,38,0),(40,9,1,0),(41,10,1,0),(42,11,1,0),(43,9,2,0),(44,10,2,0),(45,11,2,0),(46,9,3,0),(47,10,3,0),(48,11,3,0),(49,9,4,0),(50,10,4,0),(51,11,4,0),(52,9,5,0),(53,10,5,0),(54,11,5,0),(55,9,6,0),(56,10,6,0),(57,11,6,0),(58,9,8,0),(59,10,8,0),(60,11,8,0),(61,9,10,0),(62,10,10,0),(63,11,10,0),(64,9,16,0),(65,10,16,0),(66,11,16,0),(67,56,7,0),(68,55,11,0),(69,54,25,0),(70,54,37,0),(71,55,38,0),(72,3,39,0),(73,3,40,0),(74,3,41,0),(75,3,42,0),(76,10,42,0),(77,11,42,0),(78,10,41,0),(79,11,41,0),(80,9,40,0),(81,10,40,0),(82,11,40,0),(83,9,39,0),(84,10,39,0),(85,11,39,0),(86,9,41,0),(87,9,42,0),(88,9,7,0),(89,10,7,0),(90,11,7,0),(91,9,37,0),(92,10,37,0),(93,11,37,0),(94,7,37,0),(95,7,25,0),(96,7,15,0),(97,4,7,0),(98,4,25,0),(99,4,37,0);

--
-- Table structure for table `catalog_category_product_index`
--

CREATE TABLE `catalog_category_product_index` (
  `category_id` int unsigned NOT NULL DEFAULT '0' COMMENT 'Category ID',
  `product_id` int unsigned NOT NULL DEFAULT '0' COMMENT 'Product ID',
  `position` int DEFAULT NULL COMMENT 'Position',
  `is_parent` smallint unsigned NOT NULL DEFAULT '0' COMMENT 'Is Parent',
  `store_id` smallint unsigned NOT NULL DEFAULT '0' COMMENT 'Store ID',
  `visibility` smallint unsigned NOT NULL COMMENT 'Visibility',
  PRIMARY KEY (`category_id`,`product_id`,`store_id`),
  KEY `CAT_CTGR_PRD_IDX_PRD_ID_STORE_ID_CTGR_ID_VISIBILITY` (`product_id`,`store_id`,`category_id`,`visibility`),
  KEY `CAT_CTGR_PRD_IDX_STORE_ID_CTGR_ID_VISIBILITY_IS_PARENT_POSITION` (`store_id`,`category_id`,`visibility`,`is_parent`,`position`)
) ENGINE=InnoDB DEFAULT CHARSET=utf8 COMMENT='Catalog Category Product Index';

--
-- Dumping data for table `catalog_category_product_index`
--


--
-- Table structure for table `catalog_category_product_index_replica`
--

CREATE TABLE `catalog_category_product_index_replica` (
  `category_id` int unsigned NOT NULL DEFAULT '0' COMMENT 'Category ID',
  `product_id` int unsigned NOT NULL DEFAULT '0' COMMENT 'Product ID',
  `position` int DEFAULT NULL COMMENT 'Position',
  `is_parent` smallint unsigned NOT NULL DEFAULT '0' COMMENT 'Is Parent',
  `store_id` smallint unsigned NOT NULL DEFAULT '0' COMMENT 'Store ID',
  `visibility` smallint unsigned NOT NULL COMMENT 'Visibility',
  PRIMARY KEY (`category_id`,`product_id`,`store_id`),
  KEY `CAT_CTGR_PRD_IDX_PRD_ID_STORE_ID_CTGR_ID_VISIBILITY` (`product_id`,`store_id`,`category_id`,`visibility`),
  KEY `CAT_CTGR_PRD_IDX_STORE_ID_CTGR_ID_VISIBILITY_IS_PARENT_POSITION` (`store_id`,`category_id`,`visibility`,`is_parent`,`position`)
) ENGINE=InnoDB DEFAULT CHARSET=utf8 COMMENT='Catalog Category Product Index';

--
-- Dumping data for table `catalog_category_product_index_replica`
--


--
-- Table structure for table `catalog_category_product_index_store1`
--

CREATE TABLE `catalog_category_product_index_store1` (
  `category_id` int unsigned NOT NULL DEFAULT '0' COMMENT 'Category Id',
  `product_id` int unsigned NOT NULL DEFAULT '0' COMMENT 'Product Id',
  `position` int DEFAULT NULL COMMENT 'Position',
  `is_parent` smallint unsigned NOT NULL DEFAULT '0' COMMENT 'Is Parent',
  `store_id` smallint unsigned NOT NULL DEFAULT '0' COMMENT 'Store Id',
  `visibility` smallint unsigned NOT NULL COMMENT 'Visibility',
  PRIMARY KEY (`category_id`,`product_id`,`store_id`),
  KEY `IDX_4B965DC45C352D6E4C9DC0FF50B1FCF5` (`product_id`,`store_id`,`category_id`,`visibility`),
  KEY `IDX_47AB760CD6A893ACEA69A9C2E0112C60` (`store_id`,`category_id`,`visibility`,`is_parent`,`position`)
) ENGINE=InnoDB DEFAULT CHARSET=utf8 COMMENT='Catalog Category Product Index Store1';

--
-- Dumping data for table `catalog_category_product_index_store1`
--

INSERT INTO `catalog_category_product_index_store1` VALUES (2,1,0,1,1,4),(2,2,0,1,1,4),(2,3,0,1,1,4),(2,4,0,1,1,4),(2,5,0,1,1,4),(2,6,0,1,1,4),(2,7,0,1,1,4),(2,8,0,1,1,4),(2,9,0,1,1,4),(2,10,0,1,1,4),(2,11,0,1,1,4),(2,12,0,1,1,4),(2,13,0,1,1,4),(2,14,0,1,1,4),(2,15,0,1,1,4),(2,16,0,1,1,4),(2,17,0,1,1,4),(2,18,0,1,1,4),(2,19,0,1,1,4),(2,20,0,1,1,4),(2,21,0,1,1,4),(2,22,0,1,1,4),(2,23,0,1,1,4),(2,24,0,1,1,4),(2,25,0,1,1,4),(2,26,0,1,1,4),(2,27,0,1,1,4),(2,28,0,1,1,4),(2,29,0,1,1,4),(2,30,0,1,1,4),(2,31,0,1,1,4),(2,32,0,1,1,4),(2,33,0,1,1,4),(2,34,0,1,1,4),(2,35,0,1,1,4),(2,36,0,1,1,4),(2,37,0,1,1,4),(2,38,0,1,1,4),(2,39,0,1,1,4),(2,40,0,1,1,4),(2,41,0,1,1,4),(3,7,0,1,1,4),(3,10,0,1,1,4),(3,11,0,1,1,4),(3,25,0,1,1,4),(3,37,0,1,1,4),(3,38,0,1,1,4),(3,39,0,1,1,4),(3,40,0,1,1,4),(3,41,0,1,1,4),(4,5,0,1,1,4),(4,7,0,1,1,4),(4,8,0,1,1,4),(4,21,0,1,1,4),(4,22,0,1,1,4),(4,25,0,1,1,4),(4,27,0,1,1,4),(4,37,0,1,1,4),(5,2,0,1,1,4),(5,4,0,1,1,4),(5,9,0,1,1,4),(5,12,0,1,1,4),(5,13,0,1,1,4),(5,15,0,1,1,4),(5,16,0,1,1,4),(5,17,0,1,1,4),(5,18,0,1,1,4),(5,19,0,1,1,4),(5,20,0,1,1,4),(5,23,0,1,1,4),(5,24,0,1,1,4),(5,26,0,1,1,4),(5,29,0,1,1,4),(5,30,0,1,1,4),(5,31,0,1,1,4),(6,32,0,1,1,4),(6,33,0,1,1,4),(6,34,0,1,1,4),(6,35,0,1,1,4),(6,36,0,1,1,4),(7,1,0,1,1,4),(7,3,0,1,1,4),(7,6,0,1,1,4),(7,14,0,1,1,4),(7,15,0,1,1,4),(7,25,0,1,1,4),(7,28,0,1,1,4),(7,37,0,1,1,4),(8,1,10000,0,1,4),(8,2,10000,0,1,4),(8,3,10000,0,1,4),(8,4,10000,0,1,4),(8,5,10000,0,1,4),(8,6,10000,0,1,4),(8,7,10000,0,1,4),(8,8,10000,0,1,4),(8,10,10000,0,1,4),(8,16,10000,0,1,4),(8,37,10000,0,1,4),(8,39,10000,0,1,4),(8,40,10000,0,1,4),(8,41,10000,0,1,4),(9,1,0,1,1,4),(9,2,0,1,1,4),(9,3,0,1,1,4),(9,4,0,1,1,4),(9,5,0,1,1,4),(9,6,0,1,1,4),(9,7,0,1,1,4),(9,8,0,1,1,4),(9,10,0,1,1,4),(9,16,0,1,1,4),(9,37,0,1,1,4),(9,39,0,1,1,4),(9,40,0,1,1,4),(9,41,0,1,1,4),(10,1,0,1,1,4),(10,2,0,1,1,4),(10,3,0,1,1,4),(10,4,0,1,1,4),(10,5,0,1,1,4),(10,6,0,1,1,4),(10,7,0,1,1,4),(10,8,0,1,1,4),(10,10,0,1,1,4),(10,16,0,1,1,4),(10,37,0,1,1,4),(10,39,0,1,1,4),(10,40,0,1,1,4),(10,41,0,1,1,4),(11,1,0,1,1,4),(11,2,0,1,1,4),(11,3,0,1,1,4),(11,4,0,1,1,4),(11,5,0,1,1,4),(11,6,0,1,1,4),(11,7,0,1,1,4),(11,8,0,1,1,4),(11,10,0,1,1,4),(11,16,0,1,1,4),(11,37,0,1,1,4),(11,39,0,1,1,4),(11,40,0,1,1,4),(11,41,0,1,1,4),(54,25,0,1,1,4),(54,37,0,1,1,4),(55,11,0,1,1,4),(55,38,0,1,1,4),(56,7,0,1,1,4);

--
-- Table structure for table `catalog_category_product_index_store1_replica`
--

CREATE TABLE `catalog_category_product_index_store1_replica` (
  `category_id` int unsigned NOT NULL DEFAULT '0' COMMENT 'Category Id',
  `product_id` int unsigned NOT NULL DEFAULT '0' COMMENT 'Product Id',
  `position` int DEFAULT NULL COMMENT 'Position',
  `is_parent` smallint unsigned NOT NULL DEFAULT '0' COMMENT 'Is Parent',
  `store_id` smallint unsigned NOT NULL DEFAULT '0' COMMENT 'Store Id',
  `visibility` smallint unsigned NOT NULL COMMENT 'Visibility',
  PRIMARY KEY (`category_id`,`product_id`,`store_id`),
  KEY `CAT_CTGR_PRD_IDX_STORE1_PRD_ID_STORE_ID_CTGR_ID_VISIBILITY` (`product_id`,`store_id`,`category_id`,`visibility`),
  KEY `IDX_216E521C8AD125E066D2B0BAB4A08412` (`store_id`,`category_id`,`visibility`,`is_parent`,`position`)
) ENGINE=InnoDB DEFAULT CHARSET=utf8 COMMENT='Catalog Category Product Index Store1 Replica';

--
-- Dumping data for table `catalog_category_product_index_store1_replica`
--

INSERT INTO `catalog_category_product_index_store1_replica` VALUES (2,1,0,1,1,4),(2,2,0,1,1,4),(2,3,0,1,1,4),(2,4,0,1,1,4),(2,5,0,1,1,4),(2,6,0,1,1,4),(2,7,0,1,1,4),(2,8,0,1,1,4),(2,9,0,1,1,4),(2,10,0,1,1,4),(2,11,0,1,1,4),(2,12,0,1,1,4),(2,13,0,1,1,4),(2,14,0,1,1,4),(2,15,0,1,1,4),(2,16,0,1,1,4),(2,17,0,1,1,4),(2,18,0,1,1,4),(2,19,0,1,1,4),(2,20,0,1,1,4),(2,21,0,1,1,4),(2,22,0,1,1,4),(2,23,0,1,1,4),(2,24,0,1,1,4),(2,25,0,1,1,4),(2,26,0,1,1,4),(2,27,0,1,1,4),(2,28,0,1,1,4),(2,29,0,1,1,4),(2,30,0,1,1,4),(2,31,0,1,1,4),(2,32,0,1,1,4),(2,33,0,1,1,4),(2,34,0,1,1,4),(2,35,0,1,1,4),(2,36,0,1,1,4),(2,37,0,1,1,4),(2,38,0,1,1,4),(2,39,0,1,1,4),(2,40,0,1,1,4),(2,41,0,1,1,4),(3,7,0,1,1,4),(3,10,0,1,1,4),(3,11,0,1,1,4),(3,25,0,1,1,4),(3,37,0,1,1,4),(3,38,0,1,1,4),(3,39,0,1,1,4),(3,40,0,1,1,4),(3,41,0,1,1,4),(4,5,0,1,1,4),(4,7,0,1,1,4),(4,8,0,1,1,4),(4,21,0,1,1,4),(4,22,0,1,1,4),(4,25,0,1,1,4),(4,27,0,1,1,4),(4,37,0,1,1,4),(5,2,0,1,1,4),(5,4,0,1,1,4),(5,9,0,1,1,4),(5,12,0,1,1,4),(5,13,0,1,1,4),(5,15,0,1,1,4),(5,16,0,1,1,4),(5,17,0,1,1,4),(5,18,0,1,1,4),(5,19,0,1,1,4),(5,20,0,1,1,4),(5,23,0,1,1,4),(5,24,0,1,1,4),(5,26,0,1,1,4),(5,29,0,1,1,4),(5,30,0,1,1,4),(5,31,0,1,1,4),(6,32,0,1,1,4),(6,33,0,1,1,4),(6,34,0,1,1,4),(6,35,0,1,1,4),(6,36,0,1,1,4),(7,1,0,1,1,4),(7,3,0,1,1,4),(7,6,0,1,1,4),(7,14,0,1,1,4),(7,15,0,1,1,4),(7,25,0,1,1,4),(7,28,0,1,1,4),(7,37,0,1,1,4),(8,1,10000,0,1,4),(8,2,10000,0,1,4),(8,3,10000,0,1,4),(8,4,10000,0,1,4),(8,5,10000,0,1,4),(8,6,10000,0,1,4),(8,7,10000,0,1,4),(8,8,10000,0,1,4),(8,10,10000,0,1,4),(8,16,10000,0,1,4),(8,37,10000,0,1,4),(8,39,10000,0,1,4),(8,40,10000,0,1,4),(8,41,10000,0,1,4),(9,1,0,1,1,4),(9,2,0,1,1,4),(9,3,0,1,1,4),(9,4,0,1,1,4),(9,5,0,1,1,4),(9,6,0,1,1,4),(9,7,0,1,1,4),(9,8,0,1,1,4),(9,10,0,1,1,4),(9,16,0,1,1,4),(9,37,0,1,1,4),(9,39,0,1,1,4),(9,40,0,1,1,4),(9,41,0,1,1,4),(10,1,0,1,1,4),(10,2,0,1,1,4),(10,3,0,1,1,4),(10,4,0,1,1,4),(10,5,0,1,1,4),(10,6,0,1,1,4),(10,7,0,1,1,4),(10,8,0,1,1,4),(10,10,0,1,1,4),(10,16,0,1,1,4),(10,37,0,1,1,4),(10,39,0,1,1,4),(10,40,0,1,1,4),(10,41,0,1,1,4),(11,1,0,1,1,4),(11,2,0,1,1,4),(11,3,0,1,1,4),(11,4,0,1,1,4),(11,5,0,1,1,4),(11,6,0,1,1,4),(11,7,0,1,1,4),(11,8,0,1,1,4),(11,10,0,1,1,4),(11,16,0,1,1,4),(11,37,0,1,1,4),(11,39,0,1,1,4),(11,40,0,1,1,4),(11,41,0,1,1,4),(54,25,0,1,1,4),(54,37,0,1,1,4),(55,11,0,1,1,4),(55,38,0,1,1,4),(56,7,0,1,1,4);

--
-- Table structure for table `catalog_category_product_index_store2`
--

CREATE TABLE `catalog_category_product_index_store2` (
  `category_id` int unsigned NOT NULL DEFAULT '0' COMMENT 'Category Id',
  `product_id` int unsigned NOT NULL DEFAULT '0' COMMENT 'Product Id',
  `position` int DEFAULT NULL COMMENT 'Position',
  `is_parent` smallint unsigned NOT NULL DEFAULT '0' COMMENT 'Is Parent',
  `store_id` smallint unsigned NOT NULL DEFAULT '0' COMMENT 'Store Id',
  `visibility` smallint unsigned NOT NULL COMMENT 'Visibility',
  PRIMARY KEY (`category_id`,`product_id`,`store_id`),
  KEY `CAT_CTGR_PRD_IDX_STORE2_PRD_ID_STORE_ID_CTGR_ID_VISIBILITY` (`product_id`,`store_id`,`category_id`,`visibility`),
  KEY `IDX_2AB6FE58F086547FA7E4590837296849` (`store_id`,`category_id`,`visibility`,`is_parent`,`position`)
) ENGINE=InnoDB DEFAULT CHARSET=utf8 COMMENT='Catalog Category Product Index Store2';

--
-- Dumping data for table `catalog_category_product_index_store2`
--

INSERT INTO `catalog_category_product_index_store2` VALUES (2,1,0,1,2,4),(2,2,0,1,2,4),(2,3,0,1,2,4),(2,4,0,1,2,4),(2,5,0,1,2,4),(2,6,0,1,2,4),(2,7,0,1,2,4),(2,8,0,1,2,4),(2,9,0,1,2,4),(2,10,0,1,2,4),(2,11,0,1,2,4),(2,12,0,1,2,4),(2,13,0,1,2,4),(2,14,0,1,2,4),(2,15,0,1,2,4),(2,16,0,1,2,4),(2,17,0,1,2,4),(2,18,0,1,2,4),(2,19,0,1,2,4),(2,20,0,1,2,4),(2,21,0,1,2,4),(2,22,0,1,2,4),(2,23,0,1,2,4),(2,24,0,1,2,4),(2,25,0,1,2,4),(2,26,0,1,2,4),(2,27,0,1,2,4),(2,28,0,1,2,4),(2,29,0,1,2,4),(2,30,0,1,2,4),(2,31,0,1,2,4),(2,32,0,1,2,4),(2,33,0,1,2,4),(2,34,0,1,2,4),(2,35,0,1,2,4),(2,36,0,1,2,4),(2,37,0,1,2,4),(2,38,0,1,2,4),(2,39,0,1,2,4),(2,40,0,1,2,4),(2,41,0,1,2,4),(3,7,0,1,2,4),(3,10,0,1,2,4),(3,11,0,1,2,4),(3,25,0,1,2,4),(3,37,0,1,2,4),(3,38,0,1,2,4),(3,39,0,1,2,4),(3,40,0,1,2,4),(3,41,0,1,2,4),(4,5,0,1,2,4),(4,7,0,1,2,4),(4,8,0,1,2,4),(4,21,0,1,2,4),(4,22,0,1,2,4),(4,25,0,1,2,4),(4,27,0,1,2,4),(4,37,0,1,2,4),(5,2,0,1,2,4),(5,4,0,1,2,4),(5,9,0,1,2,4),(5,12,0,1,2,4),(5,13,0,1,2,4),(5,15,0,1,2,4),(5,16,0,1,2,4),(5,17,0,1,2,4),(5,18,0,1,2,4),(5,19,0,1,2,4),(5,20,0,1,2,4),(5,23,0,1,2,4),(5,24,0,1,2,4),(5,26,0,1,2,4),(5,29,0,1,2,4),(5,30,0,1,2,4),(5,31,0,1,2,4),(6,32,0,1,2,4),(6,33,0,1,2,4),(6,34,0,1,2,4),(6,35,0,1,2,4),(6,36,0,1,2,4),(7,1,0,1,2,4),(7,3,0,1,2,4),(7,6,0,1,2,4),(7,14,0,1,2,4),(7,15,0,1,2,4),(7,25,0,1,2,4),(7,28,0,1,2,4),(7,37,0,1,2,4),(8,1,10000,0,2,4),(8,2,10000,0,2,4),(8,3,10000,0,2,4),(8,4,10000,0,2,4),(8,5,10000,0,2,4),(8,6,10000,0,2,4),(8,7,10000,0,2,4),(8,8,10000,0,2,4),(8,10,10000,0,2,4),(8,16,10000,0,2,4),(8,37,10000,0,2,4),(8,39,10000,0,2,4),(8,40,10000,0,2,4),(8,41,10000,0,2,4),(9,1,0,1,2,4),(9,2,0,1,2,4),(9,3,0,1,2,4),(9,4,0,1,2,4),(9,5,0,1,2,4),(9,6,0,1,2,4),(9,7,0,1,2,4),(9,8,0,1,2,4),(9,10,0,1,2,4),(9,16,0,1,2,4),(9,37,0,1,2,4),(9,39,0,1,2,4),(9,40,0,1,2,4),(9,41,0,1,2,4),(10,1,0,1,2,4),(10,2,0,1,2,4),(10,3,0,1,2,4),(10,4,0,1,2,4),(10,5,0,1,2,4),(10,6,0,1,2,4),(10,7,0,1,2,4),(10,8,0,1,2,4),(10,10,0,1,2,4),(10,16,0,1,2,4),(10,37,0,1,2,4),(10,39,0,1,2,4),(10,40,0,1,2,4),(10,41,0,1,2,4),(11,1,0,1,2,4),(11,2,0,1,2,4),(11,3,0,1,2,4),(11,4,0,1,2,4),(11,5,0,1,2,4),(11,6,0,1,2,4),(11,7,0,1,2,4),(11,8,0,1,2,4),(11,10,0,1,2,4),(11,16,0,1,2,4),(11,37,0,1,2,4),(11,39,0,1,2,4),(11,40,0,1,2,4),(11,41,0,1,2,4),(54,25,0,1,2,4),(54,37,0,1,2,4),(55,11,0,1,2,4),(55,38,0,1,2,4),(56,7,0,1,2,4);

--
-- Table structure for table `catalog_category_product_index_store2_replica`
--

CREATE TABLE `catalog_category_product_index_store2_replica` (
  `category_id` int unsigned NOT NULL DEFAULT '0' COMMENT 'Category Id',
  `product_id` int unsigned NOT NULL DEFAULT '0' COMMENT 'Product Id',
  `position` int DEFAULT NULL COMMENT 'Position',
  `is_parent` smallint unsigned NOT NULL DEFAULT '0' COMMENT 'Is Parent',
  `store_id` smallint unsigned NOT NULL DEFAULT '0' COMMENT 'Store Id',
  `visibility` smallint unsigned NOT NULL COMMENT 'Visibility',
  PRIMARY KEY (`category_id`,`product_id`,`store_id`),
  KEY `IDX_87FCED52F67C72BB6992C79EB4DCFA8A` (`product_id`,`store_id`,`category_id`,`visibility`),
  KEY `IDX_15B841C92B67D986A980051DF109F9D1` (`store_id`,`category_id`,`visibility`,`is_parent`,`position`)
) ENGINE=InnoDB DEFAULT CHARSET=utf8 COMMENT='Catalog Category Product Index Store2 Replica';

--
-- Dumping data for table `catalog_category_product_index_store2_replica`
--

INSERT INTO `catalog_category_product_index_store2_replica` VALUES (2,1,0,1,2,4),(2,2,0,1,2,4),(2,3,0,1,2,4),(2,4,0,1,2,4),(2,5,0,1,2,4),(2,6,0,1,2,4),(2,7,0,1,2,4),(2,8,0,1,2,4),(2,9,0,1,2,4),(2,10,0,1,2,4),(2,11,0,1,2,4),(2,12,0,1,2,4),(2,13,0,1,2,4),(2,14,0,1,2,4),(2,15,0,1,2,4),(2,16,0,1,2,4),(2,17,0,1,2,4),(2,18,0,1,2,4),(2,19,0,1,2,4),(2,20,0,1,2,4),(2,21,0,1,2,4),(2,22,0,1,2,4),(2,23,0,1,2,4),(2,24,0,1,2,4),(2,25,0,1,2,4),(2,26,0,1,2,4),(2,27,0,1,2,4),(2,28,0,1,2,4),(2,29,0,1,2,4),(2,30,0,1,2,4),(2,31,0,1,2,4),(2,32,0,1,2,4),(2,33,0,1,2,4),(2,34,0,1,2,4),(2,35,0,1,2,4),(2,36,0,1,2,4),(2,37,0,1,2,4),(2,38,0,1,2,4),(2,39,0,1,2,4),(2,40,0,1,2,4),(2,41,0,1,2,4),(3,7,0,1,2,4),(3,10,0,1,2,4),(3,11,0,1,2,4),(3,25,0,1,2,4),(3,37,0,1,2,4),(3,38,0,1,2,4),(3,39,0,1,2,4),(3,40,0,1,2,4),(3,41,0,1,2,4),(4,5,0,1,2,4),(4,7,0,1,2,4),(4,8,0,1,2,4),(4,21,0,1,2,4),(4,22,0,1,2,4),(4,25,0,1,2,4),(4,27,0,1,2,4),(4,37,0,1,2,4),(5,2,0,1,2,4),(5,4,0,1,2,4),(5,9,0,1,2,4),(5,12,0,1,2,4),(5,13,0,1,2,4),(5,15,0,1,2,4),(5,16,0,1,2,4),(5,17,0,1,2,4),(5,18,0,1,2,4),(5,19,0,1,2,4),(5,20,0,1,2,4),(5,23,0,1,2,4),(5,24,0,1,2,4),(5,26,0,1,2,4),(5,29,0,1,2,4),(5,30,0,1,2,4),(5,31,0,1,2,4),(6,32,0,1,2,4),(6,33,0,1,2,4),(6,34,0,1,2,4),(6,35,0,1,2,4),(6,36,0,1,2,4),(7,1,0,1,2,4),(7,3,0,1,2,4),(7,6,0,1,2,4),(7,14,0,1,2,4),(7,15,0,1,2,4),(7,25,0,1,2,4),(7,28,0,1,2,4),(7,37,0,1,2,4),(8,1,10000,0,2,4),(8,2,10000,0,2,4),(8,3,10000,0,2,4),(8,4,10000,0,2,4),(8,5,10000,0,2,4),(8,6,10000,0,2,4),(8,7,10000,0,2,4),(8,8,10000,0,2,4),(8,10,10000,0,2,4),(8,16,10000,0,2,4),(8,37,10000,0,2,4),(8,39,10000,0,2,4),(8,40,10000,0,2,4),(8,41,10000,0,2,4),(9,1,0,1,2,4),(9,2,0,1,2,4),(9,3,0,1,2,4),(9,4,0,1,2,4),(9,5,0,1,2,4),(9,6,0,1,2,4),(9,7,0,1,2,4),(9,8,0,1,2,4),(9,10,0,1,2,4),(9,16,0,1,2,4),(9,37,0,1,2,4),(9,39,0,1,2,4),(9,40,0,1,2,4),(9,41,0,1,2,4),(10,1,0,1,2,4),(10,2,0,1,2,4),(10,3,0,1,2,4),(10,4,0,1,2,4),(10,5,0,1,2,4),(10,6,0,1,2,4),(10,7,0,1,2,4),(10,8,0,1,2,4),(10,10,0,1,2,4),(10,16,0,1,2,4),(10,37,0,1,2,4),(10,39,0,1,2,4),(10,40,0,1,2,4),(10,41,0,1,2,4),(11,1,0,1,2,4),(11,2,0,1,2,4),(11,3,0,1,2,4),(11,4,0,1,2,4),(11,5,0,1,2,4),(11,6,0,1,2,4),(11,7,0,1,2,4),(11,8,0,1,2,4),(11,10,0,1,2,4),(11,16,0,1,2,4),(11,37,0,1,2,4),(11,39,0,1,2,4),(11,40,0,1,2,4),(11,41,0,1,2,4),(54,25,0,1,2,4),(54,37,0,1,2,4),(55,11,0,1,2,4),(55,38,0,1,2,4),(56,7,0,1,2,4);

--
-- Table structure for table `catalog_category_product_index_store3`
--

CREATE TABLE `catalog_category_product_index_store3` (
  `category_id` int unsigned NOT NULL DEFAULT '0' COMMENT 'Category Id',
  `product_id` int unsigned NOT NULL DEFAULT '0' COMMENT 'Product Id',
  `position` int DEFAULT NULL COMMENT 'Position',
  `is_parent` smallint unsigned NOT NULL DEFAULT '0' COMMENT 'Is Parent',
  `store_id` smallint unsigned NOT NULL DEFAULT '0' COMMENT 'Store Id',
  `visibility` smallint unsigned NOT NULL COMMENT 'Visibility',
  PRIMARY KEY (`category_id`,`product_id`,`store_id`),
  KEY `CAT_CTGR_PRD_IDX_STORE3_PRD_ID_STORE_ID_CTGR_ID_VISIBILITY` (`product_id`,`store_id`,`category_id`,`visibility`),
  KEY `IDX_E9342558FA31C65508E1FE75E6242607` (`store_id`,`category_id`,`visibility`,`is_parent`,`position`)
) ENGINE=InnoDB DEFAULT CHARSET=utf8 COMMENT='Catalog Category Product Index Store3';

--
-- Dumping data for table `catalog_category_product_index_store3`
--

INSERT INTO `catalog_category_product_index_store3` VALUES (2,1,0,1,3,4),(2,2,0,1,3,4),(2,3,0,1,3,4),(2,4,0,1,3,4),(2,5,0,1,3,4),(2,6,0,1,3,4),(2,7,0,1,3,4),(2,8,0,1,3,4),(2,9,0,1,3,4),(2,10,0,1,3,4),(2,11,0,1,3,4),(2,12,0,1,3,4),(2,13,0,1,3,4),(2,14,0,1,3,4),(2,15,0,1,3,4),(2,16,0,1,3,4),(2,17,0,1,3,4),(2,18,0,1,3,4),(2,19,0,1,3,4),(2,20,0,1,3,4),(2,21,0,1,3,4),(2,22,0,1,3,4),(2,23,0,1,3,4),(2,24,0,1,3,4),(2,25,0,1,3,4),(2,26,0,1,3,4),(2,27,0,1,3,4),(2,28,0,1,3,4),(2,29,0,1,3,4),(2,30,0,1,3,4),(2,31,0,1,3,4),(2,32,0,1,3,4),(2,33,0,1,3,4),(2,34,0,1,3,4),(2,35,0,1,3,4),(2,36,0,1,3,4),(2,37,0,1,3,4),(2,38,0,1,3,4),(2,39,0,1,3,4),(2,40,0,1,3,4),(2,41,0,1,3,4),(3,7,0,1,3,4),(3,10,0,1,3,4),(3,11,0,1,3,4),(3,25,0,1,3,4),(3,37,0,1,3,4),(3,38,0,1,3,4),(3,39,0,1,3,4),(3,40,0,1,3,4),(3,41,0,1,3,4),(4,5,0,1,3,4),(4,7,0,1,3,4),(4,8,0,1,3,4),(4,21,0,1,3,4),(4,22,0,1,3,4),(4,25,0,1,3,4),(4,27,0,1,3,4),(4,37,0,1,3,4),(5,2,0,1,3,4),(5,4,0,1,3,4),(5,9,0,1,3,4),(5,12,0,1,3,4),(5,13,0,1,3,4),(5,15,0,1,3,4),(5,16,0,1,3,4),(5,17,0,1,3,4),(5,18,0,1,3,4),(5,19,0,1,3,4),(5,20,0,1,3,4),(5,23,0,1,3,4),(5,24,0,1,3,4),(5,26,0,1,3,4),(5,29,0,1,3,4),(5,30,0,1,3,4),(5,31,0,1,3,4),(6,32,0,1,3,4),(6,33,0,1,3,4),(6,34,0,1,3,4),(6,35,0,1,3,4),(6,36,0,1,3,4),(7,1,0,1,3,4),(7,3,0,1,3,4),(7,6,0,1,3,4),(7,14,0,1,3,4),(7,15,0,1,3,4),(7,25,0,1,3,4),(7,28,0,1,3,4),(7,37,0,1,3,4),(8,1,10000,0,3,4),(8,2,10000,0,3,4),(8,3,10000,0,3,4),(8,4,10000,0,3,4),(8,5,10000,0,3,4),(8,6,10000,0,3,4),(8,7,10000,0,3,4),(8,8,10000,0,3,4),(8,10,10000,0,3,4),(8,16,10000,0,3,4),(8,37,10000,0,3,4),(8,39,10000,0,3,4),(8,40,10000,0,3,4),(8,41,10000,0,3,4),(9,1,0,1,3,4),(9,2,0,1,3,4),(9,3,0,1,3,4),(9,4,0,1,3,4),(9,5,0,1,3,4),(9,6,0,1,3,4),(9,7,0,1,3,4),(9,8,0,1,3,4),(9,10,0,1,3,4),(9,16,0,1,3,4),(9,37,0,1,3,4),(9,39,0,1,3,4),(9,40,0,1,3,4),(9,41,0,1,3,4),(10,1,0,1,3,4),(10,2,0,1,3,4),(10,3,0,1,3,4),(10,4,0,1,3,4),(10,5,0,1,3,4),(10,6,0,1,3,4),(10,7,0,1,3,4),(10,8,0,1,3,4),(10,10,0,1,3,4),(10,16,0,1,3,4),(10,37,0,1,3,4),(10,39,0,1,3,4),(10,40,0,1,3,4),(10,41,0,1,3,4),(11,1,0,1,3,4),(11,2,0,1,3,4),(11,3,0,1,3,4),(11,4,0,1,3,4),(11,5,0,1,3,4),(11,6,0,1,3,4),(11,7,0,1,3,4),(11,8,0,1,3,4),(11,10,0,1,3,4),(11,16,0,1,3,4),(11,37,0,1,3,4),(11,39,0,1,3,4),(11,40,0,1,3,4),(11,41,0,1,3,4),(54,25,0,1,3,4),(54,37,0,1,3,4),(55,11,0,1,3,4),(55,38,0,1,3,4),(56,7,0,1,3,4);

--
-- Table structure for table `catalog_category_product_index_store3_replica`
--

CREATE TABLE `catalog_category_product_index_store3_replica` (
  `category_id` int unsigned NOT NULL DEFAULT '0' COMMENT 'Category Id',
  `product_id` int unsigned NOT NULL DEFAULT '0' COMMENT 'Product Id',
  `position` int DEFAULT NULL COMMENT 'Position',
  `is_parent` smallint unsigned NOT NULL DEFAULT '0' COMMENT 'Is Parent',
  `store_id` smallint unsigned NOT NULL DEFAULT '0' COMMENT 'Store Id',
  `visibility` smallint unsigned NOT NULL COMMENT 'Visibility',
  PRIMARY KEY (`category_id`,`product_id`,`store_id`),
  KEY `IDX_43726D149468373EB56B59700A89860C` (`product_id`,`store_id`,`category_id`,`visibility`),
  KEY `IDX_3A62575144A54728FACD3A0D6309E61D` (`store_id`,`category_id`,`visibility`,`is_parent`,`position`)
) ENGINE=InnoDB DEFAULT CHARSET=utf8 COMMENT='Catalog Category Product Index Store3 Replica';

--
-- Dumping data for table `catalog_category_product_index_store3_replica`
--

INSERT INTO `catalog_category_product_index_store3_replica` VALUES (2,1,0,1,3,4),(2,2,0,1,3,4),(2,3,0,1,3,4),(2,4,0,1,3,4),(2,5,0,1,3,4),(2,6,0,1,3,4),(2,7,0,1,3,4),(2,8,0,1,3,4),(2,9,0,1,3,4),(2,10,0,1,3,4),(2,11,0,1,3,4),(2,12,0,1,3,4),(2,13,0,1,3,4),(2,14,0,1,3,4),(2,15,0,1,3,4),(2,16,0,1,3,4),(2,17,0,1,3,4),(2,18,0,1,3,4),(2,19,0,1,3,4),(2,20,0,1,3,4),(2,21,0,1,3,4),(2,22,0,1,3,4),(2,23,0,1,3,4),(2,24,0,1,3,4),(2,25,0,1,3,4),(2,26,0,1,3,4),(2,27,0,1,3,4),(2,28,0,1,3,4),(2,29,0,1,3,4),(2,30,0,1,3,4),(2,31,0,1,3,4),(2,32,0,1,3,4),(2,33,0,1,3,4),(2,34,0,1,3,4),(2,35,0,1,3,4),(2,36,0,1,3,4),(2,37,0,1,3,4),(2,38,0,1,3,4),(2,39,0,1,3,4),(2,40,0,1,3,4),(2,41,0,1,3,4),(3,7,0,1,3,4),(3,10,0,1,3,4),(3,11,0,1,3,4),(3,25,0,1,3,4),(3,37,0,1,3,4),(3,38,0,1,3,4),(3,39,0,1,3,4),(3,40,0,1,3,4),(3,41,0,1,3,4),(4,5,0,1,3,4),(4,7,0,1,3,4),(4,8,0,1,3,4),(4,21,0,1,3,4),(4,22,0,1,3,4),(4,25,0,1,3,4),(4,27,0,1,3,4),(4,37,0,1,3,4),(5,2,0,1,3,4),(5,4,0,1,3,4),(5,9,0,1,3,4),(5,12,0,1,3,4),(5,13,0,1,3,4),(5,15,0,1,3,4),(5,16,0,1,3,4),(5,17,0,1,3,4),(5,18,0,1,3,4),(5,19,0,1,3,4),(5,20,0,1,3,4),(5,23,0,1,3,4),(5,24,0,1,3,4),(5,26,0,1,3,4),(5,29,0,1,3,4),(5,30,0,1,3,4),(5,31,0,1,3,4),(6,32,0,1,3,4),(6,33,0,1,3,4),(6,34,0,1,3,4),(6,35,0,1,3,4),(6,36,0,1,3,4),(7,1,0,1,3,4),(7,3,0,1,3,4),(7,6,0,1,3,4),(7,14,0,1,3,4),(7,15,0,1,3,4),(7,25,0,1,3,4),(7,28,0,1,3,4),(7,37,0,1,3,4),(8,1,10000,0,3,4),(8,2,10000,0,3,4),(8,3,10000,0,3,4),(8,4,10000,0,3,4),(8,5,10000,0,3,4),(8,6,10000,0,3,4),(8,7,10000,0,3,4),(8,8,10000,0,3,4),(8,10,10000,0,3,4),(8,16,10000,0,3,4),(8,37,10000,0,3,4),(8,39,10000,0,3,4),(8,40,10000,0,3,4),(8,41,10000,0,3,4),(9,1,0,1,3,4),(9,2,0,1,3,4),(9,3,0,1,3,4),(9,4,0,1,3,4),(9,5,0,1,3,4),(9,6,0,1,3,4),(9,7,0,1,3,4),(9,8,0,1,3,4),(9,10,0,1,3,4),(9,16,0,1,3,4),(9,37,0,1,3,4),(9,39,0,1,3,4),(9,40,0,1,3,4),(9,41,0,1,3,4),(10,1,0,1,3,4),(10,2,0,1,3,4),(10,3,0,1,3,4),(10,4,0,1,3,4),(10,5,0,1,3,4),(10,6,0,1,3,4),(10,7,0,1,3,4),(10,8,0,1,3,4),(10,10,0,1,3,4),(10,16,0,1,3,4),(10,37,0,1,3,4),(10,39,0,1,3,4),(10,40,0,1,3,4),(10,41,0,1,3,4),(11,1,0,1,3,4),(11,2,0,1,3,4),(11,3,0,1,3,4),(11,4,0,1,3,4),(11,5,0,1,3,4),(11,6,0,1,3,4),(11,7,0,1,3,4),(11,8,0,1,3,4),(11,10,0,1,3,4),(11,16,0,1,3,4),(11,37,0,1,3,4),(11,39,0,1,3,4),(11,40,0,1,3,4),(11,41,0,1,3,4),(54,25,0,1,3,4),(54,37,0,1,3,4),(55,11,0,1,3,4),(55,38,0,1,3,4),(56,7,0,1,3,4);

--
-- Table structure for table `catalog_category_product_index_store4`
--

CREATE TABLE `catalog_category_product_index_store4` (
  `category_id` int unsigned NOT NULL DEFAULT '0' COMMENT 'Category Id',
  `product_id` int unsigned NOT NULL DEFAULT '0' COMMENT 'Product Id',
  `position` int DEFAULT NULL COMMENT 'Position',
  `is_parent` smallint unsigned NOT NULL DEFAULT '0' COMMENT 'Is Parent',
  `store_id` smallint unsigned NOT NULL DEFAULT '0' COMMENT 'Store Id',
  `visibility` smallint unsigned NOT NULL COMMENT 'Visibility',
  PRIMARY KEY (`category_id`,`product_id`,`store_id`),
  KEY `CAT_CTGR_PRD_IDX_STORE4_PRD_ID_STORE_ID_CTGR_ID_VISIBILITY` (`product_id`,`store_id`,`category_id`,`visibility`),
  KEY `IDX_ABB606D1CB36CD160DB880F39838BC3F` (`store_id`,`category_id`,`visibility`,`is_parent`,`position`)
) ENGINE=InnoDB DEFAULT CHARSET=utf8 COMMENT='Catalog Category Product Index Store4';

--
-- Dumping data for table `catalog_category_product_index_store4`
--

INSERT INTO `catalog_category_product_index_store4` VALUES (2,1,0,1,4,4),(2,2,0,1,4,4),(2,3,0,1,4,4),(2,4,0,1,4,4),(2,5,0,1,4,4),(2,6,0,1,4,4),(2,7,0,1,4,4),(2,8,0,1,4,4),(2,9,0,1,4,4),(2,10,0,1,4,4),(2,11,0,1,4,4),(2,12,0,1,4,4),(2,13,0,1,4,4),(2,14,0,1,4,4),(2,15,0,1,4,4),(2,16,0,1,4,4),(2,17,0,1,4,4),(2,18,0,1,4,4),(2,19,0,1,4,4),(2,20,0,1,4,4),(2,21,0,1,4,4),(2,22,0,1,4,4),(2,23,0,1,4,4),(2,24,0,1,4,4),(2,25,0,1,4,4),(2,26,0,1,4,4),(2,27,0,1,4,4),(2,28,0,1,4,4),(2,29,0,1,4,4),(2,30,0,1,4,4),(2,31,0,1,4,4),(2,32,0,1,4,4),(2,33,0,1,4,4),(2,34,0,1,4,4),(2,35,0,1,4,4),(2,36,0,1,4,4),(2,37,0,1,4,4),(2,38,0,1,4,4),(2,39,0,1,4,4),(2,40,0,1,4,4),(2,41,0,1,4,4),(3,7,0,1,4,4),(3,10,0,1,4,4),(3,11,0,1,4,4),(3,25,0,1,4,4),(3,37,0,1,4,4),(3,38,0,1,4,4),(3,39,0,1,4,4),(3,40,0,1,4,4),(3,41,0,1,4,4),(4,5,0,1,4,4),(4,7,0,1,4,4),(4,8,0,1,4,4),(4,21,0,1,4,4),(4,22,0,1,4,4),(4,25,0,1,4,4),(4,27,0,1,4,4),(4,37,0,1,4,4),(5,2,0,1,4,4),(5,4,0,1,4,4),(5,9,0,1,4,4),(5,12,0,1,4,4),(5,13,0,1,4,4),(5,15,0,1,4,4),(5,16,0,1,4,4),(5,17,0,1,4,4),(5,18,0,1,4,4),(5,19,0,1,4,4),(5,20,0,1,4,4),(5,23,0,1,4,4),(5,24,0,1,4,4),(5,26,0,1,4,4),(5,29,0,1,4,4),(5,30,0,1,4,4),(5,31,0,1,4,4),(6,32,0,1,4,4),(6,33,0,1,4,4),(6,34,0,1,4,4),(6,35,0,1,4,4),(6,36,0,1,4,4),(7,1,0,1,4,4),(7,3,0,1,4,4),(7,6,0,1,4,4),(7,14,0,1,4,4),(7,15,0,1,4,4),(7,25,0,1,4,4),(7,28,0,1,4,4),(7,37,0,1,4,4),(8,1,10000,0,4,4),(8,2,10000,0,4,4),(8,3,10000,0,4,4),(8,4,10000,0,4,4),(8,5,10000,0,4,4),(8,6,10000,0,4,4),(8,7,10000,0,4,4),(8,8,10000,0,4,4),(8,10,10000,0,4,4),(8,16,10000,0,4,4),(8,37,10000,0,4,4),(8,39,10000,0,4,4),(8,40,10000,0,4,4),(8,41,10000,0,4,4),(9,1,0,1,4,4),(9,2,0,1,4,4),(9,3,0,1,4,4),(9,4,0,1,4,4),(9,5,0,1,4,4),(9,6,0,1,4,4),(9,7,0,1,4,4),(9,8,0,1,4,4),(9,10,0,1,4,4),(9,16,0,1,4,4),(9,37,0,1,4,4),(9,39,0,1,4,4),(9,40,0,1,4,4),(9,41,0,1,4,4),(10,1,0,1,4,4),(10,2,0,1,4,4),(10,3,0,1,4,4),(10,4,0,1,4,4),(10,5,0,1,4,4),(10,6,0,1,4,4),(10,7,0,1,4,4),(10,8,0,1,4,4),(10,10,0,1,4,4),(10,16,0,1,4,4),(10,37,0,1,4,4),(10,39,0,1,4,4),(10,40,0,1,4,4),(10,41,0,1,4,4),(11,1,0,1,4,4),(11,2,0,1,4,4),(11,3,0,1,4,4),(11,4,0,1,4,4),(11,5,0,1,4,4),(11,6,0,1,4,4),(11,7,0,1,4,4),(11,8,0,1,4,4),(11,10,0,1,4,4),(11,16,0,1,4,4),(11,37,0,1,4,4),(11,39,0,1,4,4),(11,40,0,1,4,4),(11,41,0,1,4,4),(54,25,0,1,4,4),(54,37,0,1,4,4),(55,11,0,1,4,4),(55,38,0,1,4,4),(56,7,0,1,4,4);

--
-- Table structure for table `catalog_category_product_index_store4_replica`
--

CREATE TABLE `catalog_category_product_index_store4_replica` (
  `category_id` int unsigned NOT NULL DEFAULT '0' COMMENT 'Category Id',
  `product_id` int unsigned NOT NULL DEFAULT '0' COMMENT 'Product Id',
  `position` int DEFAULT NULL COMMENT 'Position',
  `is_parent` smallint unsigned NOT NULL DEFAULT '0' COMMENT 'Is Parent',
  `store_id` smallint unsigned NOT NULL DEFAULT '0' COMMENT 'Store Id',
  `visibility` smallint unsigned NOT NULL COMMENT 'Visibility',
  PRIMARY KEY (`category_id`,`product_id`,`store_id`),
  KEY `IDX_966AADF0F2BFAFFC1235C826759845CC` (`product_id`,`store_id`,`category_id`,`visibility`),
  KEY `IDX_F43ABBF162395BE3A1D5B1AE17C24FE2` (`store_id`,`category_id`,`visibility`,`is_parent`,`position`)
) ENGINE=InnoDB DEFAULT CHARSET=utf8 COMMENT='Catalog Category Product Index Store4 Replica';

--
-- Dumping data for table `catalog_category_product_index_store4_replica`
--

INSERT INTO `catalog_category_product_index_store4_replica` VALUES (2,1,0,1,4,4),(2,2,0,1,4,4),(2,3,0,1,4,4),(2,4,0,1,4,4),(2,5,0,1,4,4),(2,6,0,1,4,4),(2,7,0,1,4,4),(2,8,0,1,4,4),(2,9,0,1,4,4),(2,10,0,1,4,4),(2,11,0,1,4,4),(2,12,0,1,4,4),(2,13,0,1,4,4),(2,14,0,1,4,4),(2,15,0,1,4,4),(2,16,0,1,4,4),(2,17,0,1,4,4),(2,18,0,1,4,4),(2,19,0,1,4,4),(2,20,0,1,4,4),(2,21,0,1,4,4),(2,22,0,1,4,4),(2,23,0,1,4,4),(2,24,0,1,4,4),(2,25,0,1,4,4),(2,26,0,1,4,4),(2,27,0,1,4,4),(2,28,0,1,4,4),(2,29,0,1,4,4),(2,30,0,1,4,4),(2,31,0,1,4,4),(2,32,0,1,4,4),(2,33,0,1,4,4),(2,34,0,1,4,4),(2,35,0,1,4,4),(2,36,0,1,4,4),(2,37,0,1,4,4),(2,38,0,1,4,4),(2,39,0,1,4,4),(2,40,0,1,4,4),(2,41,0,1,4,4),(3,7,0,1,4,4),(3,10,0,1,4,4),(3,11,0,1,4,4),(3,25,0,1,4,4),(3,37,0,1,4,4),(3,38,0,1,4,4),(3,39,0,1,4,4),(3,40,0,1,4,4),(3,41,0,1,4,4),(4,5,0,1,4,4),(4,7,0,1,4,4),(4,8,0,1,4,4),(4,21,0,1,4,4),(4,22,0,1,4,4),(4,25,0,1,4,4),(4,27,0,1,4,4),(4,37,0,1,4,4),(5,2,0,1,4,4),(5,4,0,1,4,4),(5,9,0,1,4,4),(5,12,0,1,4,4),(5,13,0,1,4,4),(5,15,0,1,4,4),(5,16,0,1,4,4),(5,17,0,1,4,4),(5,18,0,1,4,4),(5,19,0,1,4,4),(5,20,0,1,4,4),(5,23,0,1,4,4),(5,24,0,1,4,4),(5,26,0,1,4,4),(5,29,0,1,4,4),(5,30,0,1,4,4),(5,31,0,1,4,4),(6,32,0,1,4,4),(6,33,0,1,4,4),(6,34,0,1,4,4),(6,35,0,1,4,4),(6,36,0,1,4,4),(7,1,0,1,4,4),(7,3,0,1,4,4),(7,6,0,1,4,4),(7,14,0,1,4,4),(7,15,0,1,4,4),(7,25,0,1,4,4),(7,28,0,1,4,4),(7,37,0,1,4,4),(8,1,10000,0,4,4),(8,2,10000,0,4,4),(8,3,10000,0,4,4),(8,4,10000,0,4,4),(8,5,10000,0,4,4),(8,6,10000,0,4,4),(8,7,10000,0,4,4),(8,8,10000,0,4,4),(8,10,10000,0,4,4),(8,16,10000,0,4,4),(8,37,10000,0,4,4),(8,39,10000,0,4,4),(8,40,10000,0,4,4),(8,41,10000,0,4,4),(9,1,0,1,4,4),(9,2,0,1,4,4),(9,3,0,1,4,4),(9,4,0,1,4,4),(9,5,0,1,4,4),(9,6,0,1,4,4),(9,7,0,1,4,4),(9,8,0,1,4,4),(9,10,0,1,4,4),(9,16,0,1,4,4),(9,37,0,1,4,4),(9,39,0,1,4,4),(9,40,0,1,4,4),(9,41,0,1,4,4),(10,1,0,1,4,4),(10,2,0,1,4,4),(10,3,0,1,4,4),(10,4,0,1,4,4),(10,5,0,1,4,4),(10,6,0,1,4,4),(10,7,0,1,4,4),(10,8,0,1,4,4),(10,10,0,1,4,4),(10,16,0,1,4,4),(10,37,0,1,4,4),(10,39,0,1,4,4),(10,40,0,1,4,4),(10,41,0,1,4,4),(11,1,0,1,4,4),(11,2,0,1,4,4),(11,3,0,1,4,4),(11,4,0,1,4,4),(11,5,0,1,4,4),(11,6,0,1,4,4),(11,7,0,1,4,4),(11,8,0,1,4,4),(11,10,0,1,4,4),(11,16,0,1,4,4),(11,37,0,1,4,4),(11,39,0,1,4,4),(11,40,0,1,4,4),(11,41,0,1,4,4),(54,25,0,1,4,4),(54,37,0,1,4,4),(55,11,0,1,4,4),(55,38,0,1,4,4),(56,7,0,1,4,4);

--
-- Table structure for table `catalog_category_product_index_tmp`
--

CREATE TABLE `catalog_category_product_index_tmp` (
  `category_id` int unsigned NOT NULL DEFAULT '0' COMMENT 'Category ID',
  `product_id` int unsigned NOT NULL DEFAULT '0' COMMENT 'Product ID',
  `position` int NOT NULL DEFAULT '0' COMMENT 'Position',
  `is_parent` smallint unsigned NOT NULL DEFAULT '0' COMMENT 'Is Parent',
  `store_id` smallint unsigned NOT NULL DEFAULT '0' COMMENT 'Store ID',
  `visibility` smallint unsigned NOT NULL COMMENT 'Visibility',
  PRIMARY KEY (`category_id`,`product_id`,`store_id`),
  KEY `CAT_CTGR_PRD_IDX_TMP_PRD_ID_CTGR_ID_STORE_ID` (`product_id`,`category_id`,`store_id`)
) ENGINE=InnoDB DEFAULT CHARSET=utf8 COMMENT='Catalog Category Product Indexer temporary table';

--
-- Dumping data for table `catalog_category_product_index_tmp`
--


--
-- Table structure for table `catalog_compare_item`
--

CREATE TABLE `catalog_compare_item` (
  `catalog_compare_item_id` int unsigned NOT NULL AUTO_INCREMENT COMMENT 'Compare Item ID',
  `visitor_id` int unsigned NOT NULL DEFAULT '0' COMMENT 'Visitor ID',
  `customer_id` int unsigned DEFAULT NULL COMMENT 'Customer ID',
  `product_id` int unsigned NOT NULL DEFAULT '0' COMMENT 'Product ID',
  `store_id` smallint unsigned DEFAULT NULL COMMENT 'Store ID',
  `list_id` int unsigned DEFAULT NULL COMMENT 'List ID',
  PRIMARY KEY (`catalog_compare_item_id`),
  KEY `CATALOG_COMPARE_ITEM_LIST_ID_CATALOG_COMPARE_LIST_LIST_ID` (`list_id`),
  KEY `CATALOG_COMPARE_ITEM_PRODUCT_ID` (`product_id`),
  KEY `CATALOG_COMPARE_ITEM_VISITOR_ID_PRODUCT_ID` (`visitor_id`,`product_id`),
  KEY `CATALOG_COMPARE_ITEM_CUSTOMER_ID_PRODUCT_ID` (`customer_id`,`product_id`),
  KEY `CATALOG_COMPARE_ITEM_STORE_ID` (`store_id`),
  CONSTRAINT `CATALOG_COMPARE_ITEM_CUSTOMER_ID_CUSTOMER_ENTITY_ENTITY_ID` FOREIGN KEY (`customer_id`) REFERENCES `customer_entity` (`entity_id`) ON DELETE CASCADE,
  CONSTRAINT `CATALOG_COMPARE_ITEM_LIST_ID_CATALOG_COMPARE_LIST_LIST_ID` FOREIGN KEY (`list_id`) REFERENCES `catalog_compare_list` (`list_id`) ON DELETE CASCADE,
  CONSTRAINT `CATALOG_COMPARE_ITEM_PRODUCT_ID_CATALOG_PRODUCT_ENTITY_ENTITY_ID` FOREIGN KEY (`product_id`) REFERENCES `catalog_product_entity` (`entity_id`) ON DELETE CASCADE,
  CONSTRAINT `CATALOG_COMPARE_ITEM_STORE_ID_STORE_STORE_ID` FOREIGN KEY (`store_id`) REFERENCES `store` (`store_id`) ON DELETE SET NULL
) ENGINE=InnoDB AUTO_INCREMENT=71 DEFAULT CHARSET=utf8 COMMENT='Catalog Compare Table';

--
-- Dumping data for table `catalog_compare_item`
--

INSERT INTO `catalog_compare_item` VALUES (1,11,NULL,37,1,NULL),(3,27,NULL,22,1,NULL),(4,29,NULL,35,1,NULL),(5,48,NULL,30,1,NULL),(6,49,NULL,7,4,NULL),(7,50,NULL,21,4,NULL),(8,66,NULL,5,1,NULL),(9,68,NULL,40,1,NULL),(10,80,NULL,7,1,NULL),(11,107,NULL,39,1,NULL),(12,109,NULL,8,1,NULL),(13,117,NULL,3,1,NULL),(14,131,NULL,21,4,NULL),(15,134,NULL,7,1,NULL),(16,137,NULL,7,1,NULL),(17,146,NULL,41,4,NULL),(18,152,NULL,7,4,NULL),(19,169,NULL,26,4,NULL),(20,172,NULL,31,4,NULL),(21,189,NULL,29,4,NULL),(22,195,NULL,35,1,NULL),(23,202,NULL,38,1,NULL),(25,227,NULL,3,4,NULL),(26,235,NULL,11,1,NULL),(27,236,NULL,2,1,NULL),(28,237,NULL,41,1,NULL),(29,237,NULL,40,1,NULL),(30,237,NULL,39,1,NULL),(31,237,NULL,38,1,NULL),(32,246,NULL,11,4,NULL),(33,246,NULL,38,4,NULL),(34,257,NULL,16,4,NULL),(35,260,NULL,26,4,NULL),(36,262,NULL,3,1,NULL),(37,315,NULL,29,4,NULL),(38,320,NULL,38,3,NULL),(39,320,NULL,21,3,NULL),(40,322,NULL,40,1,NULL),(41,324,NULL,21,1,NULL),(42,327,12,34,1,NULL),(43,331,NULL,21,1,NULL),(44,355,NULL,41,1,NULL),(45,375,NULL,18,1,NULL),(46,392,NULL,39,3,NULL),(47,404,NULL,3,1,NULL),(48,420,NULL,39,1,NULL),(49,427,NULL,25,1,NULL),(50,428,NULL,40,1,NULL),(51,450,NULL,39,1,NULL),(52,451,NULL,39,1,NULL),(53,452,NULL,39,1,NULL),(54,452,NULL,36,1,NULL),(55,459,NULL,21,1,NULL),(56,463,NULL,38,1,NULL),(57,476,NULL,36,1,NULL),(58,483,NULL,41,1,NULL),(59,489,NULL,21,1,NULL),(60,499,NULL,11,4,NULL),(61,499,NULL,7,4,NULL),(62,507,17,40,1,NULL),(63,519,NULL,10,1,NULL),(64,527,NULL,16,4,NULL),(65,542,NULL,1,4,NULL),(66,551,NULL,7,4,NULL),(67,557,NULL,7,4,NULL),(68,586,NULL,33,1,NULL),(69,587,NULL,40,1,NULL),(70,603,NULL,39,1,NULL);

--
-- Table structure for table `catalog_compare_list`
--

CREATE TABLE `catalog_compare_list` (
  `list_id` int unsigned NOT NULL AUTO_INCREMENT COMMENT 'Compare List ID',
  `list_id_mask` varchar(32) DEFAULT NULL COMMENT 'Masked ID',
  `customer_id` int unsigned DEFAULT NULL COMMENT 'Customer ID',
  PRIMARY KEY (`list_id`),
  UNIQUE KEY `CATALOG_COMPARE_LIST_CUSTOMER_ID` (`customer_id`),
  KEY `CATALOG_COMPARE_LIST_LIST_ID_MASK` (`list_id_mask`),
  CONSTRAINT `CATALOG_COMPARE_LIST_CUSTOMER_ID_CUSTOMER_ENTITY_ENTITY_ID` FOREIGN KEY (`customer_id`) REFERENCES `customer_entity` (`entity_id`) ON DELETE CASCADE
) ENGINE=InnoDB DEFAULT CHARSET=utf8 COMMENT='Catalog Compare List with hash Table';

--
-- Dumping data for table `catalog_compare_list`
--


--
-- Table structure for table `catalog_eav_attribute`
--

CREATE TABLE `catalog_eav_attribute` (
  `attribute_id` smallint unsigned NOT NULL COMMENT 'Attribute ID',
  `frontend_input_renderer` varchar(255) DEFAULT NULL COMMENT 'Frontend Input Renderer',
  `is_global` smallint unsigned NOT NULL DEFAULT '1' COMMENT 'Is Global',
  `is_visible` smallint unsigned NOT NULL DEFAULT '1' COMMENT 'Is Visible',
  `is_searchable` smallint unsigned NOT NULL DEFAULT '0' COMMENT 'Is Searchable',
  `is_filterable` smallint unsigned NOT NULL DEFAULT '0' COMMENT 'Is Filterable',
  `is_comparable` smallint unsigned NOT NULL DEFAULT '0' COMMENT 'Is Comparable',
  `is_visible_on_front` smallint unsigned NOT NULL DEFAULT '0' COMMENT 'Is Visible On Front',
  `is_html_allowed_on_front` smallint unsigned NOT NULL DEFAULT '0' COMMENT 'Is HTML Allowed On Front',
  `is_used_for_price_rules` smallint unsigned NOT NULL DEFAULT '0' COMMENT 'Is Used For Price Rules',
  `is_filterable_in_search` smallint unsigned NOT NULL DEFAULT '0' COMMENT 'Is Filterable In Search',
  `used_in_product_listing` smallint unsigned NOT NULL DEFAULT '0' COMMENT 'Is Used In Product Listing',
  `used_for_sort_by` smallint unsigned NOT NULL DEFAULT '0' COMMENT 'Is Used For Sorting',
  `apply_to` varchar(255) DEFAULT NULL COMMENT 'Apply To',
  `is_visible_in_advanced_search` smallint unsigned NOT NULL DEFAULT '0' COMMENT 'Is Visible In Advanced Search',
  `position` int NOT NULL DEFAULT '0' COMMENT 'Position',
  `is_wysiwyg_enabled` smallint unsigned NOT NULL DEFAULT '0' COMMENT 'Is WYSIWYG Enabled',
  `is_used_for_promo_rules` smallint unsigned NOT NULL DEFAULT '0' COMMENT 'Is Used For Promo Rules',
  `is_required_in_admin_store` smallint unsigned NOT NULL DEFAULT '0' COMMENT 'Is Required In Admin Store',
  `is_used_in_grid` smallint unsigned NOT NULL DEFAULT '0' COMMENT 'Is Used in Grid',
  `is_visible_in_grid` smallint unsigned NOT NULL DEFAULT '0' COMMENT 'Is Visible in Grid',
  `is_filterable_in_grid` smallint unsigned NOT NULL DEFAULT '0' COMMENT 'Is Filterable in Grid',
  `search_weight` float NOT NULL DEFAULT '1' COMMENT 'Search Weight',
  `additional_data` text COMMENT 'Additional swatch attributes data',
  `is_pagebuilder_enabled` tinyint(1) NOT NULL DEFAULT '0' COMMENT 'Is PageBuilder Enabled',
  PRIMARY KEY (`attribute_id`),
  KEY `CATALOG_EAV_ATTRIBUTE_USED_FOR_SORT_BY` (`used_for_sort_by`),
  KEY `CATALOG_EAV_ATTRIBUTE_USED_IN_PRODUCT_LISTING` (`used_in_product_listing`),
  CONSTRAINT `CATALOG_EAV_ATTRIBUTE_ATTRIBUTE_ID_EAV_ATTRIBUTE_ATTRIBUTE_ID` FOREIGN KEY (`attribute_id`) REFERENCES `eav_attribute` (`attribute_id`) ON DELETE CASCADE
) ENGINE=InnoDB DEFAULT CHARSET=utf8 COMMENT='Catalog EAV Attribute Table';

--
-- Dumping data for table `catalog_eav_attribute`
--

INSERT INTO `catalog_eav_attribute` VALUES (45,NULL,0,1,0,0,0,0,0,0,0,0,0,NULL,0,0,0,0,0,0,0,0,1,NULL,0),(46,NULL,0,1,0,0,0,0,0,0,0,0,0,NULL,0,0,0,0,0,0,0,0,1,NULL,0),(47,NULL,0,1,0,0,0,0,1,0,0,0,0,NULL,0,0,1,0,0,0,0,0,1,NULL,0),(48,NULL,0,1,0,0,0,0,0,0,0,0,0,NULL,0,0,0,0,0,0,0,0,1,NULL,0),(49,NULL,0,1,0,0,0,0,0,0,0,0,0,NULL,0,0,0,0,0,0,0,0,1,NULL,0),(50,NULL,0,1,0,0,0,0,0,0,0,0,0,NULL,0,0,0,0,0,0,0,0,1,NULL,0),(51,NULL,0,1,0,0,0,0,0,0,0,0,0,NULL,0,0,0,0,0,0,0,0,1,NULL,0),(52,NULL,0,1,0,0,0,0,0,0,0,0,0,NULL,0,0,0,0,0,0,0,0,1,NULL,0),(53,NULL,0,1,0,0,0,0,0,0,0,0,0,NULL,0,0,0,0,0,0,0,0,1,NULL,0),(54,NULL,1,1,0,0,0,0,0,0,0,0,0,NULL,0,0,0,0,0,0,0,0,1,NULL,0),(55,NULL,1,0,0,0,0,0,0,0,0,0,0,NULL,0,0,0,0,0,0,0,0,1,NULL,0),(56,NULL,1,0,0,0,0,0,0,0,0,0,0,NULL,0,0,0,0,0,0,0,0,1,NULL,0),(57,NULL,1,0,0,0,0,0,0,0,0,0,0,NULL,0,0,0,0,0,0,0,0,1,NULL,0),(58,NULL,1,0,0,0,0,0,0,0,0,0,0,NULL,0,0,0,0,0,0,0,0,1,NULL,0),(59,NULL,1,0,0,0,0,0,0,0,0,0,0,NULL,0,0,0,0,0,0,0,0,1,NULL,0),(60,NULL,0,1,0,0,0,0,0,0,0,0,0,NULL,0,0,0,0,0,0,0,0,1,NULL,0),(61,NULL,0,1,0,0,0,0,0,0,0,0,0,NULL,0,0,0,0,0,0,0,0,1,NULL,0),(62,NULL,0,1,0,0,0,0,0,0,0,0,0,NULL,0,0,0,0,0,0,0,0,1,NULL,0),(63,NULL,0,1,0,0,0,0,0,0,0,0,0,NULL,0,0,0,0,0,0,0,0,1,NULL,0),(64,NULL,0,0,0,0,0,0,0,0,0,0,0,NULL,0,0,0,0,0,0,0,0,1,NULL,0),(65,NULL,1,0,0,0,0,0,0,0,0,0,0,NULL,0,0,0,0,0,0,0,0,1,NULL,0),(66,NULL,1,0,0,0,0,0,0,0,0,0,0,NULL,0,0,0,0,0,0,0,0,1,NULL,0),(67,'Magento\\Catalog\\Block\\Adminhtml\\Category\\Helper\\Sortby\\Available',0,1,0,0,0,0,0,0,0,0,0,NULL,0,0,0,0,0,0,0,0,1,NULL,0),(68,'Magento\\Catalog\\Block\\Adminhtml\\Category\\Helper\\Sortby\\DefaultSortby',0,1,0,0,0,0,0,0,0,0,0,NULL,0,0,0,0,0,0,0,0,1,NULL,0),(69,NULL,0,1,0,0,0,0,0,0,0,0,0,NULL,0,0,0,0,0,0,0,0,1,NULL,0),(70,NULL,0,1,0,0,0,0,0,0,0,0,0,NULL,0,0,0,0,0,0,0,0,1,NULL,0),(71,NULL,0,1,0,0,0,0,0,0,0,0,0,NULL,0,0,0,0,0,0,0,0,1,NULL,0),(72,'Magento\\Catalog\\Block\\Adminhtml\\Category\\Helper\\Pricestep',0,1,0,0,0,0,0,0,0,0,0,NULL,0,0,0,0,0,0,0,0,1,NULL,0),(73,NULL,0,1,1,0,0,0,0,0,0,1,1,NULL,1,0,0,0,0,0,0,0,5,NULL,0),(74,NULL,1,1,1,0,1,0,0,0,0,0,0,NULL,1,0,0,0,0,0,0,0,6,NULL,0),(75,NULL,0,1,1,0,1,0,1,0,0,0,0,NULL,1,0,1,0,0,0,0,0,1,NULL,1),(76,NULL,0,1,1,0,1,0,1,0,0,1,0,NULL,1,0,1,0,0,1,0,0,1,NULL,0),(77,NULL,1,1,1,1,0,0,0,0,0,1,1,'simple,virtual,bundle,downloadable,configurable',1,0,0,0,0,0,0,0,1,NULL,0),(78,NULL,1,1,0,0,0,0,0,0,0,1,0,'simple,virtual,bundle,downloadable,configurable',0,0,0,0,0,1,0,1,1,NULL,0),(79,NULL,2,1,0,0,0,0,0,0,0,1,0,'simple,virtual,bundle,downloadable,configurable',0,0,0,0,0,1,0,0,1,NULL,0),(80,NULL,2,1,0,0,0,0,0,0,0,1,0,'simple,virtual,bundle,downloadable,configurable',0,0,0,0,0,1,0,0,1,NULL,0),(81,NULL,1,1,0,0,0,0,0,0,0,0,0,'simple,virtual,downloadable',0,0,0,0,0,1,0,1,1,NULL,0),(82,'Magento\\Catalog\\Block\\Adminhtml\\Product\\Helper\\Form\\Weight',1,1,0,0,0,0,0,0,0,0,0,'simple,virtual,bundle,downloadable,configurable',0,0,0,0,0,1,0,1,1,NULL,0),(83,NULL,1,1,1,1,1,1,0,0,1,1,1,'simple,configurable',1,0,0,0,0,1,0,1,1,NULL,0),(84,NULL,0,1,0,0,0,0,0,0,0,0,0,NULL,0,0,0,0,0,1,0,1,1,NULL,0),(85,NULL,0,1,0,0,0,0,0,0,0,0,0,NULL,0,0,0,0,0,1,0,1,1,NULL,0),(86,NULL,0,1,0,0,0,0,0,0,0,0,0,NULL,0,0,0,0,0,1,0,1,1,NULL,0),(87,NULL,0,1,0,0,0,0,0,0,0,1,0,NULL,0,0,0,0,0,0,0,0,1,NULL,0),(88,NULL,0,1,0,0,0,0,0,0,0,1,0,NULL,0,0,0,0,0,0,0,0,1,NULL,0),(89,NULL,0,1,0,0,0,0,0,0,0,1,0,NULL,0,0,0,0,0,0,0,0,1,NULL,0),(90,NULL,1,1,0,0,0,0,0,0,0,0,0,NULL,0,0,0,0,0,0,0,0,1,NULL,0),(91,NULL,1,0,0,0,0,0,0,0,0,0,0,NULL,0,0,0,0,0,0,0,0,1,NULL,0),(92,NULL,2,1,0,0,0,0,0,0,0,0,0,'simple,virtual,bundle,downloadable',0,0,0,0,0,0,0,0,1,NULL,0),(93,NULL,1,1,1,1,1,1,0,0,1,1,1,'simple,virtual,configurable',1,0,0,0,0,1,0,1,1,'{\"swatch_input_type\":\"visual\",\"update_product_preview_image\":\"0\",\"use_product_image_for_swatch\":\"0\"}',0),(94,NULL,2,1,0,0,0,0,0,0,0,1,0,NULL,0,0,0,0,0,1,0,0,1,NULL,0),(95,NULL,2,1,0,0,0,0,0,0,0,1,0,NULL,0,0,0,0,0,1,0,0,1,NULL,0),(96,NULL,1,1,0,0,0,0,0,0,0,0,0,NULL,0,0,0,0,0,0,0,0,1,NULL,0),(97,'Magento\\Framework\\Data\\Form\\Element\\Hidden',2,1,1,0,0,0,0,0,0,1,0,NULL,0,0,0,0,1,0,0,0,1,NULL,0),(98,NULL,1,0,0,0,0,0,0,0,0,0,0,'simple,virtual,bundle,downloadable,configurable',0,0,0,0,0,0,0,0,1,NULL,0),(99,NULL,0,1,0,0,0,0,0,0,0,0,0,NULL,0,0,0,0,1,0,0,0,1,NULL,0),(100,NULL,0,1,0,0,0,0,0,0,0,0,0,NULL,0,0,0,0,0,1,0,1,1,NULL,0),(101,NULL,0,1,0,0,0,0,0,0,0,0,0,NULL,0,0,0,0,0,1,0,0,1,NULL,0),(102,NULL,0,1,0,0,0,0,0,0,0,0,0,NULL,0,0,0,0,0,1,0,0,1,NULL,0),(103,NULL,0,0,0,0,0,0,0,0,0,0,0,NULL,0,0,0,0,0,0,0,0,1,NULL,0),(104,NULL,0,1,0,0,0,0,0,0,0,0,0,NULL,0,0,0,0,0,1,0,0,1,NULL,0),(105,'Magento\\Catalog\\Block\\Adminhtml\\Product\\Helper\\Form\\Category',1,1,0,0,0,0,0,0,0,0,0,NULL,0,0,0,0,0,0,0,0,1,NULL,0),(106,NULL,0,1,0,0,0,0,0,0,0,0,0,NULL,0,0,0,0,0,0,0,0,1,NULL,0),(107,NULL,1,0,0,0,0,0,0,0,0,1,0,NULL,0,0,0,0,0,0,0,0,1,NULL,0),(108,NULL,1,0,0,0,0,0,0,0,0,0,0,NULL,0,0,0,0,0,0,0,0,1,NULL,0),(109,NULL,0,0,0,0,0,0,0,0,0,1,0,NULL,0,0,0,0,0,0,0,0,1,NULL,0),(110,NULL,0,0,0,0,0,0,0,0,0,1,0,NULL,0,0,0,0,0,0,0,0,1,NULL,0),(111,NULL,0,0,0,0,0,0,0,0,0,1,0,NULL,0,0,0,0,0,0,0,0,1,NULL,0),(112,NULL,1,0,0,0,0,0,0,0,0,0,0,NULL,0,0,0,0,0,0,0,0,1,NULL,0),(113,NULL,1,0,0,0,0,0,0,0,0,0,0,NULL,0,0,0,0,0,0,0,0,1,NULL,0),(114,NULL,2,1,0,0,0,0,0,0,0,0,0,'simple,bundle,grouped,configurable',0,0,0,0,0,1,0,1,1,NULL,0),(115,'Magento\\CatalogInventory\\Block\\Adminhtml\\Form\\Field\\Stock',1,1,0,0,0,0,0,0,0,0,0,NULL,0,0,0,0,0,0,0,0,1,NULL,0),(116,NULL,0,1,0,0,0,0,0,0,0,0,0,NULL,0,0,0,0,0,1,0,0,1,NULL,0),(117,NULL,0,1,0,0,0,0,0,0,0,0,0,NULL,0,0,0,0,0,0,0,0,1,NULL,0),(118,NULL,0,1,0,0,0,0,0,0,0,0,0,NULL,0,0,0,0,0,0,0,0,1,NULL,0),(119,NULL,0,1,1,0,0,0,0,0,0,0,0,NULL,0,0,0,0,0,0,0,0,1,NULL,0),(120,NULL,0,0,0,0,0,0,0,0,0,0,0,NULL,0,0,0,0,0,0,0,0,1,NULL,0),(121,NULL,0,1,1,0,0,0,0,0,0,1,0,NULL,0,0,0,0,0,1,0,1,1,NULL,0),(122,NULL,0,0,0,0,0,0,0,0,0,0,0,NULL,0,0,0,0,0,0,0,0,1,NULL,0),(123,'Magento\\Msrp\\Block\\Adminhtml\\Product\\Helper\\Form\\Type',1,1,0,0,0,0,0,0,0,1,0,'simple,virtual,downloadable,bundle,configurable',0,0,0,0,0,1,0,1,1,NULL,0),(124,'Magento\\Msrp\\Block\\Adminhtml\\Product\\Helper\\Form\\Type\\Price',2,1,0,0,0,0,0,0,0,1,0,'simple,virtual,downloadable,bundle,configurable',0,0,0,0,0,0,0,0,1,NULL,0),(125,NULL,1,1,0,0,0,0,0,0,0,1,0,'bundle',0,0,0,0,0,0,0,0,1,NULL,0),(126,NULL,1,1,0,0,0,0,0,0,0,0,0,'bundle',0,0,0,0,0,0,0,0,1,NULL,0),(127,NULL,1,1,0,0,0,0,0,0,0,1,0,'bundle',0,0,0,0,0,0,0,0,1,NULL,0),(128,NULL,1,1,0,0,0,0,0,0,0,1,0,'bundle',0,0,0,0,0,0,0,0,1,NULL,0),(129,NULL,1,1,0,0,0,0,0,0,0,1,0,'bundle',0,0,0,0,0,0,0,0,1,NULL,0),(130,NULL,1,0,0,0,0,0,0,0,0,1,0,'downloadable',0,0,0,0,0,0,0,0,1,NULL,0),(131,NULL,0,0,0,0,0,0,0,0,0,0,0,'downloadable',0,0,0,0,0,0,0,0,1,NULL,0),(132,NULL,0,0,0,0,0,0,0,0,0,0,0,'downloadable',0,0,0,0,0,0,0,0,1,NULL,0),(133,NULL,1,0,0,0,0,0,0,0,0,1,0,'downloadable',0,0,0,0,0,0,0,0,1,NULL,0),(134,'Magento\\GiftMessage\\Block\\Adminhtml\\Product\\Helper\\Form\\Config',1,1,0,0,0,0,0,0,0,0,0,NULL,0,0,0,0,0,1,0,0,1,NULL,0),(135,NULL,0,1,0,0,0,0,0,0,0,1,0,NULL,0,0,0,0,0,0,0,0,1,NULL,0),(136,NULL,2,1,1,0,0,0,0,0,0,1,0,'simple,virtual,bundle,downloadable,configurable',0,0,0,0,0,1,0,1,1,NULL,0),(137,NULL,1,1,0,0,0,0,0,0,0,1,0,'simple,configurable,virtual,bundle,downloadable',0,0,0,0,0,0,0,0,1,NULL,0);

--
-- Table structure for table `catalog_product_bundle_option`
--

CREATE TABLE `catalog_product_bundle_option` (
  `option_id` int unsigned NOT NULL AUTO_INCREMENT COMMENT 'Option ID',
  `parent_id` int unsigned NOT NULL COMMENT 'Parent ID',
  `required` smallint unsigned NOT NULL DEFAULT '0' COMMENT 'Required',
  `position` int unsigned NOT NULL DEFAULT '0' COMMENT 'Position',
  `type` varchar(255) DEFAULT NULL COMMENT 'Type',
  PRIMARY KEY (`option_id`),
  KEY `CATALOG_PRODUCT_BUNDLE_OPTION_PARENT_ID` (`parent_id`),
  CONSTRAINT `CAT_PRD_BNDL_OPT_PARENT_ID_CAT_PRD_ENTT_ENTT_ID` FOREIGN KEY (`parent_id`) REFERENCES `catalog_product_entity` (`entity_id`) ON DELETE CASCADE
) ENGINE=InnoDB DEFAULT CHARSET=utf8 COMMENT='Catalog Product Bundle Option';

--
-- Dumping data for table `catalog_product_bundle_option`
--


--
-- Table structure for table `catalog_product_bundle_option_value`
--

CREATE TABLE `catalog_product_bundle_option_value` (
  `value_id` int unsigned NOT NULL AUTO_INCREMENT COMMENT 'Value ID',
  `option_id` int unsigned NOT NULL COMMENT 'Option ID',
  `store_id` smallint unsigned NOT NULL COMMENT 'Store ID',
  `title` varchar(255) DEFAULT NULL COMMENT 'Title',
  `parent_product_id` int unsigned NOT NULL COMMENT 'Parent Product ID',
  PRIMARY KEY (`value_id`),
  UNIQUE KEY `CAT_PRD_BNDL_OPT_VAL_OPT_ID_PARENT_PRD_ID_STORE_ID` (`option_id`,`parent_product_id`,`store_id`),
  CONSTRAINT `CAT_PRD_BNDL_OPT_VAL_OPT_ID_CAT_PRD_BNDL_OPT_OPT_ID` FOREIGN KEY (`option_id`) REFERENCES `catalog_product_bundle_option` (`option_id`) ON DELETE CASCADE
) ENGINE=InnoDB DEFAULT CHARSET=utf8 COMMENT='Catalog Product Bundle Option Value';

--
-- Dumping data for table `catalog_product_bundle_option_value`
--


--
-- Table structure for table `catalog_product_bundle_price_index`
--

CREATE TABLE `catalog_product_bundle_price_index` (
  `entity_id` int unsigned NOT NULL COMMENT 'Entity ID',
  `website_id` smallint unsigned NOT NULL COMMENT 'Website ID',
  `customer_group_id` int unsigned NOT NULL COMMENT 'Customer Group ID',
  `min_price` decimal(20,6) NOT NULL COMMENT 'Min Price',
  `max_price` decimal(20,6) NOT NULL COMMENT 'Max Price',
  PRIMARY KEY (`entity_id`,`website_id`,`customer_group_id`),
  KEY `CATALOG_PRODUCT_BUNDLE_PRICE_INDEX_WEBSITE_ID` (`website_id`),
  KEY `CATALOG_PRODUCT_BUNDLE_PRICE_INDEX_CUSTOMER_GROUP_ID` (`customer_group_id`),
  CONSTRAINT `CAT_PRD_BNDL_PRICE_IDX_CSTR_GROUP_ID_CSTR_GROUP_CSTR_GROUP_ID` FOREIGN KEY (`customer_group_id`) REFERENCES `customer_group` (`customer_group_id`) ON DELETE CASCADE,
  CONSTRAINT `CAT_PRD_BNDL_PRICE_IDX_ENTT_ID_CAT_PRD_ENTT_ENTT_ID` FOREIGN KEY (`entity_id`) REFERENCES `catalog_product_entity` (`entity_id`) ON DELETE CASCADE,
  CONSTRAINT `CAT_PRD_BNDL_PRICE_IDX_WS_ID_STORE_WS_WS_ID` FOREIGN KEY (`website_id`) REFERENCES `store_website` (`website_id`) ON DELETE CASCADE
) ENGINE=InnoDB DEFAULT CHARSET=utf8 COMMENT='Catalog Product Bundle Price Index';

--
-- Dumping data for table `catalog_product_bundle_price_index`
--


--
-- Table structure for table `catalog_product_bundle_selection`
--

CREATE TABLE `catalog_product_bundle_selection` (
  `selection_id` int unsigned NOT NULL AUTO_INCREMENT COMMENT 'Selection ID',
  `option_id` int unsigned NOT NULL COMMENT 'Option ID',
  `parent_product_id` int unsigned NOT NULL COMMENT 'Parent Product ID',
  `product_id` int unsigned NOT NULL COMMENT 'Product ID',
  `position` int unsigned NOT NULL DEFAULT '0' COMMENT 'Position',
  `is_default` smallint unsigned NOT NULL DEFAULT '0' COMMENT 'Is Default',
  `selection_price_type` smallint unsigned NOT NULL DEFAULT '0' COMMENT 'Selection Price Type',
  `selection_price_value` decimal(12,4) NOT NULL DEFAULT '0.0000' COMMENT 'Selection Price Value',
  `selection_qty` decimal(12,4) DEFAULT NULL COMMENT 'Selection Qty',
  `selection_can_change_qty` smallint NOT NULL DEFAULT '0' COMMENT 'Selection Can Change Qty',
  PRIMARY KEY (`selection_id`),
  KEY `CATALOG_PRODUCT_BUNDLE_SELECTION_OPTION_ID` (`option_id`),
  KEY `CATALOG_PRODUCT_BUNDLE_SELECTION_PRODUCT_ID` (`product_id`),
  CONSTRAINT `CAT_PRD_BNDL_SELECTION_OPT_ID_CAT_PRD_BNDL_OPT_OPT_ID` FOREIGN KEY (`option_id`) REFERENCES `catalog_product_bundle_option` (`option_id`) ON DELETE CASCADE,
  CONSTRAINT `CAT_PRD_BNDL_SELECTION_PRD_ID_CAT_PRD_ENTT_ENTT_ID` FOREIGN KEY (`product_id`) REFERENCES `catalog_product_entity` (`entity_id`) ON DELETE CASCADE
) ENGINE=InnoDB DEFAULT CHARSET=utf8 COMMENT='Catalog Product Bundle Selection';

--
-- Dumping data for table `catalog_product_bundle_selection`
--


--
-- Table structure for table `catalog_product_bundle_selection_price`
--

CREATE TABLE `catalog_product_bundle_selection_price` (
  `selection_id` int unsigned NOT NULL COMMENT 'Selection ID',
  `website_id` smallint unsigned NOT NULL COMMENT 'Website ID',
  `selection_price_type` smallint unsigned NOT NULL DEFAULT '0' COMMENT 'Selection Price Type',
  `selection_price_value` decimal(20,6) NOT NULL DEFAULT '0.000000' COMMENT 'Selection Price Value',
  `parent_product_id` int unsigned NOT NULL COMMENT 'Parent Product ID',
  PRIMARY KEY (`selection_id`,`parent_product_id`,`website_id`),
  KEY `CATALOG_PRODUCT_BUNDLE_SELECTION_PRICE_WEBSITE_ID` (`website_id`),
  CONSTRAINT `CAT_PRD_BNDL_SELECTION_PRICE_WS_ID_STORE_WS_WS_ID` FOREIGN KEY (`website_id`) REFERENCES `store_website` (`website_id`) ON DELETE CASCADE,
  CONSTRAINT `FK_DCF37523AA05D770A70AA4ED7C2616E4` FOREIGN KEY (`selection_id`) REFERENCES `catalog_product_bundle_selection` (`selection_id`) ON DELETE CASCADE
) ENGINE=InnoDB DEFAULT CHARSET=utf8 COMMENT='Catalog Product Bundle Selection Price';

--
-- Dumping data for table `catalog_product_bundle_selection_price`
--


--
-- Table structure for table `catalog_product_bundle_stock_index`
--

CREATE TABLE `catalog_product_bundle_stock_index` (
  `entity_id` int unsigned NOT NULL COMMENT 'Entity ID',
  `website_id` smallint unsigned NOT NULL COMMENT 'Website ID',
  `stock_id` smallint unsigned NOT NULL COMMENT 'Stock ID',
  `option_id` int unsigned NOT NULL DEFAULT '0' COMMENT 'Option ID',
  `stock_status` smallint DEFAULT '0' COMMENT 'Stock Status',
  PRIMARY KEY (`entity_id`,`website_id`,`stock_id`,`option_id`)
) ENGINE=InnoDB DEFAULT CHARSET=utf8 COMMENT='Catalog Product Bundle Stock Index';

--
-- Dumping data for table `catalog_product_bundle_stock_index`
--


--
-- Table structure for table `catalog_product_entity`
--

CREATE TABLE `catalog_product_entity` (
  `entity_id` int unsigned NOT NULL AUTO_INCREMENT COMMENT 'Entity ID',
  `attribute_set_id` smallint unsigned NOT NULL DEFAULT '0' COMMENT 'Attribute Set ID',
  `type_id` varchar(32) NOT NULL DEFAULT 'simple' COMMENT 'Type ID',
  `sku` varchar(64) NOT NULL COMMENT 'SKU',
  `has_options` smallint NOT NULL DEFAULT '0' COMMENT 'Has Options',
  `required_options` smallint unsigned NOT NULL DEFAULT '0' COMMENT 'Required Options',
  `created_at` timestamp NOT NULL DEFAULT CURRENT_TIMESTAMP COMMENT 'Creation Time',
  `updated_at` timestamp NOT NULL DEFAULT CURRENT_TIMESTAMP ON UPDATE CURRENT_TIMESTAMP COMMENT 'Update Time',
  PRIMARY KEY (`entity_id`),
  KEY `CATALOG_PRODUCT_ENTITY_ATTRIBUTE_SET_ID` (`attribute_set_id`),
  KEY `CATALOG_PRODUCT_ENTITY_SKU` (`sku`)
) ENGINE=InnoDB AUTO_INCREMENT=43 DEFAULT CHARSET=utf8 COMMENT='Catalog Product Table';

--
-- Dumping data for table `catalog_product_entity`
--

INSERT INTO `catalog_product_entity` VALUES (1,4,'simple','16-inch-Macbook-Pro',0,0,'2021-06-04 06:50:54','2023-07-13 04:52:27'),(2,4,'simple','Addyvero-Women\'s-Dress',0,0,'2021-06-04 06:52:22','2023-07-13 04:52:58'),(3,4,'simple','Beats-Solo3-Wireless-Headphones',0,0,'2021-06-04 06:54:23','2021-06-22 02:46:02'),(4,4,'simple','Black Rouge Lipstick Rose Velvet 245g Burgundy Rose',0,0,'2021-06-04 06:58:07','2023-07-13 04:53:13'),(5,4,'simple','Canon EOS 1500D 24.1 Digital SLR Camera (Black)',0,0,'2021-06-04 07:00:16','2021-06-22 02:47:17'),(6,4,'simple','DELL XPS 15 9550 (2021)',0,0,'2021-06-04 07:02:28','2021-06-22 02:48:35'),(7,4,'simple','Google Pixel 5',0,0,'2021-06-04 07:03:52','2021-07-13 04:34:28'),(8,4,'simple','GoPro Media Mod do GoPro HERO 9 Black',0,0,'2021-06-04 07:05:07','2021-06-22 02:49:04'),(9,4,'simple','Half Sleeves Printed Cotton Crop',0,0,'2021-06-04 07:06:15','2021-06-22 02:49:19'),(10,4,'simple','iPad Pro 2021',0,0,'2021-06-04 07:07:35','2021-06-29 03:53:21'),(11,4,'simple','iPhone 12 Product Red',0,0,'2021-06-04 07:08:41','2021-06-22 02:49:58'),(12,4,'simple','Jean Paul Gaultier Le Male Essence de Parfum',0,0,'2021-06-04 07:09:52','2021-06-22 02:50:14'),(13,4,'simple','La Vie Est Belle Intensement 100Ml Edp',0,0,'2021-06-04 07:10:58','2021-06-22 02:50:42'),(14,4,'simple','Microsoft 15 Multi Touch Surface Laptop 3',0,0,'2021-06-04 07:12:12','2021-06-22 02:50:33'),(15,4,'simple','MSGR Strobelight GlowPowder',0,0,'2021-06-04 07:13:07','2021-07-13 04:33:34'),(16,4,'simple','Multicolor Shoulder Bag',0,0,'2021-06-04 07:14:03','2021-06-22 02:51:14'),(17,4,'simple','Nightstar Dress',0,0,'2021-06-04 07:14:59','2021-06-22 02:51:46'),(18,4,'simple','NIKE FLIGHT LEGACY MENS',1,1,'2021-06-04 07:15:58','2021-06-29 09:07:44'),(19,4,'simple','Organic Rose Water Facial Mist',0,0,'2021-06-04 07:16:55','2021-06-22 02:52:16'),(20,4,'simple','Perfect Marc Jacobs',0,0,'2021-06-04 07:17:59','2021-06-22 02:52:04'),(21,4,'simple','Polaroid Now Instant Camera with film',0,0,'2021-06-04 07:18:54','2021-06-22 02:52:27'),(22,4,'simple','Polaroid Snap Touch Instant Digital Camera',0,0,'2021-06-04 07:19:49','2021-06-22 02:52:39'),(23,4,'simple','Puma RS 0 PLAY',0,0,'2021-06-04 07:20:59','2021-07-16 03:26:27'),(24,4,'simple','Romand Zero Gram Matte Lipstick',0,0,'2021-06-04 07:21:57','2021-06-22 02:53:05'),(25,4,'simple','Samsung Note 20 Ultra 5G',0,0,'2021-06-04 07:22:02','2021-07-13 04:35:12'),(26,4,'simple','Serpenti Forever crossbody bag',0,0,'2021-06-04 07:23:56','2021-06-22 02:53:34'),(27,4,'simple','Sony Vlog Camera ZV1',0,0,'2021-06-04 07:24:43','2021-06-22 02:54:44'),(28,4,'simple','True Wireless Samsung Galaxy Buds Live',0,0,'2021-06-04 07:26:02','2021-06-22 02:54:57'),(29,4,'simple','Volcom Be Easy Dress',0,0,'2021-06-04 07:26:54','2021-06-22 02:55:07'),(30,4,'simple','Wrangler Retro Premium Corduroy Shirt',0,0,'2021-06-04 07:27:57','2021-06-04 07:27:57'),(31,4,'simple','Yellow Shirt for Men',0,0,'2021-06-04 07:28:49','2021-06-22 02:55:21'),(32,4,'simple','Wash machine LG WM3900HWA inverter',0,0,'2021-06-04 07:54:27','2021-06-22 02:55:39'),(33,4,'simple','Quindim Retro Ceramic Pendant Lamp',0,0,'2021-06-04 07:56:30','2021-06-22 02:55:51'),(34,4,'simple','REGAL 2 Seater Fabric Sofa',0,0,'2021-06-04 07:57:31','2021-06-22 02:56:18'),(35,4,'simple','Samsung American Fridge Freezer Stainless',0,0,'2021-06-04 07:59:58','2021-06-22 02:56:29'),(36,4,'simple','Soborg Chair Wood Frame New',0,0,'2021-06-04 08:00:50','2021-06-22 02:56:39'),(37,4,'simple','SAMSUNG Galaxy S21 2021 Bundle',0,0,'2021-06-04 08:01:42','2021-07-21 10:28:55'),(38,4,'simple','Apple Iphone X 512gb white',1,1,'2021-06-04 08:05:20','2021-06-21 08:48:56'),(39,4,'virtual','Config product-White',0,0,'2021-06-19 04:30:59','2021-06-29 03:37:17'),(40,4,'virtual','Config product-Red',0,0,'2021-06-19 04:31:02','2021-06-29 03:36:45'),(41,4,'virtual','Config product-Black',0,0,'2021-06-19 04:31:06','2021-06-29 03:50:46'),(42,4,'configurable','Config product',1,1,'2021-06-19 04:31:09','2021-06-29 03:50:18');

--
-- Table structure for table `catalog_product_entity_datetime`
--

CREATE TABLE `catalog_product_entity_datetime` (
  `value_id` int NOT NULL AUTO_INCREMENT COMMENT 'Value ID',
  `attribute_id` smallint unsigned NOT NULL DEFAULT '0' COMMENT 'Attribute ID',
  `store_id` smallint unsigned NOT NULL DEFAULT '0' COMMENT 'Store ID',
  `entity_id` int unsigned NOT NULL DEFAULT '0' COMMENT 'Entity ID',
  `value` datetime DEFAULT NULL COMMENT 'Value',
  PRIMARY KEY (`value_id`),
  UNIQUE KEY `CATALOG_PRODUCT_ENTITY_DATETIME_ENTITY_ID_ATTRIBUTE_ID_STORE_ID` (`entity_id`,`attribute_id`,`store_id`),
  KEY `CATALOG_PRODUCT_ENTITY_DATETIME_ATTRIBUTE_ID` (`attribute_id`),
  KEY `CATALOG_PRODUCT_ENTITY_DATETIME_STORE_ID` (`store_id`),
  CONSTRAINT `CAT_PRD_ENTT_DTIME_ATTR_ID_EAV_ATTR_ATTR_ID` FOREIGN KEY (`attribute_id`) REFERENCES `eav_attribute` (`attribute_id`) ON DELETE CASCADE,
  CONSTRAINT `CAT_PRD_ENTT_DTIME_ENTT_ID_CAT_PRD_ENTT_ENTT_ID` FOREIGN KEY (`entity_id`) REFERENCES `catalog_product_entity` (`entity_id`) ON DELETE CASCADE,
  CONSTRAINT `CATALOG_PRODUCT_ENTITY_DATETIME_STORE_ID_STORE_STORE_ID` FOREIGN KEY (`store_id`) REFERENCES `store` (`store_id`) ON DELETE CASCADE
) ENGINE=InnoDB AUTO_INCREMENT=27 DEFAULT CHARSET=utf8 COMMENT='Catalog Product Datetime Attribute Backend Table';

--
-- Dumping data for table `catalog_product_entity_datetime`
--

INSERT INTO `catalog_product_entity_datetime` VALUES (1,79,0,21,'2021-06-09 00:00:00'),(2,80,0,21,'2022-12-08 00:00:00'),(3,79,0,3,'2021-06-09 00:00:00'),(4,80,0,3,'2022-11-10 00:00:00'),(5,79,0,15,'2021-06-09 00:00:00'),(6,80,0,15,'2022-10-22 00:00:00'),(7,79,0,22,'2021-06-09 00:00:00'),(8,80,0,22,'2022-12-29 00:00:00'),(9,94,0,38,'2021-06-14 00:00:00'),(10,95,0,38,'2021-12-16 00:00:00'),(11,94,0,28,'2021-06-14 00:00:00'),(12,95,0,28,'2021-11-18 00:00:00'),(13,94,0,22,'2021-06-14 00:00:00'),(14,95,0,22,'2021-11-25 00:00:00'),(15,79,0,28,'2021-06-14 00:00:00'),(16,80,0,28,'2022-12-30 00:00:00'),(17,79,0,10,'2021-06-19 00:00:00'),(18,80,0,10,'2022-12-30 00:00:00'),(19,79,0,38,'2021-06-21 00:00:00'),(20,80,0,38,'2022-12-30 00:00:00'),(21,79,0,1,'2023-07-11 00:00:00'),(22,80,0,1,'2024-07-12 00:00:00'),(23,79,0,2,'2023-07-11 00:00:00'),(24,80,0,2,'2024-07-12 00:00:00'),(25,79,0,4,'2023-07-11 00:00:00'),(26,80,0,4,'2024-07-12 00:00:00');

--
-- Table structure for table `catalog_product_entity_decimal`
--

CREATE TABLE `catalog_product_entity_decimal` (
  `value_id` int NOT NULL AUTO_INCREMENT COMMENT 'Value ID',
  `attribute_id` smallint unsigned NOT NULL DEFAULT '0' COMMENT 'Attribute ID',
  `store_id` smallint unsigned NOT NULL DEFAULT '0' COMMENT 'Store ID',
  `entity_id` int unsigned NOT NULL DEFAULT '0' COMMENT 'Entity ID',
  `value` decimal(20,6) DEFAULT NULL COMMENT 'Value',
  PRIMARY KEY (`value_id`),
  UNIQUE KEY `CATALOG_PRODUCT_ENTITY_DECIMAL_ENTITY_ID_ATTRIBUTE_ID_STORE_ID` (`entity_id`,`attribute_id`,`store_id`),
  KEY `CATALOG_PRODUCT_ENTITY_DECIMAL_STORE_ID` (`store_id`),
  KEY `CATALOG_PRODUCT_ENTITY_DECIMAL_ATTRIBUTE_ID` (`attribute_id`),
  CONSTRAINT `CAT_PRD_ENTT_DEC_ATTR_ID_EAV_ATTR_ATTR_ID` FOREIGN KEY (`attribute_id`) REFERENCES `eav_attribute` (`attribute_id`) ON DELETE CASCADE,
  CONSTRAINT `CAT_PRD_ENTT_DEC_ENTT_ID_CAT_PRD_ENTT_ENTT_ID` FOREIGN KEY (`entity_id`) REFERENCES `catalog_product_entity` (`entity_id`) ON DELETE CASCADE,
  CONSTRAINT `CATALOG_PRODUCT_ENTITY_DECIMAL_STORE_ID_STORE_STORE_ID` FOREIGN KEY (`store_id`) REFERENCES `store` (`store_id`) ON DELETE CASCADE
) ENGINE=InnoDB AUTO_INCREMENT=52 DEFAULT CHARSET=utf8 COMMENT='Catalog Product Decimal Attribute Backend Table';

--
-- Dumping data for table `catalog_product_entity_decimal`
--

INSERT INTO `catalog_product_entity_decimal` VALUES (1,77,0,1,500.000000),(2,77,0,2,86.000000),(3,77,0,3,60.000000),(4,77,0,4,30.000000),(5,77,0,5,399.000000),(6,77,0,6,450.000000),(7,77,0,7,230.000000),(8,77,0,8,56.000000),(9,77,0,9,66.000000),(10,77,0,10,650.000000),(11,77,0,11,699.000000),(12,77,0,12,23.000000),(13,77,0,13,32.000000),(14,77,0,14,435.000000),(15,77,0,15,36.000000),(16,77,0,16,23.000000),(17,77,0,17,120.000000),(18,77,0,18,150.000000),(19,77,0,19,29.000000),(20,77,0,20,19.000000),(21,77,0,21,266.000000),(22,77,0,22,235.000000),(23,77,0,23,119.000000),(24,77,0,24,26.000000),(25,77,0,25,600.000000),(26,77,0,26,39.000000),(27,77,0,27,329.000000),(28,77,0,28,299.000000),(29,77,0,29,125.000000),(30,77,0,30,109.000000),(31,77,0,31,129.000000),(32,77,0,32,480.000000),(33,77,0,33,220.000000),(34,77,0,34,280.000000),(35,77,0,35,666.000000),(36,77,0,36,50.000000),(37,77,0,37,500.000000),(38,77,0,38,500.000000),(39,78,0,21,210.000000),(40,78,0,3,50.000000),(41,78,0,15,30.000000),(42,78,0,22,200.000000),(43,78,0,28,250.000000),(44,77,0,39,200.000000),(45,77,0,40,200.000000),(46,77,0,41,200.000000),(47,78,0,10,600.000000),(48,78,0,38,450.000000),(49,78,0,1,100.000000),(50,78,0,2,20.000000),(51,78,0,4,10.000000);

--
-- Table structure for table `catalog_product_entity_gallery`
--

CREATE TABLE `catalog_product_entity_gallery` (
  `value_id` int NOT NULL AUTO_INCREMENT COMMENT 'Value ID',
  `attribute_id` smallint unsigned NOT NULL DEFAULT '0' COMMENT 'Attribute ID',
  `store_id` smallint unsigned NOT NULL DEFAULT '0' COMMENT 'Store ID',
  `entity_id` int unsigned NOT NULL DEFAULT '0' COMMENT 'Entity ID',
  `position` int NOT NULL DEFAULT '0' COMMENT 'Position',
  `value` varchar(255) DEFAULT NULL COMMENT 'Value',
  PRIMARY KEY (`value_id`),
  UNIQUE KEY `CATALOG_PRODUCT_ENTITY_GALLERY_ENTITY_ID_ATTRIBUTE_ID_STORE_ID` (`entity_id`,`attribute_id`,`store_id`),
  KEY `CATALOG_PRODUCT_ENTITY_GALLERY_ENTITY_ID` (`entity_id`),
  KEY `CATALOG_PRODUCT_ENTITY_GALLERY_ATTRIBUTE_ID` (`attribute_id`),
  KEY `CATALOG_PRODUCT_ENTITY_GALLERY_STORE_ID` (`store_id`),
  CONSTRAINT `CAT_PRD_ENTT_GLR_ATTR_ID_EAV_ATTR_ATTR_ID` FOREIGN KEY (`attribute_id`) REFERENCES `eav_attribute` (`attribute_id`) ON DELETE CASCADE,
  CONSTRAINT `CAT_PRD_ENTT_GLR_ENTT_ID_CAT_PRD_ENTT_ENTT_ID` FOREIGN KEY (`entity_id`) REFERENCES `catalog_product_entity` (`entity_id`) ON DELETE CASCADE,
  CONSTRAINT `CATALOG_PRODUCT_ENTITY_GALLERY_STORE_ID_STORE_STORE_ID` FOREIGN KEY (`store_id`) REFERENCES `store` (`store_id`) ON DELETE CASCADE
) ENGINE=InnoDB DEFAULT CHARSET=utf8 COMMENT='Catalog Product Gallery Attribute Backend Table';

--
-- Dumping data for table `catalog_product_entity_gallery`
--


--
-- Table structure for table `catalog_product_entity_int`
--

CREATE TABLE `catalog_product_entity_int` (
  `value_id` int NOT NULL AUTO_INCREMENT COMMENT 'Value ID',
  `attribute_id` smallint unsigned NOT NULL DEFAULT '0' COMMENT 'Attribute ID',
  `store_id` smallint unsigned NOT NULL DEFAULT '0' COMMENT 'Store ID',
  `entity_id` int unsigned NOT NULL DEFAULT '0' COMMENT 'Entity ID',
  `value` int DEFAULT NULL COMMENT 'Value',
  PRIMARY KEY (`value_id`),
  UNIQUE KEY `CATALOG_PRODUCT_ENTITY_INT_ENTITY_ID_ATTRIBUTE_ID_STORE_ID` (`entity_id`,`attribute_id`,`store_id`),
  KEY `CATALOG_PRODUCT_ENTITY_INT_ATTRIBUTE_ID` (`attribute_id`),
  KEY `CATALOG_PRODUCT_ENTITY_INT_STORE_ID` (`store_id`),
  KEY `CATALOG_PRODUCT_ENTITY_INT_ATTRIBUTE_ID_STORE_ID_VALUE` (`attribute_id`,`store_id`,`value`),
  CONSTRAINT `CAT_PRD_ENTT_INT_ATTR_ID_EAV_ATTR_ATTR_ID` FOREIGN KEY (`attribute_id`) REFERENCES `eav_attribute` (`attribute_id`) ON DELETE CASCADE,
  CONSTRAINT `CAT_PRD_ENTT_INT_ENTT_ID_CAT_PRD_ENTT_ENTT_ID` FOREIGN KEY (`entity_id`) REFERENCES `catalog_product_entity` (`entity_id`) ON DELETE CASCADE,
  CONSTRAINT `CATALOG_PRODUCT_ENTITY_INT_STORE_ID_STORE_STORE_ID` FOREIGN KEY (`store_id`) REFERENCES `store` (`store_id`) ON DELETE CASCADE
) ENGINE=InnoDB AUTO_INCREMENT=178 DEFAULT CHARSET=utf8 COMMENT='Catalog Product Integer Attribute Backend Table';

--
-- Dumping data for table `catalog_product_entity_int`
--

INSERT INTO `catalog_product_entity_int` VALUES (1,137,0,1,1),(2,97,0,1,1),(3,136,0,1,2),(4,99,0,1,4),(5,137,0,2,0),(6,97,0,2,1),(7,136,0,2,2),(8,99,0,2,4),(9,137,0,3,1),(10,97,0,3,1),(11,136,0,3,2),(12,99,0,3,4),(13,137,0,4,0),(14,97,0,4,1),(15,136,0,4,2),(16,99,0,4,4),(17,137,0,5,0),(18,97,0,5,1),(19,136,0,5,2),(20,99,0,5,4),(21,137,0,6,0),(22,97,0,6,1),(23,136,0,6,2),(24,99,0,6,4),(25,137,0,7,0),(26,97,0,7,1),(27,136,0,7,2),(28,99,0,7,4),(29,137,0,8,0),(30,97,0,8,1),(31,136,0,8,2),(32,99,0,8,4),(33,137,0,9,0),(34,97,0,9,1),(35,136,0,9,2),(36,99,0,9,4),(37,137,0,10,0),(38,97,0,10,1),(39,136,0,10,2),(40,99,0,10,4),(41,137,0,11,0),(42,97,0,11,1),(43,136,0,11,2),(44,99,0,11,4),(45,137,0,12,0),(46,97,0,12,1),(47,136,0,12,2),(48,99,0,12,4),(49,137,0,13,0),(50,97,0,13,1),(51,136,0,13,2),(52,99,0,13,4),(53,137,0,14,0),(54,97,0,14,1),(55,136,0,14,2),(56,99,0,14,4),(57,137,0,15,0),(58,97,0,15,1),(59,136,0,15,2),(60,99,0,15,4),(61,137,0,16,1),(62,97,0,16,1),(63,136,0,16,2),(64,99,0,16,4),(65,137,0,17,0),(66,97,0,17,1),(67,136,0,17,2),(68,99,0,17,4),(69,137,0,18,0),(70,97,0,18,1),(71,136,0,18,2),(72,99,0,18,4),(73,137,0,19,0),(74,97,0,19,1),(75,136,0,19,2),(76,99,0,19,4),(77,137,0,20,1),(78,97,0,20,1),(79,136,0,20,2),(80,99,0,20,4),(81,137,0,21,1),(82,97,0,21,1),(83,136,0,21,2),(84,99,0,21,4),(85,137,0,22,0),(86,97,0,22,1),(87,136,0,22,2),(88,99,0,22,4),(89,137,0,23,0),(90,97,0,23,1),(91,136,0,23,2),(92,99,0,23,4),(93,137,0,24,0),(94,97,0,24,1),(95,136,0,24,2),(96,99,0,24,4),(97,115,0,25,1),(98,137,0,25,0),(99,97,0,25,1),(100,136,0,25,2),(101,99,0,25,4),(102,137,0,26,0),(103,97,0,26,1),(104,136,0,26,2),(105,99,0,26,4),(106,137,0,27,0),(107,97,0,27,1),(108,136,0,27,2),(109,99,0,27,4),(110,137,0,28,0),(111,97,0,28,1),(112,136,0,28,2),(113,99,0,28,4),(114,137,0,29,0),(115,97,0,29,1),(116,136,0,29,2),(117,99,0,29,4),(118,137,0,30,0),(119,97,0,30,1),(120,136,0,30,2),(121,99,0,30,4),(122,137,0,31,0),(123,97,0,31,1),(124,136,0,31,2),(125,99,0,31,4),(126,137,0,32,0),(127,97,0,32,1),(128,136,0,32,2),(129,99,0,32,4),(130,137,0,33,0),(131,97,0,33,1),(132,136,0,33,2),(133,99,0,33,4),(134,137,0,34,0),(135,97,0,34,1),(136,136,0,34,2),(137,99,0,34,4),(138,137,0,35,0),(139,97,0,35,1),(140,136,0,35,2),(141,99,0,35,4),(142,137,0,36,0),(143,97,0,36,1),(144,136,0,36,2),(145,99,0,36,4),(146,137,0,37,1),(147,97,0,37,1),(148,136,0,37,2),(149,99,0,37,4),(150,137,0,38,0),(151,97,0,38,1),(152,136,0,38,2),(153,99,0,38,4),(154,93,0,39,5),(155,137,0,39,0),(156,97,0,39,1),(157,136,0,39,2),(158,99,0,39,4),(159,93,0,40,4),(160,137,0,40,0),(161,97,0,40,1),(162,136,0,40,2),(163,99,0,40,4),(164,93,0,41,6),(165,137,0,41,0),(166,97,0,41,1),(167,136,0,41,2),(168,99,0,41,4),(169,137,0,42,0),(170,97,0,42,1),(171,136,0,42,2),(172,99,0,42,1),(173,83,0,42,8),(174,83,0,1,8),(175,83,0,37,7),(176,83,0,7,9),(177,83,0,10,8);

--
-- Table structure for table `catalog_product_entity_media_gallery`
--

CREATE TABLE `catalog_product_entity_media_gallery` (
  `value_id` int unsigned NOT NULL AUTO_INCREMENT COMMENT 'Value ID',
  `attribute_id` smallint unsigned NOT NULL DEFAULT '0' COMMENT 'Attribute ID',
  `value` varchar(255) DEFAULT NULL COMMENT 'Value',
  `media_type` varchar(32) NOT NULL DEFAULT 'image' COMMENT 'Media entry type',
  `disabled` smallint unsigned NOT NULL DEFAULT '0' COMMENT 'Visibility status',
  PRIMARY KEY (`value_id`),
  KEY `CATALOG_PRODUCT_ENTITY_MEDIA_GALLERY_ATTRIBUTE_ID` (`attribute_id`),
  CONSTRAINT `CAT_PRD_ENTT_MDA_GLR_ATTR_ID_EAV_ATTR_ATTR_ID` FOREIGN KEY (`attribute_id`) REFERENCES `eav_attribute` (`attribute_id`) ON DELETE CASCADE
) ENGINE=InnoDB AUTO_INCREMENT=84 DEFAULT CHARSET=utf8 COMMENT='Catalog Product Media Gallery Attribute Backend Table';

--
-- Dumping data for table `catalog_product_entity_media_gallery`
--

INSERT INTO `catalog_product_entity_media_gallery` VALUES (1,90,'/1/6/16-inch-macbook-pro.jpg','image',0),(2,90,'/a/d/addyvero-women_s-dress.jpg','image',0),(3,90,'/b/e/beats-solo3-wireless-headphones.jpg','image',0),(4,90,'/b/l/black-rouge-lipstick-rose-velvet-245g-burgundy-rose.jpg','image',0),(5,90,'/c/a/canon-eos-1500d-24.1-digital-slr-camera-_black_.jpg','image',0),(6,90,'/d/e/dell-xps-15-9550-_2015_.jpg','image',0),(7,90,'/g/o/google-pixel-5.jpg','image',0),(8,90,'/g/o/gopro-media-mod-do-gopro-hero-9-black.jpg','image',0),(9,90,'/h/a/half-sleeves-printed-cotton-crop.jpg','image',0),(10,90,'/i/p/ipad-pro-2019.jpg','image',0),(11,90,'/i/p/iphone-12-product-red.jpg','image',0),(12,90,'/j/e/jean-paul-gaultier-le-male---essence-de-parfum.jpg','image',0),(13,90,'/l/a/la-vie-est-belle-intensement-100ml-edp.jpg','image',0),(14,90,'/m/i/microsoft-15-multi-touch-surface-laptop-3.jpg','image',0),(15,90,'/m/s/msgr-strobelight-glowpowder.jpg','image',0),(16,90,'/m/u/multicolor-shoulder-bag.jpg','image',0),(17,90,'/n/i/nightstar-dress.jpg','image',0),(18,90,'/n/i/nike-flight-legacy---mens.jpg','image',0),(19,90,'/o/r/organic-rose-water-facial-mist.jpg','image',0),(20,90,'/p/e/perfect-marc-jacobs.jpg','image',0),(21,90,'/p/o/polaroid-now-instant-camera-with-film.jpg','image',0),(22,90,'/p/o/polaroid-snap-touch-instant-digital-camera-_red_.jpg','image',0),(23,90,'/p/u/puma-rs-0-play.jpg','image',0),(24,90,'/r/o/romand-zero-gram-matte-lipstick.jpg','image',0),(26,90,'/s/a/samsung-note-20-ultra-5g.jpg','image',0),(27,90,'/s/e/serpenti-forever-crossbody-bag.jpg','image',0),(28,90,'/s/o/sony-vlog-camera-zv1.jpg','image',0),(29,90,'/t/r/true-wireless-samsung-galaxy-buds-live.jpg','image',0),(30,90,'/v/o/volcom-be-easy-dress.jpg','image',0),(31,90,'/w/r/wrangler-retro-premium-corduroy-shirt.jpg','image',0),(32,90,'/y/e/yellow-shirt-for-men.jpg','image',0),(33,90,'/l/g/lg-wm3900hwa.jpg','image',0),(34,90,'/q/u/quindim-retro-ceramic-pendant-lamp.jpg','image',0),(35,90,'/r/e/regal-2-seater-fabric-sofa.jpg','image',0),(36,90,'/s/a/samsung-american-fridge-freezer-stainless-steel.jpg','image',0),(37,90,'/s/o/soborg-chair-wood-frame.jpg','image',0),(38,90,'/s/a/samsung-galaxy-s21-2021-bundle.jpg','image',0),(39,90,'/a/p/apple_iphone_x_512gb_white_1.jpg','image',0),(40,90,'/i/p/ipad-pro-2019_1.jpg','image',0),(41,90,'/i/p/iphone-12-product-red_1.jpg','image',0),(42,90,'/g/o/google-pixel-5_1.jpg','image',0),(43,90,'/i/p/iphone-12-product-red_2.jpg','image',0),(44,90,'/i/p/iphone-12-product-red_3.jpg','image',0),(45,90,'/i/p/ipad-pro-2019_2.jpg','image',0),(46,90,'/d/e/dell-xps-15-9550-_2015__1.jpg','image',0),(47,90,'/t/r/true-wireless-samsung-galaxy-buds-live_1.jpg','image',0),(48,90,'/r/o/romand-zero-gram-matte-lipstick_1.jpg','image',0),(49,90,'/g/o/gopro-media-mod-do-gopro-hero-9-black_1.jpg','image',0),(50,90,'/m/i/microsoft-15-multi-touch-surface-laptop-3_1.jpg','image',0),(51,90,'/s/a/samsung-note-20-ultra-5g_1.jpg','image',0),(52,90,'/c/a/canon-eos-1500d-24.1-digital-slr-camera-_black__1.jpg','image',0),(53,90,'/n/i/nightstar-dress_1.jpg','image',0),(54,90,'/g/o/google-pixel-5_2.jpg','image',0),(55,90,'/g/o/google-pixel-5_3.jpg','image',0),(56,90,'/l/a/la-vie-est-belle-intensement-100ml-edp_1.jpg','image',0),(57,90,'/d/e/dell-xps-15-9550-_2015__2.jpg','image',0),(58,90,'/j/e/jean-paul-gaultier-le-male---essence-de-parfum_1.jpg','image',0),(59,90,'/o/r/organic-rose-water-facial-mist_1.jpg','image',0),(60,90,'/s/e/serpenti-forever-crossbody-bag_1.jpg','image',0),(61,90,'/p/u/puma-rs-0-play_1.jpg','image',0),(62,90,'/a/d/addyvero-women_s-dress_1.jpg','image',0),(63,90,'/l/a/la-vie-est-belle-intensement-100ml-edp_2.jpg','image',0),(64,90,'/p/e/perfect-marc-jacobs_1.jpg','image',0),(65,90,'/p/o/polaroid-snap-touch-instant-digital-camera-_red__1.jpg','image',0),(66,90,'/p/o/polaroid-now-instant-camera-with-film_1.jpg','image',0),(67,90,'/n/i/nike-flight-legacy---mens_1.jpg','image',0),(68,90,'/b/l/black-rouge-lipstick-rose-velvet-245g-burgundy-rose_1.jpg','image',0),(69,90,'/g/o/google-pixel-5_4.jpg','image',0),(70,90,'/m/u/multicolor-shoulder-bag_1.jpg','image',0),(71,90,'/g/o/gopro-media-mod-do-gopro-hero-9-black_2.jpg','image',0),(72,90,'/b/e/beats-solo3-wireless-headphones_1.jpg','image',0),(73,90,'/n/i/nightstar-dress_2.jpg','image',0),(74,90,'/w/r/wrangler-retro-premium-corduroy-shirt_1.jpg','image',0),(75,90,'/m/i/microsoft-15-multi-touch-surface-laptop-3_2.jpg','image',0),(76,90,'/m/s/msgr-strobelight-glowpowder_1.jpg','image',0),(77,90,'/m/i/microsoft-15-multi-touch-surface-laptop-3_3.jpg','image',0),(78,90,'/m/i/microsoft-15-multi-touch-surface-laptop-3_4.jpg','image',0),(79,90,'/m/i/microsoft-15-multi-touch-surface-laptop-3_5.jpg','image',0),(80,90,'/g/o/google-pixel-5_5.jpg','image',0),(81,90,'/i/p/iphone-12-product-red_4.jpg','image',0),(82,90,'/g/o/google-pixel-5_6.jpg','image',0),(83,90,'/i/p/iphone-12-product-red_5.jpg','image',0);

--
-- Table structure for table `catalog_product_entity_media_gallery_value`
--

CREATE TABLE `catalog_product_entity_media_gallery_value` (
  `value_id` int unsigned NOT NULL DEFAULT '0' COMMENT 'Value ID',
  `store_id` smallint unsigned NOT NULL DEFAULT '0' COMMENT 'Store ID',
  `entity_id` int unsigned NOT NULL DEFAULT '0' COMMENT 'Entity ID',
  `label` varchar(255) DEFAULT NULL COMMENT 'Label',
  `position` int unsigned DEFAULT NULL COMMENT 'Position',
  `disabled` smallint unsigned NOT NULL DEFAULT '0' COMMENT 'Is Disabled',
  `record_id` int unsigned NOT NULL AUTO_INCREMENT COMMENT 'Record ID',
  PRIMARY KEY (`record_id`),
  KEY `CATALOG_PRODUCT_ENTITY_MEDIA_GALLERY_VALUE_STORE_ID` (`store_id`),
  KEY `CATALOG_PRODUCT_ENTITY_MEDIA_GALLERY_VALUE_ENTITY_ID` (`entity_id`),
  KEY `CATALOG_PRODUCT_ENTITY_MEDIA_GALLERY_VALUE_VALUE_ID` (`value_id`),
  KEY `CAT_PRD_ENTT_MDA_GLR_VAL_ENTT_ID_VAL_ID_STORE_ID` (`entity_id`,`value_id`,`store_id`),
  CONSTRAINT `CAT_PRD_ENTT_MDA_GLR_VAL_ENTT_ID_CAT_PRD_ENTT_ENTT_ID` FOREIGN KEY (`entity_id`) REFERENCES `catalog_product_entity` (`entity_id`) ON DELETE CASCADE,
  CONSTRAINT `CAT_PRD_ENTT_MDA_GLR_VAL_STORE_ID_STORE_STORE_ID` FOREIGN KEY (`store_id`) REFERENCES `store` (`store_id`) ON DELETE CASCADE,
  CONSTRAINT `CAT_PRD_ENTT_MDA_GLR_VAL_VAL_ID_CAT_PRD_ENTT_MDA_GLR_VAL_ID` FOREIGN KEY (`value_id`) REFERENCES `catalog_product_entity_media_gallery` (`value_id`) ON DELETE CASCADE
) ENGINE=InnoDB AUTO_INCREMENT=262 DEFAULT CHARSET=utf8 COMMENT='Catalog Product Media Gallery Attribute Value Table';

--
-- Dumping data for table `catalog_product_entity_media_gallery_value`
--

INSERT INTO `catalog_product_entity_media_gallery_value` VALUES (31,0,30,NULL,1,0,36),(39,0,38,NULL,1,0,123),(44,0,38,NULL,2,0,124),(45,0,38,NULL,3,0,125),(3,0,3,NULL,1,0,128),(47,0,3,NULL,2,0,129),(5,0,5,NULL,1,0,132),(49,0,5,NULL,2,0,133),(6,0,6,NULL,1,0,134),(50,0,6,NULL,2,0,135),(8,0,8,NULL,1,0,138),(52,0,8,NULL,2,0,139),(9,0,9,NULL,1,0,140),(53,0,9,NULL,2,0,141),(11,0,11,NULL,1,0,144),(55,0,11,NULL,2,0,145),(12,0,12,NULL,1,0,146),(56,0,12,NULL,2,0,147),(14,0,14,NULL,1,0,148),(57,0,14,NULL,2,0,149),(13,0,13,NULL,1,0,150),(58,0,13,NULL,2,0,151),(16,0,16,NULL,1,0,154),(60,0,16,NULL,2,0,155),(17,0,17,NULL,1,0,158),(62,0,17,NULL,2,0,159),(20,0,20,NULL,1,0,160),(63,0,20,NULL,2,0,161),(19,0,19,NULL,1,0,162),(64,0,19,NULL,2,0,163),(21,0,21,NULL,1,0,164),(65,0,21,NULL,2,0,165),(22,0,22,NULL,1,0,166),(66,0,22,NULL,2,0,167),(24,0,24,NULL,1,0,170),(68,0,24,NULL,2,0,171),(27,0,26,NULL,1,0,174),(70,0,26,NULL,2,0,175),(28,0,27,NULL,1,0,176),(71,0,27,NULL,2,0,177),(29,0,28,NULL,1,0,178),(72,0,28,NULL,2,0,179),(30,0,29,NULL,1,0,180),(73,0,29,NULL,2,0,181),(32,0,31,NULL,1,0,182),(74,0,31,NULL,2,0,183),(33,0,32,NULL,1,0,184),(75,0,32,NULL,2,0,185),(34,0,33,NULL,1,0,186),(76,0,33,NULL,2,0,187),(35,0,34,NULL,1,0,188),(77,0,34,NULL,2,0,189),(36,0,35,NULL,1,0,190),(78,0,35,NULL,2,0,191),(37,0,36,NULL,1,0,192),(79,0,36,NULL,2,0,193),(41,0,40,NULL,1,0,217),(82,0,40,NULL,2,0,218),(40,0,39,NULL,1,0,219),(81,0,39,NULL,2,0,220),(43,0,42,NULL,1,0,224),(42,0,41,NULL,1,0,225),(83,0,41,NULL,2,0,226),(10,0,10,NULL,1,0,235),(54,0,10,NULL,2,0,236),(18,0,18,NULL,1,0,239),(61,0,18,NULL,2,0,240),(15,0,15,NULL,1,0,245),(59,0,15,NULL,2,0,246),(7,0,7,NULL,1,0,247),(51,0,7,NULL,2,0,248),(26,0,25,NULL,2,0,249),(69,0,25,NULL,4,0,250),(23,0,23,NULL,2,0,253),(67,0,23,NULL,3,0,254),(38,0,37,NULL,1,0,255),(80,0,37,NULL,2,0,256),(1,0,1,NULL,1,0,257),(46,0,1,NULL,2,0,258),(2,0,2,NULL,1,0,259),(4,0,4,NULL,1,0,260),(48,0,4,NULL,2,0,261);

--
-- Table structure for table `catalog_product_entity_media_gallery_value_to_entity`
--

CREATE TABLE `catalog_product_entity_media_gallery_value_to_entity` (
  `value_id` int unsigned NOT NULL COMMENT 'Value media Entry ID',
  `entity_id` int unsigned NOT NULL COMMENT 'Product Entity ID',
  PRIMARY KEY (`value_id`,`entity_id`),
  KEY `CAT_PRD_ENTT_MDA_GLR_VAL_TO_ENTT_ENTT_ID_CAT_PRD_ENTT_ENTT_ID` (`entity_id`),
  CONSTRAINT `CAT_PRD_ENTT_MDA_GLR_VAL_TO_ENTT_ENTT_ID_CAT_PRD_ENTT_ENTT_ID` FOREIGN KEY (`entity_id`) REFERENCES `catalog_product_entity` (`entity_id`) ON DELETE CASCADE,
  CONSTRAINT `FK_A6C6C8FAA386736921D3A7C4B50B1185` FOREIGN KEY (`value_id`) REFERENCES `catalog_product_entity_media_gallery` (`value_id`) ON DELETE CASCADE
) ENGINE=InnoDB DEFAULT CHARSET=utf8 COMMENT='Link Media value to Product entity table';

--
-- Dumping data for table `catalog_product_entity_media_gallery_value_to_entity`
--

INSERT INTO `catalog_product_entity_media_gallery_value_to_entity` VALUES (1,1),(46,1),(2,2),(3,3),(47,3),(4,4),(48,4),(5,5),(49,5),(6,6),(50,6),(7,7),(51,7),(8,8),(52,8),(9,9),(53,9),(10,10),(54,10),(11,11),(55,11),(12,12),(56,12),(13,13),(58,13),(14,14),(57,14),(15,15),(59,15),(16,16),(60,16),(17,17),(62,17),(18,18),(61,18),(19,19),(64,19),(20,20),(63,20),(21,21),(65,21),(22,22),(66,22),(23,23),(67,23),(24,24),(68,24),(26,25),(69,25),(27,26),(70,26),(28,27),(71,27),(29,28),(72,28),(30,29),(73,29),(31,30),(32,31),(74,31),(33,32),(75,32),(34,33),(76,33),(35,34),(77,34),(36,35),(78,35),(37,36),(79,36),(38,37),(80,37),(39,38),(44,38),(45,38),(40,39),(81,39),(41,40),(82,40),(42,41),(83,41),(43,42);

--
-- Table structure for table `catalog_product_entity_media_gallery_value_video`
--

CREATE TABLE `catalog_product_entity_media_gallery_value_video` (
  `value_id` int unsigned NOT NULL COMMENT 'Media Entity ID',
  `store_id` smallint unsigned NOT NULL DEFAULT '0' COMMENT 'Store ID',
  `provider` varchar(32) DEFAULT NULL COMMENT 'Video provider ID',
  `url` text COMMENT 'Video URL',
  `title` varchar(255) DEFAULT NULL COMMENT 'Title',
  `description` text COMMENT 'Page Meta Description',
  `metadata` text COMMENT 'Video meta data',
  PRIMARY KEY (`value_id`,`store_id`),
  KEY `CAT_PRD_ENTT_MDA_GLR_VAL_VIDEO_STORE_ID_STORE_STORE_ID` (`store_id`),
  CONSTRAINT `CAT_PRD_ENTT_MDA_GLR_VAL_VIDEO_STORE_ID_STORE_STORE_ID` FOREIGN KEY (`store_id`) REFERENCES `store` (`store_id`) ON DELETE CASCADE,
  CONSTRAINT `FK_6FDF205946906B0E653E60AA769899F8` FOREIGN KEY (`value_id`) REFERENCES `catalog_product_entity_media_gallery` (`value_id`) ON DELETE CASCADE
) ENGINE=InnoDB DEFAULT CHARSET=utf8 COMMENT='Catalog Product Video Table';

--
-- Dumping data for table `catalog_product_entity_media_gallery_value_video`
--


--
-- Table structure for table `catalog_product_entity_text`
--

CREATE TABLE `catalog_product_entity_text` (
  `value_id` int NOT NULL AUTO_INCREMENT COMMENT 'Value ID',
  `attribute_id` smallint unsigned NOT NULL DEFAULT '0' COMMENT 'Attribute ID',
  `store_id` smallint unsigned NOT NULL DEFAULT '0' COMMENT 'Store ID',
  `entity_id` int unsigned NOT NULL DEFAULT '0' COMMENT 'Entity ID',
  `value` mediumtext COMMENT 'Value',
  PRIMARY KEY (`value_id`),
  UNIQUE KEY `CATALOG_PRODUCT_ENTITY_TEXT_ENTITY_ID_ATTRIBUTE_ID_STORE_ID` (`entity_id`,`attribute_id`,`store_id`),
  KEY `CATALOG_PRODUCT_ENTITY_TEXT_ATTRIBUTE_ID` (`attribute_id`),
  KEY `CATALOG_PRODUCT_ENTITY_TEXT_STORE_ID` (`store_id`),
  CONSTRAINT `CAT_PRD_ENTT_TEXT_ATTR_ID_EAV_ATTR_ATTR_ID` FOREIGN KEY (`attribute_id`) REFERENCES `eav_attribute` (`attribute_id`) ON DELETE CASCADE,
  CONSTRAINT `CAT_PRD_ENTT_TEXT_ENTT_ID_CAT_PRD_ENTT_ENTT_ID` FOREIGN KEY (`entity_id`) REFERENCES `catalog_product_entity` (`entity_id`) ON DELETE CASCADE,
  CONSTRAINT `CATALOG_PRODUCT_ENTITY_TEXT_STORE_ID_STORE_STORE_ID` FOREIGN KEY (`store_id`) REFERENCES `store` (`store_id`) ON DELETE CASCADE
) ENGINE=InnoDB AUTO_INCREMENT=121 DEFAULT CHARSET=utf8 COMMENT='Catalog Product Text Attribute Backend Table';

--
-- Dumping data for table `catalog_product_entity_text`
--

INSERT INTO `catalog_product_entity_text` VALUES (1,75,0,1,'Lorem ipsum dolor sit amet, consectetur adipiscing elit. Donec eu justo dui. Etiam finibus diam a fringilla sodales. Nunc feugiat, ligula quis feugiat commodo, libero eros vestibulum risus, eu egestas dolor augue at ex. Etiam at neque nisi. Nunc tristique lorem ut nisl sagittis posuere. Integer posuere metus eu dolor iaculis pretium. Cras accumsan nulla vitae gravida vulputate. Proin mollis auctor sagittis. Etiam ante diam, semper efficitur laoreet sit amet, luctus quis nisl. Integer pretium metus sit amet faucibus euismod. Aenean et finibus sapien, eget tempor dolor. Vestibulum ante ipsum primis in faucibus orci luctus et ultrices posuere cubilia curae; Nulla sagittis velit vestibulum orci sagittis interdum. Mauris rhoncus tempus ex, non aliquam orci facilisis nec. Etiam volutpat vestibulum convallis. Proin et tempor mauris.\r\n\r\nMaecenas ullamcorper tempor pretium. Donec non nibh tempor, venenatis enim maximus, tristique massa. Proin odio tellus, iaculis at sapien sit amet, ullamcorper tincidunt purus. Class aptent taciti sociosqu ad litora torquent per conubia nostra, per inceptos himenaeos. Pellentesque sit amet fringilla nunc. Nulla sit amet sapien risus. Sed consequat imperdiet tristique. Suspendisse quis rutrum mauris. In id nibh molestie, venenatis mi in, tristique metus. Maecenas pharetra, nulla luctus eleifend viverra, velit arcu commodo est, nec dapibus lacus nisi eu nisi. Maecenas interdum vitae turpis non dictum. Quisque consequat velit vitae lorem semper, at bibendum odio finibus. Interdum et malesuada fames ac ante ipsum primis in faucibus. Integer sed dictum augue, eget ullamcorper enim.\r\n\r\nNullam vel enim purus. Donec quis eleifend est. Sed efficitur mollis hendrerit. Phasellus dapibus mattis laoreet. Aenean facilisis libero non purus pellentesque consequat. Nam et porta justo, sed accumsan lorem. Praesent ac libero sit amet est aliquet euismod sed non felis. Sed leo ante, efficitur vel suscipit sed, mattis in ipsum. Vivamus pharetra venenatis risus, auctor hendrerit mauris auctor sit amet. Integer iaculis lorem a dictum vulputate. Duis sodales leo sed tristique sagittis. Nulla posuere mauris scelerisque, porttitor mi viverra, consequat enim. Suspendisse iaculis eros eu tortor eleifend, quis scelerisque mi placerat. Cras sit amet massa eget quam varius pharetra ac eu lorem. Sed bibendum ultrices efficitur.'),(2,85,0,1,'16-inch-Macbook-Pro'),(3,76,0,1,'Lorem ipsum dolor sit amet, consectetur adipiscing elit. Donec eu justo dui. Etiam finibus diam a fringilla sodales. Nunc feugiat, ligula quis feugiat commodo, libero eros vestibulum risus, eu egestas dolor augue at ex. Etiam at neque nisi'),(4,75,0,2,'Lorem ipsum dolor sit amet, consectetur adipiscing elit. Donec eu justo dui. Etiam finibus diam a fringilla sodales. Nunc feugiat, ligula quis feugiat commodo, libero eros vestibulum risus, eu egestas dolor augue at ex. Etiam at neque nisi. Nunc tristique lorem ut nisl sagittis posuere. Integer posuere metus eu dolor iaculis pretium. Cras accumsan nulla vitae gravida vulputate. Proin mollis auctor sagittis. Etiam ante diam, semper efficitur laoreet sit amet, luctus quis nisl. Integer pretium metus sit amet faucibus euismod. Aenean et finibus sapien, eget tempor dolor. Vestibulum ante ipsum primis in faucibus orci luctus et ultrices posuere cubilia curae; Nulla sagittis velit vestibulum orci sagittis interdum. Mauris rhoncus tempus ex, non aliquam orci facilisis nec. Etiam volutpat vestibulum convallis. Proin et tempor mauris.\r\n\r\nMaecenas ullamcorper tempor pretium. Donec non nibh tempor, venenatis enim maximus, tristique massa. Proin odio tellus, iaculis at sapien sit amet, ullamcorper tincidunt purus. Class aptent taciti sociosqu ad litora torquent per conubia nostra, per inceptos himenaeos. Pellentesque sit amet fringilla nunc. Nulla sit amet sapien risus. Sed consequat imperdiet tristique. Suspendisse quis rutrum mauris. In id nibh molestie, venenatis mi in, tristique metus. Maecenas pharetra, nulla luctus eleifend viverra, velit arcu commodo est, nec dapibus lacus nisi eu nisi. Maecenas interdum vitae turpis non dictum. Quisque consequat velit vitae lorem semper, at bibendum odio finibus. Interdum et malesuada fames ac ante ipsum primis in faucibus. Integer sed dictum augue, eget ullamcorper enim.\r\n\r\nNullam vel enim purus. Donec quis eleifend est. Sed efficitur mollis hendrerit. Phasellus dapibus mattis laoreet. Aenean facilisis libero non purus pellentesque consequat. Nam et porta justo, sed accumsan lorem. Praesent ac libero sit amet est aliquet euismod sed non felis. Sed leo ante, efficitur vel suscipit sed, mattis in ipsum. Vivamus pharetra venenatis risus, auctor hendrerit mauris auctor sit amet. Integer iaculis lorem a dictum vulputate. Duis sodales leo sed tristique sagittis. Nulla posuere mauris scelerisque, porttitor mi viverra, consequat enim. Suspendisse iaculis eros eu tortor eleifend, quis scelerisque mi placerat. Cras sit amet massa eget quam varius pharetra ac eu lorem. Sed bibendum ultrices efficitur.'),(5,85,0,2,'Addyvero-Women\'s-Dress'),(6,76,0,2,'Lorem ipsum dolor sit amet, consectetur adipiscing elit. Donec eu justo dui. Etiam finibus diam a fringilla sodales. Nunc feugiat, ligula quis feugiat commodo, libero eros vestibulum risus, eu egestas dolor augue at ex. Etiam at neque nisi'),(7,75,0,3,'Lorem ipsum dolor sit amet, consectetur adipiscing elit. Donec eu justo dui. Etiam finibus diam a fringilla sodales. Nunc feugiat, ligula quis feugiat commodo, libero eros vestibulum risus, eu egestas dolor augue at ex. Etiam at neque nisi. Nunc tristique lorem ut nisl sagittis posuere. Integer posuere metus eu dolor iaculis pretium. Cras accumsan nulla vitae gravida vulputate. Proin mollis auctor sagittis. Etiam ante diam, semper efficitur laoreet sit amet, luctus quis nisl. Integer pretium metus sit amet faucibus euismod. Aenean et finibus sapien, eget tempor dolor. Vestibulum ante ipsum primis in faucibus orci luctus et ultrices posuere cubilia curae; Nulla sagittis velit vestibulum orci sagittis interdum. Mauris rhoncus tempus ex, non aliquam orci facilisis nec. Etiam volutpat vestibulum convallis. Proin et tempor mauris.\r\n\r\nMaecenas ullamcorper tempor pretium. Donec non nibh tempor, venenatis enim maximus, tristique massa. Proin odio tellus, iaculis at sapien sit amet, ullamcorper tincidunt purus. Class aptent taciti sociosqu ad litora torquent per conubia nostra, per inceptos himenaeos. Pellentesque sit amet fringilla nunc. Nulla sit amet sapien risus. Sed consequat imperdiet tristique. Suspendisse quis rutrum mauris. In id nibh molestie, venenatis mi in, tristique metus. Maecenas pharetra, nulla luctus eleifend viverra, velit arcu commodo est, nec dapibus lacus nisi eu nisi. Maecenas interdum vitae turpis non dictum. Quisque consequat velit vitae lorem semper, at bibendum odio finibus. Interdum et malesuada fames ac ante ipsum primis in faucibus. Integer sed dictum augue, eget ullamcorper enim.\r\n\r\nNullam vel enim purus. Donec quis eleifend est. Sed efficitur mollis hendrerit. Phasellus dapibus mattis laoreet. Aenean facilisis libero non purus pellentesque consequat. Nam et porta justo, sed accumsan lorem. Praesent ac libero sit amet est aliquet euismod sed non felis. Sed leo ante, efficitur vel suscipit sed, mattis in ipsum. Vivamus pharetra venenatis risus, auctor hendrerit mauris auctor sit amet. Integer iaculis lorem a dictum vulputate. Duis sodales leo sed tristique sagittis. Nulla posuere mauris scelerisque, porttitor mi viverra, consequat enim. Suspendisse iaculis eros eu tortor eleifend, quis scelerisque mi placerat. Cras sit amet massa eget quam varius pharetra ac eu lorem. Sed bibendum ultrices efficitur.'),(8,85,0,3,'Beats-Solo3-Wireless-Headphones'),(9,76,0,3,'Lorem ipsum dolor sit amet, consectetur adipiscing elit. Donec eu justo dui. Etiam finibus diam a fringilla sodales. Nunc feugiat, ligula quis feugiat commodo, libero eros vestibulum risus, eu egestas dolor augue at ex. Etiam at neque nisi.'),(10,75,0,4,'Lorem ipsum dolor sit amet, consectetur adipiscing elit. Donec eu justo dui. Etiam finibus diam a fringilla sodales. Nunc feugiat, ligula quis feugiat commodo, libero eros vestibulum risus, eu egestas dolor augue at ex. Etiam at neque nisi. Nunc tristique lorem ut nisl sagittis posuere. Integer posuere metus eu dolor iaculis pretium. Cras accumsan nulla vitae gravida vulputate. Proin mollis auctor sagittis. Etiam ante diam, semper efficitur laoreet sit amet, luctus quis nisl. Integer pretium metus sit amet faucibus euismod. Aenean et finibus sapien, eget tempor dolor. Vestibulum ante ipsum primis in faucibus orci luctus et ultrices posuere cubilia curae; Nulla sagittis velit vestibulum orci sagittis interdum. Mauris rhoncus tempus ex, non aliquam orci facilisis nec. Etiam volutpat vestibulum convallis. Proin et tempor mauris.\r\n\r\nMaecenas ullamcorper tempor pretium. Donec non nibh tempor, venenatis enim maximus, tristique massa. Proin odio tellus, iaculis at sapien sit amet, ullamcorper tincidunt purus. Class aptent taciti sociosqu ad litora torquent per conubia nostra, per inceptos himenaeos. Pellentesque sit amet fringilla nunc. Nulla sit amet sapien risus. Sed consequat imperdiet tristique. Suspendisse quis rutrum mauris. In id nibh molestie, venenatis mi in, tristique metus. Maecenas pharetra, nulla luctus eleifend viverra, velit arcu commodo est, nec dapibus lacus nisi eu nisi. Maecenas interdum vitae turpis non dictum. Quisque consequat velit vitae lorem semper, at bibendum odio finibus. Interdum et malesuada fames ac ante ipsum primis in faucibus. Integer sed dictum augue, eget ullamcorper enim.\r\n\r\nNullam vel enim purus. Donec quis eleifend est. Sed efficitur mollis hendrerit. Phasellus dapibus mattis laoreet. Aenean facilisis libero non purus pellentesque consequat. Nam et porta justo, sed accumsan lorem. Praesent ac libero sit amet est aliquet euismod sed non felis. Sed leo ante, efficitur vel suscipit sed, mattis in ipsum. Vivamus pharetra venenatis risus, auctor hendrerit mauris auctor sit amet. Integer iaculis lorem a dictum vulputate. Duis sodales leo sed tristique sagittis. Nulla posuere mauris scelerisque, porttitor mi viverra, consequat enim. Suspendisse iaculis eros eu tortor eleifend, quis scelerisque mi placerat. Cras sit amet massa eget quam varius pharetra ac eu lorem. Sed bibendum ultrices efficitur.'),(11,85,0,4,'Black Rouge Lipstick Rose Velvet 245g Burgundy Rose'),(12,76,0,4,'Lorem ipsum dolor sit amet, consectetur adipiscing elit. Donec eu justo dui. Etiam finibus diam a fringilla sodales. Nunc feugiat, ligula quis feugiat commodo, libero eros vestibulum risus, eu egestas dolor augue at ex. Etiam at neque nisi.'),(13,75,0,5,'Lorem ipsum dolor sit amet, consectetur adipiscing elit. Donec eu justo dui. Etiam finibus diam a fringilla sodales. Nunc feugiat, ligula quis feugiat commodo, libero eros vestibulum risus, eu egestas dolor augue at ex. Etiam at neque nisi. Nunc tristique lorem ut nisl sagittis posuere. Integer posuere metus eu dolor iaculis pretium. Cras accumsan nulla vitae gravida vulputate. Proin mollis auctor sagittis. Etiam ante diam, semper efficitur laoreet sit amet, luctus quis nisl. Integer pretium metus sit amet faucibus euismod. Aenean et finibus sapien, eget tempor dolor. Vestibulum ante ipsum primis in faucibus orci luctus et ultrices posuere cubilia curae; Nulla sagittis velit vestibulum orci sagittis interdum. Mauris rhoncus tempus ex, non aliquam orci facilisis nec. Etiam volutpat vestibulum convallis. Proin et tempor mauris.\r\n\r\nMaecenas ullamcorper tempor pretium. Donec non nibh tempor, venenatis enim maximus, tristique massa. Proin odio tellus, iaculis at sapien sit amet, ullamcorper tincidunt purus. Class aptent taciti sociosqu ad litora torquent per conubia nostra, per inceptos himenaeos. Pellentesque sit amet fringilla nunc. Nulla sit amet sapien risus. Sed consequat imperdiet tristique. Suspendisse quis rutrum mauris. In id nibh molestie, venenatis mi in, tristique metus. Maecenas pharetra, nulla luctus eleifend viverra, velit arcu commodo est, nec dapibus lacus nisi eu nisi. Maecenas interdum vitae turpis non dictum. Quisque consequat velit vitae lorem semper, at bibendum odio finibus. Interdum et malesuada fames ac ante ipsum primis in faucibus. Integer sed dictum augue, eget ullamcorper enim.\r\n\r\nNullam vel enim purus. Donec quis eleifend est. Sed efficitur mollis hendrerit. Phasellus dapibus mattis laoreet. Aenean facilisis libero non purus pellentesque consequat. Nam et porta justo, sed accumsan lorem. Praesent ac libero sit amet est aliquet euismod sed non felis. Sed leo ante, efficitur vel suscipit sed, mattis in ipsum. Vivamus pharetra venenatis risus, auctor hendrerit mauris auctor sit amet. Integer iaculis lorem a dictum vulputate. Duis sodales leo sed tristique sagittis. Nulla posuere mauris scelerisque, porttitor mi viverra, consequat enim. Suspendisse iaculis eros eu tortor eleifend, quis scelerisque mi placerat. Cras sit amet massa eget quam varius pharetra ac eu lorem. Sed bibendum ultrices efficitur.'),(14,85,0,5,'Canon EOS 1500D 24.1 Digital SLR Camera (Black)'),(15,76,0,5,'Lorem ipsum dolor sit amet, consectetur adipiscing elit. Donec eu justo dui. Etiam finibus diam a fringilla sodales. Nunc feugiat, ligula quis feugiat commodo, libero eros vestibulum risus, eu egestas dolor augue at ex. Etiam at neque nisi.'),(16,75,0,6,'Lorem ipsum dolor sit amet, consectetur adipiscing elit. Donec eu justo dui. Etiam finibus diam a fringilla sodales. Nunc feugiat, ligula quis feugiat commodo, libero eros vestibulum risus, eu egestas dolor augue at ex. Etiam at neque nisi. Nunc tristique lorem ut nisl sagittis posuere. Integer posuere metus eu dolor iaculis pretium. Cras accumsan nulla vitae gravida vulputate. Proin mollis auctor sagittis. Etiam ante diam, semper efficitur laoreet sit amet, luctus quis nisl. Integer pretium metus sit amet faucibus euismod. Aenean et finibus sapien, eget tempor dolor. Vestibulum ante ipsum primis in faucibus orci luctus et ultrices posuere cubilia curae; Nulla sagittis velit vestibulum orci sagittis interdum. Mauris rhoncus tempus ex, non aliquam orci facilisis nec. Etiam volutpat vestibulum convallis. Proin et tempor mauris.\r\n\r\nMaecenas ullamcorper tempor pretium. Donec non nibh tempor, venenatis enim maximus, tristique massa. Proin odio tellus, iaculis at sapien sit amet, ullamcorper tincidunt purus. Class aptent taciti sociosqu ad litora torquent per conubia nostra, per inceptos himenaeos. Pellentesque sit amet fringilla nunc. Nulla sit amet sapien risus. Sed consequat imperdiet tristique. Suspendisse quis rutrum mauris. In id nibh molestie, venenatis mi in, tristique metus. Maecenas pharetra, nulla luctus eleifend viverra, velit arcu commodo est, nec dapibus lacus nisi eu nisi. Maecenas interdum vitae turpis non dictum. Quisque consequat velit vitae lorem semper, at bibendum odio finibus. Interdum et malesuada fames ac ante ipsum primis in faucibus. Integer sed dictum augue, eget ullamcorper enim.\r\n\r\nNullam vel enim purus. Donec quis eleifend est. Sed efficitur mollis hendrerit. Phasellus dapibus mattis laoreet. Aenean facilisis libero non purus pellentesque consequat. Nam et porta justo, sed accumsan lorem. Praesent ac libero sit amet est aliquet euismod sed non felis. Sed leo ante, efficitur vel suscipit sed, mattis in ipsum. Vivamus pharetra venenatis risus, auctor hendrerit mauris auctor sit amet. Integer iaculis lorem a dictum vulputate. Duis sodales leo sed tristique sagittis. Nulla posuere mauris scelerisque, porttitor mi viverra, consequat enim. Suspendisse iaculis eros eu tortor eleifend, quis scelerisque mi placerat. Cras sit amet massa eget quam varius pharetra ac eu lorem. Sed bibendum ultrices efficitur.'),(17,85,0,6,'DELL XPS 15 9550 (2021)'),(18,76,0,6,'Lorem ipsum dolor sit amet, consectetur adipiscing elit. Donec eu justo dui. Etiam finibus diam a fringilla sodales. Nunc feugiat, ligula quis feugiat commodo, libero eros vestibulum risus, eu egestas dolor augue at ex. Etiam at neque nisi.'),(19,75,0,7,'Lorem ipsum dolor sit amet, consectetur adipiscing elit. Donec eu justo dui. Etiam finibus diam a fringilla sodales. Nunc feugiat, ligula quis feugiat commodo, libero eros vestibulum risus, eu egestas dolor augue at ex. Etiam at neque nisi. Nunc tristique lorem ut nisl sagittis posuere. Integer posuere metus eu dolor iaculis pretium. Cras accumsan nulla vitae gravida vulputate. Proin mollis auctor sagittis. Etiam ante diam, semper efficitur laoreet sit amet, luctus quis nisl. Integer pretium metus sit amet faucibus euismod. Aenean et finibus sapien, eget tempor dolor. Vestibulum ante ipsum primis in faucibus orci luctus et ultrices posuere cubilia curae; Nulla sagittis velit vestibulum orci sagittis interdum. Mauris rhoncus tempus ex, non aliquam orci facilisis nec. Etiam volutpat vestibulum convallis. Proin et tempor mauris.\r\n\r\nMaecenas ullamcorper tempor pretium. Donec non nibh tempor, venenatis enim maximus, tristique massa. Proin odio tellus, iaculis at sapien sit amet, ullamcorper tincidunt purus. Class aptent taciti sociosqu ad litora torquent per conubia nostra, per inceptos himenaeos. Pellentesque sit amet fringilla nunc. Nulla sit amet sapien risus. Sed consequat imperdiet tristique. Suspendisse quis rutrum mauris. In id nibh molestie, venenatis mi in, tristique metus. Maecenas pharetra, nulla luctus eleifend viverra, velit arcu commodo est, nec dapibus lacus nisi eu nisi. Maecenas interdum vitae turpis non dictum. Quisque consequat velit vitae lorem semper, at bibendum odio finibus. Interdum et malesuada fames ac ante ipsum primis in faucibus. Integer sed dictum augue, eget ullamcorper enim.\r\n\r\nNullam vel enim purus. Donec quis eleifend est. Sed efficitur mollis hendrerit. Phasellus dapibus mattis laoreet. Aenean facilisis libero non purus pellentesque consequat. Nam et porta justo, sed accumsan lorem. Praesent ac libero sit amet est aliquet euismod sed non felis. Sed leo ante, efficitur vel suscipit sed, mattis in ipsum. Vivamus pharetra venenatis risus, auctor hendrerit mauris auctor sit amet. Integer iaculis lorem a dictum vulputate. Duis sodales leo sed tristique sagittis. Nulla posuere mauris scelerisque, porttitor mi viverra, consequat enim. Suspendisse iaculis eros eu tortor eleifend, quis scelerisque mi placerat. Cras sit amet massa eget quam varius pharetra ac eu lorem. Sed bibendum ultrices efficitur.'),(20,85,0,7,'Google Pixel 5'),(21,76,0,7,'Lorem ipsum dolor sit amet, consectetur adipiscing elit. Maecenas interdum elit justo, eget ultricies felis posuere euismod. Etiam vitae velit ultrices, eleifend nibh id, luctus arcu. Donec vel ipsum tincidunt, rutrum neque vitae, dapibus tellus. Sed at euismod sem.'),(22,75,0,8,'Lorem ipsum dolor sit amet, consectetur adipiscing elit. Donec eu justo dui. Etiam finibus diam a fringilla sodales. Nunc feugiat, ligula quis feugiat commodo, libero eros vestibulum risus, eu egestas dolor augue at ex. Etiam at neque nisi. Nunc tristique lorem ut nisl sagittis posuere. Integer posuere metus eu dolor iaculis pretium. Cras accumsan nulla vitae gravida vulputate. Proin mollis auctor sagittis. Etiam ante diam, semper efficitur laoreet sit amet, luctus quis nisl. Integer pretium metus sit amet faucibus euismod. Aenean et finibus sapien, eget tempor dolor. Vestibulum ante ipsum primis in faucibus orci luctus et ultrices posuere cubilia curae; Nulla sagittis velit vestibulum orci sagittis interdum. Mauris rhoncus tempus ex, non aliquam orci facilisis nec. Etiam volutpat vestibulum convallis. Proin et tempor mauris.\r\n\r\nMaecenas ullamcorper tempor pretium. Donec non nibh tempor, venenatis enim maximus, tristique massa. Proin odio tellus, iaculis at sapien sit amet, ullamcorper tincidunt purus. Class aptent taciti sociosqu ad litora torquent per conubia nostra, per inceptos himenaeos. Pellentesque sit amet fringilla nunc. Nulla sit amet sapien risus. Sed consequat imperdiet tristique. Suspendisse quis rutrum mauris. In id nibh molestie, venenatis mi in, tristique metus. Maecenas pharetra, nulla luctus eleifend viverra, velit arcu commodo est, nec dapibus lacus nisi eu nisi. Maecenas interdum vitae turpis non dictum. Quisque consequat velit vitae lorem semper, at bibendum odio finibus. Interdum et malesuada fames ac ante ipsum primis in faucibus. Integer sed dictum augue, eget ullamcorper enim.\r\n\r\nNullam vel enim purus. Donec quis eleifend est. Sed efficitur mollis hendrerit. Phasellus dapibus mattis laoreet. Aenean facilisis libero non purus pellentesque consequat. Nam et porta justo, sed accumsan lorem. Praesent ac libero sit amet est aliquet euismod sed non felis. Sed leo ante, efficitur vel suscipit sed, mattis in ipsum. Vivamus pharetra venenatis risus, auctor hendrerit mauris auctor sit amet. Integer iaculis lorem a dictum vulputate. Duis sodales leo sed tristique sagittis. Nulla posuere mauris scelerisque, porttitor mi viverra, consequat enim. Suspendisse iaculis eros eu tortor eleifend, quis scelerisque mi placerat. Cras sit amet massa eget quam varius pharetra ac eu lorem. Sed bibendum ultrices efficitur.'),(23,85,0,8,'GoPro Media Mod do GoPro HERO 9 Black'),(24,76,0,8,'Lorem ipsum dolor sit amet, consectetur adipiscing elit. Maecenas interdum elit justo, eget ultricies felis posuere euismod. Etiam vitae velit ultrices, eleifend nibh id, luctus arcu. Donec vel ipsum tincidunt, rutrum neque vitae, dapibus tellus. Sed at euismod sem.'),(25,75,0,9,'Lorem ipsum dolor sit amet, consectetur adipiscing elit. Donec eu justo dui. Etiam finibus diam a fringilla sodales. Nunc feugiat, ligula quis feugiat commodo, libero eros vestibulum risus, eu egestas dolor augue at ex. Etiam at neque nisi. Nunc tristique lorem ut nisl sagittis posuere. Integer posuere metus eu dolor iaculis pretium. Cras accumsan nulla vitae gravida vulputate. Proin mollis auctor sagittis. Etiam ante diam, semper efficitur laoreet sit amet, luctus quis nisl. Integer pretium metus sit amet faucibus euismod. Aenean et finibus sapien, eget tempor dolor. Vestibulum ante ipsum primis in faucibus orci luctus et ultrices posuere cubilia curae; Nulla sagittis velit vestibulum orci sagittis interdum. Mauris rhoncus tempus ex, non aliquam orci facilisis nec. Etiam volutpat vestibulum convallis. Proin et tempor mauris.\r\n\r\nMaecenas ullamcorper tempor pretium. Donec non nibh tempor, venenatis enim maximus, tristique massa. Proin odio tellus, iaculis at sapien sit amet, ullamcorper tincidunt purus. Class aptent taciti sociosqu ad litora torquent per conubia nostra, per inceptos himenaeos. Pellentesque sit amet fringilla nunc. Nulla sit amet sapien risus. Sed consequat imperdiet tristique. Suspendisse quis rutrum mauris. In id nibh molestie, venenatis mi in, tristique metus. Maecenas pharetra, nulla luctus eleifend viverra, velit arcu commodo est, nec dapibus lacus nisi eu nisi. Maecenas interdum vitae turpis non dictum. Quisque consequat velit vitae lorem semper, at bibendum odio finibus. Interdum et malesuada fames ac ante ipsum primis in faucibus. Integer sed dictum augue, eget ullamcorper enim.\r\n\r\nNullam vel enim purus. Donec quis eleifend est. Sed efficitur mollis hendrerit. Phasellus dapibus mattis laoreet. Aenean facilisis libero non purus pellentesque consequat. Nam et porta justo, sed accumsan lorem. Praesent ac libero sit amet est aliquet euismod sed non felis. Sed leo ante, efficitur vel suscipit sed, mattis in ipsum. Vivamus pharetra venenatis risus, auctor hendrerit mauris auctor sit amet. Integer iaculis lorem a dictum vulputate. Duis sodales leo sed tristique sagittis. Nulla posuere mauris scelerisque, porttitor mi viverra, consequat enim. Suspendisse iaculis eros eu tortor eleifend, quis scelerisque mi placerat. Cras sit amet massa eget quam varius pharetra ac eu lorem. Sed bibendum ultrices efficitur.'),(26,85,0,9,'Half Sleeves Printed Cotton Crop'),(27,76,0,9,'Lorem ipsum dolor sit amet, consectetur adipiscing elit. Maecenas interdum elit justo, eget ultricies felis posuere euismod. Etiam vitae velit ultrices, eleifend nibh id, luctus arcu. Donec vel ipsum tincidunt, rutrum neque vitae, dapibus tellus. Sed at euismod sem.'),(28,75,0,10,'Lorem ipsum dolor sit amet, consectetur adipiscing elit. Donec eu justo dui. Etiam finibus diam a fringilla sodales. Nunc feugiat, ligula quis feugiat commodo, libero eros vestibulum risus, eu egestas dolor augue at ex. Etiam at neque nisi. Nunc tristique lorem ut nisl sagittis posuere. Integer posuere metus eu dolor iaculis pretium. Cras accumsan nulla vitae gravida vulputate. Proin mollis auctor sagittis. Etiam ante diam, semper efficitur laoreet sit amet, luctus quis nisl. Integer pretium metus sit amet faucibus euismod. Aenean et finibus sapien, eget tempor dolor. Vestibulum ante ipsum primis in faucibus orci luctus et ultrices posuere cubilia curae; Nulla sagittis velit vestibulum orci sagittis interdum. Mauris rhoncus tempus ex, non aliquam orci facilisis nec. Etiam volutpat vestibulum convallis. Proin et tempor mauris.\r\n\r\nMaecenas ullamcorper tempor pretium. Donec non nibh tempor, venenatis enim maximus, tristique massa. Proin odio tellus, iaculis at sapien sit amet, ullamcorper tincidunt purus. Class aptent taciti sociosqu ad litora torquent per conubia nostra, per inceptos himenaeos. Pellentesque sit amet fringilla nunc. Nulla sit amet sapien risus. Sed consequat imperdiet tristique. Suspendisse quis rutrum mauris. In id nibh molestie, venenatis mi in, tristique metus. Maecenas pharetra, nulla luctus eleifend viverra, velit arcu commodo est, nec dapibus lacus nisi eu nisi. Maecenas interdum vitae turpis non dictum. Quisque consequat velit vitae lorem semper, at bibendum odio finibus. Interdum et malesuada fames ac ante ipsum primis in faucibus. Integer sed dictum augue, eget ullamcorper enim.\r\n\r\nNullam vel enim purus. Donec quis eleifend est. Sed efficitur mollis hendrerit. Phasellus dapibus mattis laoreet. Aenean facilisis libero non purus pellentesque consequat. Nam et porta justo, sed accumsan lorem. Praesent ac libero sit amet est aliquet euismod sed non felis. Sed leo ante, efficitur vel suscipit sed, mattis in ipsum. Vivamus pharetra venenatis risus, auctor hendrerit mauris auctor sit amet. Integer iaculis lorem a dictum vulputate. Duis sodales leo sed tristique sagittis. Nulla posuere mauris scelerisque, porttitor mi viverra, consequat enim. Suspendisse iaculis eros eu tortor eleifend, quis scelerisque mi placerat. Cras sit amet massa eget quam varius pharetra ac eu lorem. Sed bibendum ultrices efficitur.'),(29,85,0,10,'iPad Pro 2021'),(30,76,0,10,'Lorem ipsum dolor sit amet, consectetur adipiscing elit. Maecenas interdum elit justo, eget ultricies felis posuere euismod. Etiam vitae velit ultrices, eleifend nibh id, luctus arcu. Donec vel ipsum tincidunt, rutrum neque vitae, dapibus tellus. Sed at euismod sem.'),(31,75,0,11,'Lorem ipsum dolor sit amet, consectetur adipiscing elit. Donec eu justo dui. Etiam finibus diam a fringilla sodales. Nunc feugiat, ligula quis feugiat commodo, libero eros vestibulum risus, eu egestas dolor augue at ex. Etiam at neque nisi. Nunc tristique lorem ut nisl sagittis posuere. Integer posuere metus eu dolor iaculis pretium. Cras accumsan nulla vitae gravida vulputate. Proin mollis auctor sagittis. Etiam ante diam, semper efficitur laoreet sit amet, luctus quis nisl. Integer pretium metus sit amet faucibus euismod. Aenean et finibus sapien, eget tempor dolor. Vestibulum ante ipsum primis in faucibus orci luctus et ultrices posuere cubilia curae; Nulla sagittis velit vestibulum orci sagittis interdum. Mauris rhoncus tempus ex, non aliquam orci facilisis nec. Etiam volutpat vestibulum convallis. Proin et tempor mauris.\r\n\r\nMaecenas ullamcorper tempor pretium. Donec non nibh tempor, venenatis enim maximus, tristique massa. Proin odio tellus, iaculis at sapien sit amet, ullamcorper tincidunt purus. Class aptent taciti sociosqu ad litora torquent per conubia nostra, per inceptos himenaeos. Pellentesque sit amet fringilla nunc. Nulla sit amet sapien risus. Sed consequat imperdiet tristique. Suspendisse quis rutrum mauris. In id nibh molestie, venenatis mi in, tristique metus. Maecenas pharetra, nulla luctus eleifend viverra, velit arcu commodo est, nec dapibus lacus nisi eu nisi. Maecenas interdum vitae turpis non dictum. Quisque consequat velit vitae lorem semper, at bibendum odio finibus. Interdum et malesuada fames ac ante ipsum primis in faucibus. Integer sed dictum augue, eget ullamcorper enim.\r\n\r\nNullam vel enim purus. Donec quis eleifend est. Sed efficitur mollis hendrerit. Phasellus dapibus mattis laoreet. Aenean facilisis libero non purus pellentesque consequat. Nam et porta justo, sed accumsan lorem. Praesent ac libero sit amet est aliquet euismod sed non felis. Sed leo ante, efficitur vel suscipit sed, mattis in ipsum. Vivamus pharetra venenatis risus, auctor hendrerit mauris auctor sit amet. Integer iaculis lorem a dictum vulputate. Duis sodales leo sed tristique sagittis. Nulla posuere mauris scelerisque, porttitor mi viverra, consequat enim. Suspendisse iaculis eros eu tortor eleifend, quis scelerisque mi placerat. Cras sit amet massa eget quam varius pharetra ac eu lorem. Sed bibendum ultrices efficitur.'),(32,85,0,11,'iPhone 12 Product Red'),(33,76,0,11,'Lorem ipsum dolor sit amet, consectetur adipiscing elit. Maecenas interdum elit justo, eget ultricies felis posuere euismod. Etiam vitae velit ultrices, eleifend nibh id, luctus arcu. Donec vel ipsum tincidunt, rutrum neque vitae, dapibus tellus. Sed at euismod sem.'),(34,75,0,12,'Lorem ipsum dolor sit amet, consectetur adipiscing elit. Donec eu justo dui. Etiam finibus diam a fringilla sodales. Nunc feugiat, ligula quis feugiat commodo, libero eros vestibulum risus, eu egestas dolor augue at ex. Etiam at neque nisi. Nunc tristique lorem ut nisl sagittis posuere. Integer posuere metus eu dolor iaculis pretium. Cras accumsan nulla vitae gravida vulputate. Proin mollis auctor sagittis. Etiam ante diam, semper efficitur laoreet sit amet, luctus quis nisl. Integer pretium metus sit amet faucibus euismod. Aenean et finibus sapien, eget tempor dolor. Vestibulum ante ipsum primis in faucibus orci luctus et ultrices posuere cubilia curae; Nulla sagittis velit vestibulum orci sagittis interdum. Mauris rhoncus tempus ex, non aliquam orci facilisis nec. Etiam volutpat vestibulum convallis. Proin et tempor mauris.\r\n\r\nMaecenas ullamcorper tempor pretium. Donec non nibh tempor, venenatis enim maximus, tristique massa. Proin odio tellus, iaculis at sapien sit amet, ullamcorper tincidunt purus. Class aptent taciti sociosqu ad litora torquent per conubia nostra, per inceptos himenaeos. Pellentesque sit amet fringilla nunc. Nulla sit amet sapien risus. Sed consequat imperdiet tristique. Suspendisse quis rutrum mauris. In id nibh molestie, venenatis mi in, tristique metus. Maecenas pharetra, nulla luctus eleifend viverra, velit arcu commodo est, nec dapibus lacus nisi eu nisi. Maecenas interdum vitae turpis non dictum. Quisque consequat velit vitae lorem semper, at bibendum odio finibus. Interdum et malesuada fames ac ante ipsum primis in faucibus. Integer sed dictum augue, eget ullamcorper enim.\r\n\r\nNullam vel enim purus. Donec quis eleifend est. Sed efficitur mollis hendrerit. Phasellus dapibus mattis laoreet. Aenean facilisis libero non purus pellentesque consequat. Nam et porta justo, sed accumsan lorem. Praesent ac libero sit amet est aliquet euismod sed non felis. Sed leo ante, efficitur vel suscipit sed, mattis in ipsum. Vivamus pharetra venenatis risus, auctor hendrerit mauris auctor sit amet. Integer iaculis lorem a dictum vulputate. Duis sodales leo sed tristique sagittis. Nulla posuere mauris scelerisque, porttitor mi viverra, consequat enim. Suspendisse iaculis eros eu tortor eleifend, quis scelerisque mi placerat. Cras sit amet massa eget quam varius pharetra ac eu lorem. Sed bibendum ultrices efficitur.'),(35,85,0,12,'Jean Paul Gaultier Le Male Essence de Parfum'),(36,76,0,12,'Lorem ipsum dolor sit amet, consectetur adipiscing elit. Maecenas interdum elit justo, eget ultricies felis posuere euismod. Etiam vitae velit ultrices, eleifend nibh id, luctus arcu. Donec vel ipsum tincidunt, rutrum neque vitae, dapibus tellus. Sed at euismod sem.'),(37,75,0,13,'Lorem ipsum dolor sit amet, consectetur adipiscing elit. Donec eu justo dui. Etiam finibus diam a fringilla sodales. Nunc feugiat, ligula quis feugiat commodo, libero eros vestibulum risus, eu egestas dolor augue at ex. Etiam at neque nisi. Nunc tristique lorem ut nisl sagittis posuere. Integer posuere metus eu dolor iaculis pretium. Cras accumsan nulla vitae gravida vulputate. Proin mollis auctor sagittis. Etiam ante diam, semper efficitur laoreet sit amet, luctus quis nisl. Integer pretium metus sit amet faucibus euismod. Aenean et finibus sapien, eget tempor dolor. Vestibulum ante ipsum primis in faucibus orci luctus et ultrices posuere cubilia curae; Nulla sagittis velit vestibulum orci sagittis interdum. Mauris rhoncus tempus ex, non aliquam orci facilisis nec. Etiam volutpat vestibulum convallis. Proin et tempor mauris.\r\n\r\nMaecenas ullamcorper tempor pretium. Donec non nibh tempor, venenatis enim maximus, tristique massa. Proin odio tellus, iaculis at sapien sit amet, ullamcorper tincidunt purus. Class aptent taciti sociosqu ad litora torquent per conubia nostra, per inceptos himenaeos. Pellentesque sit amet fringilla nunc. Nulla sit amet sapien risus. Sed consequat imperdiet tristique. Suspendisse quis rutrum mauris. In id nibh molestie, venenatis mi in, tristique metus. Maecenas pharetra, nulla luctus eleifend viverra, velit arcu commodo est, nec dapibus lacus nisi eu nisi. Maecenas interdum vitae turpis non dictum. Quisque consequat velit vitae lorem semper, at bibendum odio finibus. Interdum et malesuada fames ac ante ipsum primis in faucibus. Integer sed dictum augue, eget ullamcorper enim.\r\n\r\nNullam vel enim purus. Donec quis eleifend est. Sed efficitur mollis hendrerit. Phasellus dapibus mattis laoreet. Aenean facilisis libero non purus pellentesque consequat. Nam et porta justo, sed accumsan lorem. Praesent ac libero sit amet est aliquet euismod sed non felis. Sed leo ante, efficitur vel suscipit sed, mattis in ipsum. Vivamus pharetra venenatis risus, auctor hendrerit mauris auctor sit amet. Integer iaculis lorem a dictum vulputate. Duis sodales leo sed tristique sagittis. Nulla posuere mauris scelerisque, porttitor mi viverra, consequat enim. Suspendisse iaculis eros eu tortor eleifend, quis scelerisque mi placerat. Cras sit amet massa eget quam varius pharetra ac eu lorem. Sed bibendum ultrices efficitur.'),(38,85,0,13,'La Vie Est Belle Intensement 100Ml Edp'),(39,76,0,13,'Lorem ipsum dolor sit amet, consectetur adipiscing elit. Maecenas interdum elit justo, eget ultricies felis posuere euismod. Etiam vitae velit ultrices, eleifend nibh id, luctus arcu. Donec vel ipsum tincidunt, rutrum neque vitae, dapibus tellus. Sed at euismod sem.'),(40,75,0,14,'Lorem ipsum dolor sit amet, consectetur adipiscing elit. Donec eu justo dui. Etiam finibus diam a fringilla sodales. Nunc feugiat, ligula quis feugiat commodo, libero eros vestibulum risus, eu egestas dolor augue at ex. Etiam at neque nisi. Nunc tristique lorem ut nisl sagittis posuere. Integer posuere metus eu dolor iaculis pretium. Cras accumsan nulla vitae gravida vulputate. Proin mollis auctor sagittis. Etiam ante diam, semper efficitur laoreet sit amet, luctus quis nisl. Integer pretium metus sit amet faucibus euismod. Aenean et finibus sapien, eget tempor dolor. Vestibulum ante ipsum primis in faucibus orci luctus et ultrices posuere cubilia curae; Nulla sagittis velit vestibulum orci sagittis interdum. Mauris rhoncus tempus ex, non aliquam orci facilisis nec. Etiam volutpat vestibulum convallis. Proin et tempor mauris.\r\n\r\nMaecenas ullamcorper tempor pretium. Donec non nibh tempor, venenatis enim maximus, tristique massa. Proin odio tellus, iaculis at sapien sit amet, ullamcorper tincidunt purus. Class aptent taciti sociosqu ad litora torquent per conubia nostra, per inceptos himenaeos. Pellentesque sit amet fringilla nunc. Nulla sit amet sapien risus. Sed consequat imperdiet tristique. Suspendisse quis rutrum mauris. In id nibh molestie, venenatis mi in, tristique metus. Maecenas pharetra, nulla luctus eleifend viverra, velit arcu commodo est, nec dapibus lacus nisi eu nisi. Maecenas interdum vitae turpis non dictum. Quisque consequat velit vitae lorem semper, at bibendum odio finibus. Interdum et malesuada fames ac ante ipsum primis in faucibus. Integer sed dictum augue, eget ullamcorper enim.\r\n\r\nNullam vel enim purus. Donec quis eleifend est. Sed efficitur mollis hendrerit. Phasellus dapibus mattis laoreet. Aenean facilisis libero non purus pellentesque consequat. Nam et porta justo, sed accumsan lorem. Praesent ac libero sit amet est aliquet euismod sed non felis. Sed leo ante, efficitur vel suscipit sed, mattis in ipsum. Vivamus pharetra venenatis risus, auctor hendrerit mauris auctor sit amet. Integer iaculis lorem a dictum vulputate. Duis sodales leo sed tristique sagittis. Nulla posuere mauris scelerisque, porttitor mi viverra, consequat enim. Suspendisse iaculis eros eu tortor eleifend, quis scelerisque mi placerat. Cras sit amet massa eget quam varius pharetra ac eu lorem. Sed bibendum ultrices efficitur.'),(41,85,0,14,'Microsoft 15 Multi Touch Surface Laptop 3'),(42,76,0,14,'Lorem ipsum dolor sit amet, consectetur adipiscing elit. Maecenas interdum elit justo, eget ultricies felis posuere euismod. Etiam vitae velit ultrices, eleifend nibh id, luctus arcu. Donec vel ipsum tincidunt, rutrum neque vitae, dapibus tellus. Sed at euismod sem.'),(43,75,0,15,'Lorem ipsum dolor sit amet, consectetur adipiscing elit. Donec eu justo dui. Etiam finibus diam a fringilla sodales. Nunc feugiat, ligula quis feugiat commodo, libero eros vestibulum risus, eu egestas dolor augue at ex. Etiam at neque nisi. Nunc tristique lorem ut nisl sagittis posuere. Integer posuere metus eu dolor iaculis pretium. Cras accumsan nulla vitae gravida vulputate. Proin mollis auctor sagittis. Etiam ante diam, semper efficitur laoreet sit amet, luctus quis nisl. Integer pretium metus sit amet faucibus euismod. Aenean et finibus sapien, eget tempor dolor. Vestibulum ante ipsum primis in faucibus orci luctus et ultrices posuere cubilia curae; Nulla sagittis velit vestibulum orci sagittis interdum. Mauris rhoncus tempus ex, non aliquam orci facilisis nec. Etiam volutpat vestibulum convallis. Proin et tempor mauris.\r\n\r\nMaecenas ullamcorper tempor pretium. Donec non nibh tempor, venenatis enim maximus, tristique massa. Proin odio tellus, iaculis at sapien sit amet, ullamcorper tincidunt purus. Class aptent taciti sociosqu ad litora torquent per conubia nostra, per inceptos himenaeos. Pellentesque sit amet fringilla nunc. Nulla sit amet sapien risus. Sed consequat imperdiet tristique. Suspendisse quis rutrum mauris. In id nibh molestie, venenatis mi in, tristique metus. Maecenas pharetra, nulla luctus eleifend viverra, velit arcu commodo est, nec dapibus lacus nisi eu nisi. Maecenas interdum vitae turpis non dictum. Quisque consequat velit vitae lorem semper, at bibendum odio finibus. Interdum et malesuada fames ac ante ipsum primis in faucibus. Integer sed dictum augue, eget ullamcorper enim.\r\n\r\nNullam vel enim purus. Donec quis eleifend est. Sed efficitur mollis hendrerit. Phasellus dapibus mattis laoreet. Aenean facilisis libero non purus pellentesque consequat. Nam et porta justo, sed accumsan lorem. Praesent ac libero sit amet est aliquet euismod sed non felis. Sed leo ante, efficitur vel suscipit sed, mattis in ipsum. Vivamus pharetra venenatis risus, auctor hendrerit mauris auctor sit amet. Integer iaculis lorem a dictum vulputate. Duis sodales leo sed tristique sagittis. Nulla posuere mauris scelerisque, porttitor mi viverra, consequat enim. Suspendisse iaculis eros eu tortor eleifend, quis scelerisque mi placerat. Cras sit amet massa eget quam varius pharetra ac eu lorem. Sed bibendum ultrices efficitur.'),(44,85,0,15,'MSGR Strobelight GlowPowder'),(45,76,0,15,'Lorem ipsum dolor sit amet, consectetur adipiscing elit. Maecenas interdum elit justo, eget ultricies felis posuere euismod. Etiam vitae velit ultrices, eleifend nibh id, luctus arcu. Donec vel ipsum tincidunt, rutrum neque vitae, dapibus tellus. Sed at euismod sem.'),(46,75,0,16,'Lorem ipsum dolor sit amet, consectetur adipiscing elit. Donec eu justo dui. Etiam finibus diam a fringilla sodales. Nunc feugiat, ligula quis feugiat commodo, libero eros vestibulum risus, eu egestas dolor augue at ex. Etiam at neque nisi. Nunc tristique lorem ut nisl sagittis posuere. Integer posuere metus eu dolor iaculis pretium. Cras accumsan nulla vitae gravida vulputate. Proin mollis auctor sagittis. Etiam ante diam, semper efficitur laoreet sit amet, luctus quis nisl. Integer pretium metus sit amet faucibus euismod. Aenean et finibus sapien, eget tempor dolor. Vestibulum ante ipsum primis in faucibus orci luctus et ultrices posuere cubilia curae; Nulla sagittis velit vestibulum orci sagittis interdum. Mauris rhoncus tempus ex, non aliquam orci facilisis nec. Etiam volutpat vestibulum convallis. Proin et tempor mauris.\r\n\r\nMaecenas ullamcorper tempor pretium. Donec non nibh tempor, venenatis enim maximus, tristique massa. Proin odio tellus, iaculis at sapien sit amet, ullamcorper tincidunt purus. Class aptent taciti sociosqu ad litora torquent per conubia nostra, per inceptos himenaeos. Pellentesque sit amet fringilla nunc. Nulla sit amet sapien risus. Sed consequat imperdiet tristique. Suspendisse quis rutrum mauris. In id nibh molestie, venenatis mi in, tristique metus. Maecenas pharetra, nulla luctus eleifend viverra, velit arcu commodo est, nec dapibus lacus nisi eu nisi. Maecenas interdum vitae turpis non dictum. Quisque consequat velit vitae lorem semper, at bibendum odio finibus. Interdum et malesuada fames ac ante ipsum primis in faucibus. Integer sed dictum augue, eget ullamcorper enim.\r\n\r\nNullam vel enim purus. Donec quis eleifend est. Sed efficitur mollis hendrerit. Phasellus dapibus mattis laoreet. Aenean facilisis libero non purus pellentesque consequat. Nam et porta justo, sed accumsan lorem. Praesent ac libero sit amet est aliquet euismod sed non felis. Sed leo ante, efficitur vel suscipit sed, mattis in ipsum. Vivamus pharetra venenatis risus, auctor hendrerit mauris auctor sit amet. Integer iaculis lorem a dictum vulputate. Duis sodales leo sed tristique sagittis. Nulla posuere mauris scelerisque, porttitor mi viverra, consequat enim. Suspendisse iaculis eros eu tortor eleifend, quis scelerisque mi placerat. Cras sit amet massa eget quam varius pharetra ac eu lorem. Sed bibendum ultrices efficitur.'),(47,85,0,16,'Multicolor Shoulder Bag'),(48,76,0,16,'Lorem ipsum dolor sit amet, consectetur adipiscing elit. Maecenas interdum elit justo, eget ultricies felis posuere euismod. Etiam vitae velit ultrices, eleifend nibh id, luctus arcu. Donec vel ipsum tincidunt, rutrum neque vitae, dapibus tellus. Sed at euismod sem.'),(49,75,0,17,'Lorem ipsum dolor sit amet, consectetur adipiscing elit. Donec eu justo dui. Etiam finibus diam a fringilla sodales. Nunc feugiat, ligula quis feugiat commodo, libero eros vestibulum risus, eu egestas dolor augue at ex. Etiam at neque nisi. Nunc tristique lorem ut nisl sagittis posuere. Integer posuere metus eu dolor iaculis pretium. Cras accumsan nulla vitae gravida vulputate. Proin mollis auctor sagittis. Etiam ante diam, semper efficitur laoreet sit amet, luctus quis nisl. Integer pretium metus sit amet faucibus euismod. Aenean et finibus sapien, eget tempor dolor. Vestibulum ante ipsum primis in faucibus orci luctus et ultrices posuere cubilia curae; Nulla sagittis velit vestibulum orci sagittis interdum. Mauris rhoncus tempus ex, non aliquam orci facilisis nec. Etiam volutpat vestibulum convallis. Proin et tempor mauris.\r\n\r\nMaecenas ullamcorper tempor pretium. Donec non nibh tempor, venenatis enim maximus, tristique massa. Proin odio tellus, iaculis at sapien sit amet, ullamcorper tincidunt purus. Class aptent taciti sociosqu ad litora torquent per conubia nostra, per inceptos himenaeos. Pellentesque sit amet fringilla nunc. Nulla sit amet sapien risus. Sed consequat imperdiet tristique. Suspendisse quis rutrum mauris. In id nibh molestie, venenatis mi in, tristique metus. Maecenas pharetra, nulla luctus eleifend viverra, velit arcu commodo est, nec dapibus lacus nisi eu nisi. Maecenas interdum vitae turpis non dictum. Quisque consequat velit vitae lorem semper, at bibendum odio finibus. Interdum et malesuada fames ac ante ipsum primis in faucibus. Integer sed dictum augue, eget ullamcorper enim.\r\n\r\nNullam vel enim purus. Donec quis eleifend est. Sed efficitur mollis hendrerit. Phasellus dapibus mattis laoreet. Aenean facilisis libero non purus pellentesque consequat. Nam et porta justo, sed accumsan lorem. Praesent ac libero sit amet est aliquet euismod sed non felis. Sed leo ante, efficitur vel suscipit sed, mattis in ipsum. Vivamus pharetra venenatis risus, auctor hendrerit mauris auctor sit amet. Integer iaculis lorem a dictum vulputate. Duis sodales leo sed tristique sagittis. Nulla posuere mauris scelerisque, porttitor mi viverra, consequat enim. Suspendisse iaculis eros eu tortor eleifend, quis scelerisque mi placerat. Cras sit amet massa eget quam varius pharetra ac eu lorem. Sed bibendum ultrices efficitur.'),(50,85,0,17,'Nightstar Dress'),(51,76,0,17,'Lorem ipsum dolor sit amet, consectetur adipiscing elit. Maecenas interdum elit justo, eget ultricies felis posuere euismod. Etiam vitae velit ultrices, eleifend nibh id, luctus arcu. Donec vel ipsum tincidunt, rutrum neque vitae, dapibus tellus. Sed at euismod sem.'),(52,75,0,18,'Lorem ipsum dolor sit amet, consectetur adipiscing elit. Donec eu justo dui. Etiam finibus diam a fringilla sodales. Nunc feugiat, ligula quis feugiat commodo, libero eros vestibulum risus, eu egestas dolor augue at ex. Etiam at neque nisi. Nunc tristique lorem ut nisl sagittis posuere. Integer posuere metus eu dolor iaculis pretium. Cras accumsan nulla vitae gravida vulputate. Proin mollis auctor sagittis. Etiam ante diam, semper efficitur laoreet sit amet, luctus quis nisl. Integer pretium metus sit amet faucibus euismod. Aenean et finibus sapien, eget tempor dolor. Vestibulum ante ipsum primis in faucibus orci luctus et ultrices posuere cubilia curae; Nulla sagittis velit vestibulum orci sagittis interdum. Mauris rhoncus tempus ex, non aliquam orci facilisis nec. Etiam volutpat vestibulum convallis. Proin et tempor mauris.\r\n\r\nMaecenas ullamcorper tempor pretium. Donec non nibh tempor, venenatis enim maximus, tristique massa. Proin odio tellus, iaculis at sapien sit amet, ullamcorper tincidunt purus. Class aptent taciti sociosqu ad litora torquent per conubia nostra, per inceptos himenaeos. Pellentesque sit amet fringilla nunc. Nulla sit amet sapien risus. Sed consequat imperdiet tristique. Suspendisse quis rutrum mauris. In id nibh molestie, venenatis mi in, tristique metus. Maecenas pharetra, nulla luctus eleifend viverra, velit arcu commodo est, nec dapibus lacus nisi eu nisi. Maecenas interdum vitae turpis non dictum. Quisque consequat velit vitae lorem semper, at bibendum odio finibus. Interdum et malesuada fames ac ante ipsum primis in faucibus. Integer sed dictum augue, eget ullamcorper enim.\r\n\r\nNullam vel enim purus. Donec quis eleifend est. Sed efficitur mollis hendrerit. Phasellus dapibus mattis laoreet. Aenean facilisis libero non purus pellentesque consequat. Nam et porta justo, sed accumsan lorem. Praesent ac libero sit amet est aliquet euismod sed non felis. Sed leo ante, efficitur vel suscipit sed, mattis in ipsum. Vivamus pharetra venenatis risus, auctor hendrerit mauris auctor sit amet. Integer iaculis lorem a dictum vulputate. Duis sodales leo sed tristique sagittis. Nulla posuere mauris scelerisque, porttitor mi viverra, consequat enim. Suspendisse iaculis eros eu tortor eleifend, quis scelerisque mi placerat. Cras sit amet massa eget quam varius pharetra ac eu lorem. Sed bibendum ultrices efficitur.'),(53,85,0,18,'NIKE FLIGHT LEGACY MENS'),(54,76,0,18,'Lorem ipsum dolor sit amet, consectetur adipiscing elit. Maecenas interdum elit justo, eget ultricies felis posuere euismod. Etiam vitae velit ultrices, eleifend nibh id, luctus arcu. Donec vel ipsum tincidunt, rutrum neque vitae, dapibus tellus. Sed at euismod sem.'),(55,75,0,19,'Lorem ipsum dolor sit amet, consectetur adipiscing elit. Donec eu justo dui. Etiam finibus diam a fringilla sodales. Nunc feugiat, ligula quis feugiat commodo, libero eros vestibulum risus, eu egestas dolor augue at ex. Etiam at neque nisi. Nunc tristique lorem ut nisl sagittis posuere. Integer posuere metus eu dolor iaculis pretium. Cras accumsan nulla vitae gravida vulputate. Proin mollis auctor sagittis. Etiam ante diam, semper efficitur laoreet sit amet, luctus quis nisl. Integer pretium metus sit amet faucibus euismod. Aenean et finibus sapien, eget tempor dolor. Vestibulum ante ipsum primis in faucibus orci luctus et ultrices posuere cubilia curae; Nulla sagittis velit vestibulum orci sagittis interdum. Mauris rhoncus tempus ex, non aliquam orci facilisis nec. Etiam volutpat vestibulum convallis. Proin et tempor mauris.\r\n\r\nMaecenas ullamcorper tempor pretium. Donec non nibh tempor, venenatis enim maximus, tristique massa. Proin odio tellus, iaculis at sapien sit amet, ullamcorper tincidunt purus. Class aptent taciti sociosqu ad litora torquent per conubia nostra, per inceptos himenaeos. Pellentesque sit amet fringilla nunc. Nulla sit amet sapien risus. Sed consequat imperdiet tristique. Suspendisse quis rutrum mauris. In id nibh molestie, venenatis mi in, tristique metus. Maecenas pharetra, nulla luctus eleifend viverra, velit arcu commodo est, nec dapibus lacus nisi eu nisi. Maecenas interdum vitae turpis non dictum. Quisque consequat velit vitae lorem semper, at bibendum odio finibus. Interdum et malesuada fames ac ante ipsum primis in faucibus. Integer sed dictum augue, eget ullamcorper enim.\r\n\r\nNullam vel enim purus. Donec quis eleifend est. Sed efficitur mollis hendrerit. Phasellus dapibus mattis laoreet. Aenean facilisis libero non purus pellentesque consequat. Nam et porta justo, sed accumsan lorem. Praesent ac libero sit amet est aliquet euismod sed non felis. Sed leo ante, efficitur vel suscipit sed, mattis in ipsum. Vivamus pharetra venenatis risus, auctor hendrerit mauris auctor sit amet. Integer iaculis lorem a dictum vulputate. Duis sodales leo sed tristique sagittis. Nulla posuere mauris scelerisque, porttitor mi viverra, consequat enim. Suspendisse iaculis eros eu tortor eleifend, quis scelerisque mi placerat. Cras sit amet massa eget quam varius pharetra ac eu lorem. Sed bibendum ultrices efficitur.'),(56,85,0,19,'Organic Rose Water Facial Mist'),(57,76,0,19,'Lorem ipsum dolor sit amet, consectetur adipiscing elit. Maecenas interdum elit justo, eget ultricies felis posuere euismod. Etiam vitae velit ultrices, eleifend nibh id, luctus arcu. Donec vel ipsum tincidunt, rutrum neque vitae, dapibus tellus. Sed at euismod sem.'),(58,75,0,20,'Lorem ipsum dolor sit amet, consectetur adipiscing elit. Donec eu justo dui. Etiam finibus diam a fringilla sodales. Nunc feugiat, ligula quis feugiat commodo, libero eros vestibulum risus, eu egestas dolor augue at ex. Etiam at neque nisi. Nunc tristique lorem ut nisl sagittis posuere. Integer posuere metus eu dolor iaculis pretium. Cras accumsan nulla vitae gravida vulputate. Proin mollis auctor sagittis. Etiam ante diam, semper efficitur laoreet sit amet, luctus quis nisl. Integer pretium metus sit amet faucibus euismod. Aenean et finibus sapien, eget tempor dolor. Vestibulum ante ipsum primis in faucibus orci luctus et ultrices posuere cubilia curae; Nulla sagittis velit vestibulum orci sagittis interdum. Mauris rhoncus tempus ex, non aliquam orci facilisis nec. Etiam volutpat vestibulum convallis. Proin et tempor mauris.\r\n\r\nMaecenas ullamcorper tempor pretium. Donec non nibh tempor, venenatis enim maximus, tristique massa. Proin odio tellus, iaculis at sapien sit amet, ullamcorper tincidunt purus. Class aptent taciti sociosqu ad litora torquent per conubia nostra, per inceptos himenaeos. Pellentesque sit amet fringilla nunc. Nulla sit amet sapien risus. Sed consequat imperdiet tristique. Suspendisse quis rutrum mauris. In id nibh molestie, venenatis mi in, tristique metus. Maecenas pharetra, nulla luctus eleifend viverra, velit arcu commodo est, nec dapibus lacus nisi eu nisi. Maecenas interdum vitae turpis non dictum. Quisque consequat velit vitae lorem semper, at bibendum odio finibus. Interdum et malesuada fames ac ante ipsum primis in faucibus. Integer sed dictum augue, eget ullamcorper enim.\r\n\r\nNullam vel enim purus. Donec quis eleifend est. Sed efficitur mollis hendrerit. Phasellus dapibus mattis laoreet. Aenean facilisis libero non purus pellentesque consequat. Nam et porta justo, sed accumsan lorem. Praesent ac libero sit amet est aliquet euismod sed non felis. Sed leo ante, efficitur vel suscipit sed, mattis in ipsum. Vivamus pharetra venenatis risus, auctor hendrerit mauris auctor sit amet. Integer iaculis lorem a dictum vulputate. Duis sodales leo sed tristique sagittis. Nulla posuere mauris scelerisque, porttitor mi viverra, consequat enim. Suspendisse iaculis eros eu tortor eleifend, quis scelerisque mi placerat. Cras sit amet massa eget quam varius pharetra ac eu lorem. Sed bibendum ultrices efficitur.'),(59,85,0,20,'Perfect Marc Jacobs'),(60,76,0,20,'Lorem ipsum dolor sit amet, consectetur adipiscing elit. Maecenas interdum elit justo, eget ultricies felis posuere euismod. Etiam vitae velit ultrices, eleifend nibh id, luctus arcu. Donec vel ipsum tincidunt, rutrum neque vitae, dapibus tellus. Sed at euismod sem.'),(61,75,0,21,'Lorem ipsum dolor sit amet, consectetur adipiscing elit. Donec eu justo dui. Etiam finibus diam a fringilla sodales. Nunc feugiat, ligula quis feugiat commodo, libero eros vestibulum risus, eu egestas dolor augue at ex. Etiam at neque nisi. Nunc tristique lorem ut nisl sagittis posuere. Integer posuere metus eu dolor iaculis pretium. Cras accumsan nulla vitae gravida vulputate. Proin mollis auctor sagittis. Etiam ante diam, semper efficitur laoreet sit amet, luctus quis nisl. Integer pretium metus sit amet faucibus euismod. Aenean et finibus sapien, eget tempor dolor. Vestibulum ante ipsum primis in faucibus orci luctus et ultrices posuere cubilia curae; Nulla sagittis velit vestibulum orci sagittis interdum. Mauris rhoncus tempus ex, non aliquam orci facilisis nec. Etiam volutpat vestibulum convallis. Proin et tempor mauris.\r\n\r\nMaecenas ullamcorper tempor pretium. Donec non nibh tempor, venenatis enim maximus, tristique massa. Proin odio tellus, iaculis at sapien sit amet, ullamcorper tincidunt purus. Class aptent taciti sociosqu ad litora torquent per conubia nostra, per inceptos himenaeos. Pellentesque sit amet fringilla nunc. Nulla sit amet sapien risus. Sed consequat imperdiet tristique. Suspendisse quis rutrum mauris. In id nibh molestie, venenatis mi in, tristique metus. Maecenas pharetra, nulla luctus eleifend viverra, velit arcu commodo est, nec dapibus lacus nisi eu nisi. Maecenas interdum vitae turpis non dictum. Quisque consequat velit vitae lorem semper, at bibendum odio finibus. Interdum et malesuada fames ac ante ipsum primis in faucibus. Integer sed dictum augue, eget ullamcorper enim.\r\n\r\nNullam vel enim purus. Donec quis eleifend est. Sed efficitur mollis hendrerit. Phasellus dapibus mattis laoreet. Aenean facilisis libero non purus pellentesque consequat. Nam et porta justo, sed accumsan lorem. Praesent ac libero sit amet est aliquet euismod sed non felis. Sed leo ante, efficitur vel suscipit sed, mattis in ipsum. Vivamus pharetra venenatis risus, auctor hendrerit mauris auctor sit amet. Integer iaculis lorem a dictum vulputate. Duis sodales leo sed tristique sagittis. Nulla posuere mauris scelerisque, porttitor mi viverra, consequat enim. Suspendisse iaculis eros eu tortor eleifend, quis scelerisque mi placerat. Cras sit amet massa eget quam varius pharetra ac eu lorem. Sed bibendum ultrices efficitur.'),(62,85,0,21,'Polaroid Now Instant Camera with film'),(63,76,0,21,'Lorem ipsum dolor sit amet, consectetur adipiscing elit. Maecenas interdum elit justo, eget ultricies felis posuere euismod. Etiam vitae velit ultrices, eleifend nibh id, luctus arcu. Donec vel ipsum tincidunt, rutrum neque vitae, dapibus tellus. Sed at euismod sem.'),(64,75,0,22,'Lorem ipsum dolor sit amet, consectetur adipiscing elit. Donec eu justo dui. Etiam finibus diam a fringilla sodales. Nunc feugiat, ligula quis feugiat commodo, libero eros vestibulum risus, eu egestas dolor augue at ex. Etiam at neque nisi. Nunc tristique lorem ut nisl sagittis posuere. Integer posuere metus eu dolor iaculis pretium. Cras accumsan nulla vitae gravida vulputate. Proin mollis auctor sagittis. Etiam ante diam, semper efficitur laoreet sit amet, luctus quis nisl. Integer pretium metus sit amet faucibus euismod. Aenean et finibus sapien, eget tempor dolor. Vestibulum ante ipsum primis in faucibus orci luctus et ultrices posuere cubilia curae; Nulla sagittis velit vestibulum orci sagittis interdum. Mauris rhoncus tempus ex, non aliquam orci facilisis nec. Etiam volutpat vestibulum convallis. Proin et tempor mauris.\r\n\r\nMaecenas ullamcorper tempor pretium. Donec non nibh tempor, venenatis enim maximus, tristique massa. Proin odio tellus, iaculis at sapien sit amet, ullamcorper tincidunt purus. Class aptent taciti sociosqu ad litora torquent per conubia nostra, per inceptos himenaeos. Pellentesque sit amet fringilla nunc. Nulla sit amet sapien risus. Sed consequat imperdiet tristique. Suspendisse quis rutrum mauris. In id nibh molestie, venenatis mi in, tristique metus. Maecenas pharetra, nulla luctus eleifend viverra, velit arcu commodo est, nec dapibus lacus nisi eu nisi. Maecenas interdum vitae turpis non dictum. Quisque consequat velit vitae lorem semper, at bibendum odio finibus. Interdum et malesuada fames ac ante ipsum primis in faucibus. Integer sed dictum augue, eget ullamcorper enim.\r\n\r\nNullam vel enim purus. Donec quis eleifend est. Sed efficitur mollis hendrerit. Phasellus dapibus mattis laoreet. Aenean facilisis libero non purus pellentesque consequat. Nam et porta justo, sed accumsan lorem. Praesent ac libero sit amet est aliquet euismod sed non felis. Sed leo ante, efficitur vel suscipit sed, mattis in ipsum. Vivamus pharetra venenatis risus, auctor hendrerit mauris auctor sit amet. Integer iaculis lorem a dictum vulputate. Duis sodales leo sed tristique sagittis. Nulla posuere mauris scelerisque, porttitor mi viverra, consequat enim. Suspendisse iaculis eros eu tortor eleifend, quis scelerisque mi placerat. Cras sit amet massa eget quam varius pharetra ac eu lorem. Sed bibendum ultrices efficitur.'),(65,85,0,22,'Polaroid Snap Touch Instant Digital Camera (Red)'),(66,76,0,22,'Lorem ipsum dolor sit amet, consectetur adipiscing elit. Maecenas interdum elit justo, eget ultricies felis posuere euismod. Etiam vitae velit ultrices, eleifend nibh id, luctus arcu. Donec vel ipsum tincidunt, rutrum neque vitae, dapibus tellus. Sed at euismod sem.'),(67,75,0,23,'Lorem ipsum dolor sit amet, consectetur adipiscing elit. Donec eu justo dui. Etiam finibus diam a fringilla sodales. Nunc feugiat, ligula quis feugiat commodo, libero eros vestibulum risus, eu egestas dolor augue at ex. Etiam at neque nisi. Nunc tristique lorem ut nisl sagittis posuere. Integer posuere metus eu dolor iaculis pretium. Cras accumsan nulla vitae gravida vulputate. Proin mollis auctor sagittis. Etiam ante diam, semper efficitur laoreet sit amet, luctus quis nisl. Integer pretium metus sit amet faucibus euismod. Aenean et finibus sapien, eget tempor dolor. Vestibulum ante ipsum primis in faucibus orci luctus et ultrices posuere cubilia curae; Nulla sagittis velit vestibulum orci sagittis interdum. Mauris rhoncus tempus ex, non aliquam orci facilisis nec. Etiam volutpat vestibulum convallis. Proin et tempor mauris.\r\n\r\nMaecenas ullamcorper tempor pretium. Donec non nibh tempor, venenatis enim maximus, tristique massa. Proin odio tellus, iaculis at sapien sit amet, ullamcorper tincidunt purus. Class aptent taciti sociosqu ad litora torquent per conubia nostra, per inceptos himenaeos. Pellentesque sit amet fringilla nunc. Nulla sit amet sapien risus. Sed consequat imperdiet tristique. Suspendisse quis rutrum mauris. In id nibh molestie, venenatis mi in, tristique metus. Maecenas pharetra, nulla luctus eleifend viverra, velit arcu commodo est, nec dapibus lacus nisi eu nisi. Maecenas interdum vitae turpis non dictum. Quisque consequat velit vitae lorem semper, at bibendum odio finibus. Interdum et malesuada fames ac ante ipsum primis in faucibus. Integer sed dictum augue, eget ullamcorper enim.\r\n\r\nNullam vel enim purus. Donec quis eleifend est. Sed efficitur mollis hendrerit. Phasellus dapibus mattis laoreet. Aenean facilisis libero non purus pellentesque consequat. Nam et porta justo, sed accumsan lorem. Praesent ac libero sit amet est aliquet euismod sed non felis. Sed leo ante, efficitur vel suscipit sed, mattis in ipsum. Vivamus pharetra venenatis risus, auctor hendrerit mauris auctor sit amet. Integer iaculis lorem a dictum vulputate. Duis sodales leo sed tristique sagittis. Nulla posuere mauris scelerisque, porttitor mi viverra, consequat enim. Suspendisse iaculis eros eu tortor eleifend, quis scelerisque mi placerat. Cras sit amet massa eget quam varius pharetra ac eu lorem. Sed bibendum ultrices efficitur.'),(68,85,0,23,'Puma RS 0 PLAY'),(69,76,0,23,'Lorem ipsum dolor sit amet, consectetur adipiscing elit. Maecenas interdum elit justo, eget ultricies felis posuere euismod. Etiam vitae velit ultrices, eleifend nibh id, luctus arcu. Donec vel ipsum tincidunt, rutrum neque vitae, dapibus tellus. Sed at euismod sem.'),(70,75,0,24,'Lorem ipsum dolor sit amet, consectetur adipiscing elit. Donec eu justo dui. Etiam finibus diam a fringilla sodales. Nunc feugiat, ligula quis feugiat commodo, libero eros vestibulum risus, eu egestas dolor augue at ex. Etiam at neque nisi. Nunc tristique lorem ut nisl sagittis posuere. Integer posuere metus eu dolor iaculis pretium. Cras accumsan nulla vitae gravida vulputate. Proin mollis auctor sagittis. Etiam ante diam, semper efficitur laoreet sit amet, luctus quis nisl. Integer pretium metus sit amet faucibus euismod. Aenean et finibus sapien, eget tempor dolor. Vestibulum ante ipsum primis in faucibus orci luctus et ultrices posuere cubilia curae; Nulla sagittis velit vestibulum orci sagittis interdum. Mauris rhoncus tempus ex, non aliquam orci facilisis nec. Etiam volutpat vestibulum convallis. Proin et tempor mauris.\r\n\r\nMaecenas ullamcorper tempor pretium. Donec non nibh tempor, venenatis enim maximus, tristique massa. Proin odio tellus, iaculis at sapien sit amet, ullamcorper tincidunt purus. Class aptent taciti sociosqu ad litora torquent per conubia nostra, per inceptos himenaeos. Pellentesque sit amet fringilla nunc. Nulla sit amet sapien risus. Sed consequat imperdiet tristique. Suspendisse quis rutrum mauris. In id nibh molestie, venenatis mi in, tristique metus. Maecenas pharetra, nulla luctus eleifend viverra, velit arcu commodo est, nec dapibus lacus nisi eu nisi. Maecenas interdum vitae turpis non dictum. Quisque consequat velit vitae lorem semper, at bibendum odio finibus. Interdum et malesuada fames ac ante ipsum primis in faucibus. Integer sed dictum augue, eget ullamcorper enim.\r\n\r\nNullam vel enim purus. Donec quis eleifend est. Sed efficitur mollis hendrerit. Phasellus dapibus mattis laoreet. Aenean facilisis libero non purus pellentesque consequat. Nam et porta justo, sed accumsan lorem. Praesent ac libero sit amet est aliquet euismod sed non felis. Sed leo ante, efficitur vel suscipit sed, mattis in ipsum. Vivamus pharetra venenatis risus, auctor hendrerit mauris auctor sit amet. Integer iaculis lorem a dictum vulputate. Duis sodales leo sed tristique sagittis. Nulla posuere mauris scelerisque, porttitor mi viverra, consequat enim. Suspendisse iaculis eros eu tortor eleifend, quis scelerisque mi placerat. Cras sit amet massa eget quam varius pharetra ac eu lorem. Sed bibendum ultrices efficitur.'),(71,85,0,24,'Romand Zero Gram Matte Lipstick'),(72,76,0,24,'Lorem ipsum dolor sit amet, consectetur adipiscing elit. Maecenas interdum elit justo, eget ultricies felis posuere euismod. Etiam vitae velit ultrices, eleifend nibh id, luctus arcu. Donec vel ipsum tincidunt, rutrum neque vitae, dapibus tellus. Sed at euismod sem.'),(73,75,0,25,'Lorem ipsum dolor sit amet, consectetur adipiscing elit. Donec eu justo dui. Etiam finibus diam a fringilla sodales. Nunc feugiat, ligula quis feugiat commodo, libero eros vestibulum risus, eu egestas dolor augue at ex. Etiam at neque nisi. Nunc tristique lorem ut nisl sagittis posuere. Integer posuere metus eu dolor iaculis pretium. Cras accumsan nulla vitae gravida vulputate. Proin mollis auctor sagittis. Etiam ante diam, semper efficitur laoreet sit amet, luctus quis nisl. Integer pretium metus sit amet faucibus euismod. Aenean et finibus sapien, eget tempor dolor. Vestibulum ante ipsum primis in faucibus orci luctus et ultrices posuere cubilia curae; Nulla sagittis velit vestibulum orci sagittis interdum. Mauris rhoncus tempus ex, non aliquam orci facilisis nec. Etiam volutpat vestibulum convallis. Proin et tempor mauris.\r\n\r\nMaecenas ullamcorper tempor pretium. Donec non nibh tempor, venenatis enim maximus, tristique massa. Proin odio tellus, iaculis at sapien sit amet, ullamcorper tincidunt purus. Class aptent taciti sociosqu ad litora torquent per conubia nostra, per inceptos himenaeos. Pellentesque sit amet fringilla nunc. Nulla sit amet sapien risus. Sed consequat imperdiet tristique. Suspendisse quis rutrum mauris. In id nibh molestie, venenatis mi in, tristique metus. Maecenas pharetra, nulla luctus eleifend viverra, velit arcu commodo est, nec dapibus lacus nisi eu nisi. Maecenas interdum vitae turpis non dictum. Quisque consequat velit vitae lorem semper, at bibendum odio finibus. Interdum et malesuada fames ac ante ipsum primis in faucibus. Integer sed dictum augue, eget ullamcorper enim.\r\n\r\nNullam vel enim purus. Donec quis eleifend est. Sed efficitur mollis hendrerit. Phasellus dapibus mattis laoreet. Aenean facilisis libero non purus pellentesque consequat. Nam et porta justo, sed accumsan lorem. Praesent ac libero sit amet est aliquet euismod sed non felis. Sed leo ante, efficitur vel suscipit sed, mattis in ipsum. Vivamus pharetra venenatis risus, auctor hendrerit mauris auctor sit amet. Integer iaculis lorem a dictum vulputate. Duis sodales leo sed tristique sagittis. Nulla posuere mauris scelerisque, porttitor mi viverra, consequat enim. Suspendisse iaculis eros eu tortor eleifend, quis scelerisque mi placerat. Cras sit amet massa eget quam varius pharetra ac eu lorem. Sed bibendum ultrices efficitur.'),(74,76,0,25,'Lorem ipsum dolor sit amet, consectetur adipiscing elit. Maecenas interdum elit justo, eget ultricies felis posuere euismod. Etiam vitae velit ultrices, eleifend nibh id, luctus arcu. Donec vel ipsum tincidunt, rutrum neque vitae, dapibus tellus. Sed at euismod sem.'),(75,75,0,26,'Lorem ipsum dolor sit amet, consectetur adipiscing elit. Donec eu justo dui. Etiam finibus diam a fringilla sodales. Nunc feugiat, ligula quis feugiat commodo, libero eros vestibulum risus, eu egestas dolor augue at ex. Etiam at neque nisi. Nunc tristique lorem ut nisl sagittis posuere. Integer posuere metus eu dolor iaculis pretium. Cras accumsan nulla vitae gravida vulputate. Proin mollis auctor sagittis. Etiam ante diam, semper efficitur laoreet sit amet, luctus quis nisl. Integer pretium metus sit amet faucibus euismod. Aenean et finibus sapien, eget tempor dolor. Vestibulum ante ipsum primis in faucibus orci luctus et ultrices posuere cubilia curae; Nulla sagittis velit vestibulum orci sagittis interdum. Mauris rhoncus tempus ex, non aliquam orci facilisis nec. Etiam volutpat vestibulum convallis. Proin et tempor mauris.\r\n\r\nMaecenas ullamcorper tempor pretium. Donec non nibh tempor, venenatis enim maximus, tristique massa. Proin odio tellus, iaculis at sapien sit amet, ullamcorper tincidunt purus. Class aptent taciti sociosqu ad litora torquent per conubia nostra, per inceptos himenaeos. Pellentesque sit amet fringilla nunc. Nulla sit amet sapien risus. Sed consequat imperdiet tristique. Suspendisse quis rutrum mauris. In id nibh molestie, venenatis mi in, tristique metus. Maecenas pharetra, nulla luctus eleifend viverra, velit arcu commodo est, nec dapibus lacus nisi eu nisi. Maecenas interdum vitae turpis non dictum. Quisque consequat velit vitae lorem semper, at bibendum odio finibus. Interdum et malesuada fames ac ante ipsum primis in faucibus. Integer sed dictum augue, eget ullamcorper enim.\r\n\r\nNullam vel enim purus. Donec quis eleifend est. Sed efficitur mollis hendrerit. Phasellus dapibus mattis laoreet. Aenean facilisis libero non purus pellentesque consequat. Nam et porta justo, sed accumsan lorem. Praesent ac libero sit amet est aliquet euismod sed non felis. Sed leo ante, efficitur vel suscipit sed, mattis in ipsum. Vivamus pharetra venenatis risus, auctor hendrerit mauris auctor sit amet. Integer iaculis lorem a dictum vulputate. Duis sodales leo sed tristique sagittis. Nulla posuere mauris scelerisque, porttitor mi viverra, consequat enim. Suspendisse iaculis eros eu tortor eleifend, quis scelerisque mi placerat. Cras sit amet massa eget quam varius pharetra ac eu lorem. Sed bibendum ultrices efficitur.'),(76,85,0,26,'Serpenti Forever crossbody bag'),(77,76,0,26,'Lorem ipsum dolor sit amet, consectetur adipiscing elit. Maecenas interdum elit justo, eget ultricies felis posuere euismod. Etiam vitae velit ultrices, eleifend nibh id, luctus arcu. Donec vel ipsum tincidunt, rutrum neque vitae, dapibus tellus. Sed at euismod sem.'),(78,75,0,27,'Lorem ipsum dolor sit amet, consectetur adipiscing elit. Donec eu justo dui. Etiam finibus diam a fringilla sodales. Nunc feugiat, ligula quis feugiat commodo, libero eros vestibulum risus, eu egestas dolor augue at ex. Etiam at neque nisi. Nunc tristique lorem ut nisl sagittis posuere. Integer posuere metus eu dolor iaculis pretium. Cras accumsan nulla vitae gravida vulputate. Proin mollis auctor sagittis. Etiam ante diam, semper efficitur laoreet sit amet, luctus quis nisl. Integer pretium metus sit amet faucibus euismod. Aenean et finibus sapien, eget tempor dolor. Vestibulum ante ipsum primis in faucibus orci luctus et ultrices posuere cubilia curae; Nulla sagittis velit vestibulum orci sagittis interdum. Mauris rhoncus tempus ex, non aliquam orci facilisis nec. Etiam volutpat vestibulum convallis. Proin et tempor mauris.\r\n\r\nMaecenas ullamcorper tempor pretium. Donec non nibh tempor, venenatis enim maximus, tristique massa. Proin odio tellus, iaculis at sapien sit amet, ullamcorper tincidunt purus. Class aptent taciti sociosqu ad litora torquent per conubia nostra, per inceptos himenaeos. Pellentesque sit amet fringilla nunc. Nulla sit amet sapien risus. Sed consequat imperdiet tristique. Suspendisse quis rutrum mauris. In id nibh molestie, venenatis mi in, tristique metus. Maecenas pharetra, nulla luctus eleifend viverra, velit arcu commodo est, nec dapibus lacus nisi eu nisi. Maecenas interdum vitae turpis non dictum. Quisque consequat velit vitae lorem semper, at bibendum odio finibus. Interdum et malesuada fames ac ante ipsum primis in faucibus. Integer sed dictum augue, eget ullamcorper enim.\r\n\r\nNullam vel enim purus. Donec quis eleifend est. Sed efficitur mollis hendrerit. Phasellus dapibus mattis laoreet. Aenean facilisis libero non purus pellentesque consequat. Nam et porta justo, sed accumsan lorem. Praesent ac libero sit amet est aliquet euismod sed non felis. Sed leo ante, efficitur vel suscipit sed, mattis in ipsum. Vivamus pharetra venenatis risus, auctor hendrerit mauris auctor sit amet. Integer iaculis lorem a dictum vulputate. Duis sodales leo sed tristique sagittis. Nulla posuere mauris scelerisque, porttitor mi viverra, consequat enim. Suspendisse iaculis eros eu tortor eleifend, quis scelerisque mi placerat. Cras sit amet massa eget quam varius pharetra ac eu lorem. Sed bibendum ultrices efficitur.'),(79,85,0,27,'Sony Vlog Camera ZV1'),(80,76,0,27,'Lorem ipsum dolor sit amet, consectetur adipiscing elit. Maecenas interdum elit justo, eget ultricies felis posuere euismod. Etiam vitae velit ultrices, eleifend nibh id, luctus arcu. Donec vel ipsum tincidunt, rutrum neque vitae, dapibus tellus. Sed at euismod sem.'),(81,75,0,28,'Lorem ipsum dolor sit amet, consectetur adipiscing elit. Donec eu justo dui. Etiam finibus diam a fringilla sodales. Nunc feugiat, ligula quis feugiat commodo, libero eros vestibulum risus, eu egestas dolor augue at ex. Etiam at neque nisi. Nunc tristique lorem ut nisl sagittis posuere. Integer posuere metus eu dolor iaculis pretium. Cras accumsan nulla vitae gravida vulputate. Proin mollis auctor sagittis. Etiam ante diam, semper efficitur laoreet sit amet, luctus quis nisl. Integer pretium metus sit amet faucibus euismod. Aenean et finibus sapien, eget tempor dolor. Vestibulum ante ipsum primis in faucibus orci luctus et ultrices posuere cubilia curae; Nulla sagittis velit vestibulum orci sagittis interdum. Mauris rhoncus tempus ex, non aliquam orci facilisis nec. Etiam volutpat vestibulum convallis. Proin et tempor mauris.\r\n\r\nMaecenas ullamcorper tempor pretium. Donec non nibh tempor, venenatis enim maximus, tristique massa. Proin odio tellus, iaculis at sapien sit amet, ullamcorper tincidunt purus. Class aptent taciti sociosqu ad litora torquent per conubia nostra, per inceptos himenaeos. Pellentesque sit amet fringilla nunc. Nulla sit amet sapien risus. Sed consequat imperdiet tristique. Suspendisse quis rutrum mauris. In id nibh molestie, venenatis mi in, tristique metus. Maecenas pharetra, nulla luctus eleifend viverra, velit arcu commodo est, nec dapibus lacus nisi eu nisi. Maecenas interdum vitae turpis non dictum. Quisque consequat velit vitae lorem semper, at bibendum odio finibus. Interdum et malesuada fames ac ante ipsum primis in faucibus. Integer sed dictum augue, eget ullamcorper enim.\r\n\r\nNullam vel enim purus. Donec quis eleifend est. Sed efficitur mollis hendrerit. Phasellus dapibus mattis laoreet. Aenean facilisis libero non purus pellentesque consequat. Nam et porta justo, sed accumsan lorem. Praesent ac libero sit amet est aliquet euismod sed non felis. Sed leo ante, efficitur vel suscipit sed, mattis in ipsum. Vivamus pharetra venenatis risus, auctor hendrerit mauris auctor sit amet. Integer iaculis lorem a dictum vulputate. Duis sodales leo sed tristique sagittis. Nulla posuere mauris scelerisque, porttitor mi viverra, consequat enim. Suspendisse iaculis eros eu tortor eleifend, quis scelerisque mi placerat. Cras sit amet massa eget quam varius pharetra ac eu lorem. Sed bibendum ultrices efficitur.'),(82,85,0,28,'True Wireless Samsung Galaxy Buds Live'),(83,76,0,28,'Lorem ipsum dolor sit amet, consectetur adipiscing elit. Maecenas interdum elit justo, eget ultricies felis posuere euismod. Etiam vitae velit ultrices, eleifend nibh id, luctus arcu. Donec vel ipsum tincidunt, rutrum neque vitae, dapibus tellus. Sed at euismod sem.'),(84,75,0,29,'Lorem ipsum dolor sit amet, consectetur adipiscing elit. Donec eu justo dui. Etiam finibus diam a fringilla sodales. Nunc feugiat, ligula quis feugiat commodo, libero eros vestibulum risus, eu egestas dolor augue at ex. Etiam at neque nisi. Nunc tristique lorem ut nisl sagittis posuere. Integer posuere metus eu dolor iaculis pretium. Cras accumsan nulla vitae gravida vulputate. Proin mollis auctor sagittis. Etiam ante diam, semper efficitur laoreet sit amet, luctus quis nisl. Integer pretium metus sit amet faucibus euismod. Aenean et finibus sapien, eget tempor dolor. Vestibulum ante ipsum primis in faucibus orci luctus et ultrices posuere cubilia curae; Nulla sagittis velit vestibulum orci sagittis interdum. Mauris rhoncus tempus ex, non aliquam orci facilisis nec. Etiam volutpat vestibulum convallis. Proin et tempor mauris.\r\n\r\nMaecenas ullamcorper tempor pretium. Donec non nibh tempor, venenatis enim maximus, tristique massa. Proin odio tellus, iaculis at sapien sit amet, ullamcorper tincidunt purus. Class aptent taciti sociosqu ad litora torquent per conubia nostra, per inceptos himenaeos. Pellentesque sit amet fringilla nunc. Nulla sit amet sapien risus. Sed consequat imperdiet tristique. Suspendisse quis rutrum mauris. In id nibh molestie, venenatis mi in, tristique metus. Maecenas pharetra, nulla luctus eleifend viverra, velit arcu commodo est, nec dapibus lacus nisi eu nisi. Maecenas interdum vitae turpis non dictum. Quisque consequat velit vitae lorem semper, at bibendum odio finibus. Interdum et malesuada fames ac ante ipsum primis in faucibus. Integer sed dictum augue, eget ullamcorper enim.\r\n\r\nNullam vel enim purus. Donec quis eleifend est. Sed efficitur mollis hendrerit. Phasellus dapibus mattis laoreet. Aenean facilisis libero non purus pellentesque consequat. Nam et porta justo, sed accumsan lorem. Praesent ac libero sit amet est aliquet euismod sed non felis. Sed leo ante, efficitur vel suscipit sed, mattis in ipsum. Vivamus pharetra venenatis risus, auctor hendrerit mauris auctor sit amet. Integer iaculis lorem a dictum vulputate. Duis sodales leo sed tristique sagittis. Nulla posuere mauris scelerisque, porttitor mi viverra, consequat enim. Suspendisse iaculis eros eu tortor eleifend, quis scelerisque mi placerat. Cras sit amet massa eget quam varius pharetra ac eu lorem. Sed bibendum ultrices efficitur.'),(85,85,0,29,'Volcom Be Easy Dress'),(86,76,0,29,'Lorem ipsum dolor sit amet, consectetur adipiscing elit. Maecenas interdum elit justo, eget ultricies felis posuere euismod. Etiam vitae velit ultrices, eleifend nibh id, luctus arcu. Donec vel ipsum tincidunt, rutrum neque vitae, dapibus tellus. Sed at euismod sem.'),(87,75,0,30,'Lorem ipsum dolor sit amet, consectetur adipiscing elit. Donec eu justo dui. Etiam finibus diam a fringilla sodales. Nunc feugiat, ligula quis feugiat commodo, libero eros vestibulum risus, eu egestas dolor augue at ex. Etiam at neque nisi. Nunc tristique lorem ut nisl sagittis posuere. Integer posuere metus eu dolor iaculis pretium. Cras accumsan nulla vitae gravida vulputate. Proin mollis auctor sagittis. Etiam ante diam, semper efficitur laoreet sit amet, luctus quis nisl. Integer pretium metus sit amet faucibus euismod. Aenean et finibus sapien, eget tempor dolor. Vestibulum ante ipsum primis in faucibus orci luctus et ultrices posuere cubilia curae; Nulla sagittis velit vestibulum orci sagittis interdum. Mauris rhoncus tempus ex, non aliquam orci facilisis nec. Etiam volutpat vestibulum convallis. Proin et tempor mauris.\r\n\r\nMaecenas ullamcorper tempor pretium. Donec non nibh tempor, venenatis enim maximus, tristique massa. Proin odio tellus, iaculis at sapien sit amet, ullamcorper tincidunt purus. Class aptent taciti sociosqu ad litora torquent per conubia nostra, per inceptos himenaeos. Pellentesque sit amet fringilla nunc. Nulla sit amet sapien risus. Sed consequat imperdiet tristique. Suspendisse quis rutrum mauris. In id nibh molestie, venenatis mi in, tristique metus. Maecenas pharetra, nulla luctus eleifend viverra, velit arcu commodo est, nec dapibus lacus nisi eu nisi. Maecenas interdum vitae turpis non dictum. Quisque consequat velit vitae lorem semper, at bibendum odio finibus. Interdum et malesuada fames ac ante ipsum primis in faucibus. Integer sed dictum augue, eget ullamcorper enim.\r\n\r\nNullam vel enim purus. Donec quis eleifend est. Sed efficitur mollis hendrerit. Phasellus dapibus mattis laoreet. Aenean facilisis libero non purus pellentesque consequat. Nam et porta justo, sed accumsan lorem. Praesent ac libero sit amet est aliquet euismod sed non felis. Sed leo ante, efficitur vel suscipit sed, mattis in ipsum. Vivamus pharetra venenatis risus, auctor hendrerit mauris auctor sit amet. Integer iaculis lorem a dictum vulputate. Duis sodales leo sed tristique sagittis. Nulla posuere mauris scelerisque, porttitor mi viverra, consequat enim. Suspendisse iaculis eros eu tortor eleifend, quis scelerisque mi placerat. Cras sit amet massa eget quam varius pharetra ac eu lorem. Sed bibendum ultrices efficitur.'),(88,85,0,30,'Wrangler Retro Premium Corduroy Shirt'),(89,76,0,30,'Lorem ipsum dolor sit amet, consectetur adipiscing elit. Maecenas interdum elit justo, eget ultricies felis posuere euismod. Etiam vitae velit ultrices, eleifend nibh id, luctus arcu. Donec vel ipsum tincidunt, rutrum neque vitae, dapibus tellus. Sed at euismod sem.'),(90,75,0,31,'Lorem ipsum dolor sit amet, consectetur adipiscing elit. Donec eu justo dui. Etiam finibus diam a fringilla sodales. Nunc feugiat, ligula quis feugiat commodo, libero eros vestibulum risus, eu egestas dolor augue at ex. Etiam at neque nisi. Nunc tristique lorem ut nisl sagittis posuere. Integer posuere metus eu dolor iaculis pretium. Cras accumsan nulla vitae gravida vulputate. Proin mollis auctor sagittis. Etiam ante diam, semper efficitur laoreet sit amet, luctus quis nisl. Integer pretium metus sit amet faucibus euismod. Aenean et finibus sapien, eget tempor dolor. Vestibulum ante ipsum primis in faucibus orci luctus et ultrices posuere cubilia curae; Nulla sagittis velit vestibulum orci sagittis interdum. Mauris rhoncus tempus ex, non aliquam orci facilisis nec. Etiam volutpat vestibulum convallis. Proin et tempor mauris.\r\n\r\nMaecenas ullamcorper tempor pretium. Donec non nibh tempor, venenatis enim maximus, tristique massa. Proin odio tellus, iaculis at sapien sit amet, ullamcorper tincidunt purus. Class aptent taciti sociosqu ad litora torquent per conubia nostra, per inceptos himenaeos. Pellentesque sit amet fringilla nunc. Nulla sit amet sapien risus. Sed consequat imperdiet tristique. Suspendisse quis rutrum mauris. In id nibh molestie, venenatis mi in, tristique metus. Maecenas pharetra, nulla luctus eleifend viverra, velit arcu commodo est, nec dapibus lacus nisi eu nisi. Maecenas interdum vitae turpis non dictum. Quisque consequat velit vitae lorem semper, at bibendum odio finibus. Interdum et malesuada fames ac ante ipsum primis in faucibus. Integer sed dictum augue, eget ullamcorper enim.\r\n\r\nNullam vel enim purus. Donec quis eleifend est. Sed efficitur mollis hendrerit. Phasellus dapibus mattis laoreet. Aenean facilisis libero non purus pellentesque consequat. Nam et porta justo, sed accumsan lorem. Praesent ac libero sit amet est aliquet euismod sed non felis. Sed leo ante, efficitur vel suscipit sed, mattis in ipsum. Vivamus pharetra venenatis risus, auctor hendrerit mauris auctor sit amet. Integer iaculis lorem a dictum vulputate. Duis sodales leo sed tristique sagittis. Nulla posuere mauris scelerisque, porttitor mi viverra, consequat enim. Suspendisse iaculis eros eu tortor eleifend, quis scelerisque mi placerat. Cras sit amet massa eget quam varius pharetra ac eu lorem. Sed bibendum ultrices efficitur.'),(91,85,0,31,'Yellow Shirt for Men'),(92,76,0,31,'Lorem ipsum dolor sit amet, consectetur adipiscing elit. Maecenas interdum elit justo, eget ultricies felis posuere euismod. Etiam vitae velit ultrices, eleifend nibh id, luctus arcu. Donec vel ipsum tincidunt, rutrum neque vitae, dapibus tellus. Sed at euismod sem.'),(93,75,0,32,'Lorem ipsum dolor sit amet, consectetur adipiscing elit. Donec eu justo dui. Etiam finibus diam a fringilla sodales. Nunc feugiat, ligula quis feugiat commodo, libero eros vestibulum risus, eu egestas dolor augue at ex. Etiam at neque nisi. Nunc tristique lorem ut nisl sagittis posuere. Integer posuere metus eu dolor iaculis pretium. Cras accumsan nulla vitae gravida vulputate. Proin mollis auctor sagittis. Etiam ante diam, semper efficitur laoreet sit amet, luctus quis nisl. Integer pretium metus sit amet faucibus euismod. Aenean et finibus sapien, eget tempor dolor. Vestibulum ante ipsum primis in faucibus orci luctus et ultrices posuere cubilia curae; Nulla sagittis velit vestibulum orci sagittis interdum. Mauris rhoncus tempus ex, non aliquam orci facilisis nec. Etiam volutpat vestibulum convallis. Proin et tempor mauris.\r\n\r\nMaecenas ullamcorper tempor pretium. Donec non nibh tempor, venenatis enim maximus, tristique massa. Proin odio tellus, iaculis at sapien sit amet, ullamcorper tincidunt purus. Class aptent taciti sociosqu ad litora torquent per conubia nostra, per inceptos himenaeos. Pellentesque sit amet fringilla nunc. Nulla sit amet sapien risus. Sed consequat imperdiet tristique. Suspendisse quis rutrum mauris. In id nibh molestie, venenatis mi in, tristique metus. Maecenas pharetra, nulla luctus eleifend viverra, velit arcu commodo est, nec dapibus lacus nisi eu nisi. Maecenas interdum vitae turpis non dictum. Quisque consequat velit vitae lorem semper, at bibendum odio finibus. Interdum et malesuada fames ac ante ipsum primis in faucibus. Integer sed dictum augue, eget ullamcorper enim.\r\n\r\nNullam vel enim purus. Donec quis eleifend est. Sed efficitur mollis hendrerit. Phasellus dapibus mattis laoreet. Aenean facilisis libero non purus pellentesque consequat. Nam et porta justo, sed accumsan lorem. Praesent ac libero sit amet est aliquet euismod sed non felis. Sed leo ante, efficitur vel suscipit sed, mattis in ipsum. Vivamus pharetra venenatis risus, auctor hendrerit mauris auctor sit amet. Integer iaculis lorem a dictum vulputate. Duis sodales leo sed tristique sagittis. Nulla posuere mauris scelerisque, porttitor mi viverra, consequat enim. Suspendisse iaculis eros eu tortor eleifend, quis scelerisque mi placerat. Cras sit amet massa eget quam varius pharetra ac eu lorem. Sed bibendum ultrices efficitur.'),(94,85,0,32,'LG WM3900HWA'),(95,76,0,32,'Lorem ipsum dolor sit amet, consectetur adipiscing elit. Maecenas interdum elit justo, eget ultricies felis posuere euismod. Etiam vitae velit ultrices, eleifend nibh id, luctus arcu. Donec vel ipsum tincidunt, rutrum neque vitae, dapibus tellus. Sed at euismod sem.'),(96,75,0,33,'Lorem ipsum dolor sit amet, consectetur adipiscing elit. Maecenas interdum elit justo, eget ultricies felis posuere euismod. Etiam vitae velit ultrices, eleifend nibh id, luctus arcu. Donec vel ipsum tincidunt, rutrum neque vitae, dapibus tellus. Sed at euismod sem.'),(97,85,0,33,'Quindim Retro Ceramic Pendant Lamp'),(98,76,0,33,'Lorem ipsum dolor sit amet, consectetur adipiscing elit. Maecenas interdum elit justo, eget ultricies felis posuere euismod. Etiam vitae velit ultrices, eleifend nibh id, luctus arcu. Donec vel ipsum tincidunt, rutrum neque vitae, dapibus tellus. Sed at euismod sem.'),(99,75,0,34,'Lorem ipsum dolor sit amet, consectetur adipiscing elit. Donec eu justo dui. Etiam finibus diam a fringilla sodales. Nunc feugiat, ligula quis feugiat commodo, libero eros vestibulum risus, eu egestas dolor augue at ex. Etiam at neque nisi. Nunc tristique lorem ut nisl sagittis posuere. Integer posuere metus eu dolor iaculis pretium. Cras accumsan nulla vitae gravida vulputate. Proin mollis auctor sagittis. Etiam ante diam, semper efficitur laoreet sit amet, luctus quis nisl. Integer pretium metus sit amet faucibus euismod. Aenean et finibus sapien, eget tempor dolor. Vestibulum ante ipsum primis in faucibus orci luctus et ultrices posuere cubilia curae; Nulla sagittis velit vestibulum orci sagittis interdum. Mauris rhoncus tempus ex, non aliquam orci facilisis nec. Etiam volutpat vestibulum convallis. Proin et tempor mauris.\r\n\r\nMaecenas ullamcorper tempor pretium. Donec non nibh tempor, venenatis enim maximus, tristique massa. Proin odio tellus, iaculis at sapien sit amet, ullamcorper tincidunt purus. Class aptent taciti sociosqu ad litora torquent per conubia nostra, per inceptos himenaeos. Pellentesque sit amet fringilla nunc. Nulla sit amet sapien risus. Sed consequat imperdiet tristique. Suspendisse quis rutrum mauris. In id nibh molestie, venenatis mi in, tristique metus. Maecenas pharetra, nulla luctus eleifend viverra, velit arcu commodo est, nec dapibus lacus nisi eu nisi. Maecenas interdum vitae turpis non dictum. Quisque consequat velit vitae lorem semper, at bibendum odio finibus. Interdum et malesuada fames ac ante ipsum primis in faucibus. Integer sed dictum augue, eget ullamcorper enim.\r\n\r\nNullam vel enim purus. Donec quis eleifend est. Sed efficitur mollis hendrerit. Phasellus dapibus mattis laoreet. Aenean facilisis libero non purus pellentesque consequat. Nam et porta justo, sed accumsan lorem. Praesent ac libero sit amet est aliquet euismod sed non felis. Sed leo ante, efficitur vel suscipit sed, mattis in ipsum. Vivamus pharetra venenatis risus, auctor hendrerit mauris auctor sit amet. Integer iaculis lorem a dictum vulputate. Duis sodales leo sed tristique sagittis. Nulla posuere mauris scelerisque, porttitor mi viverra, consequat enim. Suspendisse iaculis eros eu tortor eleifend, quis scelerisque mi placerat. Cras sit amet massa eget quam varius pharetra ac eu lorem. Sed bibendum ultrices efficitur.'),(100,85,0,34,'REGAL 2 Seater Fabric Sofa'),(101,76,0,34,'Lorem ipsum dolor sit amet, consectetur adipiscing elit. Maecenas interdum elit justo, eget ultricies felis posuere euismod. Etiam vitae velit ultrices, eleifend nibh id, luctus arcu. Donec vel ipsum tincidunt, rutrum neque vitae, dapibus tellus. Sed at euismod sem.'),(102,75,0,35,'Lorem ipsum dolor sit amet, consectetur adipiscing elit. Donec eu justo dui. Etiam finibus diam a fringilla sodales. Nunc feugiat, ligula quis feugiat commodo, libero eros vestibulum risus, eu egestas dolor augue at ex. Etiam at neque nisi. Nunc tristique lorem ut nisl sagittis posuere. Integer posuere metus eu dolor iaculis pretium. Cras accumsan nulla vitae gravida vulputate. Proin mollis auctor sagittis. Etiam ante diam, semper efficitur laoreet sit amet, luctus quis nisl. Integer pretium metus sit amet faucibus euismod. Aenean et finibus sapien, eget tempor dolor. Vestibulum ante ipsum primis in faucibus orci luctus et ultrices posuere cubilia curae; Nulla sagittis velit vestibulum orci sagittis interdum. Mauris rhoncus tempus ex, non aliquam orci facilisis nec. Etiam volutpat vestibulum convallis. Proin et tempor mauris.\r\n\r\nMaecenas ullamcorper tempor pretium. Donec non nibh tempor, venenatis enim maximus, tristique massa. Proin odio tellus, iaculis at sapien sit amet, ullamcorper tincidunt purus. Class aptent taciti sociosqu ad litora torquent per conubia nostra, per inceptos himenaeos. Pellentesque sit amet fringilla nunc. Nulla sit amet sapien risus. Sed consequat imperdiet tristique. Suspendisse quis rutrum mauris. In id nibh molestie, venenatis mi in, tristique metus. Maecenas pharetra, nulla luctus eleifend viverra, velit arcu commodo est, nec dapibus lacus nisi eu nisi. Maecenas interdum vitae turpis non dictum. Quisque consequat velit vitae lorem semper, at bibendum odio finibus. Interdum et malesuada fames ac ante ipsum primis in faucibus. Integer sed dictum augue, eget ullamcorper enim.\r\n\r\nNullam vel enim purus. Donec quis eleifend est. Sed efficitur mollis hendrerit. Phasellus dapibus mattis laoreet. Aenean facilisis libero non purus pellentesque consequat. Nam et porta justo, sed accumsan lorem. Praesent ac libero sit amet est aliquet euismod sed non felis. Sed leo ante, efficitur vel suscipit sed, mattis in ipsum. Vivamus pharetra venenatis risus, auctor hendrerit mauris auctor sit amet. Integer iaculis lorem a dictum vulputate. Duis sodales leo sed tristique sagittis. Nulla posuere mauris scelerisque, porttitor mi viverra, consequat enim. Suspendisse iaculis eros eu tortor eleifend, quis scelerisque mi placerat. Cras sit amet massa eget quam varius pharetra ac eu lorem. Sed bibendum ultrices efficitur.'),(103,85,0,35,'Samsung American Fridge Freezer Stainless Steel'),(104,76,0,35,'Lorem ipsum dolor sit amet, consectetur adipiscing elit. Maecenas interdum elit justo, eget ultricies felis posuere euismod. Etiam vitae velit ultrices, eleifend nibh id, luctus arcu. Donec vel ipsum tincidunt, rutrum neque vitae, dapibus tellus. Sed at euismod sem.'),(105,75,0,36,'Lorem ipsum dolor sit amet, consectetur adipiscing elit. Donec eu justo dui. Etiam finibus diam a fringilla sodales. Nunc feugiat, ligula quis feugiat commodo, libero eros vestibulum risus, eu egestas dolor augue at ex. Etiam at neque nisi. Nunc tristique lorem ut nisl sagittis posuere. Integer posuere metus eu dolor iaculis pretium. Cras accumsan nulla vitae gravida vulputate. Proin mollis auctor sagittis. Etiam ante diam, semper efficitur laoreet sit amet, luctus quis nisl. Integer pretium metus sit amet faucibus euismod. Aenean et finibus sapien, eget tempor dolor. Vestibulum ante ipsum primis in faucibus orci luctus et ultrices posuere cubilia curae; Nulla sagittis velit vestibulum orci sagittis interdum. Mauris rhoncus tempus ex, non aliquam orci facilisis nec. Etiam volutpat vestibulum convallis. Proin et tempor mauris.\r\n\r\nMaecenas ullamcorper tempor pretium. Donec non nibh tempor, venenatis enim maximus, tristique massa. Proin odio tellus, iaculis at sapien sit amet, ullamcorper tincidunt purus. Class aptent taciti sociosqu ad litora torquent per conubia nostra, per inceptos himenaeos. Pellentesque sit amet fringilla nunc. Nulla sit amet sapien risus. Sed consequat imperdiet tristique. Suspendisse quis rutrum mauris. In id nibh molestie, venenatis mi in, tristique metus. Maecenas pharetra, nulla luctus eleifend viverra, velit arcu commodo est, nec dapibus lacus nisi eu nisi. Maecenas interdum vitae turpis non dictum. Quisque consequat velit vitae lorem semper, at bibendum odio finibus. Interdum et malesuada fames ac ante ipsum primis in faucibus. Integer sed dictum augue, eget ullamcorper enim.\r\n\r\nNullam vel enim purus. Donec quis eleifend est. Sed efficitur mollis hendrerit. Phasellus dapibus mattis laoreet. Aenean facilisis libero non purus pellentesque consequat. Nam et porta justo, sed accumsan lorem. Praesent ac libero sit amet est aliquet euismod sed non felis. Sed leo ante, efficitur vel suscipit sed, mattis in ipsum. Vivamus pharetra venenatis risus, auctor hendrerit mauris auctor sit amet. Integer iaculis lorem a dictum vulputate. Duis sodales leo sed tristique sagittis. Nulla posuere mauris scelerisque, porttitor mi viverra, consequat enim. Suspendisse iaculis eros eu tortor eleifend, quis scelerisque mi placerat. Cras sit amet massa eget quam varius pharetra ac eu lorem. Sed bibendum ultrices efficitur.'),(106,85,0,36,'Soborg Chair Wood Frame'),(107,76,0,36,'Lorem ipsum dolor sit amet, consectetur adipiscing elit. Maecenas interdum elit justo, eget ultricies felis posuere euismod. Etiam vitae velit ultrices, eleifend nibh id, luctus arcu. Donec vel ipsum tincidunt, rutrum neque vitae, dapibus tellus. Sed at euismod sem.'),(108,75,0,37,'Lorem ipsum dolor sit amet, consectetur adipiscing elit. Donec eu justo dui. Etiam finibus diam a fringilla sodales. Nunc feugiat, ligula quis feugiat commodo, libero eros vestibulum risus, eu egestas dolor augue at ex. Etiam at neque nisi. Nunc tristique lorem ut nisl sagittis posuere. Integer posuere metus eu dolor iaculis pretium. Cras accumsan nulla vitae gravida vulputate. Proin mollis auctor sagittis. Etiam ante diam, semper efficitur laoreet sit amet, luctus quis nisl. Integer pretium metus sit amet faucibus euismod. Aenean et finibus sapien, eget tempor dolor. Vestibulum ante ipsum primis in faucibus orci luctus et ultrices posuere cubilia curae; Nulla sagittis velit vestibulum orci sagittis interdum. Mauris rhoncus tempus ex, non aliquam orci facilisis nec. Etiam volutpat vestibulum convallis. Proin et tempor mauris.\r\n\r\nMaecenas ullamcorper tempor pretium. Donec non nibh tempor, venenatis enim maximus, tristique massa. Proin odio tellus, iaculis at sapien sit amet, ullamcorper tincidunt purus. Class aptent taciti sociosqu ad litora torquent per conubia nostra, per inceptos himenaeos. Pellentesque sit amet fringilla nunc. Nulla sit amet sapien risus. Sed consequat imperdiet tristique. Suspendisse quis rutrum mauris. In id nibh molestie, venenatis mi in, tristique metus. Maecenas pharetra, nulla luctus eleifend viverra, velit arcu commodo est, nec dapibus lacus nisi eu nisi. Maecenas interdum vitae turpis non dictum. Quisque consequat velit vitae lorem semper, at bibendum odio finibus. Interdum et malesuada fames ac ante ipsum primis in faucibus. Integer sed dictum augue, eget ullamcorper enim.\r\n\r\nNullam vel enim purus. Donec quis eleifend est. Sed efficitur mollis hendrerit. Phasellus dapibus mattis laoreet. Aenean facilisis libero non purus pellentesque consequat. Nam et porta justo, sed accumsan lorem. Praesent ac libero sit amet est aliquet euismod sed non felis. Sed leo ante, efficitur vel suscipit sed, mattis in ipsum. Vivamus pharetra venenatis risus, auctor hendrerit mauris auctor sit amet. Integer iaculis lorem a dictum vulputate. Duis sodales leo sed tristique sagittis. Nulla posuere mauris scelerisque, porttitor mi viverra, consequat enim. Suspendisse iaculis eros eu tortor eleifend, quis scelerisque mi placerat. Cras sit amet massa eget quam varius pharetra ac eu lorem. Sed bibendum ultrices efficitur.'),(109,85,0,37,'SAMSUNG Galaxy S21 2021 Bundle'),(110,76,0,37,'Lorem ipsum dolor sit amet, consectetur adipiscing elit. Maecenas interdum elit justo, eget ultricies felis posuere euismod. Etiam vitae velit ultrices, eleifend nibh id, luctus arcu. Donec vel ipsum tincidunt, rutrum neque vitae, dapibus tellus. Sed at euismod sem.'),(111,75,0,38,'Lorem ipsum dolor sit amet, consectetur adipiscing elit. Donec eu justo dui. Etiam finibus diam a fringilla sodales. Nunc feugiat, ligula quis feugiat commodo, libero eros vestibulum risus, eu egestas dolor augue at ex. Etiam at neque nisi. Nunc tristique lorem ut nisl sagittis posuere. Integer posuere metus eu dolor iaculis pretium. Cras accumsan nulla vitae gravida vulputate. Proin mollis auctor sagittis. Etiam ante diam, semper efficitur laoreet sit amet, luctus quis nisl. Integer pretium metus sit amet faucibus euismod. Aenean et finibus sapien, eget tempor dolor. Vestibulum ante ipsum primis in faucibus orci luctus et ultrices posuere cubilia curae; Nulla sagittis velit vestibulum orci sagittis interdum. Mauris rhoncus tempus ex, non aliquam orci facilisis nec. Etiam volutpat vestibulum convallis. Proin et tempor mauris.\r\n\r\nMaecenas ullamcorper tempor pretium. Donec non nibh tempor, venenatis enim maximus, tristique massa. Proin odio tellus, iaculis at sapien sit amet, ullamcorper tincidunt purus. Class aptent taciti sociosqu ad litora torquent per conubia nostra, per inceptos himenaeos. Pellentesque sit amet fringilla nunc. Nulla sit amet sapien risus. Sed consequat imperdiet tristique. Suspendisse quis rutrum mauris. In id nibh molestie, venenatis mi in, tristique metus. Maecenas pharetra, nulla luctus eleifend viverra, velit arcu commodo est, nec dapibus lacus nisi eu nisi. Maecenas interdum vitae turpis non dictum. Quisque consequat velit vitae lorem semper, at bibendum odio finibus. Interdum et malesuada fames ac ante ipsum primis in faucibus. Integer sed dictum augue, eget ullamcorper enim.\r\n\r\nNullam vel enim purus. Donec quis eleifend est. Sed efficitur mollis hendrerit. Phasellus dapibus mattis laoreet. Aenean facilisis libero non purus pellentesque consequat. Nam et porta justo, sed accumsan lorem. Praesent ac libero sit amet est aliquet euismod sed non felis. Sed leo ante, efficitur vel suscipit sed, mattis in ipsum. Vivamus pharetra venenatis risus, auctor hendrerit mauris auctor sit amet. Integer iaculis lorem a dictum vulputate. Duis sodales leo sed tristique sagittis. Nulla posuere mauris scelerisque, porttitor mi viverra, consequat enim. Suspendisse iaculis eros eu tortor eleifend, quis scelerisque mi placerat. Cras sit amet massa eget quam varius pharetra ac eu lorem. Sed bibendum ultrices efficitur.'),(112,85,0,38,'Apple Iphone X 512gb white'),(113,76,0,38,'Lorem ipsum dolor sit amet, consectetur adipiscing elit. Maecenas interdum elit justo, eget ultricies felis posuere euismod. Etiam vitae velit ultrices, eleifend nibh id, luctus arcu. Donec vel ipsum tincidunt, rutrum neque vitae, dapibus tellus. Sed at euismod sem.'),(114,85,0,39,'Config product'),(115,85,0,40,'Config product'),(116,85,0,41,'Config product'),(117,85,0,42,'Config product'),(118,76,0,39,'Lorem ipsum dolor sit amet, consectetur adipiscing elit. Maecenas interdum elit justo, eget ultricies felis posuere euismod. Etiam vitae velit ultrices, eleifend nibh id, luctus arcu. Donec vel ipsum tincidunt, rutrum neque vitae, dapibus tellus. Sed at euismod sem.\r\n'),(119,76,0,40,'Lorem ipsum dolor sit amet, consectetur adipiscing elit. Maecenas interdum elit justo, eget ultricies felis posuere euismod. Etiam vitae velit ultrices, eleifend nibh id, luctus arcu. Donec vel ipsum tincidunt, rutrum neque vitae, dapibus tellus. Sed at euismod sem.\r\n'),(120,76,0,41,'Lorem ipsum dolor sit amet, consectetur adipiscing elit. Maecenas interdum elit justo, eget ultricies felis posuere euismod. Etiam vitae velit ultrices, eleifend nibh id, luctus arcu. Donec vel ipsum tincidunt, rutrum neque vitae, dapibus tellus. Sed at euismod sem.\r\n');

--
