-- Dumping data for table `eav_entity_type`
--

INSERT INTO `eav_entity_type` VALUES (1,'customer','Magento\\Customer\\Model\\ResourceModel\\Customer','Magento\\Customer\\Model\\Attribute','customer_entity',NULL,NULL,1,'default',1,'Magento\\Eav\\Model\\Entity\\Increment\\NumericValue',0,8,'0','customer_eav_attribute','Magento\\Customer\\Model\\ResourceModel\\Attribute\\Collection'),(2,'customer_address','Magento\\Customer\\Model\\ResourceModel\\Address','Magento\\Customer\\Model\\Attribute','customer_address_entity',NULL,NULL,1,'default',2,NULL,0,8,'0','customer_eav_attribute','Magento\\Customer\\Model\\ResourceModel\\Address\\Attribute\\Collection'),(3,'catalog_category','Magento\\Catalog\\Model\\ResourceModel\\Category','Magento\\Catalog\\Model\\ResourceModel\\Eav\\Attribute','catalog_category_entity',NULL,NULL,1,'default',3,NULL,0,8,'0','catalog_eav_attribute','Magento\\Catalog\\Model\\ResourceModel\\Category\\Attribute\\Collection'),(4,'catalog_product','Magento\\Catalog\\Model\\ResourceModel\\Product','Magento\\Catalog\\Model\\ResourceModel\\Eav\\Attribute','catalog_product_entity',NULL,NULL,1,'default',4,NULL,0,8,'0','catalog_eav_attribute','Magento\\Catalog\\Model\\ResourceModel\\Product\\Attribute\\Collection'),(5,'order','Magento\\Sales\\Model\\ResourceModel\\Order',NULL,'sales_order',NULL,NULL,1,'default',5,'Magento\\Eav\\Model\\Entity\\Increment\\NumericValue',1,8,'0',NULL,NULL),(6,'invoice','Magento\\Sales\\Model\\ResourceModel\\Order\\Invoice',NULL,'sales_invoice',NULL,NULL,1,'default',6,'Magento\\Eav\\Model\\Entity\\Increment\\NumericValue',1,8,'0',NULL,NULL),(7,'creditmemo','Magento\\Sales\\Model\\ResourceModel\\Order\\Creditmemo',NULL,'sales_creditmemo',NULL,NULL,1,'default',7,'Magento\\Eav\\Model\\Entity\\Increment\\NumericValue',1,8,'0',NULL,NULL),(8,'shipment','Magento\\Sales\\Model\\ResourceModel\\Order\\Shipment',NULL,'sales_shipment',NULL,NULL,1,'default',8,'Magento\\Eav\\Model\\Entity\\Increment\\NumericValue',1,8,'0',NULL,NULL);

--
-- Table structure for table `eav_entity_varchar`
--

CREATE TABLE `eav_entity_varchar` (
  `value_id` int NOT NULL AUTO_INCREMENT COMMENT 'Value ID',
  `entity_type_id` smallint unsigned NOT NULL DEFAULT '0' COMMENT 'Entity Type ID',
  `attribute_id` smallint unsigned NOT NULL DEFAULT '0' COMMENT 'Attribute ID',
  `store_id` smallint unsigned NOT NULL DEFAULT '0' COMMENT 'Store ID',
  `entity_id` int unsigned NOT NULL DEFAULT '0' COMMENT 'Entity ID',
  `value` varchar(255) DEFAULT NULL COMMENT 'Attribute Value',
  PRIMARY KEY (`value_id`),
  UNIQUE KEY `EAV_ENTITY_VARCHAR_ENTITY_ID_ATTRIBUTE_ID_STORE_ID` (`entity_id`,`attribute_id`,`store_id`),
  KEY `EAV_ENTITY_VARCHAR_STORE_ID` (`store_id`),
  KEY `EAV_ENTITY_VARCHAR_ATTRIBUTE_ID_VALUE` (`attribute_id`,`value`),
  KEY `EAV_ENTITY_VARCHAR_ENTITY_TYPE_ID_VALUE` (`entity_type_id`,`value`),
  CONSTRAINT `EAV_ENTITY_VARCHAR_ENTITY_ID_EAV_ENTITY_ENTITY_ID` FOREIGN KEY (`entity_id`) REFERENCES `eav_entity` (`entity_id`) ON DELETE CASCADE,
  CONSTRAINT `EAV_ENTITY_VARCHAR_ENTITY_TYPE_ID_EAV_ENTITY_TYPE_ENTITY_TYPE_ID` FOREIGN KEY (`entity_type_id`) REFERENCES `eav_entity_type` (`entity_type_id`) ON DELETE CASCADE,
  CONSTRAINT `EAV_ENTITY_VARCHAR_STORE_ID_STORE_STORE_ID` FOREIGN KEY (`store_id`) REFERENCES `store` (`store_id`) ON DELETE CASCADE
) ENGINE=InnoDB DEFAULT CHARSET=utf8 COMMENT='Eav Entity Value Prefix';

--
-- Dumping data for table `eav_entity_varchar`
--


--
-- Table structure for table `eav_form_element`
--

CREATE TABLE `eav_form_element` (
  `element_id` int unsigned NOT NULL AUTO_INCREMENT COMMENT 'Element ID',
  `type_id` smallint unsigned NOT NULL COMMENT 'Type ID',
  `fieldset_id` smallint unsigned DEFAULT NULL COMMENT 'Fieldset ID',
  `attribute_id` smallint unsigned NOT NULL COMMENT 'Attribute ID',
  `sort_order` int NOT NULL DEFAULT '0' COMMENT 'Sort Order',
  PRIMARY KEY (`element_id`),
  UNIQUE KEY `EAV_FORM_ELEMENT_TYPE_ID_ATTRIBUTE_ID` (`type_id`,`attribute_id`),
  KEY `EAV_FORM_ELEMENT_FIELDSET_ID` (`fieldset_id`),
  KEY `EAV_FORM_ELEMENT_ATTRIBUTE_ID` (`attribute_id`),
  CONSTRAINT `EAV_FORM_ELEMENT_ATTRIBUTE_ID_EAV_ATTRIBUTE_ATTRIBUTE_ID` FOREIGN KEY (`attribute_id`) REFERENCES `eav_attribute` (`attribute_id`) ON DELETE CASCADE,
  CONSTRAINT `EAV_FORM_ELEMENT_FIELDSET_ID_EAV_FORM_FIELDSET_FIELDSET_ID` FOREIGN KEY (`fieldset_id`) REFERENCES `eav_form_fieldset` (`fieldset_id`) ON DELETE SET NULL,
  CONSTRAINT `EAV_FORM_ELEMENT_TYPE_ID_EAV_FORM_TYPE_TYPE_ID` FOREIGN KEY (`type_id`) REFERENCES `eav_form_type` (`type_id`) ON DELETE CASCADE
) ENGINE=InnoDB AUTO_INCREMENT=43 DEFAULT CHARSET=utf8 COMMENT='Eav Form Element';

--
-- Dumping data for table `eav_form_element`
--

INSERT INTO `eav_form_element` VALUES (1,1,NULL,23,0),(2,1,NULL,25,1),(3,1,NULL,27,2),(4,1,NULL,9,3),(5,1,NULL,28,4),(6,1,NULL,29,5),(7,1,NULL,31,6),(8,1,NULL,33,7),(9,1,NULL,30,8),(10,1,NULL,34,9),(11,1,NULL,35,10),(12,2,NULL,23,0),(13,2,NULL,25,1),(14,2,NULL,27,2),(15,2,NULL,9,3),(16,2,NULL,28,4),(17,2,NULL,29,5),(18,2,NULL,31,6),(19,2,NULL,33,7),(20,2,NULL,30,8),(21,2,NULL,34,9),(22,2,NULL,35,10),(23,3,NULL,23,0),(24,3,NULL,25,1),(25,3,NULL,27,2),(26,3,NULL,28,3),(27,3,NULL,29,4),(28,3,NULL,31,5),(29,3,NULL,33,6),(30,3,NULL,30,7),(31,3,NULL,34,8),(32,3,NULL,35,9),(33,4,NULL,23,0),(34,4,NULL,25,1),(35,4,NULL,27,2),(36,4,NULL,28,3),(37,4,NULL,29,4),(38,4,NULL,31,5),(39,4,NULL,33,6),(40,4,NULL,30,7),(41,4,NULL,34,8),(42,4,NULL,35,9);

--
-- Table structure for table `eav_form_fieldset`
--

CREATE TABLE `eav_form_fieldset` (
  `fieldset_id` smallint unsigned NOT NULL AUTO_INCREMENT COMMENT 'Fieldset ID',
  `type_id` smallint unsigned NOT NULL COMMENT 'Type ID',
  `code` varchar(64) NOT NULL COMMENT 'Code',
  `sort_order` int NOT NULL DEFAULT '0' COMMENT 'Sort Order',
  PRIMARY KEY (`fieldset_id`),
  UNIQUE KEY `EAV_FORM_FIELDSET_TYPE_ID_CODE` (`type_id`,`code`),
  CONSTRAINT `EAV_FORM_FIELDSET_TYPE_ID_EAV_FORM_TYPE_TYPE_ID` FOREIGN KEY (`type_id`) REFERENCES `eav_form_type` (`type_id`) ON DELETE CASCADE
) ENGINE=InnoDB DEFAULT CHARSET=utf8 COMMENT='Eav Form Fieldset';

--
-- Dumping data for table `eav_form_fieldset`
--


--
-- Table structure for table `eav_form_fieldset_label`
--

CREATE TABLE `eav_form_fieldset_label` (
  `fieldset_id` smallint unsigned NOT NULL COMMENT 'Fieldset ID',
  `store_id` smallint unsigned NOT NULL COMMENT 'Store ID',
  `label` varchar(255) NOT NULL COMMENT 'Label',
  PRIMARY KEY (`fieldset_id`,`store_id`),
  KEY `EAV_FORM_FIELDSET_LABEL_STORE_ID` (`store_id`),
  CONSTRAINT `EAV_FORM_FIELDSET_LABEL_STORE_ID_STORE_STORE_ID` FOREIGN KEY (`store_id`) REFERENCES `store` (`store_id`) ON DELETE CASCADE,
  CONSTRAINT `EAV_FORM_FSET_LBL_FSET_ID_EAV_FORM_FSET_FSET_ID` FOREIGN KEY (`fieldset_id`) REFERENCES `eav_form_fieldset` (`fieldset_id`) ON DELETE CASCADE
) ENGINE=InnoDB DEFAULT CHARSET=utf8 COMMENT='Eav Form Fieldset Label';

--
-- Dumping data for table `eav_form_fieldset_label`
--


--
-- Table structure for table `eav_form_type`
--

CREATE TABLE `eav_form_type` (
  `type_id` smallint unsigned NOT NULL AUTO_INCREMENT COMMENT 'Type ID',
  `code` varchar(64) NOT NULL COMMENT 'Code',
  `label` varchar(255) NOT NULL COMMENT 'Label',
  `is_system` smallint unsigned NOT NULL DEFAULT '0' COMMENT 'Is System',
  `theme` varchar(64) DEFAULT NULL COMMENT 'Theme',
  `store_id` smallint unsigned NOT NULL COMMENT 'Store ID',
  PRIMARY KEY (`type_id`),
  UNIQUE KEY `EAV_FORM_TYPE_CODE_THEME_STORE_ID` (`code`,`theme`,`store_id`),
  KEY `EAV_FORM_TYPE_STORE_ID` (`store_id`),
  CONSTRAINT `EAV_FORM_TYPE_STORE_ID_STORE_STORE_ID` FOREIGN KEY (`store_id`) REFERENCES `store` (`store_id`) ON DELETE CASCADE
) ENGINE=InnoDB AUTO_INCREMENT=5 DEFAULT CHARSET=utf8 COMMENT='Eav Form Type';

--
-- Dumping data for table `eav_form_type`
--

INSERT INTO `eav_form_type` VALUES (1,'checkout_onepage_register','checkout_onepage_register',1,'',0),(2,'checkout_onepage_register_guest','checkout_onepage_register_guest',1,'',0),(3,'checkout_onepage_billing_address','checkout_onepage_billing_address',1,'',0),(4,'checkout_onepage_shipping_address','checkout_onepage_shipping_address',1,'',0);

--
-- Table structure for table `eav_form_type_entity`
--

CREATE TABLE `eav_form_type_entity` (
  `type_id` smallint unsigned NOT NULL COMMENT 'Type ID',
  `entity_type_id` smallint unsigned NOT NULL COMMENT 'Entity Type ID',
  PRIMARY KEY (`type_id`,`entity_type_id`),
  KEY `EAV_FORM_TYPE_ENTITY_ENTITY_TYPE_ID` (`entity_type_id`),
  CONSTRAINT `EAV_FORM_TYPE_ENTITY_TYPE_ID_EAV_FORM_TYPE_TYPE_ID` FOREIGN KEY (`type_id`) REFERENCES `eav_form_type` (`type_id`) ON DELETE CASCADE,
  CONSTRAINT `EAV_FORM_TYPE_ENTT_ENTT_TYPE_ID_EAV_ENTT_TYPE_ENTT_TYPE_ID` FOREIGN KEY (`entity_type_id`) REFERENCES `eav_entity_type` (`entity_type_id`) ON DELETE CASCADE
) ENGINE=InnoDB DEFAULT CHARSET=utf8 COMMENT='Eav Form Type Entity';

--
-- Dumping data for table `eav_form_type_entity`
--

INSERT INTO `eav_form_type_entity` VALUES (1,1),(2,1),(1,2),(2,2),(3,2),(4,2);

--
-- Table structure for table `email_abandoned_cart`
--

CREATE TABLE `email_abandoned_cart` (
  `id` int unsigned NOT NULL AUTO_INCREMENT COMMENT 'Primary Key',
  `quote_id` int unsigned DEFAULT NULL COMMENT 'Quote Id',
  `store_id` smallint unsigned DEFAULT NULL COMMENT 'Store Id',
  `customer_id` int unsigned DEFAULT NULL COMMENT 'Customer ID',
  `email` varchar(255) NOT NULL DEFAULT '' COMMENT 'Email',
  `status` varchar(255) NOT NULL DEFAULT '' COMMENT 'Contact Status',
  `is_active` smallint unsigned NOT NULL DEFAULT '1' COMMENT 'Quote Active',
  `quote_updated_at` timestamp NULL DEFAULT NULL COMMENT 'Quote updated at',
  `abandoned_cart_number` smallint unsigned NOT NULL DEFAULT '0' COMMENT 'Abandoned Cart number',
  `items_count` smallint unsigned DEFAULT '0' COMMENT 'Quote items count',
  `items_ids` varchar(255) DEFAULT NULL COMMENT 'Quote item ids',
  `created_at` timestamp NULL DEFAULT NULL COMMENT 'Created At',
  `updated_at` timestamp NULL DEFAULT NULL COMMENT 'Updated at',
  PRIMARY KEY (`id`),
  KEY `EMAIL_ABANDONED_CART_QUOTE_ID` (`quote_id`),
  KEY `EMAIL_ABANDONED_CART_STORE_ID` (`store_id`),
  KEY `EMAIL_ABANDONED_CART_CUSTOMER_ID` (`customer_id`),
  KEY `EMAIL_ABANDONED_CART_EMAIL` (`email`)
) ENGINE=InnoDB DEFAULT CHARSET=utf8 COMMENT='Abandoned Carts Table';

--
-- Dumping data for table `email_abandoned_cart`
--


--
-- Table structure for table `email_automation`
--

CREATE TABLE `email_automation` (
  `id` int unsigned NOT NULL AUTO_INCREMENT COMMENT 'Primary Key',
  `automation_type` varchar(255) DEFAULT NULL COMMENT 'Automation Type',
  `store_name` varchar(255) DEFAULT NULL COMMENT 'Automation Type',
  `enrolment_status` varchar(255) NOT NULL COMMENT 'Enrolment Status',
  `email` varchar(255) DEFAULT NULL COMMENT 'Email',
  `type_id` varchar(255) DEFAULT NULL COMMENT 'Type ID',
  `program_id` varchar(255) DEFAULT NULL COMMENT 'Program ID',
  `website_id` smallint unsigned NOT NULL COMMENT 'Website Id',
  `message` varchar(255) NOT NULL COMMENT 'Message',
  `created_at` timestamp NULL DEFAULT NULL COMMENT 'Creation Time',
  `updated_at` timestamp NULL DEFAULT NULL COMMENT 'Update Time',
  PRIMARY KEY (`id`),
  KEY `EMAIL_AUTOMATION_AUTOMATION_TYPE` (`automation_type`),
  KEY `EMAIL_AUTOMATION_ENROLMENT_STATUS` (`enrolment_status`),
  KEY `EMAIL_AUTOMATION_TYPE_ID` (`type_id`),
  KEY `EMAIL_AUTOMATION_EMAIL` (`email`),
  KEY `EMAIL_AUTOMATION_PROGRAM_ID` (`program_id`),
  KEY `EMAIL_AUTOMATION_CREATED_AT` (`created_at`),
  KEY `EMAIL_AUTOMATION_UPDATED_AT` (`updated_at`),
  KEY `EMAIL_AUTOMATION_WEBSITE_ID` (`website_id`)
) ENGINE=InnoDB DEFAULT CHARSET=utf8 COMMENT='Automation Status';

--
-- Dumping data for table `email_automation`
--


--
-- Table structure for table `email_campaign`
--

CREATE TABLE `email_campaign` (
  `id` int unsigned NOT NULL AUTO_INCREMENT COMMENT 'Primary Key',
  `campaign_id` int unsigned NOT NULL COMMENT 'Campaign ID',
  `email` varchar(255) NOT NULL DEFAULT '' COMMENT 'Contact Email',
  `customer_id` int unsigned NOT NULL COMMENT 'Customer ID',
  `sent_at` timestamp NULL DEFAULT NULL COMMENT 'Send Date',
  `order_increment_id` varchar(50) NOT NULL COMMENT 'Order Increment ID',
  `quote_id` int unsigned NOT NULL COMMENT 'Sales Quote ID',
  `message` varchar(255) NOT NULL DEFAULT '' COMMENT 'Error Message',
  `checkout_method` varchar(255) NOT NULL DEFAULT '' COMMENT 'Checkout Method Used',
  `store_id` smallint unsigned NOT NULL DEFAULT '0' COMMENT 'Store ID',
  `event_name` varchar(255) NOT NULL DEFAULT '' COMMENT 'Event Name',
  `send_id` varchar(255) NOT NULL DEFAULT '' COMMENT 'Send Id',
  `send_status` smallint NOT NULL DEFAULT '0' COMMENT 'Campaign send status',
  `created_at` timestamp NULL DEFAULT NULL COMMENT 'Creation Time',
  `updated_at` timestamp NULL DEFAULT NULL COMMENT 'Update Time',
  PRIMARY KEY (`id`),
  KEY `EMAIL_CAMPAIGN_STORE_ID` (`store_id`),
  KEY `EMAIL_CAMPAIGN_CAMPAIGN_ID` (`campaign_id`),
  KEY `EMAIL_CAMPAIGN_EMAIL` (`email`),
  KEY `EMAIL_CAMPAIGN_SEND_ID` (`send_id`),
  KEY `EMAIL_CAMPAIGN_SEND_STATUS` (`send_status`),
  KEY `EMAIL_CAMPAIGN_CREATED_AT` (`created_at`),
  KEY `EMAIL_CAMPAIGN_UPDATED_AT` (`updated_at`),
  KEY `EMAIL_CAMPAIGN_SENT_AT` (`sent_at`),
  KEY `EMAIL_CAMPAIGN_EVENT_NAME` (`event_name`),
  KEY `EMAIL_CAMPAIGN_MESSAGE` (`message`),
  KEY `EMAIL_CAMPAIGN_QUOTE_ID` (`quote_id`),
  KEY `EMAIL_CAMPAIGN_CUSTOMER_ID` (`customer_id`),
  CONSTRAINT `EMAIL_CAMPAIGN_STORE_ID_CORE/STORE_STORE_ID` FOREIGN KEY (`store_id`) REFERENCES `store` (`store_id`) ON DELETE CASCADE
) ENGINE=InnoDB DEFAULT CHARSET=utf8 COMMENT='Connector Campaigns';

--
-- Dumping data for table `email_campaign`
--


--
-- Table structure for table `email_catalog`
--

CREATE TABLE `email_catalog` (
  `id` int unsigned NOT NULL AUTO_INCREMENT COMMENT 'Primary Key',
  `product_id` int unsigned NOT NULL COMMENT 'Product Id',
  `processed` smallint unsigned NOT NULL COMMENT 'Product processed',
  `created_at` timestamp NULL DEFAULT NULL COMMENT 'Creation Time',
  `updated_at` timestamp NULL DEFAULT NULL COMMENT 'Update Time',
  `last_imported_at` timestamp NULL DEFAULT NULL COMMENT 'Last imported date',
  PRIMARY KEY (`id`),
  KEY `EMAIL_CATALOG_PRODUCT_ID` (`product_id`),
  KEY `EMAIL_CATALOG_PROCESSED` (`processed`),
  KEY `EMAIL_CATALOG_CREATED_AT` (`created_at`),
  KEY `EMAIL_CATALOG_UPDATED_AT` (`updated_at`),
  KEY `EMAIL_CATALOG_LAST_IMPORTED_AT` (`last_imported_at`),
  CONSTRAINT `EMAIL_CATALOG_PRODUCT_ID_CATALOG_PRODUCT_ENTITY_ENTITY_ID` FOREIGN KEY (`product_id`) REFERENCES `catalog_product_entity` (`entity_id`) ON DELETE CASCADE
) ENGINE=InnoDB AUTO_INCREMENT=43 DEFAULT CHARSET=utf8 COMMENT='Connector Catalog';

--
-- Dumping data for table `email_catalog`
--

INSERT INTO `email_catalog` VALUES (1,1,0,'2021-06-04 06:51:01','2021-06-29 03:51:23',NULL),(2,2,0,'2021-06-04 06:52:24','2021-06-04 09:58:58',NULL),(3,3,0,'2021-06-04 06:54:24','2021-06-22 02:46:04',NULL),(4,4,0,'2021-06-04 06:58:09','2021-06-22 02:46:41',NULL),(5,5,0,'2021-06-04 07:00:17','2021-06-22 02:47:19',NULL),(6,6,0,'2021-06-04 07:02:29','2021-06-22 02:48:37',NULL),(7,7,0,'2021-06-04 07:03:53','2021-07-13 04:34:32',NULL),(8,8,0,'2021-06-04 07:05:08','2021-06-22 02:49:06',NULL),(9,9,0,'2021-06-04 07:06:15','2021-06-22 02:49:21',NULL),(10,10,0,'2021-06-04 07:07:36','2021-06-29 03:53:23',NULL),(11,11,0,'2021-06-04 07:08:42','2021-06-22 02:50:00',NULL),(12,12,0,'2021-06-04 07:09:53','2021-06-22 02:50:16',NULL),(13,13,0,'2021-06-04 07:10:59','2021-06-22 02:50:45',NULL),(14,14,0,'2021-06-04 07:12:13','2021-06-22 02:50:35',NULL),(15,15,0,'2021-06-04 07:13:08','2021-07-13 04:33:37',NULL),(16,16,0,'2021-06-04 07:14:04','2021-06-22 02:51:16',NULL),(17,17,0,'2021-06-04 07:15:00','2021-06-22 02:51:49',NULL),(18,18,0,'2021-06-04 07:15:59','2021-06-29 09:07:54',NULL),(19,19,0,'2021-06-04 07:16:56','2021-06-22 02:52:18',NULL),(20,20,0,'2021-06-04 07:18:00','2021-06-22 02:52:06',NULL),(21,21,0,'2021-06-04 07:18:55','2021-06-22 02:52:29',NULL),(22,22,0,'2021-06-04 07:19:49','2021-06-22 02:52:40',NULL),(23,23,0,'2021-06-04 07:21:00','2021-07-16 03:26:34',NULL),(24,24,0,'2021-06-04 07:21:58','2021-06-22 02:53:06',NULL),(25,25,0,'2021-06-04 07:22:02','2021-07-13 04:35:15',NULL),(26,26,0,'2021-06-04 07:23:57','2021-06-22 02:53:35',NULL),(27,27,0,'2021-06-04 07:24:44','2021-06-22 02:54:46',NULL),(28,28,0,'2021-06-04 07:26:03','2021-06-22 02:54:58',NULL),(29,29,0,'2021-06-04 07:26:55','2021-06-22 02:55:10',NULL),(30,30,0,'2021-06-04 07:27:58','2021-06-04 07:27:58',NULL),(31,31,0,'2021-06-04 07:28:50','2021-06-22 02:55:22',NULL),(32,32,0,'2021-06-04 07:54:46','2021-06-22 02:55:41',NULL),(33,33,0,'2021-06-04 07:56:32','2021-06-22 02:55:53',NULL),(34,34,0,'2021-06-04 07:57:33','2021-06-22 02:56:20',NULL),(35,35,0,'2021-06-04 08:00:01','2021-06-22 02:56:31',NULL),(36,36,0,'2021-06-04 08:00:53','2021-06-22 02:56:41',NULL),(37,37,0,'2021-06-04 08:01:45','2021-07-21 10:29:06',NULL),(38,38,0,'2021-06-04 08:05:22','2021-06-21 08:49:04',NULL),(39,39,0,'2021-06-19 04:31:00','2021-06-29 03:37:20',NULL),(40,40,0,'2021-06-19 04:31:04','2021-06-29 03:36:49',NULL),(41,41,0,'2021-06-19 04:31:07','2021-06-29 03:50:49',NULL),(42,42,0,'2021-06-19 04:31:10','2021-06-29 03:50:49',NULL);

--
-- Table structure for table `email_contact`
--

CREATE TABLE `email_contact` (
  `email_contact_id` int unsigned NOT NULL AUTO_INCREMENT COMMENT 'Primary Key',
  `is_guest` smallint unsigned DEFAULT NULL COMMENT 'Is Guest',
  `contact_id` varchar(15) DEFAULT NULL COMMENT 'Connector Contact ID',
  `customer_id` int unsigned NOT NULL COMMENT 'Customer ID',
  `website_id` smallint unsigned NOT NULL DEFAULT '0' COMMENT 'Website ID',
  `store_id` smallint unsigned NOT NULL DEFAULT '0' COMMENT 'Store ID',
  `email` varchar(255) NOT NULL DEFAULT '' COMMENT 'Customer Email',
  `is_subscriber` smallint unsigned DEFAULT NULL COMMENT 'Is Subscriber',
  `subscriber_status` smallint unsigned DEFAULT NULL COMMENT 'Subscriber status',
  `email_imported` smallint unsigned NOT NULL DEFAULT '0' COMMENT 'Is Imported',
  `subscriber_imported` smallint unsigned NOT NULL DEFAULT '0' COMMENT 'Is Subscriber Imported',
  `suppressed` smallint unsigned DEFAULT NULL COMMENT 'Is Suppressed',
  `last_subscribed_at` timestamp NULL DEFAULT NULL COMMENT 'Last time user subscribed',
  PRIMARY KEY (`email_contact_id`),
  KEY `EMAIL_CONTACT_EMAIL_CONTACT_ID` (`email_contact_id`),
  KEY `EMAIL_CONTACT_IS_GUEST` (`is_guest`),
  KEY `EMAIL_CONTACT_CUSTOMER_ID` (`customer_id`),
  KEY `EMAIL_CONTACT_WEBSITE_ID` (`website_id`),
  KEY `EMAIL_CONTACT_IS_SUBSCRIBER` (`is_subscriber`),
  KEY `EMAIL_CONTACT_SUBSCRIBER_STATUS` (`subscriber_status`),
  KEY `EMAIL_CONTACT_EMAIL_IMPORTED` (`email_imported`),
  KEY `EMAIL_CONTACT_SUBSCRIBER_IMPORTED` (`subscriber_imported`),
  KEY `EMAIL_CONTACT_SUPPRESSED` (`suppressed`),
  KEY `EMAIL_CONTACT_EMAIL` (`email`),
  KEY `EMAIL_CONTACT_CONTACT_ID` (`contact_id`),
  CONSTRAINT `EMAIL_CONTACT_WEBSITE_ID_STORE_WEBSITE_WEBSITE_ID` FOREIGN KEY (`website_id`) REFERENCES `store_website` (`website_id`) ON DELETE CASCADE
) ENGINE=InnoDB DEFAULT CHARSET=utf8 COMMENT='Connector Contacts';

--
-- Dumping data for table `email_contact`
--


--
-- Table structure for table `email_contact_consent`
--

CREATE TABLE `email_contact_consent` (
  `id` int unsigned NOT NULL AUTO_INCREMENT COMMENT 'Primary Key',
  `email_contact_id` int unsigned DEFAULT NULL COMMENT 'Email Contact Id',
  `consent_url` varchar(255) DEFAULT NULL COMMENT 'Contact consent url',
  `consent_datetime` datetime DEFAULT NULL COMMENT 'Contact consent datetime',
  `consent_ip` varchar(255) DEFAULT NULL COMMENT 'Contact consent ip',
  `consent_user_agent` varchar(255) DEFAULT NULL COMMENT 'Contact consent user agent',
  PRIMARY KEY (`id`),
  KEY `EMAIL_CONTACT_CONSENT_EMAIL_CONTACT_ID` (`email_contact_id`),
  CONSTRAINT `FK_17E9EA0C469163E550BC6B732AC49FDB` FOREIGN KEY (`email_contact_id`) REFERENCES `email_contact` (`email_contact_id`) ON DELETE CASCADE
) ENGINE=InnoDB DEFAULT CHARSET=utf8 COMMENT='Email contact consent table.';

--
-- Dumping data for table `email_contact_consent`
--


--
-- Table structure for table `email_coupon_attribute`
--

CREATE TABLE `email_coupon_attribute` (
  `id` int unsigned NOT NULL AUTO_INCREMENT COMMENT 'Primary Key',
  `salesrule_coupon_id` int unsigned NOT NULL COMMENT 'Coupon ID',
  `email` varchar(255) DEFAULT NULL COMMENT 'Email',
  `expires_at` timestamp NULL DEFAULT NULL COMMENT 'Coupon expiration date',
  PRIMARY KEY (`id`),
  KEY `EMAIL_COUPON_ATTRIBUTE_COUPON_ID` (`salesrule_coupon_id`),
  KEY `EMAIL_COUPON_ATTRIBUTE_EMAIL` (`email`),
  CONSTRAINT `EMAIL_COUPON_ATTRIBUTE_COUPON_ID_SALESRULE_COUPON_COUPON_ID` FOREIGN KEY (`salesrule_coupon_id`) REFERENCES `salesrule_coupon` (`coupon_id`) ON DELETE CASCADE
) ENGINE=InnoDB DEFAULT CHARSET=utf8 COMMENT='Dotdigital coupon attributes table';

--
-- Dumping data for table `email_coupon_attribute`
--


--
-- Table structure for table `email_failed_auth`
--

CREATE TABLE `email_failed_auth` (
  `id` int unsigned NOT NULL AUTO_INCREMENT COMMENT 'Primary Key',
  `failures_num` int unsigned DEFAULT NULL COMMENT 'Number of fails',
  `first_attempt_date` datetime DEFAULT NULL COMMENT 'First attempt date',
  `last_attempt_date` datetime DEFAULT NULL COMMENT 'Last attempt date',
  `url` varchar(255) DEFAULT NULL COMMENT 'URL',
  `store_id` int unsigned DEFAULT NULL COMMENT 'Store Id',
  PRIMARY KEY (`id`),
  KEY `EMAIL_AUTH_EDC_STORE_ID` (`store_id`)
) ENGINE=InnoDB DEFAULT CHARSET=utf8 COMMENT='Email Failed Auth Table.';

--
-- Dumping data for table `email_failed_auth`
--


--
-- Table structure for table `email_importer`
--

CREATE TABLE `email_importer` (
  `id` int unsigned NOT NULL AUTO_INCREMENT COMMENT 'Primary Key',
  `import_type` varchar(255) NOT NULL DEFAULT '' COMMENT 'Import Type',
  `website_id` smallint NOT NULL DEFAULT '0' COMMENT 'Website Id',
  `import_status` smallint NOT NULL DEFAULT '0' COMMENT 'Import Status',
  `import_id` varchar(255) NOT NULL DEFAULT '' COMMENT 'Import Id',
  `import_data` mediumblob NOT NULL COMMENT 'Import Data',
  `import_mode` varchar(255) NOT NULL DEFAULT '' COMMENT 'Import Mode',
  `import_file` text NOT NULL COMMENT 'Import File',
  `message` varchar(255) NOT NULL DEFAULT '' COMMENT 'Error Message',
  `created_at` timestamp NULL DEFAULT NULL COMMENT 'Creation Time',
  `updated_at` timestamp NULL DEFAULT NULL COMMENT 'Update Time',
  `import_started` timestamp NULL DEFAULT NULL COMMENT 'Import Started',
  `import_finished` timestamp NULL DEFAULT NULL COMMENT 'Import Finished',
  PRIMARY KEY (`id`),
  KEY `EMAIL_IMPORTER_IMPORT_TYPE` (`import_type`),
  KEY `EMAIL_IMPORTER_WEBSITE_ID` (`website_id`),
  KEY `EMAIL_IMPORTER_IMPORT_STATUS` (`import_status`),
  KEY `EMAIL_IMPORTER_IMPORT_MODE` (`import_mode`),
  KEY `EMAIL_IMPORTER_CREATED_AT` (`created_at`),
  KEY `EMAIL_IMPORTER_UPDATED_AT` (`updated_at`),
  KEY `EMAIL_IMPORTER_IMPORT_ID` (`import_id`),
  KEY `EMAIL_IMPORTER_IMPORT_STARTED` (`import_started`),
  KEY `EMAIL_IMPORTER_IMPORT_FINISHED` (`import_finished`)
) ENGINE=InnoDB DEFAULT CHARSET=utf8 COMMENT='Email Importer';

--
-- Dumping data for table `email_importer`
--


--
-- Table structure for table `email_order`
--

CREATE TABLE `email_order` (
  `email_order_id` int unsigned NOT NULL AUTO_INCREMENT COMMENT 'Primary Key',
  `order_id` int unsigned NOT NULL COMMENT 'Order ID',
  `order_status` varchar(255) NOT NULL COMMENT 'Order Status',
  `quote_id` int unsigned NOT NULL COMMENT 'Sales Quote ID',
  `store_id` smallint unsigned NOT NULL DEFAULT '0' COMMENT 'Store ID',
  `email_imported` smallint unsigned NOT NULL DEFAULT '0' COMMENT 'Is Order Imported',
  `modified` smallint unsigned DEFAULT NULL COMMENT 'Is Order Modified',
  `created_at` timestamp NULL DEFAULT NULL COMMENT 'Creation Time',
  `updated_at` timestamp NULL DEFAULT NULL COMMENT 'Update Time',
  PRIMARY KEY (`email_order_id`),
  KEY `EMAIL_ORDER_STORE_ID` (`store_id`),
  KEY `EMAIL_ORDER_QUOTE_ID` (`quote_id`),
  KEY `EMAIL_ORDER_EMAIL_IMPORTED` (`email_imported`),
  KEY `EMAIL_ORDER_ORDER_STATUS` (`order_status`),
  KEY `EMAIL_ORDER_MODIFIED` (`modified`),
  KEY `EMAIL_ORDER_UPDATED_AT` (`updated_at`),
  KEY `EMAIL_ORDER_CREATED_AT` (`created_at`),
  KEY `EMAIL_ORDER_ORDER_ID_SALES_ORDER_ENTITY_ID` (`order_id`),
  CONSTRAINT `EMAIL_ORDER_ORDER_ID_SALES_ORDER_ENTITY_ID` FOREIGN KEY (`order_id`) REFERENCES `sales_order` (`entity_id`) ON DELETE CASCADE,
  CONSTRAINT `EMAIL_ORDER_STORE_ID_STORE_STORE_ID` FOREIGN KEY (`store_id`) REFERENCES `store` (`store_id`) ON DELETE CASCADE
) ENGINE=InnoDB DEFAULT CHARSET=utf8 COMMENT='Transactional Order Data';

--
-- Dumping data for table `email_order`
--


--
-- Table structure for table `email_review`
--

CREATE TABLE `email_review` (
  `id` int unsigned NOT NULL AUTO_INCREMENT COMMENT 'Primary Key',
  `review_id` int unsigned NOT NULL COMMENT 'Review Id',
  `customer_id` int unsigned NOT NULL COMMENT 'Customer ID',
  `store_id` smallint unsigned NOT NULL COMMENT 'Store Id',
  `review_imported` smallint unsigned NOT NULL DEFAULT '0' COMMENT 'Review Imported',
  `created_at` timestamp NULL DEFAULT NULL COMMENT 'Creation Time',
  `updated_at` timestamp NULL DEFAULT NULL COMMENT 'Update Time',
  PRIMARY KEY (`id`),
  KEY `EMAIL_REVIEW_REVIEW_ID` (`review_id`),
  KEY `EMAIL_REVIEW_CUSTOMER_ID` (`customer_id`),
  KEY `EMAIL_REVIEW_STORE_ID` (`store_id`),
  KEY `EMAIL_REVIEW_REVIEW_IMPORTED` (`review_imported`),
  KEY `EMAIL_REVIEW_CREATED_AT` (`created_at`),
  KEY `EMAIL_REVIEW_UPDATED_AT` (`updated_at`)
) ENGINE=InnoDB DEFAULT CHARSET=utf8 COMMENT='Connector Reviews';

--
-- Dumping data for table `email_review`
--


--
-- Table structure for table `email_rules`
--

CREATE TABLE `email_rules` (
  `id` int unsigned NOT NULL AUTO_INCREMENT COMMENT 'Primary Key',
  `name` varchar(255) NOT NULL DEFAULT '' COMMENT 'Rule Name',
  `website_ids` varchar(255) NOT NULL DEFAULT '0' COMMENT 'Website Id',
  `type` smallint NOT NULL DEFAULT '0' COMMENT 'Rule Type',
  `status` smallint NOT NULL DEFAULT '0' COMMENT 'Status',
  `combination` smallint NOT NULL DEFAULT '1' COMMENT 'Rule Condition',
  `conditions` blob NOT NULL COMMENT 'Rule Conditions',
  `created_at` timestamp NULL DEFAULT NULL COMMENT 'Creation Time',
  `updated_at` timestamp NULL DEFAULT NULL COMMENT 'Update Time',
  PRIMARY KEY (`id`)
) ENGINE=InnoDB DEFAULT CHARSET=utf8 COMMENT='Connector Rules';

--
-- Dumping data for table `email_rules`
--


--
-- Table structure for table `email_sms_order_queue`
--

CREATE TABLE `email_sms_order_queue` (
  `id` int unsigned NOT NULL AUTO_INCREMENT COMMENT 'Primary key',
  `website_id` smallint unsigned NOT NULL DEFAULT '0' COMMENT 'Website ID',
  `store_id` smallint unsigned NOT NULL DEFAULT '0' COMMENT 'Store ID',
  `type_id` smallint unsigned NOT NULL DEFAULT '0' COMMENT 'Type ID',
  `order_id` smallint unsigned NOT NULL COMMENT 'Order ID',
  `phone_number` varchar(255) DEFAULT NULL COMMENT 'Phone number',
  `email` varchar(255) DEFAULT NULL COMMENT 'Customer email',
  `additional_data` text COMMENT 'Additional data',
  `status` smallint DEFAULT NULL COMMENT 'Status',
  `content` text COMMENT 'Message content',
  `message_id` varchar(255) DEFAULT NULL COMMENT 'Message ID',
  `message` text COMMENT 'Delivery message',
  `sent_at` timestamp NULL DEFAULT NULL COMMENT 'Sent at date',
  `created_at` timestamp NOT NULL DEFAULT CURRENT_TIMESTAMP COMMENT 'Creation time',
  `updated_at` timestamp NULL DEFAULT NULL COMMENT 'Update time',
  PRIMARY KEY (`id`),
  KEY `EMAIL_SMS_ORDER_QUEUE_WEBSITE_ID` (`website_id`),
  KEY `EMAIL_SMS_ORDER_QUEUE_STORE_ID` (`store_id`),
  CONSTRAINT `EMAIL_SMS_ORDER_QUEUE_STORE_ID_STORE_STORE_ID` FOREIGN KEY (`store_id`) REFERENCES `store` (`store_id`) ON DELETE CASCADE,
  CONSTRAINT `EMAIL_SMS_ORDER_QUEUE_WEBSITE_ID_STORE_WEBSITE_WEBSITE_ID` FOREIGN KEY (`website_id`) REFERENCES `store_website` (`website_id`) ON DELETE CASCADE
) ENGINE=InnoDB DEFAULT CHARSET=utf8 COMMENT='Dotdigital SMS order queue table';

--
-- Dumping data for table `email_sms_order_queue`
--


--
-- Table structure for table `email_template`
--

CREATE TABLE `email_template` (
  `template_id` int unsigned NOT NULL AUTO_INCREMENT COMMENT 'Template ID',
  `template_code` varchar(150) NOT NULL COMMENT 'Template Name',
  `template_text` text NOT NULL COMMENT 'Template Content',
  `template_styles` text COMMENT 'Templste Styles',
  `template_type` int unsigned DEFAULT NULL COMMENT 'Template Type',
  `template_subject` varchar(200) NOT NULL COMMENT 'Template Subject',
  `template_sender_name` varchar(200) DEFAULT NULL COMMENT 'Template Sender Name',
  `template_sender_email` varchar(200) DEFAULT NULL COMMENT 'Template Sender Email',
  `added_at` timestamp NOT NULL DEFAULT CURRENT_TIMESTAMP COMMENT 'Date of Template Creation',
  `modified_at` timestamp NOT NULL DEFAULT CURRENT_TIMESTAMP ON UPDATE CURRENT_TIMESTAMP COMMENT 'Date of Template Modification',
  `orig_template_code` varchar(200) DEFAULT NULL COMMENT 'Original Template Code',
  `orig_template_variables` text COMMENT 'Original Template Variables',
  `is_legacy` tinyint(1) NOT NULL DEFAULT '0' COMMENT 'Should the template render in legacy mode',
  PRIMARY KEY (`template_id`),
  UNIQUE KEY `EMAIL_TEMPLATE_TEMPLATE_CODE` (`template_code`),
  KEY `EMAIL_TEMPLATE_ADDED_AT` (`added_at`),
  KEY `EMAIL_TEMPLATE_MODIFIED_AT` (`modified_at`)
) ENGINE=InnoDB DEFAULT CHARSET=utf8 COMMENT='Email Templates';

--
-- Dumping data for table `email_template`
--


--
-- Table structure for table `email_wishlist`
--

CREATE TABLE `email_wishlist` (
  `id` int unsigned NOT NULL AUTO_INCREMENT COMMENT 'Primary Key',
  `wishlist_id` int unsigned NOT NULL COMMENT 'Wishlist Id',
  `item_count` int unsigned NOT NULL COMMENT 'Item Count',
  `customer_id` int unsigned DEFAULT NULL COMMENT 'Customer ID',
  `store_id` smallint unsigned NOT NULL COMMENT 'Store Id',
  `wishlist_imported` smallint unsigned NOT NULL DEFAULT '0' COMMENT 'Wishlist Imported',
  `wishlist_modified` smallint unsigned DEFAULT NULL COMMENT 'Wishlist Modified',
  `created_at` timestamp NULL DEFAULT NULL COMMENT 'Creation Time',
  `updated_at` timestamp NULL DEFAULT NULL COMMENT 'Update Time',
  PRIMARY KEY (`id`),
  KEY `EMAIL_WISHLIST_WISHLIST_ID` (`wishlist_id`),
  KEY `EMAIL_WISHLIST_ITEM_COUNT` (`item_count`),
  KEY `EMAIL_WISHLIST_CUSTOMER_ID` (`customer_id`),
  KEY `EMAIL_WISHLIST_WISHLIST_MODIFIED` (`wishlist_modified`),
  KEY `EMAIL_WISHLIST_WISHLIST_IMPORTED` (`wishlist_imported`),
  KEY `EMAIL_WISHLIST_CREATED_AT` (`created_at`),
  KEY `EMAIL_WISHLIST_UPDATED_AT` (`updated_at`),
  KEY `EMAIL_WISHLIST_STORE_ID` (`store_id`),
  CONSTRAINT `EMAIL_WISHLIST_CUSTOMER_ID_CUSTOMER_ENTITY_ENTITY_ID` FOREIGN KEY (`customer_id`) REFERENCES `customer_entity` (`entity_id`) ON DELETE CASCADE,
  CONSTRAINT `EMAIL_WISHLIST_WISHLIST_ID_WISHLIST_WISHLIST_ID` FOREIGN KEY (`wishlist_id`) REFERENCES `wishlist` (`wishlist_id`) ON DELETE CASCADE
) ENGINE=InnoDB DEFAULT CHARSET=utf8 COMMENT='Connector Wishlist';

--
-- Dumping data for table `email_wishlist`
--


--
-- Table structure for table `flag`
--

CREATE TABLE `flag` (
  `flag_id` int unsigned NOT NULL AUTO_INCREMENT COMMENT 'Flag Id',
  `flag_code` varchar(255) NOT NULL COMMENT 'Flag Code',
  `state` smallint unsigned NOT NULL DEFAULT '0' COMMENT 'Flag State',
  `flag_data` mediumtext COMMENT 'Flag Data',
  `last_update` timestamp NOT NULL DEFAULT CURRENT_TIMESTAMP ON UPDATE CURRENT_TIMESTAMP COMMENT 'Date of Last Flag Update',
  PRIMARY KEY (`flag_id`),
  KEY `FLAG_LAST_UPDATE` (`last_update`)
) ENGINE=InnoDB AUTO_INCREMENT=3 DEFAULT CHARSET=utf8 COMMENT='Flag';

--
-- Dumping data for table `flag`
--

INSERT INTO `flag` VALUES (1,'analytics_link_attempts_reverse_counter',0,'24','2021-06-03 09:20:43'),(2,'catalog_website_attribute_is_sync_required',0,'2','2021-06-04 09:03:24');

--
-- Table structure for table `gift_message`
--

CREATE TABLE `gift_message` (
  `gift_message_id` int unsigned NOT NULL AUTO_INCREMENT COMMENT 'GiftMessage ID',
  `customer_id` int unsigned NOT NULL DEFAULT '0' COMMENT 'Customer ID',
  `sender` varchar(255) DEFAULT NULL COMMENT 'Sender',
  `recipient` varchar(255) DEFAULT NULL COMMENT 'Registrant',
  `message` text COMMENT 'Message',
  PRIMARY KEY (`gift_message_id`)
) ENGINE=InnoDB DEFAULT CHARSET=utf8 COMMENT='Gift Message';

--
-- Dumping data for table `gift_message`
--


--
-- Table structure for table `googleoptimizer_code`
--

CREATE TABLE `googleoptimizer_code` (
  `code_id` int unsigned NOT NULL AUTO_INCREMENT COMMENT 'Google experiment code ID',
  `entity_id` int unsigned NOT NULL COMMENT 'Optimized entity ID product ID or catalog ID',
  `entity_type` varchar(50) DEFAULT NULL COMMENT 'Optimized entity type',
  `store_id` smallint unsigned NOT NULL COMMENT 'Store ID',
  `experiment_script` text COMMENT 'Google experiment script',
  PRIMARY KEY (`code_id`),
  UNIQUE KEY `GOOGLEOPTIMIZER_CODE_STORE_ID_ENTITY_ID_ENTITY_TYPE` (`store_id`,`entity_id`,`entity_type`),
  CONSTRAINT `GOOGLEOPTIMIZER_CODE_STORE_ID_STORE_STORE_ID` FOREIGN KEY (`store_id`) REFERENCES `store` (`store_id`) ON DELETE CASCADE
) ENGINE=InnoDB DEFAULT CHARSET=utf8 COMMENT='Google Experiment code';

--
-- Dumping data for table `googleoptimizer_code`
--


--
-- Table structure for table `import_history`
--

CREATE TABLE `import_history` (
  `history_id` int unsigned NOT NULL AUTO_INCREMENT COMMENT 'History record ID',
  `started_at` timestamp NOT NULL DEFAULT CURRENT_TIMESTAMP COMMENT 'Started at',
  `user_id` int unsigned NOT NULL DEFAULT '0' COMMENT 'User ID',
  `imported_file` varchar(255) DEFAULT NULL COMMENT 'Imported file',
  `execution_time` varchar(255) DEFAULT NULL COMMENT 'Execution time',
  `summary` varchar(255) DEFAULT NULL COMMENT 'Summary',
  `error_file` varchar(255) NOT NULL COMMENT 'Imported file with errors',
  PRIMARY KEY (`history_id`)
) ENGINE=InnoDB DEFAULT CHARSET=utf8 COMMENT='Import history table';

--
-- Dumping data for table `import_history`
--


--
-- Table structure for table `importexport_importdata`
--

CREATE TABLE `importexport_importdata` (
  `id` int unsigned NOT NULL AUTO_INCREMENT COMMENT 'ID',
  `entity` varchar(50) NOT NULL COMMENT 'Entity',
  `behavior` varchar(10) NOT NULL DEFAULT 'append' COMMENT 'Behavior',
  `data` longtext COMMENT 'Data',
  `is_processed` tinyint(1) NOT NULL DEFAULT '1' COMMENT 'Is Row Processed',
  `updated_at` timestamp NOT NULL DEFAULT CURRENT_TIMESTAMP ON UPDATE CURRENT_TIMESTAMP COMMENT 'timestamp of last update',
  PRIMARY KEY (`id`)
) ENGINE=InnoDB DEFAULT CHARSET=utf8 COMMENT='Import Data Table';

--
-- Dumping data for table `importexport_importdata`
--


--
-- Table structure for table `indexer_state`
--

CREATE TABLE `indexer_state` (
  `state_id` int unsigned NOT NULL AUTO_INCREMENT COMMENT 'Indexer State ID',
  `indexer_id` varchar(255) DEFAULT NULL COMMENT 'Indexer ID',
  `status` varchar(16) DEFAULT 'invalid' COMMENT 'Indexer Status',
  `updated` datetime DEFAULT NULL COMMENT 'Indexer Status',
  `hash_config` varchar(32) NOT NULL COMMENT 'Hash of indexer config',
  PRIMARY KEY (`state_id`),
  KEY `INDEXER_STATE_INDEXER_ID` (`indexer_id`)
) ENGINE=InnoDB AUTO_INCREMENT=12 DEFAULT CHARSET=utf8 COMMENT='Indexer State';

--
-- Dumping data for table `indexer_state`
--

INSERT INTO `indexer_state` VALUES (1,'design_config_grid','valid','2023-07-13 04:37:06','4093bda02bb3326fa72abee271e1e780'),(2,'customer_grid','valid','2022-08-31 02:52:59','4e5af2f690ebe10df8c6ebbb6cfb017f'),(3,'catalog_category_product','valid','2022-08-31 02:53:21','beaeb6808d74787002048e0be811ae43'),(4,'catalog_product_category','valid','2022-08-31 02:53:21','ea9721257bcb11963664bed08f7f9ad8'),(5,'catalogrule_rule','valid','2022-08-31 02:53:29','3907f016469d6aaa373a2aa22bb2f73d'),(6,'catalog_product_attribute','valid','2022-08-31 02:53:38','0a6a5c8e09b94ed46b33b1d1a683e91d'),(7,'cataloginventory_stock','valid','2022-08-31 02:53:44','332193d0f3cd9ea4c95a98608f97e5a7'),(8,'inventory','valid','2022-08-31 02:53:44','47146c6536a9ddbd766a1459172f6c52'),(9,'catalogrule_product','valid','2022-08-31 02:53:30','b1d68c3c5ffcc0df88d3b0d7795d0bf1'),(10,'catalog_product_price','valid','2022-08-31 02:53:49','99196f37d977dceb9716e196d4622b92'),(11,'catalogsearch_fulltext','valid','2022-08-31 02:54:13','5fad025bbcceb79420be60deca6f3420');

--
-- Table structure for table `integration`
--

CREATE TABLE `integration` (
  `integration_id` int unsigned NOT NULL AUTO_INCREMENT COMMENT 'Integration ID',
  `name` varchar(255) NOT NULL COMMENT 'Integration name is displayed in the admin interface',
  `email` varchar(255) NOT NULL COMMENT 'Email address of the contact person',
  `endpoint` varchar(255) DEFAULT NULL COMMENT 'Endpoint for posting consumer credentials',
  `status` smallint unsigned NOT NULL COMMENT 'Integration status',
  `consumer_id` int unsigned DEFAULT NULL COMMENT 'Oauth consumer',
  `created_at` timestamp NOT NULL DEFAULT CURRENT_TIMESTAMP COMMENT 'Creation Time',
  `updated_at` timestamp NOT NULL DEFAULT CURRENT_TIMESTAMP ON UPDATE CURRENT_TIMESTAMP COMMENT 'Update Time',
  `setup_type` smallint unsigned NOT NULL DEFAULT '0' COMMENT 'Integration type - manual or config file',
  `identity_link_url` varchar(255) DEFAULT NULL COMMENT 'Identity linking Url',
  PRIMARY KEY (`integration_id`),
  UNIQUE KEY `INTEGRATION_NAME` (`name`),
  UNIQUE KEY `INTEGRATION_CONSUMER_ID` (`consumer_id`),
  CONSTRAINT `INTEGRATION_CONSUMER_ID_OAUTH_CONSUMER_ENTITY_ID` FOREIGN KEY (`consumer_id`) REFERENCES `oauth_consumer` (`entity_id`) ON DELETE CASCADE
) ENGINE=InnoDB DEFAULT CHARSET=utf8 COMMENT='integration';

--
-- Dumping data for table `integration`
--


--
-- Table structure for table `inventory_geoname`
--

CREATE TABLE `inventory_geoname` (
  `country_code` varchar(64) NOT NULL,
  `postcode` varchar(64) NOT NULL,
  `city` varchar(180) NOT NULL,
  `region` varchar(100) NOT NULL,
  `province` varchar(64) NOT NULL,
  `latitude` double NOT NULL,
  `longitude` double NOT NULL,
  `entity_id` int unsigned NOT NULL AUTO_INCREMENT COMMENT 'entity id',
  PRIMARY KEY (`entity_id`)
) ENGINE=InnoDB DEFAULT CHARSET=utf8;

--
-- Dumping data for table `inventory_geoname`
--


--
-- Table structure for table `inventory_low_stock_notification_configuration`
--

CREATE TABLE `inventory_low_stock_notification_configuration` (
  `source_code` varchar(255) NOT NULL,
  `sku` varchar(64) NOT NULL,
  `notify_stock_qty` decimal(12,4) DEFAULT NULL,
  PRIMARY KEY (`source_code`,`sku`)
) ENGINE=InnoDB DEFAULT CHARSET=utf8;

--
-- Dumping data for table `inventory_low_stock_notification_configuration`
--

INSERT INTO `inventory_low_stock_notification_configuration` VALUES ('default','16-inch-Macbook-Pro',NULL),('default','Addyvero-Women\'s-Dress',NULL),('default','Apple Iphone X 512gb white',NULL),('default','Beats-Solo3-Wireless-Headphones',NULL),('default','Black Rouge Lipstick Rose Velvet 245g Burgundy Rose',NULL),('default','Canon EOS 1500D 24.1 Digital SLR Camera (Black)',NULL),('default','Config product-Black',NULL),('default','Config product-Red',NULL),('default','Config product-White',NULL),('default','DELL XPS 15 9550 (2021)',NULL),('default','Google Pixel 5',NULL),('default','GoPro Media Mod do GoPro HERO 9 Black',NULL),('default','Half Sleeves Printed Cotton Crop',NULL),('default','iPad Pro 2021',NULL),('default','iPhone 12 Product Red',NULL),('default','Jean Paul Gaultier Le Male Essence de Parfum',NULL),('default','La Vie Est Belle Intensement 100Ml Edp',NULL),('default','LG WM3900HWA',NULL),('default','Microsoft 15 Multi Touch Surface Laptop 3',NULL),('default','MSGR Strobelight GlowPowder',NULL),('default','Multicolor Shoulder Bag',NULL),('default','Nightstar Dress',NULL),('default','NIKE FLIGHT LEGACY MENS',NULL),('default','Organic Rose Water Facial Mist',NULL),('default','Perfect Marc Jacobs',NULL),('default','Polaroid Now Instant Camera with film',NULL),('default','Polaroid Snap Touch Instant Digital Camera',NULL),('default','Polaroid Snap Touch Instant Digital Camera (Red)',NULL),('default','Puma RS 0 PLAY',NULL),('default','Quindim Retro Ceramic Pendant Lamp',NULL),('default','REGAL 2 Seater Fabric Sofa',NULL),('default','Romand Zero Gram Matte Lipstick',NULL),('default','Samsung American Fridge Freezer Stainless',NULL),('default','Samsung American Fridge Freezer Stainless Steel',NULL),('default','SAMSUNG Galaxy S21 2021 Bundle',NULL),('default','Samsung Note 20 Ultra 5G',NULL),('default','Serpenti Forever crossbody bag',NULL),('default','Soborg Chair Wood Frame',NULL),('default','Soborg Chair Wood Frame New',NULL),('default','Sony Vlog Camera ZV1',NULL),('default','True Wireless Samsung Galaxy Buds Live',NULL),('default','Volcom Be Easy Dress',NULL),('default','Wash machine LG WM3900HWA inverter',NULL),('default','Wrangler Retro Premium Corduroy Shirt',NULL),('default','Yellow Shirt for Men',NULL);

--
-- Table structure for table `inventory_order_notification`
--

CREATE TABLE `inventory_order_notification` (
  `order_id` int unsigned NOT NULL AUTO_INCREMENT COMMENT 'Order ID',
  `notification_sent` smallint NOT NULL COMMENT 'Has Notification Been Sent For Order',
  `send_notification` smallint NOT NULL COMMENT 'Should Notification Be Send For Order',
  PRIMARY KEY (`order_id`),
  CONSTRAINT `INVENTORY_ORDER_NOTIFICATION_ORDER_ID_SALES_ORDER_ENTITY_ID` FOREIGN KEY (`order_id`) REFERENCES `sales_order` (`entity_id`) ON DELETE CASCADE
) ENGINE=InnoDB DEFAULT CHARSET=utf8;

--
-- Dumping data for table `inventory_order_notification`
--


--
-- Table structure for table `inventory_pickup_location_order`
--

CREATE TABLE `inventory_pickup_location_order` (
  `order_id` int unsigned NOT NULL AUTO_INCREMENT COMMENT 'Order ID',
  `pickup_location_code` varchar(255) NOT NULL COMMENT 'Pickup Location Code',
  PRIMARY KEY (`order_id`),
  CONSTRAINT `INVENTORY_PICKUP_LOCATION_ORDER_ORDER_ID_SALES_ORDER_ENTITY_ID` FOREIGN KEY (`order_id`) REFERENCES `sales_order` (`entity_id`) ON DELETE CASCADE
) ENGINE=InnoDB DEFAULT CHARSET=utf8;

--
-- Dumping data for table `inventory_pickup_location_order`
--


--
-- Table structure for table `inventory_pickup_location_quote_address`
--

CREATE TABLE `inventory_pickup_location_quote_address` (
  `address_id` int unsigned NOT NULL AUTO_INCREMENT COMMENT 'Quote Address ID',
  `pickup_location_code` varchar(255) NOT NULL COMMENT 'Pickup Location Code',
  PRIMARY KEY (`address_id`),
  CONSTRAINT `INV_PICKUP_LOCATION_QUOTE_ADDR_ADDR_ID_QUOTE_ADDR_ADDR_ID` FOREIGN KEY (`address_id`) REFERENCES `quote_address` (`address_id`) ON DELETE CASCADE
) ENGINE=InnoDB DEFAULT CHARSET=utf8;

--
-- Dumping data for table `inventory_pickup_location_quote_address`
--


--
-- Table structure for table `inventory_reservation`
--

CREATE TABLE `inventory_reservation` (
  `reservation_id` int unsigned NOT NULL AUTO_INCREMENT,
  `stock_id` int unsigned NOT NULL,
  `sku` varchar(64) NOT NULL,
  `quantity` decimal(10,4) NOT NULL DEFAULT '0.0000',
  `metadata` varchar(255) DEFAULT NULL,
  PRIMARY KEY (`reservation_id`),
  KEY `INVENTORY_RESERVATION_STOCK_ID_SKU_QUANTITY` (`stock_id`,`sku`,`quantity`)
) ENGINE=InnoDB AUTO_INCREMENT=12 DEFAULT CHARSET=utf8;

--
-- Dumping data for table `inventory_reservation`
--

INSERT INTO `inventory_reservation` VALUES (1,1,'Beats-Solo3-Wireless-Headphones',-1.0000,'{\"event_type\":\"order_placed\",\"object_type\":\"order\",\"object_id\":\"\",\"object_increment_id\":\"000000001\"}'),(2,1,'Google Pixel 5',-1.0000,'{\"event_type\":\"order_placed\",\"object_type\":\"order\",\"object_id\":\"\",\"object_increment_id\":\"000000002\"}'),(3,1,'iPad Pro 2021',-4.0000,'{\"event_type\":\"order_placed\",\"object_type\":\"order\",\"object_id\":\"\",\"object_increment_id\":\"000000003\"}'),(4,1,'iPad Pro 2021',-1.0000,'{\"event_type\":\"order_placed\",\"object_type\":\"order\",\"object_id\":\"\",\"object_increment_id\":\"000000004\"}'),(5,1,'iPad Pro 2021',-1.0000,'{\"event_type\":\"order_placed\",\"object_type\":\"order\",\"object_id\":\"\",\"object_increment_id\":\"000000005\"}'),(6,1,'iPad Pro 2021',-1.0000,'{\"event_type\":\"order_placed\",\"object_type\":\"order\",\"object_id\":\"\",\"object_increment_id\":\"000000006\"}'),(7,1,'Config product-Red',-1.0000,'{\"event_type\":\"order_placed\",\"object_type\":\"order\",\"object_id\":\"\",\"object_increment_id\":\"000000007\"}'),(8,1,'Config product-Black',-2.0000,'{\"event_type\":\"order_placed\",\"object_type\":\"order\",\"object_id\":\"\",\"object_increment_id\":\"000000008\"}'),(9,1,'Beats-Solo3-Wireless-Headphones',-1.0000,'{\"event_type\":\"order_placed\",\"object_type\":\"order\",\"object_id\":\"\",\"object_increment_id\":\"000000009\"}'),(10,1,'Config product-Black',-4.0000,'{\"event_type\":\"order_placed\",\"object_type\":\"order\",\"object_id\":\"\",\"object_increment_id\":\"000000010\"}'),(11,1,'Apple Iphone X 512gb white',-1.0000,'{\"event_type\":\"order_placed\",\"object_type\":\"order\",\"object_id\":\"\",\"object_increment_id\":\"000000011\"}');

--
-- Table structure for table `inventory_shipment_source`
--

CREATE TABLE `inventory_shipment_source` (
  `shipment_id` int unsigned NOT NULL,
  `source_code` varchar(255) NOT NULL,
  PRIMARY KEY (`shipment_id`)
) ENGINE=InnoDB DEFAULT CHARSET=utf8;

--
-- Dumping data for table `inventory_shipment_source`
--


--
-- Table structure for table `inventory_source`
--

CREATE TABLE `inventory_source` (
  `source_code` varchar(255) NOT NULL,
  `name` varchar(255) NOT NULL,
  `enabled` smallint unsigned NOT NULL DEFAULT '1',
  `description` text,
  `latitude` decimal(8,6) DEFAULT NULL,
  `longitude` decimal(9,6) DEFAULT NULL,
  `country_id` varchar(2) NOT NULL,
  `region_id` int unsigned DEFAULT NULL,
  `region` varchar(255) DEFAULT NULL,
  `city` varchar(255) DEFAULT NULL,
  `street` varchar(255) DEFAULT NULL,
  `postcode` varchar(255) NOT NULL,
  `contact_name` varchar(255) DEFAULT NULL,
  `email` varchar(255) DEFAULT NULL,
  `phone` varchar(255) DEFAULT NULL,
  `fax` varchar(255) DEFAULT NULL,
  `use_default_carrier_config` smallint unsigned NOT NULL DEFAULT '1',
  `is_pickup_location_active` tinyint(1) NOT NULL DEFAULT '0',
  `frontend_name` varchar(255) DEFAULT '',
  `frontend_description` text,
  PRIMARY KEY (`source_code`)
) ENGINE=InnoDB DEFAULT CHARSET=utf8;

--
-- Dumping data for table `inventory_source`
--

INSERT INTO `inventory_source` VALUES ('default','Default Source',1,'Default Source',0.000000,0.000000,'US',NULL,NULL,NULL,NULL,'00000',NULL,NULL,NULL,NULL,1,0,'',NULL);

--
-- Table structure for table `inventory_source_carrier_link`
--

CREATE TABLE `inventory_source_carrier_link` (
  `link_id` int unsigned NOT NULL AUTO_INCREMENT,
  `source_code` varchar(255) NOT NULL,
  `carrier_code` varchar(255) NOT NULL,
  `position` smallint unsigned DEFAULT NULL,
  PRIMARY KEY (`link_id`),
  KEY `INV_SOURCE_CARRIER_LNK_SOURCE_CODE_INV_SOURCE_SOURCE_CODE` (`source_code`),
  CONSTRAINT `INV_SOURCE_CARRIER_LNK_SOURCE_CODE_INV_SOURCE_SOURCE_CODE` FOREIGN KEY (`source_code`) REFERENCES `inventory_source` (`source_code`) ON DELETE CASCADE
) ENGINE=InnoDB DEFAULT CHARSET=utf8;

--
-- Dumping data for table `inventory_source_carrier_link`
--


--
-- Table structure for table `inventory_source_item`
--

CREATE TABLE `inventory_source_item` (
  `source_item_id` int unsigned NOT NULL AUTO_INCREMENT,
  `source_code` varchar(255) NOT NULL,
  `sku` varchar(64) NOT NULL,
  `quantity` decimal(12,4) NOT NULL DEFAULT '0.0000',
  `status` smallint unsigned NOT NULL DEFAULT '0',
  PRIMARY KEY (`source_item_id`),
  UNIQUE KEY `INVENTORY_SOURCE_ITEM_SOURCE_CODE_SKU` (`source_code`,`sku`),
  KEY `INVENTORY_SOURCE_ITEM_SKU_SOURCE_CODE_QUANTITY` (`sku`,`source_code`,`quantity`),
  CONSTRAINT `INVENTORY_SOURCE_ITEM_SOURCE_CODE_INVENTORY_SOURCE_SOURCE_CODE` FOREIGN KEY (`source_code`) REFERENCES `inventory_source` (`source_code`) ON DELETE CASCADE
) ENGINE=InnoDB AUTO_INCREMENT=358 DEFAULT CHARSET=utf8;

--
-- Dumping data for table `inventory_source_item`
--

INSERT INTO `inventory_source_item` VALUES (1,'default','16-inch-Macbook-Pro',222.0000,1),(3,'default','Addyvero-Women\'s-Dress',222.0000,1),(7,'default','Beats-Solo3-Wireless-Headphones',222.0000,1),(13,'default','Black Rouge Lipstick Rose Velvet 245g Burgundy Rose',222.0000,1),(19,'default','Canon EOS 1500D 24.1 Digital SLR Camera (Black)',222.0000,1),(21,'default','DELL XPS 15 9550 (2021)',222.0000,1),(23,'default','Google Pixel 5',22.0000,1),(25,'default','GoPro Media Mod do GoPro HERO 9 Black',33.0000,1),(27,'default','Half Sleeves Printed Cotton Crop',42.0000,1),(29,'default','iPad Pro 2021',28.0000,1),(31,'default','iPhone 12 Product Red',23.0000,1),(33,'default','Jean Paul Gaultier Le Male Essence de Parfum',12.0000,1),(35,'default','La Vie Est Belle Intensement 100Ml Edp',32.0000,1),(37,'default','Microsoft 15 Multi Touch Surface Laptop 3',124.0000,1),(39,'default','MSGR Strobelight GlowPowder',32.0000,1),(41,'default','Multicolor Shoulder Bag',45.0000,1),(43,'default','Nightstar Dress',42.0000,1),(45,'default','NIKE FLIGHT LEGACY MENS',30.0000,1),(47,'default','Organic Rose Water Facial Mist',54.0000,1),(49,'default','Perfect Marc Jacobs',32.0000,1),(51,'default','Polaroid Now Instant Camera with film',25.0000,1),(53,'default','Polaroid Snap Touch Instant Digital Camera (Red)',35.0000,1),(55,'default','Puma RS 0 PLAY',36.0000,1),(57,'default','Romand Zero Gram Matte Lipstick',36.0000,1),(59,'default','Romand Zero Gram Matte Lipstick-1',36.0000,1),(61,'default','Samsung Note 20 Ultra 5G',363.0000,1),(63,'default','Serpenti Forever crossbody bag',30.0000,1),(65,'default','Sony Vlog Camera ZV1',20.0000,1),(67,'default','True Wireless Samsung Galaxy Buds Live',32.0000,1),(69,'default','Volcom Be Easy Dress',20.0000,1),(71,'default','Wrangler Retro Premium Corduroy Shirt',21.0000,1),(73,'default','Yellow Shirt for Men',232.0000,1),(75,'default','LG WM3900HWA',222.0000,1),(77,'default','Quindim Retro Ceramic Pendant Lamp',220.0000,1),(79,'default','REGAL 2 Seater Fabric Sofa',300.0000,1),(81,'default','Samsung American Fridge Freezer Stainless Steel',33.0000,1),(83,'default','Soborg Chair Wood Frame',54.0000,1),(85,'default','SAMSUNG Galaxy S21 2021 Bundle',300.0000,1),(87,'default','Apple Iphone X 512gb white',20.0000,1),(123,'default','Polaroid Snap Touch Instant Digital Camera',35.0000,1),(139,'default','Samsung American Fridge Freezer Stainless',33.0000,1),(145,'default','Wash machine LG WM3900HWA inverter',222.0000,1),(147,'default','Soborg Chair Wood Frame New',54.0000,1),(167,'default','Config product-White',20.0000,1),(168,'default','Config product-Red',20.0000,1),(169,'default','Config product-Black',20.0000,1);

--
-- Table structure for table `inventory_source_stock_link`
--

CREATE TABLE `inventory_source_stock_link` (
  `link_id` int unsigned NOT NULL AUTO_INCREMENT,
  `stock_id` int unsigned NOT NULL,
  `source_code` varchar(255) NOT NULL,
  `priority` smallint unsigned NOT NULL,
  PRIMARY KEY (`link_id`),
  UNIQUE KEY `INVENTORY_SOURCE_STOCK_LINK_STOCK_ID_SOURCE_CODE` (`stock_id`,`source_code`),
  KEY `INV_SOURCE_STOCK_LNK_SOURCE_CODE_INV_SOURCE_SOURCE_CODE` (`source_code`),
  KEY `INVENTORY_SOURCE_STOCK_LINK_STOCK_ID_PRIORITY` (`stock_id`,`priority`),
  CONSTRAINT `INV_SOURCE_STOCK_LNK_SOURCE_CODE_INV_SOURCE_SOURCE_CODE` FOREIGN KEY (`source_code`) REFERENCES `inventory_source` (`source_code`) ON DELETE CASCADE,
  CONSTRAINT `INVENTORY_SOURCE_STOCK_LINK_STOCK_ID_INVENTORY_STOCK_STOCK_ID` FOREIGN KEY (`stock_id`) REFERENCES `inventory_stock` (`stock_id`) ON DELETE CASCADE
) ENGINE=InnoDB AUTO_INCREMENT=2 DEFAULT CHARSET=utf8;

--
-- Dumping data for table `inventory_source_stock_link`
--

INSERT INTO `inventory_source_stock_link` VALUES (1,1,'default',1);

--
-- Table structure for table `inventory_stock`
--

CREATE TABLE `inventory_stock` (
  `stock_id` int unsigned NOT NULL AUTO_INCREMENT,
  `name` varchar(255) NOT NULL,
  PRIMARY KEY (`stock_id`)
) ENGINE=InnoDB AUTO_INCREMENT=2 DEFAULT CHARSET=utf8;

--
-- Dumping data for table `inventory_stock`
--

INSERT INTO `inventory_stock` VALUES (1,'Default Stock');

--
-- Temporary view structure for view `inventory_stock_1`
--

/*!50001 DROP VIEW IF EXISTS `inventory_stock_1`*/;
/*!50001 CREATE VIEW `inventory_stock_1` AS SELECT 
 1 AS `product_id`,
 1 AS `website_id`,
 1 AS `stock_id`,
 1 AS `quantity`,
 1 AS `is_salable`,
 1 AS `sku`*/;

--
-- Table structure for table `inventory_stock_sales_channel`
--

CREATE TABLE `inventory_stock_sales_channel` (
  `type` varchar(64) NOT NULL,
  `code` varchar(64) NOT NULL,
  `stock_id` int unsigned NOT NULL,
  PRIMARY KEY (`type`,`code`),
  KEY `INVENTORY_STOCK_SALES_CHANNEL_STOCK_ID_INVENTORY_STOCK_STOCK_ID` (`stock_id`),
  CONSTRAINT `INVENTORY_STOCK_SALES_CHANNEL_STOCK_ID_INVENTORY_STOCK_STOCK_ID` FOREIGN KEY (`stock_id`) REFERENCES `inventory_stock` (`stock_id`) ON DELETE CASCADE
) ENGINE=InnoDB DEFAULT CHARSET=utf8;

--
-- Dumping data for table `inventory_stock_sales_channel`
--

INSERT INTO `inventory_stock_sales_channel` VALUES ('website','base',1);

--
-- Table structure for table `jwt_auth_revoked`
--

CREATE TABLE `jwt_auth_revoked` (
  `user_type_id` int unsigned NOT NULL COMMENT 'User Type ID',
  `user_id` int unsigned NOT NULL COMMENT 'User ID',
  `revoke_before` bigint unsigned NOT NULL COMMENT 'Not accepting tokens issued before this timestamp',
  PRIMARY KEY (`user_type_id`,`user_id`)
) ENGINE=InnoDB DEFAULT CHARSET=utf8 COMMENT='Holds revoked JWT authentication data';

--
-- Dumping data for table `jwt_auth_revoked`
--


--
-- Table structure for table `klarna_core_order`
--

CREATE TABLE `klarna_core_order` (
  `id` int unsigned NOT NULL AUTO_INCREMENT COMMENT 'Entity Id',
  `klarna_order_id` varchar(255) DEFAULT NULL COMMENT 'Klarna Order Id',
  `session_id` varchar(255) DEFAULT NULL COMMENT 'Session Id',
  `reservation_id` varchar(255) DEFAULT NULL COMMENT 'Reservation Id',
  `order_id` int unsigned NOT NULL COMMENT 'Order Id',
  `is_acknowledged` smallint NOT NULL DEFAULT '0' COMMENT 'Is Acknowledged',
  PRIMARY KEY (`id`),
  KEY `KLARNA_CORE_ORDER_IS_ACKNOWLEDGED` (`is_acknowledged`),
  KEY `KLARNA_CORE_ORDER_ORDER_ID` (`order_id`)
) ENGINE=InnoDB DEFAULT CHARSET=utf8 COMMENT='Klarna Order';

--
-- Dumping data for table `klarna_core_order`
--


--
-- Table structure for table `klarna_payments_quote`
--

CREATE TABLE `klarna_payments_quote` (
  `payments_quote_id` int unsigned NOT NULL AUTO_INCREMENT COMMENT 'Payments Id',
  `session_id` varchar(255) DEFAULT NULL COMMENT 'Klarna Session Id',
  `client_token` text COMMENT 'Klarna Client Token',
  `authorization_token` varchar(255) DEFAULT NULL COMMENT 'Authorization Token',
  `is_active` smallint NOT NULL DEFAULT '0' COMMENT 'Is Active',
  `quote_id` int unsigned NOT NULL COMMENT 'Quote Id',
  `payment_methods` varchar(255) DEFAULT NULL COMMENT 'Payment Method Categories',
  `payment_method_info` text COMMENT 'Payment Method Category Info',
  PRIMARY KEY (`payments_quote_id`),
  KEY `KLARNA_PAYMENTS_QUOTE_QUOTE_ID` (`quote_id`)
) ENGINE=InnoDB DEFAULT CHARSET=utf8 COMMENT='Klarna Payments Quote';

--
-- Dumping data for table `klarna_payments_quote`
--


--
-- Table structure for table `layout_link`
--

CREATE TABLE `layout_link` (
  `layout_link_id` int unsigned NOT NULL AUTO_INCREMENT COMMENT 'Link ID',
  `store_id` smallint unsigned NOT NULL DEFAULT '0' COMMENT 'Store ID',
  `theme_id` int unsigned NOT NULL COMMENT 'Theme ID',
  `layout_update_id` int unsigned NOT NULL DEFAULT '0' COMMENT 'Layout Update ID',
  `is_temporary` tinyint(1) NOT NULL DEFAULT '0' COMMENT 'Defines whether Layout Update is Temporary',
  PRIMARY KEY (`layout_link_id`),
  KEY `LAYOUT_LINK_THEME_ID_THEME_THEME_ID` (`theme_id`),
  KEY `LAYOUT_LINK_LAYOUT_UPDATE_ID` (`layout_update_id`),
  KEY `LAYOUT_LINK_STORE_ID_THEME_ID_LAYOUT_UPDATE_ID_IS_TEMPORARY` (`store_id`,`theme_id`,`layout_update_id`,`is_temporary`),
  CONSTRAINT `LAYOUT_LINK_LAYOUT_UPDATE_ID_LAYOUT_UPDATE_LAYOUT_UPDATE_ID` FOREIGN KEY (`layout_update_id`) REFERENCES `layout_update` (`layout_update_id`) ON DELETE CASCADE,
  CONSTRAINT `LAYOUT_LINK_STORE_ID_STORE_STORE_ID` FOREIGN KEY (`store_id`) REFERENCES `store` (`store_id`) ON DELETE CASCADE,
  CONSTRAINT `LAYOUT_LINK_THEME_ID_THEME_THEME_ID` FOREIGN KEY (`theme_id`) REFERENCES `theme` (`theme_id`) ON DELETE CASCADE
) ENGINE=InnoDB DEFAULT CHARSET=utf8 COMMENT='Layout Link';

--
-- Dumping data for table `layout_link`
--


--
-- Table structure for table `layout_update`
--

CREATE TABLE `layout_update` (
  `layout_update_id` int unsigned NOT NULL AUTO_INCREMENT COMMENT 'Layout Update ID',
  `handle` varchar(255) DEFAULT NULL COMMENT 'Handle',
  `xml` text COMMENT 'Xml',
  `sort_order` smallint NOT NULL DEFAULT '0' COMMENT 'Sort Order',
  `updated_at` timestamp NULL DEFAULT '0000-00-00 00:00:00' ON UPDATE CURRENT_TIMESTAMP COMMENT 'Last Update Timestamp',
  PRIMARY KEY (`layout_update_id`),
  KEY `LAYOUT_UPDATE_HANDLE` (`handle`)
) ENGINE=InnoDB DEFAULT CHARSET=utf8 COMMENT='Layout Updates';

--
-- Dumping data for table `layout_update`
--


--
-- Table structure for table `login_as_customer`
--

CREATE TABLE `login_as_customer` (
  `secret` varchar(64) NOT NULL COMMENT 'Login Secret',
  `customer_id` int NOT NULL COMMENT 'Customer ID',
  `admin_id` int NOT NULL COMMENT 'Admin ID',
  `created_at` timestamp NULL DEFAULT NULL COMMENT 'Creation Time',
  PRIMARY KEY (`secret`),
  KEY `LOGIN_AS_CUSTOMER_CREATED_AT` (`created_at`)
) ENGINE=InnoDB DEFAULT CHARSET=utf8 COMMENT='Magento Login as Customer Table';

--
-- Dumping data for table `login_as_customer`
--


--
-- Table structure for table `login_as_customer_assistance_allowed`
--

CREATE TABLE `login_as_customer_assistance_allowed` (
  `customer_id` int unsigned NOT NULL COMMENT 'Customer ID',
  PRIMARY KEY (`customer_id`),
  CONSTRAINT `LOGIN_AS_CSTR_ASSISTANCE_ALLOWED_CSTR_ID_CSTR_ENTT_ENTT_ID` FOREIGN KEY (`customer_id`) REFERENCES `customer_entity` (`entity_id`) ON DELETE CASCADE
) ENGINE=InnoDB DEFAULT CHARSET=utf8 COMMENT='Magento Login as Customer Assistance Allowed Table';

--
-- Dumping data for table `login_as_customer_assistance_allowed`
--

INSERT INTO `login_as_customer_assistance_allowed` VALUES (4),(5),(9),(22);

--
-- Table structure for table `magefan_blog_category`
--

CREATE TABLE `magefan_blog_category` (
  `category_id` int NOT NULL AUTO_INCREMENT COMMENT 'Category ID',
  `title` varchar(255) DEFAULT NULL COMMENT 'Category Title',
  `meta_title` varchar(255) DEFAULT NULL COMMENT 'Category Meta Title',
  `meta_keywords` text COMMENT 'Category Meta Keywords',
  `meta_description` text COMMENT 'Category Meta Description',
  `identifier` varchar(100) DEFAULT NULL COMMENT 'Category String Identifier',
  `content_heading` varchar(255) DEFAULT NULL COMMENT 'Category Content Heading',
  `content` mediumtext COMMENT 'Category Content',
  `path` varchar(255) DEFAULT NULL COMMENT 'Category Path',
  `position` smallint NOT NULL COMMENT 'Category Position',
  `posts_sort_by` smallint NOT NULL DEFAULT '0' COMMENT 'Post Sort By',
  `include_in_menu` smallint DEFAULT NULL COMMENT 'Category In Menu',
  `is_active` smallint NOT NULL DEFAULT '1' COMMENT 'Is Category Active',
  `display_mode` smallint NOT NULL DEFAULT '0' COMMENT 'Display Mode',
  `page_layout` varchar(255) DEFAULT NULL COMMENT 'Post Layout',
  `layout_update_xml` text COMMENT 'Post Layout Update Content',
  `custom_theme` varchar(100) DEFAULT NULL COMMENT 'Post Custom Theme',
  `custom_layout` varchar(255) DEFAULT NULL COMMENT 'Post Custom Template',
  `custom_layout_update_xml` text COMMENT 'Post Custom Layout Update Content',
  `custom_theme_from` date DEFAULT NULL COMMENT 'Post Custom Theme Active From Date',
  `custom_theme_to` date DEFAULT NULL COMMENT 'Post Custom Theme Active To Date',
  `posts_per_page` int DEFAULT NULL COMMENT 'Posts Per Page',
  `posts_list_template` varchar(100) DEFAULT NULL COMMENT 'Posts List Template',
  PRIMARY KEY (`category_id`),
  KEY `MAGEFAN_BLOG_CATEGORY_IDENTIFIER` (`identifier`),
  KEY `MAGEFAN_BLOG_CATEGORY_INCLUDE_IN_MENU` (`include_in_menu`),
  FULLTEXT KEY `FTI_B76AD11A0A06CC3327BA3A86A016134F` (`title`,`meta_keywords`,`meta_description`,`identifier`,`content`)
) ENGINE=InnoDB DEFAULT CHARSET=utf8 COMMENT='Magefan Blog Category Table';

--
-- Dumping data for table `magefan_blog_category`
--


--
-- Table structure for table `magefan_blog_category_store`
--

CREATE TABLE `magefan_blog_category_store` (
  `category_id` int NOT NULL COMMENT 'Category ID',
  `store_id` smallint unsigned NOT NULL COMMENT 'Store ID',
  PRIMARY KEY (`category_id`,`store_id`),
  KEY `MAGEFAN_BLOG_CATEGORY_STORE_STORE_ID` (`store_id`),
  CONSTRAINT `MAGEFAN_BLOG_CATEGORY_STORE_STORE_ID_STORE_STORE_ID` FOREIGN KEY (`store_id`) REFERENCES `store` (`store_id`) ON DELETE CASCADE,
  CONSTRAINT `MAGEFAN_BLOG_CTGR_STORE_CTGR_ID_MAGEFAN_BLOG_CTGR_CTGR_ID` FOREIGN KEY (`category_id`) REFERENCES `magefan_blog_category` (`category_id`) ON DELETE CASCADE
) ENGINE=InnoDB DEFAULT CHARSET=utf8 COMMENT='Magefan Blog Category To Store Linkage Table';

--
-- Dumping data for table `magefan_blog_category_store`
--


--
-- Table structure for table `magefan_blog_comment`
--

CREATE TABLE `magefan_blog_comment` (
  `comment_id` int NOT NULL AUTO_INCREMENT COMMENT 'Comment ID',
  `parent_id` int NOT NULL COMMENT 'Parent Comment ID',
  `post_id` int NOT NULL COMMENT 'Post ID',
  `customer_id` int DEFAULT NULL COMMENT 'Customer ID',
  `admin_id` int DEFAULT NULL COMMENT 'Admin User ID',
  `status` smallint NOT NULL COMMENT 'Comment status',
  `author_type` smallint NOT NULL COMMENT 'Author Type',
  `author_nickname` varchar(255) NOT NULL COMMENT 'Comment Author Nickname',
  `author_email` varchar(255) DEFAULT NULL COMMENT 'Comment Author Email',
  `text` mediumtext COMMENT 'Text',
  `creation_time` timestamp NULL DEFAULT NULL COMMENT 'Comment Creation Time',
  `update_time` timestamp NULL DEFAULT NULL COMMENT 'Comment Update Time',
  PRIMARY KEY (`comment_id`),
  KEY `MAGEFAN_BLOG_COMMENT_PARENT_ID` (`parent_id`),
  KEY `MAGEFAN_BLOG_COMMENT_POST_ID` (`post_id`),
  KEY `MAGEFAN_BLOG_COMMENT_CUSTOMER_ID` (`customer_id`),
  KEY `MAGEFAN_BLOG_COMMENT_ADMIN_ID` (`admin_id`),
  KEY `MAGEFAN_BLOG_COMMENT_STATUS` (`status`),
  CONSTRAINT `MAGEFAN_BLOG_COMMENT_POST_ID_MAGEFAN_BLOG_POST_POST_ID` FOREIGN KEY (`post_id`) REFERENCES `magefan_blog_post` (`post_id`) ON DELETE CASCADE
) ENGINE=InnoDB DEFAULT CHARSET=utf8 COMMENT='magefan_blog_comment';

--
-- Dumping data for table `magefan_blog_comment`
--


--
-- Table structure for table `magefan_blog_post`
--

CREATE TABLE `magefan_blog_post` (
  `post_id` int NOT NULL AUTO_INCREMENT COMMENT 'Post ID',
  `title` varchar(255) DEFAULT NULL COMMENT 'Post Title',
  `meta_title` varchar(255) DEFAULT NULL COMMENT 'Post Meta Title',
  `meta_keywords` text COMMENT 'Post Meta Keywords',
  `meta_description` text COMMENT 'Post Meta Description',
  `identifier` varchar(100) DEFAULT NULL COMMENT 'Post String Identifier',
  `og_title` varchar(255) DEFAULT NULL COMMENT 'Post OG Title',
  `og_description` varchar(255) DEFAULT NULL COMMENT 'Post OG Description',
  `og_img` varchar(255) DEFAULT NULL COMMENT 'Post OG Img',
  `og_type` varchar(255) DEFAULT NULL COMMENT 'Post OG Type',
  `content_heading` varchar(255) DEFAULT NULL COMMENT 'Post Content Heading',
  `content` mediumtext COMMENT 'Post Content',
  `creation_time` timestamp NULL DEFAULT NULL COMMENT 'Post Creation Time',
  `update_time` timestamp NULL DEFAULT NULL COMMENT 'Post Modification Time',
  `publish_time` timestamp NULL DEFAULT NULL COMMENT 'Post Publish Time',
  `is_active` smallint NOT NULL DEFAULT '1' COMMENT 'Is Post Active',
  `include_in_recent` smallint NOT NULL DEFAULT '1' COMMENT 'Include in Recent Posts',
  `position` smallint NOT NULL DEFAULT '0' COMMENT 'Position',
  `featured_img` varchar(255) DEFAULT NULL COMMENT 'Thumbnail Image',
  `featured_img_alt` varchar(255) DEFAULT NULL COMMENT 'Featured Image Alt',
  `author_id` int DEFAULT NULL COMMENT 'Author ID',
  `page_layout` varchar(255) DEFAULT NULL COMMENT 'Post Layout',
  `layout_update_xml` text COMMENT 'Post Layout Update Content',
  `custom_theme` varchar(100) DEFAULT NULL COMMENT 'Post Custom Theme',
  `custom_layout` varchar(255) DEFAULT NULL COMMENT 'Post Custom Template',
  `custom_layout_update_xml` text COMMENT 'Post Custom Layout Update Content',
  `custom_theme_from` date DEFAULT NULL COMMENT 'Post Custom Theme Active From Date',
  `custom_theme_to` date DEFAULT NULL COMMENT 'Post Custom Theme Active To Date',
  `media_gallery` mediumtext COMMENT 'Media Gallery',
  `secret` varchar(32) DEFAULT NULL COMMENT 'Post Secret',
  `views_count` int DEFAULT NULL COMMENT 'Post Views Count',
  `is_recent_posts_skip` smallint DEFAULT NULL COMMENT 'Is Post Skipped From Recent Posts',
  `short_content` mediumtext COMMENT 'Post Short Content',
  `comments_count` int DEFAULT NULL COMMENT 'Post Comment Counts',
  PRIMARY KEY (`post_id`),
  KEY `MAGEFAN_BLOG_POST_IDENTIFIER` (`identifier`),
  KEY `MAGEFAN_BLOG_POST_AUTHOR_ID` (`author_id`),
  KEY `MAGEFAN_BLOG_POST_VIEWS_COUNT` (`views_count`),
  KEY `MAGEFAN_BLOG_POST_IS_RECENT_POSTS_SKIP` (`is_recent_posts_skip`),
  FULLTEXT KEY `FTI_A5DB7871E89B230F74EDFBECEB4659FA` (`title`,`meta_keywords`,`meta_description`,`identifier`,`content`)
) ENGINE=InnoDB AUTO_INCREMENT=4 DEFAULT CHARSET=utf8 COMMENT='Magefan Blog Post Table';

--
-- Dumping data for table `magefan_blog_post`
--

INSERT INTO `magefan_blog_post` VALUES (1,'Magento 2 Blog Post Sample',NULL,'magento 2 blog sample','Magento 2 blog default post.','magento-2-blog-post-sample',NULL,NULL,NULL,NULL,'Magento 2 Blog Post Sample','Lorem ipsum dolor sit amet, consectetur adipiscing elit. Quisque quis pulvinar felis. Nunc consequat ornare augue sed scelerisque. Nunc laoreet ante ac neque cursus ornare. Praesent consectetur non metus a fermentum. Nunc turpis lorem, lobortis eu ultricies at, rutrum sed libero. Suspendisse pharetra tortor at ex interdum tincidunt. Class aptent taciti sociosqu ad litora torquent per conubia nostra, per inceptos himenaeos.\r\n\r\nDonec quis ultrices libero. Morbi eu purus lobortis dui volutpat ornare vel sed augue. Duis id sem mi. Nulla ullamcorper tincidunt massa, condimentum pretium massa tincidunt id. Aliquam pretium lobortis magna non maximus. Nunc rutrum odio a velit lobortis, vitae imperdiet enim pulvinar. Aliquam in accumsan est. Integer tincidunt mi quis orci porta, sed rutrum est pellentesque.\r\n\r\nFusce posuere fermentum volutpat. Nunc elementum et sem in varius. Sed auctor faucibus lorem nec sollicitudin. Etiam quis ligula vulputate, iaculis sapien ac, hendrerit lectus. Aenean sed lobortis felis. Ut id posuere sem. Vivamus arcu libero, varius vitae gravida vel, blandit sed lorem. Etiam a felis venenatis, faucibus leo rhoncus, hendrerit nisl.','2021-06-03 09:45:48','2021-07-20 04:04:46','2021-06-03 00:00:00',1,1,0,'magefan_blog/img-blog-1.jpg',NULL,1,NULL,NULL,NULL,NULL,NULL,NULL,NULL,NULL,NULL,0,NULL,NULL,0),(2,'Hang onto your memories',NULL,NULL,NULL,'hang-onto-your-memories',NULL,NULL,NULL,NULL,NULL,'Lorem ipsum dolor sit amet, consectetur adipiscing elit. Quisque quis pulvinar felis. Nunc consequat ornare augue sed scelerisque. Nunc laoreet ante ac neque cursus ornare. Praesent consectetur non metus a fermentum. Nunc turpis lorem, lobortis eu ultricies at, rutrum sed libero. Suspendisse pharetra tortor at ex interdum tincidunt. Class aptent taciti sociosqu ad litora torquent per conubia nostra, per inceptos himenaeos.\r\n\r\nDonec quis ultrices libero. Morbi eu purus lobortis dui volutpat ornare vel sed augue. Duis id sem mi. Nulla ullamcorper tincidunt massa, condimentum pretium massa tincidunt id. Aliquam pretium lobortis magna non maximus. Nunc rutrum odio a velit lobortis, vitae imperdiet enim pulvinar. Aliquam in accumsan est. Integer tincidunt mi quis orci porta, sed rutrum est pellentesque.\r\n\r\nFusce posuere fermentum volutpat. Nunc elementum et sem in varius. Sed auctor faucibus lorem nec sollicitudin. Etiam quis ligula vulputate, iaculis sapien ac, hendrerit lectus. Aenean sed lobortis felis. Ut id posuere sem. Vivamus arcu libero, varius vitae gravida vel, blandit sed lorem. Etiam a felis venenatis, faucibus leo rhoncus, hendrerit nisl.','2021-07-19 04:29:15','2021-07-20 04:04:34','2021-07-19 00:00:00',1,1,0,'magefan_blog/item-6.jpg',NULL,1,NULL,NULL,NULL,NULL,NULL,NULL,NULL,NULL,NULL,0,NULL,NULL,NULL),(3,'Choose the perfect design',NULL,NULL,NULL,'choose-the-perfect-design',NULL,NULL,NULL,NULL,NULL,'Lorem ipsum dolor sit amet, consectetur adipiscing elit. Quisque quis pulvinar felis. Nunc consequat ornare augue sed scelerisque. Nunc laoreet ante ac neque cursus ornare. Praesent consectetur non metus a fermentum. Nunc turpis lorem, lobortis eu ultricies at, rutrum sed libero. Suspendisse pharetra tortor at ex interdum tincidunt. Class aptent taciti sociosqu ad litora torquent per conubia nostra, per inceptos himenaeos.\r\n\r\nDonec quis ultrices libero. Morbi eu purus lobortis dui volutpat ornare vel sed augue. Duis id sem mi. Nulla ullamcorper tincidunt massa, condimentum pretium massa tincidunt id. Aliquam pretium lobortis magna non maximus. Nunc rutrum odio a velit lobortis, vitae imperdiet enim pulvinar. Aliquam in accumsan est. Integer tincidunt mi quis orci porta, sed rutrum est pellentesque.\r\n\r\nFusce posuere fermentum volutpat. Nunc elementum et sem in varius. Sed auctor faucibus lorem nec sollicitudin. Etiam quis ligula vulputate, iaculis sapien ac, hendrerit lectus. Aenean sed lobortis felis. Ut id posuere sem. Vivamus arcu libero, varius vitae gravida vel, blandit sed lorem. Etiam a felis venenatis, faucibus leo rhoncus, hendrerit nisl.','2021-07-19 04:30:11','2021-07-20 04:04:26','2021-07-19 00:00:00',1,1,0,'magefan_blog/item-5.jpg',NULL,1,NULL,NULL,NULL,NULL,NULL,NULL,NULL,NULL,NULL,0,NULL,NULL,NULL);

--
-- Table structure for table `magefan_blog_post_category`
--

CREATE TABLE `magefan_blog_post_category` (
  `post_id` int NOT NULL COMMENT 'Post ID',
  `category_id` int NOT NULL COMMENT 'Category ID',
  PRIMARY KEY (`post_id`,`category_id`),
  KEY `MAGEFAN_BLOG_POST_CATEGORY_CATEGORY_ID` (`category_id`),
  CONSTRAINT `MAGEFAN_BLOG_POST_CATEGORY_POST_ID_MAGEFAN_BLOG_POST_POST_ID` FOREIGN KEY (`post_id`) REFERENCES `magefan_blog_post` (`post_id`) ON DELETE CASCADE,
  CONSTRAINT `MAGEFAN_BLOG_POST_CTGR_CTGR_ID_MAGEFAN_BLOG_CTGR_CTGR_ID` FOREIGN KEY (`category_id`) REFERENCES `magefan_blog_category` (`category_id`) ON DELETE CASCADE
) ENGINE=InnoDB DEFAULT CHARSET=utf8 COMMENT='Magefan Blog Post To Category Linkage Table';

--
-- Dumping data for table `magefan_blog_post_category`
--


--
-- Table structure for table `magefan_blog_post_relatedpost`
--

CREATE TABLE `magefan_blog_post_relatedpost` (
  `post_id` int NOT NULL COMMENT 'Post ID',
  `related_id` int NOT NULL COMMENT 'Related Post ID',
  `position` int NOT NULL COMMENT 'Position',
  PRIMARY KEY (`post_id`,`related_id`),
  KEY `MAGEFAN_BLOG_POST_RELATEDPRODUCT_RELATED_ID` (`related_id`),
  CONSTRAINT `FK_9F26E983FE1D7D7063B61D3F3C8D1104` FOREIGN KEY (`post_id`) REFERENCES `magefan_blog_post` (`post_id`) ON DELETE CASCADE,
  CONSTRAINT `MAGEFAN_BLOG_POST_RELATEDPRD1_POST_ID_MAGEFAN_BLOG_POST_POST_ID` FOREIGN KEY (`post_id`) REFERENCES `magefan_blog_post` (`post_id`) ON DELETE CASCADE
) ENGINE=InnoDB DEFAULT CHARSET=utf8 COMMENT='Magefan Blog Post To Post Linkage Table';

--
-- Dumping data for table `magefan_blog_post_relatedpost`
--


--
-- Table structure for table `magefan_blog_post_relatedproduct`
--

CREATE TABLE `magefan_blog_post_relatedproduct` (
  `post_id` int NOT NULL COMMENT 'Post ID',
  `related_id` int unsigned NOT NULL COMMENT 'Related Product ID',
  `position` int NOT NULL COMMENT 'Position',
  PRIMARY KEY (`post_id`,`related_id`),
  KEY `MAGEFAN_BLOG_POST_RELATEDPRODUCT_RELATED_ID` (`related_id`),
  CONSTRAINT `MAGEFAN_BLOG_POST_RELATEDPRD_POST_ID_MAGEFAN_BLOG_POST_POST_ID` FOREIGN KEY (`post_id`) REFERENCES `magefan_blog_post` (`post_id`) ON DELETE CASCADE,
  CONSTRAINT `MAGEFAN_BLOG_POST_RELATEDPRD_RELATED_ID_CAT_PRD_ENTT_ENTT_ID` FOREIGN KEY (`related_id`) REFERENCES `catalog_product_entity` (`entity_id`) ON DELETE CASCADE
) ENGINE=InnoDB DEFAULT CHARSET=utf8 COMMENT='Magefan Blog Post To Product Linkage Table';

--
-- Dumping data for table `magefan_blog_post_relatedproduct`
--


--
-- Table structure for table `magefan_blog_post_store`
--

CREATE TABLE `magefan_blog_post_store` (
  `post_id` int NOT NULL COMMENT 'Post ID',
  `store_id` smallint unsigned NOT NULL COMMENT 'Store ID',
  PRIMARY KEY (`post_id`,`store_id`),
  KEY `MAGEFAN_BLOG_POST_STORE_STORE_ID` (`store_id`),
  CONSTRAINT `MAGEFAN_BLOG_POST_STORE_POST_ID_MAGEFAN_BLOG_POST_POST_ID` FOREIGN KEY (`post_id`) REFERENCES `magefan_blog_post` (`post_id`) ON DELETE CASCADE,
  CONSTRAINT `MAGEFAN_BLOG_POST_STORE_STORE_ID_STORE_STORE_ID` FOREIGN KEY (`store_id`) REFERENCES `store` (`store_id`) ON DELETE CASCADE
) ENGINE=InnoDB DEFAULT CHARSET=utf8 COMMENT='Magefan Blog Post To Store Linkage Table';

--
-- Dumping data for table `magefan_blog_post_store`
--

INSERT INTO `magefan_blog_post_store` VALUES (1,0),(2,0),(3,0);

--
-- Table structure for table `magefan_blog_post_tag`
--

CREATE TABLE `magefan_blog_post_tag` (
  `post_id` int NOT NULL COMMENT 'Post ID',
  `tag_id` int NOT NULL COMMENT 'Tag ID',
  PRIMARY KEY (`post_id`,`tag_id`),
  KEY `MAGEFAN_BLOG_POST_TAG_TAG_ID` (`tag_id`),
  CONSTRAINT `MAGEFAN_BLOG_POST_TAG_POST_ID_MAGEFAN_BLOG_POST_POST_ID` FOREIGN KEY (`post_id`) REFERENCES `magefan_blog_post` (`post_id`) ON DELETE CASCADE,
  CONSTRAINT `MAGEFAN_BLOG_POST_TAG_TAG_ID_MAGEFAN_BLOG_TAG_TAG_ID` FOREIGN KEY (`tag_id`) REFERENCES `magefan_blog_tag` (`tag_id`) ON DELETE CASCADE
) ENGINE=InnoDB DEFAULT CHARSET=utf8 COMMENT='Magefan Blog Post To Category Linkage Table';

--
-- Dumping data for table `magefan_blog_post_tag`
--


--
-- Table structure for table `magefan_blog_tag`
--

CREATE TABLE `magefan_blog_tag` (
  `tag_id` int NOT NULL AUTO_INCREMENT COMMENT 'Tag ID',
  `title` varchar(255) DEFAULT NULL COMMENT 'Tag Title',
  `meta_robots` varchar(255) DEFAULT NULL COMMENT 'Tag Default Robots',
  `meta_description` varchar(255) DEFAULT NULL COMMENT 'Tag Meta Description',
  `meta_keywords` varchar(255) DEFAULT NULL COMMENT 'Tag Meta Keywords',
  `meta_title` varchar(255) DEFAULT NULL COMMENT 'Tag Meta Title',
  `identifier` varchar(100) DEFAULT NULL COMMENT 'Tag String Identifier',
  `page_layout` varchar(255) DEFAULT NULL COMMENT 'Tag Layout',
  `is_active` smallint NOT NULL DEFAULT '1' COMMENT 'Is Tag Active',
  `content` mediumtext COMMENT 'Tag Content',
  `layout_update_xml` text COMMENT 'Tag Layout Update Content',
  `custom_theme` varchar(100) DEFAULT NULL COMMENT 'Tag Custom Theme',
  `custom_layout` varchar(255) DEFAULT NULL COMMENT 'Tag Custom Template',
  `custom_layout_update_xml` text COMMENT 'Tag Custom Layout Update Content',
  `custom_theme_from` date DEFAULT NULL COMMENT 'Tag Custom Theme Active From Date',
  `custom_theme_to` date DEFAULT NULL COMMENT 'Tag Custom Theme Active To Date',
  `posts_per_page` int DEFAULT NULL COMMENT 'Posts Per Page',
  `posts_list_template` varchar(100) DEFAULT NULL COMMENT 'Posts List Template',
  PRIMARY KEY (`tag_id`),
  KEY `MAGEFAN_BLOG_TAG_IDENTIFIER` (`identifier`),
  KEY `MAGEFAN_BLOG_TAG_IS_ACTIVE` (`is_active`)
) ENGINE=InnoDB DEFAULT CHARSET=utf8 COMMENT='Magefan Blog Tag Table';

--
-- Dumping data for table `magefan_blog_tag`
--


--
-- Table structure for table `magefan_blog_tag_store`
--

CREATE TABLE `magefan_blog_tag_store` (
  `tag_id` int NOT NULL COMMENT 'Tag ID',
  `store_id` smallint unsigned NOT NULL COMMENT 'Store ID',
  PRIMARY KEY (`tag_id`,`store_id`),
  KEY `MAGEFAN_BLOG_TAG_STORE_STORE_ID` (`store_id`),
  CONSTRAINT `MAGEFAN_BLOG_TAG_STORE_STORE_ID_STORE_STORE_ID` FOREIGN KEY (`store_id`) REFERENCES `store` (`store_id`) ON DELETE CASCADE,
  CONSTRAINT `MAGEFAN_BLOG_TAG_STORE_TAG_ID_MAGEFAN_BLOG_TAG_TAG_ID` FOREIGN KEY (`tag_id`) REFERENCES `magefan_blog_tag` (`tag_id`) ON DELETE CASCADE
) ENGINE=InnoDB DEFAULT CHARSET=utf8 COMMENT='Magefan Blog Tag To Store Linkage Table';

--
-- Dumping data for table `magefan_blog_tag_store`
--


--
-- Table structure for table `magento_acknowledged_bulk`
--

CREATE TABLE `magento_acknowledged_bulk` (
  `id` int unsigned NOT NULL AUTO_INCREMENT COMMENT 'Internal ID',
  `bulk_uuid` varbinary(39) DEFAULT NULL COMMENT 'Related Bulk UUID',
  PRIMARY KEY (`id`),
  UNIQUE KEY `MAGENTO_ACKNOWLEDGED_BULK_BULK_UUID` (`bulk_uuid`),
  CONSTRAINT `MAGENTO_ACKNOWLEDGED_BULK_BULK_UUID_MAGENTO_BULK_UUID` FOREIGN KEY (`bulk_uuid`) REFERENCES `magento_bulk` (`uuid`) ON DELETE CASCADE
) ENGINE=InnoDB DEFAULT CHARSET=utf8 COMMENT='Bulk that was viewed by user from notification area';

--
-- Dumping data for table `magento_acknowledged_bulk`
--


--
-- Table structure for table `magento_bulk`
--

CREATE TABLE `magento_bulk` (
  `id` int unsigned NOT NULL AUTO_INCREMENT COMMENT 'Bulk Internal ID (must not be exposed)',
  `uuid` varbinary(39) DEFAULT NULL COMMENT 'Bulk UUID (can be exposed to reference bulk entity)',
  `user_id` int unsigned DEFAULT NULL COMMENT 'ID of the WebAPI user that performed an action',
  `user_type` int DEFAULT NULL COMMENT 'Which type of user',
  `description` varchar(255) DEFAULT NULL COMMENT 'Bulk Description',
  `operation_count` int unsigned NOT NULL COMMENT 'Total number of operations scheduled within this bulk',
  `start_time` timestamp NOT NULL DEFAULT CURRENT_TIMESTAMP COMMENT 'Bulk start time',
  PRIMARY KEY (`id`),
  UNIQUE KEY `MAGENTO_BULK_UUID` (`uuid`),
  KEY `MAGENTO_BULK_USER_ID` (`user_id`),
  KEY `MAGENTO_BULK_START_TIME` (`start_time`)
) ENGINE=InnoDB DEFAULT CHARSET=utf8 COMMENT='Bulk entity that represents set of related asynchronous operations';

--
-- Dumping data for table `magento_bulk`
--


--
-- Table structure for table `magento_login_as_customer_log`
--

CREATE TABLE `magento_login_as_customer_log` (
  `log_id` int NOT NULL AUTO_INCREMENT COMMENT 'Log Id',
  `time` timestamp NULL DEFAULT NULL COMMENT 'Event Date',
  `user_id` int unsigned DEFAULT NULL COMMENT 'User Id',
  `user_name` varchar(40) DEFAULT NULL COMMENT 'User Name',
  `customer_id` int unsigned DEFAULT NULL COMMENT 'Customer Id',
  `customer_email` varchar(40) DEFAULT NULL COMMENT 'Customer email',
  PRIMARY KEY (`log_id`),
  KEY `MAGENTO_LOGIN_AS_CUSTOMER_LOG_USER_ID` (`user_id`)
) ENGINE=InnoDB DEFAULT CHARSET=utf8 COMMENT='Login as Customer Logging';

--
-- Dumping data for table `magento_login_as_customer_log`
--


--
-- Table structure for table `magento_operation`
--

CREATE TABLE `magento_operation` (
  `id` int unsigned NOT NULL AUTO_INCREMENT COMMENT 'Operation ID',
  `operation_key` int unsigned DEFAULT NULL COMMENT 'Operation Key',
  `bulk_uuid` varbinary(39) DEFAULT NULL COMMENT 'Related Bulk UUID',
  `topic_name` varchar(255) DEFAULT NULL COMMENT 'Name of the related message queue topic',
  `serialized_data` blob COMMENT 'Data (serialized) required to perform an operation',
  `result_serialized_data` blob COMMENT 'Result data (serialized) after perform an operation',
  `status` smallint DEFAULT '0' COMMENT 'Operation status (OPEN | COMPLETE | RETRIABLY_FAILED | NOT_RETRIABLY_FAILED)',
  `error_code` smallint DEFAULT NULL COMMENT 'Code of the error that appeared during operation execution (used to aggregate related failed operations)',
  `result_message` varchar(255) DEFAULT NULL COMMENT 'Operation result message',
  `started_at` timestamp NULL DEFAULT NULL COMMENT 'Datetime the operation started processing',
  PRIMARY KEY (`id`),
  KEY `MAGENTO_OPERATION_BULK_UUID_ERROR_CODE` (`bulk_uuid`,`error_code`),
  KEY `MAGENTO_OPERATION_STATUS_STARTED_AT` (`status`,`started_at`),
  CONSTRAINT `MAGENTO_OPERATION_BULK_UUID_MAGENTO_BULK_UUID` FOREIGN KEY (`bulk_uuid`) REFERENCES `magento_bulk` (`uuid`) ON DELETE CASCADE
) ENGINE=InnoDB DEFAULT CHARSET=utf8 COMMENT='Operation entity';

--
-- Dumping data for table `magento_operation`
--


--
-- Table structure for table `media_content_asset`
--

CREATE TABLE `media_content_asset` (
  `asset_id` int unsigned NOT NULL COMMENT 'Entity ID',
  `entity_type` varchar(255) NOT NULL COMMENT 'Content type',
  `entity_id` varchar(255) NOT NULL COMMENT 'Content entity id',
  `field` varchar(255) NOT NULL COMMENT 'Content field',
  PRIMARY KEY (`entity_type`,`entity_id`,`field`,`asset_id`),
  KEY `MEDIA_CONTENT_ASSET_ASSET_ID` (`asset_id`)
) ENGINE=InnoDB DEFAULT CHARSET=utf8 COMMENT='Relation between media content and media asset';

--
-- Dumping data for table `media_content_asset`
--


--
-- Table structure for table `media_gallery_asset`
--

CREATE TABLE `media_gallery_asset` (
  `id` int unsigned NOT NULL AUTO_INCREMENT COMMENT 'Entity ID',
  `path` text COMMENT 'Path',
  `title` varchar(255) DEFAULT NULL COMMENT 'Title',
  `description` text COMMENT 'Description',
  `source` varchar(255) DEFAULT NULL COMMENT 'Source',
  `hash` varchar(255) DEFAULT NULL COMMENT 'File hash',
  `content_type` varchar(255) DEFAULT NULL COMMENT 'Content Type',
  `width` int unsigned NOT NULL DEFAULT '0' COMMENT 'Width',
  `height` int unsigned NOT NULL DEFAULT '0' COMMENT 'Height',
  `size` int unsigned NOT NULL COMMENT 'Asset file size in bytes',
  `created_at` timestamp NOT NULL DEFAULT CURRENT_TIMESTAMP COMMENT 'Created At',
  `updated_at` timestamp NOT NULL DEFAULT CURRENT_TIMESTAMP ON UPDATE CURRENT_TIMESTAMP COMMENT 'Updated At',
  PRIMARY KEY (`id`),
  KEY `MEDIA_GALLERY_ASSET_ID` (`id`),
  FULLTEXT KEY `MEDIA_GALLERY_ASSET_TITLE` (`title`)
) ENGINE=InnoDB DEFAULT CHARSET=utf8 COMMENT='Media Gallery Asset';

--
-- Dumping data for table `media_gallery_asset`
--


--
-- Table structure for table `media_gallery_asset_keyword`
--

CREATE TABLE `media_gallery_asset_keyword` (
  `keyword_id` int unsigned NOT NULL COMMENT 'Keyword Id',
  `asset_id` int unsigned NOT NULL COMMENT 'Asset ID',
  PRIMARY KEY (`keyword_id`,`asset_id`),
  KEY `MEDIA_GALLERY_ASSET_KEYWORD_ASSET_ID` (`asset_id`),
  KEY `MEDIA_GALLERY_ASSET_KEYWORD_KEYWORD_ID` (`keyword_id`),
  CONSTRAINT `MEDIA_GALLERY_ASSET_KEYWORD_ASSET_ID_MEDIA_GALLERY_ASSET_ID` FOREIGN KEY (`asset_id`) REFERENCES `media_gallery_asset` (`id`) ON DELETE CASCADE,
  CONSTRAINT `MEDIA_GALLERY_ASSET_KEYWORD_KEYWORD_ID_MEDIA_GALLERY_KEYWORD_ID` FOREIGN KEY (`keyword_id`) REFERENCES `media_gallery_keyword` (`id`) ON DELETE CASCADE
) ENGINE=InnoDB DEFAULT CHARSET=utf8 COMMENT='Media Gallery Asset Keyword';

--
-- Dumping data for table `media_gallery_asset_keyword`
--


--
-- Table structure for table `media_gallery_keyword`
--

CREATE TABLE `media_gallery_keyword` (
  `id` int unsigned NOT NULL AUTO_INCREMENT COMMENT 'Keyword ID',
  `keyword` varchar(255) NOT NULL COMMENT 'Keyword',
  PRIMARY KEY (`id`),
  UNIQUE KEY `MEDIA_GALLERY_KEYWORD_KEYWORD` (`keyword`),
  KEY `MEDIA_GALLERY_KEYWORD_ID` (`id`)
) ENGINE=InnoDB DEFAULT CHARSET=utf8 COMMENT='Media Gallery Keyword';

--
-- Dumping data for table `media_gallery_keyword`
--


--
-- Table structure for table `mview_state`
--

CREATE TABLE `mview_state` (
  `state_id` int unsigned NOT NULL AUTO_INCREMENT COMMENT 'View State ID',
  `view_id` varchar(255) DEFAULT NULL COMMENT 'View ID',
  `mode` varchar(16) DEFAULT 'disabled' COMMENT 'View Mode',
  `status` varchar(16) DEFAULT 'idle' COMMENT 'View Status',
  `updated` datetime DEFAULT NULL COMMENT 'View updated time',
  `version_id` int unsigned DEFAULT NULL COMMENT 'View Version ID',
  PRIMARY KEY (`state_id`),
  KEY `MVIEW_STATE_VIEW_ID` (`view_id`),
  KEY `MVIEW_STATE_MODE` (`mode`)
) ENGINE=InnoDB DEFAULT CHARSET=utf8 COMMENT='View State';

--
-- Dumping data for table `mview_state`
--


--
-- Table structure for table `newsletter_problem`
--

CREATE TABLE `newsletter_problem` (
  `problem_id` int unsigned NOT NULL AUTO_INCREMENT COMMENT 'Problem ID',
  `subscriber_id` int unsigned DEFAULT NULL COMMENT 'Subscriber ID',
  `queue_id` int unsigned NOT NULL DEFAULT '0' COMMENT 'Queue ID',
  `problem_error_code` int unsigned DEFAULT '0' COMMENT 'Problem Error Code',
  `problem_error_text` varchar(200) DEFAULT NULL COMMENT 'Problem Error Text',
  PRIMARY KEY (`problem_id`),
  KEY `NEWSLETTER_PROBLEM_SUBSCRIBER_ID` (`subscriber_id`),
  KEY `NEWSLETTER_PROBLEM_QUEUE_ID` (`queue_id`),
  CONSTRAINT `NEWSLETTER_PROBLEM_QUEUE_ID_NEWSLETTER_QUEUE_QUEUE_ID` FOREIGN KEY (`queue_id`) REFERENCES `newsletter_queue` (`queue_id`) ON DELETE CASCADE,
  CONSTRAINT `NLTTR_PROBLEM_SUBSCRIBER_ID_NLTTR_SUBSCRIBER_SUBSCRIBER_ID` FOREIGN KEY (`subscriber_id`) REFERENCES `newsletter_subscriber` (`subscriber_id`) ON DELETE CASCADE
) ENGINE=InnoDB DEFAULT CHARSET=utf8 COMMENT='Newsletter Problems';

--
-- Dumping data for table `newsletter_problem`
--


--
-- Table structure for table `newsletter_queue`
--

CREATE TABLE `newsletter_queue` (
  `queue_id` int unsigned NOT NULL AUTO_INCREMENT COMMENT 'Queue ID',
  `template_id` int unsigned NOT NULL DEFAULT '0' COMMENT 'Template ID',
  `newsletter_type` int DEFAULT NULL COMMENT 'Newsletter Type',
  `newsletter_text` text COMMENT 'Newsletter Text',
  `newsletter_styles` text COMMENT 'Newsletter Styles',
  `newsletter_subject` varchar(200) DEFAULT NULL COMMENT 'Newsletter Subject',
  `newsletter_sender_name` varchar(200) DEFAULT NULL COMMENT 'Newsletter Sender Name',
  `newsletter_sender_email` varchar(200) DEFAULT NULL COMMENT 'Newsletter Sender Email',
  `queue_status` int unsigned NOT NULL DEFAULT '0' COMMENT 'Queue Status',
  `queue_start_at` timestamp NULL DEFAULT NULL COMMENT 'Queue Start At',
  `queue_finish_at` timestamp NULL DEFAULT NULL COMMENT 'Queue Finish At',
  PRIMARY KEY (`queue_id`),
  KEY `NEWSLETTER_QUEUE_TEMPLATE_ID` (`template_id`),
  CONSTRAINT `NEWSLETTER_QUEUE_TEMPLATE_ID_NEWSLETTER_TEMPLATE_TEMPLATE_ID` FOREIGN KEY (`template_id`) REFERENCES `newsletter_template` (`template_id`) ON DELETE CASCADE
) ENGINE=InnoDB DEFAULT CHARSET=utf8 COMMENT='Newsletter Queue';

--
-- Dumping data for table `newsletter_queue`
--


--
-- Table structure for table `newsletter_queue_link`
--

CREATE TABLE `newsletter_queue_link` (
  `queue_link_id` int unsigned NOT NULL AUTO_INCREMENT COMMENT 'Queue Link ID',
  `queue_id` int unsigned NOT NULL DEFAULT '0' COMMENT 'Queue ID',
  `subscriber_id` int unsigned NOT NULL DEFAULT '0' COMMENT 'Subscriber ID',
  `letter_sent_at` timestamp NULL DEFAULT NULL COMMENT 'Letter Sent At',
  PRIMARY KEY (`queue_link_id`),
  KEY `NEWSLETTER_QUEUE_LINK_SUBSCRIBER_ID` (`subscriber_id`),
  KEY `NEWSLETTER_QUEUE_LINK_QUEUE_ID_LETTER_SENT_AT` (`queue_id`,`letter_sent_at`),
  CONSTRAINT `NEWSLETTER_QUEUE_LINK_QUEUE_ID_NEWSLETTER_QUEUE_QUEUE_ID` FOREIGN KEY (`queue_id`) REFERENCES `newsletter_queue` (`queue_id`) ON DELETE CASCADE,
  CONSTRAINT `NLTTR_QUEUE_LNK_SUBSCRIBER_ID_NLTTR_SUBSCRIBER_SUBSCRIBER_ID` FOREIGN KEY (`subscriber_id`) REFERENCES `newsletter_subscriber` (`subscriber_id`) ON DELETE CASCADE
) ENGINE=InnoDB DEFAULT CHARSET=utf8 COMMENT='Newsletter Queue Link';

--
-- Dumping data for table `newsletter_queue_link`
--


--
-- Table structure for table `newsletter_queue_store_link`
--

CREATE TABLE `newsletter_queue_store_link` (
  `queue_id` int unsigned NOT NULL DEFAULT '0' COMMENT 'Queue ID',
  `store_id` smallint unsigned NOT NULL DEFAULT '0' COMMENT 'Store ID',
  PRIMARY KEY (`queue_id`,`store_id`),
  KEY `NEWSLETTER_QUEUE_STORE_LINK_STORE_ID` (`store_id`),
  CONSTRAINT `NEWSLETTER_QUEUE_STORE_LINK_QUEUE_ID_NEWSLETTER_QUEUE_QUEUE_ID` FOREIGN KEY (`queue_id`) REFERENCES `newsletter_queue` (`queue_id`) ON DELETE CASCADE,
  CONSTRAINT `NEWSLETTER_QUEUE_STORE_LINK_STORE_ID_STORE_STORE_ID` FOREIGN KEY (`store_id`) REFERENCES `store` (`store_id`) ON DELETE CASCADE
) ENGINE=InnoDB DEFAULT CHARSET=utf8 COMMENT='Newsletter Queue Store Link';

--
-- Dumping data for table `newsletter_queue_store_link`
--


--
-- Table structure for table `newsletter_subscriber`
--

CREATE TABLE `newsletter_subscriber` (
  `subscriber_id` int unsigned NOT NULL AUTO_INCREMENT COMMENT 'Subscriber ID',
  `store_id` smallint unsigned DEFAULT '0' COMMENT 'Store ID',
  `change_status_at` timestamp NULL DEFAULT NULL COMMENT 'Change Status At',
  `customer_id` int unsigned NOT NULL DEFAULT '0' COMMENT 'Customer ID',
  `subscriber_email` varchar(150) DEFAULT NULL COMMENT 'Subscriber Email',
  `subscriber_status` int NOT NULL DEFAULT '0' COMMENT 'Subscriber Status',
  `subscriber_confirm_code` varchar(32) DEFAULT 'NULL' COMMENT 'Subscriber Confirm Code',
  PRIMARY KEY (`subscriber_id`),
  KEY `NEWSLETTER_SUBSCRIBER_CUSTOMER_ID` (`customer_id`),
  KEY `NEWSLETTER_SUBSCRIBER_STORE_ID` (`store_id`),
  KEY `NEWSLETTER_SUBSCRIBER_SUBSCRIBER_EMAIL` (`subscriber_email`),
  CONSTRAINT `NEWSLETTER_SUBSCRIBER_STORE_ID_STORE_STORE_ID` FOREIGN KEY (`store_id`) REFERENCES `store` (`store_id`) ON DELETE SET NULL
) ENGINE=InnoDB AUTO_INCREMENT=12 DEFAULT CHARSET=utf8 COMMENT='Newsletter Subscriber';

--
-- Dumping data for table `newsletter_subscriber`
--

INSERT INTO `newsletter_subscriber` VALUES (1,4,'2021-08-08 00:19:51',4,'fahimun32@gmail.com',1,'1xeer4204ksxgregah77bd4tyqvpjs1s'),(2,4,'2021-08-08 00:20:45',5,'fahimtu456@gmail.com',1,'h8qto8ffz59he3ccxjlxpu0xgw9ko4u4'),(3,1,'2021-08-17 09:45:19',0,'hardikpatel52252@gamil.com',1,'acf9e76u17fhp97gkwflxdvsf1teu1ye'),(4,1,'2021-08-18 11:27:25',0,'admin@skyhand.ru',1,'kkd8j1m2bc7r9arniyi3r8wctcgh51qd'),(5,1,'2021-09-02 15:27:09',0,'sants.gabe@gmail.com',1,'zl04z4tirhjj3p0g03e9cwa4ff1l68f4'),(6,1,'2021-11-05 09:31:52',0,'vasiavengr@mail.ru',1,'rhzlaw3kspti1jv7j599grl9z5qp3k5d'),(7,4,'2022-04-22 10:34:03',13,'steve.langton@icloud.com',1,'lrdk7qrqsfinxt8h611t3as7prhl8zuu'),(8,4,'2022-05-18 07:23:59',14,'emp@gmail.com',1,'lnn8uwh49ki17ve76byung6qssf16rja'),(9,1,'2023-01-18 21:12:27',19,'vasi@billerbeck-shop.ru',1,'94iuq4qti079v0vyhmpozncul7ddojm3'),(10,1,'2023-02-25 18:56:39',20,'wero@billerbeck-shop.ru',1,'p56fn9peluxq80ii4wa0bs8i24maohk1'),(11,1,'2023-03-04 01:00:47',21,'many@billerbeck-shop.ru',1,'2xu4py18ha03141hcxqcx3qus0dtesyf');

--
-- Table structure for table `newsletter_template`
--

CREATE TABLE `newsletter_template` (
  `template_id` int unsigned NOT NULL AUTO_INCREMENT COMMENT 'Template ID',
  `template_code` varchar(150) DEFAULT NULL COMMENT 'Template Code',
  `template_text` text COMMENT 'Template Text',
  `template_styles` text COMMENT 'Template Styles',
  `template_type` int unsigned DEFAULT NULL COMMENT 'Template Type',
  `template_subject` varchar(200) DEFAULT NULL COMMENT 'Template Subject',
  `template_sender_name` varchar(200) DEFAULT NULL COMMENT 'Template Sender Name',
  `template_sender_email` varchar(200) DEFAULT NULL COMMENT 'Template Sender Email',
  `template_actual` smallint unsigned DEFAULT '1' COMMENT 'Template Actual',
  `added_at` timestamp NULL DEFAULT NULL COMMENT 'Added At',
  `modified_at` timestamp NULL DEFAULT NULL COMMENT 'Modified At',
  `is_legacy` tinyint(1) NOT NULL DEFAULT '0' COMMENT 'Should the template render in legacy mode',
  PRIMARY KEY (`template_id`),
  KEY `NEWSLETTER_TEMPLATE_TEMPLATE_ACTUAL` (`template_actual`),
  KEY `NEWSLETTER_TEMPLATE_ADDED_AT` (`added_at`),
  KEY `NEWSLETTER_TEMPLATE_MODIFIED_AT` (`modified_at`)
) ENGINE=InnoDB DEFAULT CHARSET=utf8 COMMENT='Newsletter Template';

--
-- Dumping data for table `newsletter_template`
--


--
-- Table structure for table `oauth_consumer`
--

CREATE TABLE `oauth_consumer` (
  `entity_id` int unsigned NOT NULL AUTO_INCREMENT COMMENT 'Entity ID',
  `created_at` timestamp NOT NULL DEFAULT CURRENT_TIMESTAMP COMMENT 'Created At',
  `updated_at` timestamp NULL DEFAULT '0000-00-00 00:00:00' ON UPDATE CURRENT_TIMESTAMP COMMENT 'Updated At',
  `name` varchar(255) NOT NULL COMMENT 'Name of consumer',
  `key` varchar(32) NOT NULL COMMENT 'Key code',
  `secret` varchar(128) NOT NULL COMMENT 'Secret code',
  `callback_url` text COMMENT 'Callback URL',
  `rejected_callback_url` text NOT NULL COMMENT 'Rejected callback URL',
  PRIMARY KEY (`entity_id`),
  UNIQUE KEY `OAUTH_CONSUMER_KEY` (`key`),
  UNIQUE KEY `OAUTH_CONSUMER_SECRET` (`secret`),
  KEY `OAUTH_CONSUMER_CREATED_AT` (`created_at`),
  KEY `OAUTH_CONSUMER_UPDATED_AT` (`updated_at`)
) ENGINE=InnoDB DEFAULT CHARSET=utf8 COMMENT='OAuth Consumers';

--
-- Dumping data for table `oauth_consumer`
--


--
-- Table structure for table `oauth_nonce`
--

CREATE TABLE `oauth_nonce` (
  `nonce` varchar(32) NOT NULL COMMENT 'Nonce String',
  `timestamp` int unsigned NOT NULL COMMENT 'Nonce Timestamp',
  `consumer_id` int unsigned NOT NULL COMMENT 'Consumer ID',
  PRIMARY KEY (`nonce`,`consumer_id`),
  KEY `OAUTH_NONCE_CONSUMER_ID_OAUTH_CONSUMER_ENTITY_ID` (`consumer_id`),
  KEY `OAUTH_NONCE_TIMESTAMP` (`timestamp`),
  CONSTRAINT `OAUTH_NONCE_CONSUMER_ID_OAUTH_CONSUMER_ENTITY_ID` FOREIGN KEY (`consumer_id`) REFERENCES `oauth_consumer` (`entity_id`) ON DELETE CASCADE
) ENGINE=InnoDB DEFAULT CHARSET=utf8 COMMENT='OAuth Nonce';

--
-- Dumping data for table `oauth_nonce`
--


--
-- Table structure for table `oauth_token`
--

CREATE TABLE `oauth_token` (
  `entity_id` int unsigned NOT NULL AUTO_INCREMENT COMMENT 'Entity ID',
  `consumer_id` int unsigned DEFAULT NULL COMMENT 'Oauth Consumer ID',
  `admin_id` int unsigned DEFAULT NULL COMMENT 'Admin user ID',
  `customer_id` int unsigned DEFAULT NULL COMMENT 'Customer user ID',
  `type` varchar(16) NOT NULL COMMENT 'Token Type',
  `token` varchar(32) NOT NULL COMMENT 'Token',
  `secret` varchar(128) NOT NULL COMMENT 'Token Secret',
  `verifier` varchar(32) DEFAULT NULL COMMENT 'Token Verifier',
  `callback_url` text NOT NULL COMMENT 'Token Callback URL',
  `revoked` smallint unsigned NOT NULL DEFAULT '0' COMMENT 'Is Token revoked',
  `authorized` smallint unsigned NOT NULL DEFAULT '0' COMMENT 'Is Token authorized',
  `user_type` int DEFAULT NULL COMMENT 'User type',
  `created_at` timestamp NOT NULL DEFAULT CURRENT_TIMESTAMP COMMENT 'Token creation timestamp',
  PRIMARY KEY (`entity_id`),
  UNIQUE KEY `OAUTH_TOKEN_TOKEN` (`token`),
  KEY `OAUTH_TOKEN_ADMIN_ID_ADMIN_USER_USER_ID` (`admin_id`),
  KEY `OAUTH_TOKEN_CUSTOMER_ID_CUSTOMER_ENTITY_ENTITY_ID` (`customer_id`),
  KEY `OAUTH_TOKEN_CONSUMER_ID` (`consumer_id`),
  KEY `OAUTH_TOKEN_CREATED_AT` (`created_at`),
  CONSTRAINT `OAUTH_TOKEN_ADMIN_ID_ADMIN_USER_USER_ID` FOREIGN KEY (`admin_id`) REFERENCES `admin_user` (`user_id`) ON DELETE CASCADE,
  CONSTRAINT `OAUTH_TOKEN_CONSUMER_ID_OAUTH_CONSUMER_ENTITY_ID` FOREIGN KEY (`consumer_id`) REFERENCES `oauth_consumer` (`entity_id`) ON DELETE CASCADE,
  CONSTRAINT `OAUTH_TOKEN_CUSTOMER_ID_CUSTOMER_ENTITY_ENTITY_ID` FOREIGN KEY (`customer_id`) REFERENCES `customer_entity` (`entity_id`) ON DELETE CASCADE
) ENGINE=InnoDB DEFAULT CHARSET=utf8 COMMENT='OAuth Tokens';

--
-- Dumping data for table `oauth_token`
--


--
-- Table structure for table `oauth_token_request_log`
--

CREATE TABLE `oauth_token_request_log` (
  `log_id` int unsigned NOT NULL AUTO_INCREMENT COMMENT 'Log ID',
  `user_name` varchar(255) NOT NULL COMMENT 'Customer email or admin login',
  `user_type` smallint unsigned NOT NULL COMMENT 'User type (admin or customer)',
  `failures_count` smallint unsigned DEFAULT '0' COMMENT 'Number of failed authentication attempts in a row',
  `lock_expires_at` timestamp NOT NULL DEFAULT CURRENT_TIMESTAMP ON UPDATE CURRENT_TIMESTAMP COMMENT 'Lock expiration time',
  PRIMARY KEY (`log_id`),
  UNIQUE KEY `OAUTH_TOKEN_REQUEST_LOG_USER_NAME_USER_TYPE` (`user_name`,`user_type`)
) ENGINE=InnoDB DEFAULT CHARSET=utf8 COMMENT='Log of token request authentication failures.';

--
-- Dumping data for table `oauth_token_request_log`
--


--
-- Table structure for table `pagebuilder_template`
--

CREATE TABLE `pagebuilder_template` (
  `template_id` int NOT NULL AUTO_INCREMENT COMMENT 'Template ID Auto Increment',
  `name` varchar(1024) NOT NULL COMMENT 'Template Name',
  `preview_image` varchar(1024) DEFAULT NULL COMMENT 'Template Preview Image',
  `template` longtext NOT NULL COMMENT 'Master Format HTML',
  `created_for` varchar(255) DEFAULT NULL COMMENT 'Created For',
  `created_at` timestamp NOT NULL DEFAULT CURRENT_TIMESTAMP COMMENT 'Creation Time',
  `updated_at` timestamp NOT NULL DEFAULT CURRENT_TIMESTAMP ON UPDATE CURRENT_TIMESTAMP COMMENT 'Update Time',
  PRIMARY KEY (`template_id`),
  FULLTEXT KEY `PAGEBUILDER_TEMPLATE_NAME` (`name`)
) ENGINE=InnoDB DEFAULT CHARSET=utf8 COMMENT='Page Builder Templates';

--
-- Dumping data for table `pagebuilder_template`
--


--
-- Table structure for table `password_reset_request_event`
--

CREATE TABLE `password_reset_request_event` (
  `id` int unsigned NOT NULL AUTO_INCREMENT COMMENT 'Entity ID',
  `request_type` smallint unsigned NOT NULL COMMENT 'Type of the event under a security control',
  `account_reference` varchar(255) DEFAULT NULL COMMENT 'An identifier for existing account or another target',
  `created_at` timestamp NOT NULL DEFAULT CURRENT_TIMESTAMP COMMENT 'Timestamp when the event occurs',
  `ip` varchar(15) NOT NULL COMMENT 'Remote user IP',
  PRIMARY KEY (`id`),
  KEY `PASSWORD_RESET_REQUEST_EVENT_ACCOUNT_REFERENCE` (`account_reference`),
  KEY `PASSWORD_RESET_REQUEST_EVENT_CREATED_AT` (`created_at`)
) ENGINE=InnoDB DEFAULT CHARSET=utf8 COMMENT='Password Reset Request Event under a security control';

--
-- Dumping data for table `password_reset_request_event`
--


--
-- Table structure for table `patch_list`
--

CREATE TABLE `patch_list` (
  `patch_id` int NOT NULL AUTO_INCREMENT COMMENT 'Patch Auto Increment',
  `patch_name` varchar(1024) NOT NULL COMMENT 'Patch Class Name',
  PRIMARY KEY (`patch_id`)
) ENGINE=InnoDB AUTO_INCREMENT=192 DEFAULT CHARSET=utf8 COMMENT='List of data/schema patches';

--
-- Dumping data for table `patch_list`
--

INSERT INTO `patch_list` VALUES (1,'Magento\\Store\\Setup\\Patch\\Schema\\InitializeStoresAndWebsites'),(2,'Magento\\Catalog\\Setup\\Patch\\Schema\\EnableSegmentation'),(3,'Magento\\Bundle\\Setup\\Patch\\Schema\\UpdateBundleRelatedSchema'),(4,'Magento\\InventoryCatalog\\Setup\\Patch\\Schema\\CreateLegacyStockStatusView'),(5,'Magento\\InventoryCatalog\\Setup\\Patch\\Schema\\InitializeDefaultStock'),(6,'Magento\\InventoryCatalog\\Setup\\Patch\\Schema\\UpdateInventorySourceItem'),(7,'Magento\\InventoryCatalog\\Setup\\Patch\\Schema\\ReindexDefaultSource'),(8,'Magento\\InventorySales\\Setup\\Patch\\Schema\\InitializeWebsiteDefaultSock'),(9,'Magento\\Review\\Setup\\Patch\\Schema\\AddUniqueConstraintToReviewEntitySummary'),(10,'Magento\\TwoFactorAuth\\Setup\\Patch\\Schema\\CopyTablesFromOldModule'),(11,'Temando\\ShippingRemover\\Setup\\Patch\\Schema\\EmptyTablesRemoval'),(12,'Magento\\Store\\Setup\\Patch\\Data\\DisableSid'),(13,'Magento\\Store\\Setup\\Patch\\Data\\UpdateStoreGroupCodes'),(14,'Magento\\Directory\\Setup\\Patch\\Data\\InitializeDirectoryData'),(15,'Magento\\Directory\\Setup\\Patch\\Data\\AddCountriesCaribbeanCuracaoKosovoSintMaarten'),(16,'Magento\\Directory\\Setup\\Patch\\Data\\AddDataForCroatia'),(17,'Magento\\Directory\\Setup\\Patch\\Data\\AddDataForIndia'),(18,'Magento\\Directory\\Setup\\Patch\\Data\\AddDataForAustralia'),(19,'Magento\\Directory\\Setup\\Patch\\Data\\AddDataForBelgium'),(20,'Magento\\Directory\\Setup\\Patch\\Data\\AddDataForBulgaria'),(21,'Magento\\Directory\\Setup\\Patch\\Data\\AddDataForChina'),(22,'Magento\\Directory\\Setup\\Patch\\Data\\AddDataForColombia'),(23,'Magento\\Directory\\Setup\\Patch\\Data\\AddDataForItaly'),(24,'Magento\\Directory\\Setup\\Patch\\Data\\AddDataForMexico'),(25,'Magento\\Directory\\Setup\\Patch\\Data\\AddDataForPoland'),(26,'Magento\\Directory\\Setup\\Patch\\Data\\AddDataForUruguay'),(27,'Magento\\Theme\\Setup\\Patch\\Data\\RegisterThemes'),(28,'Magento\\Theme\\Setup\\Patch\\Data\\ConvertSerializedData'),(29,'Magento\\Config\\Setup\\Patch\\Data\\UnsetTinymce3'),(30,'Magento\\Config\\Setup\\Patch\\Data\\UpdateClassAliases'),(31,'Magento\\Authorization\\Setup\\Patch\\Data\\InitializeAuthRoles'),(32,'Magento\\Eav\\Setup\\Patch\\Data\\InitializeAttributeModels'),(33,'Magento\\Customer\\Setup\\Patch\\Data\\DefaultCustomerGroupsAndAttributes'),(34,'Magento\\Customer\\Setup\\Patch\\Data\\UpdateCustomerAttributesMetadata'),(35,'Magento\\Customer\\Setup\\Patch\\Data\\AddNonSpecifiedGenderAttributeOption'),(36,'Magento\\Customer\\Setup\\Patch\\Data\\UpdateIdentifierCustomerAttributesVisibility'),(37,'Magento\\Customer\\Setup\\Patch\\Data\\AddCustomerUpdatedAtAttribute'),(38,'Magento\\Customer\\Setup\\Patch\\Data\\UpgradePasswordHashAndAddress'),(39,'Magento\\Customer\\Setup\\Patch\\Data\\RemoveCheckoutRegisterAndUpdateAttributes'),(40,'Magento\\Customer\\Setup\\Patch\\Data\\AddSecurityTrackingAttributes'),(41,'Magento\\Customer\\Setup\\Patch\\Data\\UpdateAutocompleteOnStorefrontConfigPath'),(42,'Magento\\Customer\\Setup\\Patch\\Data\\MigrateStoresAllowedCountriesToWebsite'),(43,'Magento\\Customer\\Setup\\Patch\\Data\\ConvertValidationRulesFromSerializedToJson'),(44,'Magento\\Customer\\Setup\\Patch\\Data\\UpdateCustomerAddressAttributesSortOrder'),(45,'Magento\\Customer\\Setup\\Patch\\Data\\UpdateVATNumber'),(46,'Magento\\Customer\\Setup\\Patch\\Data\\UpdateCustomerAttributeInputFilters'),(47,'Magento\\Customer\\Setup\\Patch\\Data\\UpdateDefaultCustomerGroupInConfig'),(48,'Magento\\Indexer\\Setup\\Patch\\Data\\InitializeIndexerState'),(49,'Magento\\Cms\\Setup\\Patch\\Data\\CreateDefaultPages'),(50,'Magento\\Cms\\Setup\\Patch\\Data\\UpdatePrivacyPolicyPage'),(51,'Magento\\Cms\\Setup\\Patch\\Data\\ConvertWidgetConditionsToJson'),(52,'Magento\\Catalog\\Setup\\Patch\\Data\\InstallDefaultCategories'),(53,'Magento\\Catalog\\Setup\\Patch\\Data\\SetNewResourceModelsPaths'),(54,'Magento\\Catalog\\Setup\\Patch\\Data\\UpdateDefaultAttributeValue'),(55,'Magento\\Catalog\\Setup\\Patch\\Data\\UpdateMediaAttributesBackendTypes'),(56,'Magento\\Catalog\\Setup\\Patch\\Data\\UpdateProductAttributes'),(57,'Magento\\Catalog\\Setup\\Patch\\Data\\UpdateProductMetaDescription'),(58,'Magento\\Catalog\\Setup\\Patch\\Data\\ChangePriceAttributeDefaultScope'),(59,'Magento\\Catalog\\Setup\\Patch\\Data\\DisallowUsingHtmlForProductName'),(60,'Magento\\Catalog\\Setup\\Patch\\Data\\EnableDirectiveParsing'),(61,'Magento\\Catalog\\Setup\\Patch\\Data\\EnableSegmentation'),(62,'Magento\\Catalog\\Setup\\Patch\\Data\\UpdateCustomLayoutAttributes'),(63,'Magento\\Catalog\\Setup\\Patch\\Data\\UpdateProductDescriptionOrder'),(64,'Magento\\Catalog\\Setup\\Patch\\Data\\UpgradeWidgetData'),(65,'Magento\\Catalog\\Setup\\Patch\\Data\\UpgradeWebsiteAttributes'),(66,'Magento\\CatalogInventory\\Setup\\Patch\\Data\\CreateDefaultStock'),(67,'Magento\\CatalogInventory\\Setup\\Patch\\Data\\UpdateStockItemsWebsite'),(68,'Magento\\CatalogInventory\\Setup\\Patch\\Data\\ConvertSerializedDataToJson'),(69,'Magento\\CatalogRule\\Setup\\Patch\\Data\\UpdateClassAliasesForCatalogRules'),(70,'Magento\\CatalogRule\\Setup\\Patch\\Data\\ConvertSerializedDataToJson'),(71,'Magento\\CatalogUrlRewrite\\Setup\\Patch\\Data\\CreateUrlAttributes'),(72,'Magento\\CatalogUrlRewrite\\Setup\\Patch\\Data\\UpdateUrlKeyForProducts'),(73,'Magento\\CatalogUrlRewrite\\Setup\\Patch\\Data\\UpdateUrlKeySearchable'),(74,'Magento\\Widget\\Setup\\Patch\\Data\\UpgradeModelInstanceClassAliases'),(75,'Magento\\Widget\\Setup\\Patch\\Data\\ConvertSerializedData'),(76,'Magento\\Quote\\Setup\\Patch\\Data\\InstallEntityTypes'),(77,'Magento\\Quote\\Setup\\Patch\\Data\\ConvertSerializedDataToJson'),(78,'Magento\\Quote\\Setup\\Patch\\Data\\WishlistDataCleanUp'),(79,'Magento\\MediaGalleryUi\\Setup\\Patch\\Data\\AddMediaGalleryPermissions'),(80,'Magento\\User\\Setup\\Patch\\Data\\UpgradePasswordHashes'),(81,'Magento\\User\\Setup\\Patch\\Data\\UpgradeSerializedFields'),(82,'Magento\\Msrp\\Setup\\Patch\\Data\\InitializeMsrpAttributes'),(83,'Magento\\Msrp\\Setup\\Patch\\Data\\ChangeMsrpAttributeLabel'),(84,'Magento\\Msrp\\Setup\\Patch\\Data\\ChangePriceAttributeDefaultScope'),(85,'Magento\\Sales\\Setup\\Patch\\Data\\InstallOrderStatusesAndInitialSalesConfig'),(86,'Magento\\Sales\\Setup\\Patch\\Data\\UpdateEntityTypes'),(87,'Magento\\Sales\\Setup\\Patch\\Data\\ConvertSerializedDataToJson'),(88,'Magento\\Sales\\Setup\\Patch\\Data\\FillQuoteAddressIdInSalesOrderAddress'),(89,'Magento\\Sales\\Setup\\Patch\\Data\\UpdateEntityTypeModelForInvoice'),(90,'Magento\\Sales\\Setup\\Patch\\Data\\WishlistDataCleanUp'),(91,'Magento\\Checkout\\Setup\\Patch\\Data\\PrepareInitialCheckoutConfiguration'),(92,'Magento\\CurrencySymbol\\Setup\\Patch\\Data\\ConvertSerializedCustomCurrencySymbolToJson'),(93,'Magento\\Bundle\\Setup\\Patch\\Data\\ApplyAttributesUpdate'),(94,'Magento\\Bundle\\Setup\\Patch\\Data\\UpdateBundleRelatedEntityTypes'),(95,'Magento\\Integration\\Setup\\Patch\\Data\\RemoveInactiveTokens'),(96,'Magento\\Downloadable\\Setup\\Patch\\Data\\AddDownloadableHostsConfig'),(97,'Magento\\Downloadable\\Setup\\Patch\\Data\\InstallDownloadableAttributes'),(98,'Magento\\Downloadable\\Setup\\Patch\\Data\\UpdateLinksExistDefaultAttributeValue'),(99,'Magento\\Dhl\\Setup\\Patch\\Data\\PrepareShipmentDays'),(100,'Magento\\CatalogSearch\\Setup\\Patch\\Data\\MySQLSearchRemovalNotification'),(101,'Magento\\CatalogSearch\\Setup\\Patch\\Data\\SetInitialSearchWeightForAttributes'),(102,'Magento\\Elasticsearch\\Setup\\Patch\\Data\\InvalidateIndex'),(103,'Magento\\Email\\Setup\\Patch\\Data\\FlagLegacyTemplates'),(104,'Magento\\EncryptionKey\\Setup\\Patch\\Data\\SodiumChachaPatch'),(105,'Magento\\Fedex\\Setup\\Patch\\Data\\ConfigureFedexDefaults'),(106,'Magento\\GiftMessage\\Setup\\Patch\\Data\\AddGiftMessageAttributes'),(107,'Magento\\GiftMessage\\Setup\\Patch\\Data\\MoveGiftMessageToGiftOptionsGroup'),(108,'Magento\\GiftMessage\\Setup\\Patch\\Data\\UpdateGiftMessageAttribute'),(109,'Magento\\GroupedProduct\\Setup\\Patch\\Data\\InitializeGroupedProductLinks'),(110,'Magento\\GroupedProduct\\Setup\\Patch\\Data\\UpdateProductRelations'),(111,'Magento\\ConfigurableProduct\\Setup\\Patch\\Data\\InstallInitialConfigurableAttributes'),(112,'Magento\\ConfigurableProduct\\Setup\\Patch\\Data\\UpdateManufacturerAttribute'),(113,'Magento\\ConfigurableProduct\\Setup\\Patch\\Data\\UpdateTierPriceAttribute'),(114,'Magento\\Analytics\\Setup\\Patch\\Data\\PrepareInitialConfig'),(115,'Magento\\Analytics\\Setup\\Patch\\Data\\ActivateDataCollection'),(116,'Magento\\InventoryLowQuantityNotification\\Setup\\Patch\\Data\\MigrateCatalogInventoryNotifyStockQuantityData'),(117,'Magento\\Reports\\Setup\\Patch\\Data\\InitializeReportEntityTypesAndPages'),(118,'Magento\\Reports\\Setup\\Patch\\Data\\ReportDisableNotification'),(119,'Magento\\Newsletter\\Setup\\Patch\\Data\\FlagLegacyTemplates'),(120,'Magento\\SalesRule\\Setup\\Patch\\Data\\PrepareRuleModelSerializedData'),(121,'Magento\\SalesRule\\Setup\\Patch\\Data\\ConvertSerializedDataToJson'),(122,'Magento\\SalesRule\\Setup\\Patch\\Data\\FillSalesRuleProductAttributeTable'),(123,'Magento\\Vault\\Setup\\Patch\\Data\\SetCreditCardAsDefaultTokenType'),(124,'Magento\\Paypal\\Setup\\Patch\\Data\\AddPaypalOrderStatuses'),(125,'Magento\\Paypal\\Setup\\Patch\\Data\\UpdatePaypalCreditOption'),(126,'Magento\\Paypal\\Setup\\Patch\\Data\\UpdateSmartButtonLabel'),(127,'Magento\\Paypal\\Setup\\Patch\\Data\\UpdateSmartButtonSize'),(128,'Magento\\ReCaptchaMigration\\Setup\\Patch\\Data\\MigrateConfigToRecaptchaModules'),(129,'Magento\\Review\\Setup\\Patch\\Data\\InitReviewStatusesAndData'),(130,'Magento\\OfflineShipping\\Setup\\Patch\\Data\\UpdateQuoteShippingAddresses'),(131,'Magento\\OfflineShipping\\Setup\\Patch\\Data\\UpdateShippingTablerate'),(132,'Magento\\UrlRewrite\\Setup\\Patch\\Data\\ConvertSerializedDataToJson'),(133,'Magento\\Swatches\\Setup\\Patch\\Data\\AddSwatchImageAttribute'),(134,'Magento\\Swatches\\Setup\\Patch\\Data\\AddSwatchImageToDefaultAttribtueSet'),(135,'Magento\\Swatches\\Setup\\Patch\\Data\\UpdateAdminTextSwatchValues'),(136,'Magento\\Swatches\\Setup\\Patch\\Data\\ConvertAdditionalDataToJson'),(137,'Magento\\Tax\\Setup\\Patch\\Data\\AddTaxAttributeAndTaxClasses'),(138,'Magento\\Tax\\Setup\\Patch\\Data\\UpdateTaxClassAttributeVisibility'),(139,'Magento\\Tax\\Setup\\Patch\\Data\\UpdateTaxRegionId'),(140,'Magento\\TwoFactorAuth\\Setup\\Patch\\Data\\CopyConfigFromOldModule'),(141,'Magento\\TwoFactorAuth\\Setup\\Patch\\Data\\EncryptConfiguration'),(142,'Magento\\TwoFactorAuth\\Setup\\Patch\\Data\\EncryptGoogleSecrets'),(143,'Magento\\TwoFactorAuth\\Setup\\Patch\\Data\\EncryptSecrets'),(144,'Magento\\TwoFactorAuth\\Setup\\Patch\\Data\\GenerateDuoSecurityKey'),(145,'Magento\\TwoFactorAuth\\Setup\\Patch\\Data\\PopulateCountryTable'),(146,'Magento\\TwoFactorAuth\\Setup\\Patch\\Data\\ResetU2fConfig'),(147,'Magento\\SampleData\\Setup\\Patch\\Data\\ClearSampleDataState'),(148,'Magento\\Usps\\Setup\\Patch\\Data\\UpdateAllowedMethods'),(149,'Magento\\Weee\\Setup\\Patch\\Data\\InitQuoteAndOrderAttributes'),(150,'Magento\\Wishlist\\Setup\\Patch\\Data\\ConvertSerializedData'),(151,'Magento\\Wishlist\\Setup\\Patch\\Data\\WishlistDataCleanUp'),(152,'Klarna\\Core\\Setup\\Patch\\Data\\UpdateKcoApiPathsInCoreConfig'),(153,'Klarna\\Core\\Setup\\Patch\\Data\\UpdateKlarnaApiVersionInCoreConfig'),(154,'Klarna\\Kp\\Setup\\Patch\\Data\\RemoveHtmlTag'),(155,'Klarna\\Kp\\Setup\\Patch\\Data\\ResetIsActive'),(156,'Temando\\ShippingRemover\\Setup\\Patch\\Data\\AttributesRemoval'),(157,'Temando\\ShippingRemover\\Setup\\Patch\\Data\\BookmarkCleaner'),(158,'Temando\\ShippingRemover\\Setup\\Patch\\Data\\ConfigRemoval'),(159,'Vertex\\Tax\\Setup\\Patch\\Data\\DetermineCurrentConfigForShippingOriginUse'),(160,'Vertex\\Tax\\Setup\\Patch\\Data\\EnableCacheType'),(161,'Vertex\\Tax\\Setup\\Patch\\Data\\ExpandDefaultTaxClassesPatch'),(162,'Vertex\\Tax\\Setup\\Patch\\Data\\MigrateCustomerCodeFromEav'),(163,'Magento\\Directory\\Setup\\Patch\\Data\\AddDataForAlbania'),(164,'Magento\\Directory\\Setup\\Patch\\Data\\AddDataForArgentina'),(165,'Magento\\Directory\\Setup\\Patch\\Data\\AddDataForBelarus'),(166,'Magento\\Directory\\Setup\\Patch\\Data\\AddDataForBolivia'),(167,'Magento\\Directory\\Setup\\Patch\\Data\\AddDataForChile'),(168,'Magento\\Directory\\Setup\\Patch\\Data\\AddDataForDenmark'),(169,'Magento\\Directory\\Setup\\Patch\\Data\\AddDataForEcuador'),(170,'Magento\\Directory\\Setup\\Patch\\Data\\AddDataForGreece'),(171,'Magento\\Directory\\Setup\\Patch\\Data\\AddDataForGuyana'),(172,'Magento\\Directory\\Setup\\Patch\\Data\\AddDataForIceland'),(173,'Magento\\Directory\\Setup\\Patch\\Data\\AddDataForParaguay'),(174,'Magento\\Directory\\Setup\\Patch\\Data\\AddDataForPeru'),(175,'Magento\\Directory\\Setup\\Patch\\Data\\AddDataForPortugal'),(176,'Magento\\Directory\\Setup\\Patch\\Data\\AddDataForSuriname'),(177,'Magento\\Directory\\Setup\\Patch\\Data\\AddDataForSweden'),(178,'Magento\\Directory\\Setup\\Patch\\Data\\AddDataForVenezuela'),(179,'Magento\\Directory\\Setup\\Patch\\Data\\UpdateRegionNamesForSwitzerland'),(180,'Magento\\Config\\Setup\\Patch\\Data\\RemoveTinymceConfig'),(181,'Magento\\Customer\\Setup\\Patch\\Data\\SessionIDColumnCleanUp'),(182,'Magento\\Security\\Setup\\Patch\\Data\\SessionIDColumnCleanUp'),(183,'Magento\\Catalog\\Setup\\Patch\\Data\\UpdateMultiselectAttributesBackendTypes'),(184,'Magento\\Catalog\\Setup\\Patch\\Data\\UpdateProductUrlKey'),(185,'Magento\\Integration\\Setup\\Patch\\Data\\UpgradeConsumerSecret'),(186,'Magento\\Integration\\Setup\\Patch\\Data\\UpgradeOauthToken'),(187,'Magento\\PageBuilder\\Setup\\Patch\\Data\\UpdateProductAttribute'),(188,'Magento\\PageBuilder\\Setup\\Patch\\Data\\UpgradePageBuilderStripStyles'),(189,'Magento\\Paypal\\Setup\\Patch\\Data\\UpdateBmltoPayLater'),(190,'Magento\\CatalogRule\\Setup\\Patch\\Schema\\CleanUpProductPriceReplicaTable'),(191,'Magento\\Directory\\Setup\\Patch\\Data\\AddDataForCzechia');

--
-- Table structure for table `paypal_billing_agreement`
--

CREATE TABLE `paypal_billing_agreement` (
  `agreement_id` int unsigned NOT NULL AUTO_INCREMENT COMMENT 'Agreement ID',
  `customer_id` int unsigned NOT NULL COMMENT 'Customer ID',
  `method_code` varchar(32) NOT NULL COMMENT 'Method Code',
  `reference_id` varchar(32) NOT NULL COMMENT 'Reference ID',
  `status` varchar(20) NOT NULL COMMENT 'Status',
  `created_at` timestamp NOT NULL DEFAULT CURRENT_TIMESTAMP COMMENT 'Created At',
  `updated_at` timestamp NULL DEFAULT NULL COMMENT 'Updated At',
  `store_id` smallint unsigned DEFAULT NULL COMMENT 'Store ID',
  `agreement_label` varchar(255) DEFAULT NULL COMMENT 'Agreement Label',
  PRIMARY KEY (`agreement_id`),
  KEY `PAYPAL_BILLING_AGREEMENT_CUSTOMER_ID` (`customer_id`),
  KEY `PAYPAL_BILLING_AGREEMENT_STORE_ID` (`store_id`),
  CONSTRAINT `PAYPAL_BILLING_AGREEMENT_CUSTOMER_ID_CUSTOMER_ENTITY_ENTITY_ID` FOREIGN KEY (`customer_id`) REFERENCES `customer_entity` (`entity_id`) ON DELETE CASCADE,
  CONSTRAINT `PAYPAL_BILLING_AGREEMENT_STORE_ID_STORE_STORE_ID` FOREIGN KEY (`store_id`) REFERENCES `store` (`store_id`) ON DELETE SET NULL
) ENGINE=InnoDB DEFAULT CHARSET=utf8 COMMENT='Sales Billing Agreement';

--
-- Dumping data for table `paypal_billing_agreement`
--


--
-- Table structure for table `paypal_billing_agreement_order`
--

CREATE TABLE `paypal_billing_agreement_order` (
  `agreement_id` int unsigned NOT NULL COMMENT 'Agreement ID',
  `order_id` int unsigned NOT NULL COMMENT 'Order ID',
  PRIMARY KEY (`agreement_id`,`order_id`),
  KEY `PAYPAL_BILLING_AGREEMENT_ORDER_ORDER_ID` (`order_id`),
  CONSTRAINT `PAYPAL_BILLING_AGREEMENT_ORDER_ORDER_ID_SALES_ORDER_ENTITY_ID` FOREIGN KEY (`order_id`) REFERENCES `sales_order` (`entity_id`) ON DELETE CASCADE,
  CONSTRAINT `PAYPAL_BILLING_AGRT_ORDER_AGRT_ID_PAYPAL_BILLING_AGRT_AGRT_ID` FOREIGN KEY (`agreement_id`) REFERENCES `paypal_billing_agreement` (`agreement_id`) ON DELETE CASCADE
) ENGINE=InnoDB DEFAULT CHARSET=utf8 COMMENT='Sales Billing Agreement Order';

--
-- Dumping data for table `paypal_billing_agreement_order`
--


--
-- Table structure for table `paypal_cert`
--

CREATE TABLE `paypal_cert` (
  `cert_id` smallint unsigned NOT NULL AUTO_INCREMENT COMMENT 'Cert ID',
  `website_id` smallint unsigned NOT NULL DEFAULT '0' COMMENT 'Website ID',
  `content` text COMMENT 'Content',
  `updated_at` timestamp NULL DEFAULT NULL COMMENT 'Updated At',
  PRIMARY KEY (`cert_id`),
  KEY `PAYPAL_CERT_WEBSITE_ID` (`website_id`),
  CONSTRAINT `PAYPAL_CERT_WEBSITE_ID_STORE_WEBSITE_WEBSITE_ID` FOREIGN KEY (`website_id`) REFERENCES `store_website` (`website_id`) ON DELETE CASCADE
) ENGINE=InnoDB DEFAULT CHARSET=utf8 COMMENT='Paypal Certificate Table';

--
-- Dumping data for table `paypal_cert`
--


--
-- Table structure for table `paypal_payment_transaction`
--

CREATE TABLE `paypal_payment_transaction` (
  `transaction_id` int unsigned NOT NULL AUTO_INCREMENT COMMENT 'Entity ID',
  `txn_id` varchar(100) DEFAULT NULL COMMENT 'Txn ID',
  `additional_information` blob COMMENT 'Additional Information',
  `created_at` timestamp NULL DEFAULT NULL COMMENT 'Created At',
  PRIMARY KEY (`transaction_id`),
  UNIQUE KEY `PAYPAL_PAYMENT_TRANSACTION_TXN_ID` (`txn_id`)
) ENGINE=InnoDB DEFAULT CHARSET=utf8 COMMENT='PayPal Payflow Link Payment Transaction';

--
-- Dumping data for table `paypal_payment_transaction`
--


--
-- Table structure for table `paypal_settlement_report`
--

CREATE TABLE `paypal_settlement_report` (
  `report_id` int unsigned NOT NULL AUTO_INCREMENT COMMENT 'Report ID',
  `report_date` date DEFAULT NULL COMMENT 'Report Date',
  `account_id` varchar(64) DEFAULT NULL COMMENT 'Account ID',
  `filename` varchar(24) DEFAULT NULL COMMENT 'Filename',
  `last_modified` timestamp NULL DEFAULT NULL COMMENT 'Last Modified',
  PRIMARY KEY (`report_id`),
  UNIQUE KEY `PAYPAL_SETTLEMENT_REPORT_REPORT_DATE_ACCOUNT_ID` (`report_date`,`account_id`)
) ENGINE=InnoDB DEFAULT CHARSET=utf8 COMMENT='Paypal Settlement Report Table';

--
-- Dumping data for table `paypal_settlement_report`
--


--
-- Table structure for table `paypal_settlement_report_row`
--

CREATE TABLE `paypal_settlement_report_row` (
  `row_id` int unsigned NOT NULL AUTO_INCREMENT COMMENT 'Row ID',
  `report_id` int unsigned NOT NULL COMMENT 'Report ID',
  `transaction_id` varchar(19) DEFAULT NULL COMMENT 'Transaction ID',
  `invoice_id` varchar(127) DEFAULT NULL COMMENT 'Invoice ID',
  `paypal_reference_id` varchar(19) DEFAULT NULL COMMENT 'Paypal Reference ID',
  `paypal_reference_id_type` varchar(3) DEFAULT NULL COMMENT 'Paypal Reference ID Type',
  `transaction_event_code` varchar(5) DEFAULT NULL COMMENT 'Transaction Event Code',
  `transaction_initiation_date` timestamp NULL DEFAULT NULL COMMENT 'Transaction Initiation Date',
  `transaction_completion_date` timestamp NULL DEFAULT NULL COMMENT 'Transaction Completion Date',
  `transaction_debit_or_credit` varchar(2) NOT NULL DEFAULT 'CR' COMMENT 'Transaction Debit Or Credit',
  `gross_transaction_amount` decimal(20,6) NOT NULL DEFAULT '0.000000' COMMENT 'Gross Transaction Amount',
  `gross_transaction_currency` varchar(3) DEFAULT NULL COMMENT 'Gross Transaction Currency',
  `fee_debit_or_credit` varchar(2) DEFAULT NULL COMMENT 'Fee Debit Or Credit',
  `fee_amount` decimal(20,6) NOT NULL DEFAULT '0.000000' COMMENT 'Fee Amount',
  `fee_currency` varchar(3) DEFAULT NULL COMMENT 'Fee Currency',
  `custom_field` varchar(255) DEFAULT NULL COMMENT 'Custom Field',
  `consumer_id` varchar(127) DEFAULT NULL COMMENT 'Consumer ID',
  `payment_tracking_id` varchar(255) DEFAULT NULL COMMENT 'Payment Tracking ID',
  `store_id` varchar(50) DEFAULT NULL COMMENT 'Store ID',
  PRIMARY KEY (`row_id`),
  KEY `PAYPAL_SETTLEMENT_REPORT_ROW_REPORT_ID` (`report_id`),
  CONSTRAINT `FK_E183E488F593E0DE10C6EBFFEBAC9B55` FOREIGN KEY (`report_id`) REFERENCES `paypal_settlement_report` (`report_id`) ON DELETE CASCADE
) ENGINE=InnoDB DEFAULT CHARSET=utf8 COMMENT='Paypal Settlement Report Row Table';

--
-- Dumping data for table `paypal_settlement_report_row`
--


--
-- Table structure for table `persistent_session`
--

CREATE TABLE `persistent_session` (
  `persistent_id` int unsigned NOT NULL AUTO_INCREMENT COMMENT 'Session ID',
  `key` varchar(50) NOT NULL COMMENT 'Unique cookie key',
  `customer_id` int unsigned DEFAULT NULL COMMENT 'Customer ID',
  `website_id` smallint unsigned NOT NULL DEFAULT '0' COMMENT 'Website ID',
  `info` text COMMENT 'Session Data',
  `updated_at` timestamp NOT NULL DEFAULT CURRENT_TIMESTAMP ON UPDATE CURRENT_TIMESTAMP COMMENT 'Updated At',
  PRIMARY KEY (`persistent_id`),
  UNIQUE KEY `PERSISTENT_SESSION_KEY` (`key`),
  UNIQUE KEY `PERSISTENT_SESSION_CUSTOMER_ID` (`customer_id`),
  KEY `PERSISTENT_SESSION_WEBSITE_ID_STORE_WEBSITE_WEBSITE_ID` (`website_id`),
  KEY `PERSISTENT_SESSION_UPDATED_AT` (`updated_at`),
  CONSTRAINT `PERSISTENT_SESSION_CUSTOMER_ID_CUSTOMER_ENTITY_ENTITY_ID` FOREIGN KEY (`customer_id`) REFERENCES `customer_entity` (`entity_id`) ON DELETE CASCADE,
  CONSTRAINT `PERSISTENT_SESSION_WEBSITE_ID_STORE_WEBSITE_WEBSITE_ID` FOREIGN KEY (`website_id`) REFERENCES `store_website` (`website_id`) ON DELETE CASCADE
) ENGINE=InnoDB DEFAULT CHARSET=utf8 COMMENT='Persistent Session';

--
-- Dumping data for table `persistent_session`
--


--
-- Table structure for table `product_alert_price`
--

CREATE TABLE `product_alert_price` (
  `alert_price_id` int unsigned NOT NULL AUTO_INCREMENT COMMENT 'Product alert price ID',
  `customer_id` int unsigned NOT NULL DEFAULT '0' COMMENT 'Customer ID',
  `product_id` int unsigned NOT NULL DEFAULT '0' COMMENT 'Product ID',
  `price` decimal(20,6) NOT NULL DEFAULT '0.000000' COMMENT 'Price amount',
  `website_id` smallint unsigned NOT NULL DEFAULT '0' COMMENT 'Website ID',
  `store_id` smallint unsigned DEFAULT '0' COMMENT 'Store ID',
  `add_date` timestamp NOT NULL DEFAULT CURRENT_TIMESTAMP COMMENT 'Product alert add date',
  `last_send_date` timestamp NULL DEFAULT NULL COMMENT 'Product alert last send date',
  `send_count` smallint unsigned NOT NULL DEFAULT '0' COMMENT 'Product alert send count',
  `status` smallint unsigned NOT NULL DEFAULT '0' COMMENT 'Product alert status',
  PRIMARY KEY (`alert_price_id`),
  KEY `PRODUCT_ALERT_PRICE_CUSTOMER_ID` (`customer_id`),
  KEY `PRODUCT_ALERT_PRICE_PRODUCT_ID` (`product_id`),
  KEY `PRODUCT_ALERT_PRICE_WEBSITE_ID` (`website_id`),
  KEY `PRODUCT_ALERT_PRICE_STORE_ID` (`store_id`),
  CONSTRAINT `PRODUCT_ALERT_PRICE_CUSTOMER_ID_CUSTOMER_ENTITY_ENTITY_ID` FOREIGN KEY (`customer_id`) REFERENCES `customer_entity` (`entity_id`) ON DELETE CASCADE,
  CONSTRAINT `PRODUCT_ALERT_PRICE_PRODUCT_ID_CATALOG_PRODUCT_ENTITY_ENTITY_ID` FOREIGN KEY (`product_id`) REFERENCES `catalog_product_entity` (`entity_id`) ON DELETE CASCADE,
  CONSTRAINT `PRODUCT_ALERT_PRICE_STORE_ID_STORE_STORE_ID` FOREIGN KEY (`store_id`) REFERENCES `store` (`store_id`) ON DELETE CASCADE,
  CONSTRAINT `PRODUCT_ALERT_PRICE_WEBSITE_ID_STORE_WEBSITE_WEBSITE_ID` FOREIGN KEY (`website_id`) REFERENCES `store_website` (`website_id`) ON DELETE CASCADE
) ENGINE=InnoDB DEFAULT CHARSET=utf8 COMMENT='Product Alert Price';

--
-- Dumping data for table `product_alert_price`
--


--
-- Table structure for table `product_alert_stock`
--

CREATE TABLE `product_alert_stock` (
  `alert_stock_id` int unsigned NOT NULL AUTO_INCREMENT COMMENT 'Product alert stock ID',
  `customer_id` int unsigned NOT NULL DEFAULT '0' COMMENT 'Customer ID',
  `product_id` int unsigned NOT NULL DEFAULT '0' COMMENT 'Product ID',
  `website_id` smallint unsigned NOT NULL DEFAULT '0' COMMENT 'Website ID',
  `store_id` smallint unsigned DEFAULT '0' COMMENT 'Store ID',
  `add_date` timestamp NOT NULL DEFAULT CURRENT_TIMESTAMP COMMENT 'Product alert add date',
  `send_date` timestamp NULL DEFAULT NULL COMMENT 'Product alert send date',
  `send_count` smallint unsigned NOT NULL DEFAULT '0' COMMENT 'Send Count',
  `status` smallint unsigned NOT NULL DEFAULT '0' COMMENT 'Product alert status',
  PRIMARY KEY (`alert_stock_id`),
  KEY `PRODUCT_ALERT_STOCK_CUSTOMER_ID` (`customer_id`),
  KEY `PRODUCT_ALERT_STOCK_PRODUCT_ID` (`product_id`),
  KEY `PRODUCT_ALERT_STOCK_WEBSITE_ID` (`website_id`),
  KEY `PRODUCT_ALERT_STOCK_STORE_ID` (`store_id`),
  CONSTRAINT `PRODUCT_ALERT_STOCK_CUSTOMER_ID_CUSTOMER_ENTITY_ENTITY_ID` FOREIGN KEY (`customer_id`) REFERENCES `customer_entity` (`entity_id`) ON DELETE CASCADE,
  CONSTRAINT `PRODUCT_ALERT_STOCK_PRODUCT_ID_CATALOG_PRODUCT_ENTITY_ENTITY_ID` FOREIGN KEY (`product_id`) REFERENCES `catalog_product_entity` (`entity_id`) ON DELETE CASCADE,
  CONSTRAINT `PRODUCT_ALERT_STOCK_STORE_ID_STORE_STORE_ID` FOREIGN KEY (`store_id`) REFERENCES `store` (`store_id`) ON DELETE CASCADE,
  CONSTRAINT `PRODUCT_ALERT_STOCK_WEBSITE_ID_STORE_WEBSITE_WEBSITE_ID` FOREIGN KEY (`website_id`) REFERENCES `store_website` (`website_id`) ON DELETE CASCADE
) ENGINE=InnoDB DEFAULT CHARSET=utf8 COMMENT='Product Alert Stock';

--
-- Dumping data for table `product_alert_stock`
--


--
-- Table structure for table `queue`
--

CREATE TABLE `queue` (
  `id` int unsigned NOT NULL AUTO_INCREMENT COMMENT 'Queue ID',
  `name` varchar(255) DEFAULT NULL COMMENT 'Queue name',
  PRIMARY KEY (`id`),
  UNIQUE KEY `QUEUE_NAME` (`name`)
) ENGINE=InnoDB AUTO_INCREMENT=20 DEFAULT CHARSET=utf8 COMMENT='Table storing unique queues';

--
-- Dumping data for table `queue`
--

INSERT INTO `queue` VALUES (16,'async.operations.all'),(8,'codegenerator'),(3,'export'),(10,'inventory.indexer.sourceItem'),(11,'inventory.indexer.stock'),(5,'inventory.mass.update'),(6,'inventory.reservations.cleanup'),(7,'inventory.reservations.update'),(12,'inventory.reservations.updateSalabilityStatus'),(4,'inventory.source.items.cleanup'),(13,'media.content.synchronization'),(14,'media.gallery.renditions.update'),(15,'media.gallery.synchronization'),(9,'media.storage.catalog.image.resize'),(1,'product_action_attribute.update'),(2,'product_action_attribute.website.update'),(19,'product_alert.queue'),(18,'sales.rule.quote.trigger.recollect'),(17,'sales.rule.update.coupon.usage');

--
-- Table structure for table `queue_lock`
--

CREATE TABLE `queue_lock` (
  `id` int unsigned NOT NULL AUTO_INCREMENT COMMENT 'Message ID',
  `message_code` varchar(255) NOT NULL DEFAULT '' COMMENT 'Message Code',
  `created_at` timestamp NOT NULL DEFAULT CURRENT_TIMESTAMP ON UPDATE CURRENT_TIMESTAMP COMMENT 'Created At',
  PRIMARY KEY (`id`),
  UNIQUE KEY `QUEUE_LOCK_MESSAGE_CODE` (`message_code`)
) ENGINE=InnoDB DEFAULT CHARSET=utf8 COMMENT='Messages that were processed are inserted here to be locked.';

--
-- Dumping data for table `queue_lock`
--


--
-- Table structure for table `queue_message`
--

CREATE TABLE `queue_message` (
  `id` bigint unsigned NOT NULL AUTO_INCREMENT COMMENT 'Message ID',
  `topic_name` varchar(255) DEFAULT NULL COMMENT 'Message topic',
  `body` longtext COMMENT 'Message body',
  PRIMARY KEY (`id`)
) ENGINE=InnoDB AUTO_INCREMENT=12 DEFAULT CHARSET=utf8 COMMENT='Queue messages';

--
-- Dumping data for table `queue_message`
--

INSERT INTO `queue_message` VALUES (1,'inventory.reservations.updateSalabilityStatus','{\"skus\":[\"Beats-Solo3-Wireless-Headphones\"],\"stock\":1}'),(2,'inventory.reservations.updateSalabilityStatus','{\"skus\":[\"Google Pixel 5\"],\"stock\":1}'),(3,'inventory.reservations.updateSalabilityStatus','{\"skus\":[\"iPad Pro 2021\"],\"stock\":1}'),(4,'inventory.reservations.updateSalabilityStatus','{\"skus\":[\"iPad Pro 2021\"],\"stock\":1}'),(5,'inventory.reservations.updateSalabilityStatus','{\"skus\":[\"iPad Pro 2021\"],\"stock\":1}'),(6,'inventory.reservations.updateSalabilityStatus','{\"skus\":[\"iPad Pro 2021\"],\"stock\":1}'),(7,'inventory.reservations.updateSalabilityStatus','{\"skus\":[\"Config product-Red\"],\"stock\":1}'),(8,'inventory.reservations.updateSalabilityStatus','{\"skus\":[\"Config product-Black\"],\"stock\":1}'),(9,'inventory.reservations.updateSalabilityStatus','{\"skus\":[\"Beats-Solo3-Wireless-Headphones\"],\"stock\":1}'),(10,'inventory.reservations.updateSalabilityStatus','{\"skus\":[\"Config product-Black\"],\"stock\":1}'),(11,'inventory.reservations.updateSalabilityStatus','{\"skus\":[\"Apple Iphone X 512gb white\"],\"stock\":1}');

--
-- Table structure for table `queue_message_status`
--

CREATE TABLE `queue_message_status` (
  `id` bigint unsigned NOT NULL AUTO_INCREMENT COMMENT 'Relation ID',
  `queue_id` int unsigned NOT NULL COMMENT 'Queue ID',
  `message_id` bigint unsigned NOT NULL COMMENT 'Message ID',
  `updated_at` timestamp NOT NULL DEFAULT CURRENT_TIMESTAMP ON UPDATE CURRENT_TIMESTAMP COMMENT 'Updated At',
  `status` smallint unsigned NOT NULL COMMENT 'Message status in particular queue',
  `number_of_trials` smallint unsigned NOT NULL DEFAULT '0' COMMENT 'Number of trials to processed failed message processing',
  PRIMARY KEY (`id`),
  UNIQUE KEY `QUEUE_MESSAGE_STATUS_QUEUE_ID_MESSAGE_ID` (`queue_id`,`message_id`),
  KEY `QUEUE_MESSAGE_STATUS_MESSAGE_ID_QUEUE_MESSAGE_ID` (`message_id`),
  KEY `QUEUE_MESSAGE_STATUS_STATUS_UPDATED_AT` (`status`,`updated_at`),
  CONSTRAINT `QUEUE_MESSAGE_STATUS_MESSAGE_ID_QUEUE_MESSAGE_ID` FOREIGN KEY (`message_id`) REFERENCES `queue_message` (`id`) ON DELETE CASCADE,
  CONSTRAINT `QUEUE_MESSAGE_STATUS_QUEUE_ID_QUEUE_ID` FOREIGN KEY (`queue_id`) REFERENCES `queue` (`id`) ON DELETE CASCADE
) ENGINE=InnoDB AUTO_INCREMENT=12 DEFAULT CHARSET=utf8 COMMENT='Relation table to keep associations between queues and messages';

--
-- Dumping data for table `queue_message_status`
--

INSERT INTO `queue_message_status` VALUES (1,12,1,'2021-08-16 19:46:34',2,0),(2,12,2,'2021-09-07 09:43:13',2,0),(3,12,3,'2021-09-07 11:35:43',2,0),(4,12,4,'2021-09-07 14:40:11',2,0),(5,12,5,'2021-09-07 15:44:20',2,0),(6,12,6,'2021-09-07 16:06:14',2,0),(7,12,7,'2021-09-10 08:35:22',2,0),(8,12,8,'2021-12-06 11:24:24',2,0),(9,12,9,'2022-01-06 08:26:31',2,0),(10,12,10,'2023-06-19 07:12:09',2,0),(11,12,11,'2023-06-30 18:15:39',2,0);

--
-- Table structure for table `queue_poison_pill`
--

CREATE TABLE `queue_poison_pill` (
  `version` varchar(255) NOT NULL COMMENT 'Poison Pill version.'
) ENGINE=InnoDB DEFAULT CHARSET=utf8 COMMENT='Sequence table for poison pill versions';

--
-- Dumping data for table `queue_poison_pill`
--

INSERT INTO `queue_poison_pill` VALUES ('version-64af7f6e1f742');

--
-- Table structure for table `quote`
--

CREATE TABLE `quote` (
  `entity_id` int unsigned NOT NULL AUTO_INCREMENT COMMENT 'Entity ID',
  `store_id` smallint unsigned NOT NULL DEFAULT '0' COMMENT 'Store ID',
  `created_at` timestamp NOT NULL DEFAULT CURRENT_TIMESTAMP COMMENT 'Created At',
  `updated_at` timestamp NOT NULL DEFAULT CURRENT_TIMESTAMP ON UPDATE CURRENT_TIMESTAMP,
  `converted_at` timestamp NULL DEFAULT NULL COMMENT 'Converted At',
  `is_active` smallint unsigned DEFAULT '1' COMMENT 'Is Active',
  `is_virtual` smallint unsigned DEFAULT '0' COMMENT 'Is Virtual',
  `is_multi_shipping` smallint unsigned DEFAULT '0' COMMENT 'Is Multi Shipping',
  `items_count` int unsigned DEFAULT '0' COMMENT 'Items Count',
  `items_qty` decimal(12,4) DEFAULT '0.0000' COMMENT 'Items Qty',
  `orig_order_id` int unsigned DEFAULT '0' COMMENT 'Orig Order ID',
  `store_to_base_rate` decimal(12,4) DEFAULT '0.0000' COMMENT 'Store To Base Rate',
  `store_to_quote_rate` decimal(12,4) DEFAULT '0.0000' COMMENT 'Store To Quote Rate',
  `base_currency_code` varchar(255) DEFAULT NULL COMMENT 'Base Currency Code',
  `store_currency_code` varchar(255) DEFAULT NULL COMMENT 'Store Currency Code',
  `quote_currency_code` varchar(255) DEFAULT NULL COMMENT 'Quote Currency Code',
  `grand_total` decimal(20,4) DEFAULT '0.0000' COMMENT 'Grand Total',
  `base_grand_total` decimal(20,4) DEFAULT '0.0000' COMMENT 'Base Grand Total',
  `checkout_method` varchar(255) DEFAULT NULL COMMENT 'Checkout Method',
  `customer_id` int unsigned DEFAULT NULL COMMENT 'Customer ID',
  `customer_tax_class_id` int unsigned DEFAULT NULL COMMENT 'Customer Tax Class ID',
  `customer_group_id` int unsigned DEFAULT '0' COMMENT 'Customer Group ID',
  `customer_email` varchar(255) DEFAULT NULL COMMENT 'Customer Email',
  `customer_prefix` varchar(40) DEFAULT NULL COMMENT 'Customer Prefix',
  `customer_firstname` varchar(255) DEFAULT NULL COMMENT 'Customer Firstname',
  `customer_middlename` varchar(40) DEFAULT NULL COMMENT 'Customer Middlename',
  `customer_lastname` varchar(255) DEFAULT NULL COMMENT 'Customer Lastname',
  `customer_suffix` varchar(40) DEFAULT NULL COMMENT 'Customer Suffix',
  `customer_dob` datetime DEFAULT NULL COMMENT 'Customer Dob',
  `customer_note` text COMMENT 'Customer Note',
  `customer_note_notify` smallint unsigned DEFAULT '1' COMMENT 'Customer Note Notify',
  `customer_is_guest` smallint unsigned DEFAULT '0' COMMENT 'Customer Is Guest',
  `remote_ip` varchar(45) DEFAULT NULL COMMENT 'Remote Ip',
  `applied_rule_ids` varchar(255) DEFAULT NULL COMMENT 'Applied Rule Ids',
  `reserved_order_id` varchar(64) DEFAULT NULL COMMENT 'Reserved Order ID',
  `password_hash` varchar(255) DEFAULT NULL COMMENT 'Password Hash',
  `coupon_code` varchar(255) DEFAULT NULL COMMENT 'Coupon Code',
  `global_currency_code` varchar(255) DEFAULT NULL COMMENT 'Global Currency Code',
  `base_to_global_rate` decimal(20,4) DEFAULT NULL COMMENT 'Base To Global Rate',
  `base_to_quote_rate` decimal(20,4) DEFAULT NULL COMMENT 'Base To Quote Rate',
  `customer_taxvat` varchar(255) DEFAULT NULL COMMENT 'Customer Taxvat',
  `customer_gender` varchar(255) DEFAULT NULL COMMENT 'Customer Gender',
  `subtotal` decimal(20,4) DEFAULT NULL COMMENT 'Subtotal',
  `base_subtotal` decimal(20,4) DEFAULT NULL COMMENT 'Base Subtotal',
  `subtotal_with_discount` decimal(20,4) DEFAULT NULL COMMENT 'Subtotal With Discount',
  `base_subtotal_with_discount` decimal(20,4) DEFAULT NULL COMMENT 'Base Subtotal With Discount',
  `is_changed` int unsigned DEFAULT NULL COMMENT 'Is Changed',
  `trigger_recollect` smallint NOT NULL DEFAULT '0' COMMENT 'Trigger Recollect',
  `ext_shipping_info` text COMMENT 'Ext Shipping Info',
  `gift_message_id` int DEFAULT NULL COMMENT 'Gift Message ID',
  `is_persistent` smallint unsigned DEFAULT '0' COMMENT 'Is Quote Persistent',
  PRIMARY KEY (`entity_id`),
  KEY `QUOTE_CUSTOMER_ID_STORE_ID_IS_ACTIVE` (`customer_id`,`store_id`,`is_active`),
  KEY `QUOTE_STORE_ID` (`store_id`),
  CONSTRAINT `QUOTE_STORE_ID_STORE_STORE_ID` FOREIGN KEY (`store_id`) REFERENCES `store` (`store_id`) ON DELETE CASCADE
) ENGINE=InnoDB AUTO_INCREMENT=297 DEFAULT CHARSET=utf8 COMMENT='Sales Flat Quote';

--
-- Dumping data for table `quote`
--

INSERT INTO `quote` VALUES (1,1,'2021-06-08 04:34:39','2021-06-08 04:34:39',NULL,1,0,0,0,0.0000,0,0.0000,0.0000,'USD','USD','USD',0.0000,0.0000,NULL,1,NULL,1,'devmg@gmail.com',NULL,'Mr T',NULL,'Van',NULL,NULL,NULL,1,0,'127.0.0.1',NULL,NULL,NULL,NULL,'USD',1.0000,1.0000,NULL,NULL,0.0000,0.0000,0.0000,0.0000,1,0,NULL,NULL,0),(2,1,'2021-06-08 09:42:12','2021-06-08 09:42:48',NULL,1,0,0,0,0.0000,0,0.0000,0.0000,'USD','USD','USD',0.0000,0.0000,NULL,NULL,3,0,NULL,NULL,NULL,NULL,NULL,NULL,NULL,NULL,1,1,'127.0.0.1',NULL,NULL,NULL,NULL,'USD',1.0000,1.0000,NULL,NULL,0.0000,0.0000,0.0000,0.0000,1,0,NULL,NULL,0),(3,1,'2021-06-10 07:19:19','2021-06-10 07:19:19',NULL,1,0,0,1,1.0000,0,0.0000,0.0000,'USD','USD','USD',210.0000,210.0000,NULL,NULL,3,0,NULL,NULL,NULL,NULL,NULL,NULL,NULL,NULL,1,1,'127.0.0.1',NULL,NULL,NULL,NULL,'USD',1.0000,1.0000,NULL,NULL,210.0000,210.0000,210.0000,210.0000,1,0,NULL,NULL,0),(4,1,'2021-06-11 02:23:01','2021-06-11 02:39:30',NULL,1,0,0,0,0.0000,0,0.0000,0.0000,'USD','USD','USD',0.0000,0.0000,NULL,NULL,3,0,NULL,NULL,NULL,NULL,NULL,NULL,NULL,NULL,1,1,'127.0.0.1',NULL,NULL,NULL,NULL,'USD',1.0000,1.0000,NULL,NULL,0.0000,0.0000,0.0000,0.0000,1,0,NULL,NULL,0),(5,1,'2021-06-14 08:40:03','2021-06-14 08:40:56',NULL,1,0,0,0,0.0000,0,0.0000,0.0000,'USD','USD','USD',0.0000,0.0000,NULL,NULL,3,0,NULL,NULL,NULL,NULL,NULL,NULL,NULL,NULL,1,1,'127.0.0.1',NULL,NULL,NULL,NULL,'USD',1.0000,1.0000,NULL,NULL,0.0000,0.0000,0.0000,0.0000,1,0,NULL,NULL,0),(6,1,'2021-06-19 09:43:37','2021-06-19 09:43:37',NULL,1,0,0,1,1.0000,0,0.0000,0.0000,'USD','USD','USD',230.0000,230.0000,NULL,NULL,3,0,NULL,NULL,NULL,NULL,NULL,NULL,NULL,NULL,1,1,'192.168.1.13',NULL,NULL,NULL,NULL,'USD',1.0000,1.0000,NULL,NULL,230.0000,230.0000,230.0000,230.0000,1,0,NULL,NULL,0),(7,1,'2021-06-24 02:59:06','2021-06-24 02:59:06',NULL,1,0,0,1,1.0000,0,0.0000,0.0000,'USD','USD','USD',210.0000,210.0000,NULL,NULL,3,0,NULL,NULL,NULL,NULL,NULL,NULL,NULL,NULL,1,1,'192.168.1.67',NULL,NULL,NULL,NULL,'USD',1.0000,1.0000,NULL,NULL,210.0000,210.0000,210.0000,210.0000,1,0,NULL,NULL,0),(8,1,'2021-06-25 08:54:38','2021-06-25 08:54:48',NULL,1,0,0,0,0.0000,0,0.0000,0.0000,'USD','USD','USD',0.0000,0.0000,NULL,NULL,3,0,NULL,NULL,NULL,NULL,NULL,NULL,NULL,NULL,1,1,'192.168.1.11',NULL,NULL,NULL,NULL,'USD',1.0000,1.0000,NULL,NULL,0.0000,0.0000,0.0000,0.0000,1,0,NULL,NULL,0),(9,1,'2021-06-25 10:06:36','2021-06-25 10:06:36',NULL,1,0,0,1,1.0000,0,0.0000,0.0000,'USD','USD','USD',56.0000,56.0000,NULL,NULL,3,0,NULL,NULL,NULL,NULL,NULL,NULL,NULL,NULL,1,1,'192.168.1.71',NULL,NULL,NULL,NULL,'USD',1.0000,1.0000,NULL,NULL,56.0000,56.0000,56.0000,56.0000,1,0,NULL,NULL,0),(10,1,'2021-06-28 01:58:25','2021-06-28 01:58:25',NULL,1,0,0,1,1.0000,0,0.0000,0.0000,'USD','USD','USD',210.0000,210.0000,NULL,NULL,3,0,NULL,NULL,NULL,NULL,NULL,NULL,NULL,NULL,1,1,'192.168.1.26',NULL,NULL,NULL,NULL,'USD',1.0000,1.0000,NULL,NULL,210.0000,210.0000,210.0000,210.0000,1,0,NULL,NULL,0),(11,1,'2021-06-28 03:00:09','2021-06-28 03:03:33',NULL,1,0,0,2,7.0000,0,0.0000,0.0000,'USD','USD','USD',720.0000,720.0000,NULL,NULL,3,0,NULL,NULL,NULL,NULL,NULL,NULL,NULL,NULL,1,1,'192.168.1.67',NULL,NULL,NULL,NULL,'USD',1.0000,1.0000,NULL,NULL,720.0000,720.0000,720.0000,720.0000,1,0,NULL,NULL,0),(12,1,'2021-06-28 07:08:58','2021-06-28 09:04:27',NULL,1,0,0,3,4.0000,0,0.0000,0.0000,'USD','USD','USD',690.0000,690.0000,NULL,NULL,3,0,NULL,NULL,NULL,NULL,NULL,NULL,NULL,NULL,1,1,'192.168.1.14',NULL,NULL,NULL,NULL,'USD',1.0000,1.0000,NULL,NULL,690.0000,690.0000,690.0000,690.0000,1,0,NULL,NULL,0),(13,1,'2021-06-29 10:09:49','2021-06-29 10:09:49',NULL,1,0,0,1,1.0000,0,0.0000,0.0000,'USD','USD','USD',50.0000,50.0000,NULL,NULL,3,0,NULL,NULL,NULL,NULL,NULL,NULL,NULL,NULL,1,1,'192.168.1.14',NULL,NULL,NULL,NULL,'USD',1.0000,1.0000,NULL,NULL,50.0000,50.0000,50.0000,50.0000,1,0,NULL,NULL,0),(14,1,'2021-06-30 02:01:20','2021-06-30 02:02:26',NULL,1,0,0,2,2.0000,0,0.0000,0.0000,'USD','USD','USD',1545.0000,1545.0000,NULL,NULL,3,0,NULL,NULL,NULL,NULL,NULL,NULL,NULL,NULL,1,1,'192.168.1.26',NULL,NULL,NULL,NULL,'USD',1.0000,1.0000,NULL,NULL,1545.0000,1545.0000,1545.0000,1545.0000,1,0,NULL,NULL,0),(15,1,'2021-06-30 07:43:43','2021-06-30 08:15:26',NULL,1,0,0,3,3.0000,0,0.0000,0.0000,'USD','USD','USD',1655.0000,1655.0000,NULL,NULL,3,0,NULL,NULL,NULL,NULL,NULL,NULL,NULL,NULL,1,1,'192.168.1.14',NULL,NULL,NULL,NULL,'USD',1.0000,1.0000,NULL,NULL,1655.0000,1655.0000,1655.0000,1655.0000,1,0,NULL,NULL,0),(16,1,'2021-06-30 09:21:52','2021-06-30 09:21:52',NULL,1,1,0,1,1.0000,0,0.0000,0.0000,'USD','USD','USD',200.0000,200.0000,NULL,NULL,3,0,NULL,NULL,NULL,NULL,NULL,NULL,NULL,NULL,1,1,'192.168.1.26',NULL,NULL,NULL,NULL,'USD',1.0000,1.0000,NULL,NULL,200.0000,200.0000,200.0000,200.0000,1,0,NULL,NULL,0),(17,1,'2021-07-01 03:38:01','2021-07-01 03:38:09',NULL,1,0,0,2,2.0000,0,0.0000,0.0000,'USD','USD','USD',260.0000,260.0000,NULL,NULL,3,0,NULL,NULL,NULL,NULL,NULL,NULL,NULL,NULL,1,1,'192.168.1.14',NULL,NULL,NULL,NULL,'USD',1.0000,1.0000,NULL,NULL,260.0000,260.0000,260.0000,260.0000,1,0,NULL,NULL,0),(18,1,'2021-07-01 04:30:39','2021-07-01 04:30:39',NULL,1,0,0,1,1.0000,0,0.0000,0.0000,'USD','USD','USD',50.0000,50.0000,NULL,NULL,3,0,NULL,NULL,NULL,NULL,NULL,NULL,NULL,NULL,1,1,'192.168.1.26',NULL,NULL,NULL,NULL,'USD',1.0000,1.0000,NULL,NULL,50.0000,50.0000,50.0000,50.0000,1,0,NULL,NULL,0),(19,1,'2021-07-05 04:11:39','2021-07-05 04:21:58',NULL,1,0,0,1,1.0000,0,0.0000,0.0000,'USD','USD','USD',50.0000,50.0000,NULL,NULL,3,0,NULL,NULL,NULL,NULL,NULL,NULL,NULL,NULL,1,1,'192.168.1.14',NULL,NULL,NULL,NULL,'USD',1.0000,1.0000,NULL,NULL,50.0000,50.0000,50.0000,50.0000,1,0,NULL,NULL,0),(20,1,'2021-07-20 10:09:19','2021-07-20 10:09:19',NULL,1,0,0,1,1.0000,0,0.0000,0.0000,'USD','USD','USD',129.0000,129.0000,NULL,NULL,3,0,NULL,NULL,NULL,NULL,NULL,NULL,NULL,NULL,1,1,'118.71.224.135',NULL,NULL,NULL,NULL,'USD',1.0000,1.0000,NULL,NULL,129.0000,129.0000,129.0000,129.0000,1,0,NULL,NULL,0),(21,4,'2021-07-20 10:12:46','2021-07-20 10:28:39',NULL,1,0,0,2,7.0000,0,0.0000,0.0000,'USD','USD','USD',1070.0000,1070.0000,NULL,NULL,3,0,NULL,NULL,NULL,NULL,NULL,NULL,NULL,NULL,1,1,'118.71.224.135',NULL,NULL,NULL,NULL,'USD',1.0000,1.0000,NULL,NULL,1070.0000,1070.0000,1070.0000,1070.0000,1,0,NULL,NULL,0),(22,4,'2021-07-21 03:05:46','2021-07-21 03:18:15',NULL,1,0,0,1,1.0000,0,0.0000,0.0000,'USD','USD','USD',200.0000,200.0000,NULL,NULL,3,0,NULL,NULL,NULL,NULL,NULL,NULL,NULL,NULL,1,1,'118.71.224.135',NULL,NULL,NULL,NULL,'USD',1.0000,1.0000,NULL,NULL,200.0000,200.0000,200.0000,200.0000,1,0,NULL,NULL,0),(23,4,'2021-07-21 08:51:18','2021-07-21 09:33:18',NULL,1,0,0,1,1.0000,0,0.0000,0.0000,'USD','USD','USD',200.0000,200.0000,NULL,NULL,3,0,NULL,NULL,NULL,NULL,NULL,NULL,NULL,NULL,1,1,'118.71.224.135',NULL,NULL,NULL,NULL,'USD',1.0000,1.0000,NULL,NULL,200.0000,200.0000,200.0000,200.0000,1,0,NULL,NULL,0),(24,1,'2021-07-21 09:21:57','2021-07-21 09:21:57',NULL,1,0,0,1,1.0000,0,0.0000,0.0000,'USD','USD','USD',30.0000,30.0000,NULL,NULL,3,0,NULL,NULL,NULL,NULL,NULL,NULL,NULL,NULL,1,1,'118.71.224.135',NULL,NULL,NULL,NULL,'USD',1.0000,1.0000,NULL,NULL,30.0000,30.0000,30.0000,30.0000,1,0,NULL,NULL,0),(25,4,'2021-07-22 03:24:48','2021-07-22 03:24:48',NULL,1,0,0,1,1.0000,0,0.0000,0.0000,'USD','USD','USD',210.0000,210.0000,NULL,NULL,3,0,NULL,NULL,NULL,NULL,NULL,NULL,NULL,NULL,1,1,'118.71.224.135',NULL,NULL,NULL,NULL,'USD',1.0000,1.0000,NULL,NULL,210.0000,210.0000,210.0000,210.0000,1,0,NULL,NULL,0),(26,4,'2021-07-23 02:27:55','2021-07-23 02:35:47',NULL,1,0,0,2,13.0000,0,0.0000,0.0000,'USD','USD','USD',970.0000,970.0000,NULL,2,3,1,'hoant@ytcvn.com',NULL,'jena',NULL,'nguyen',NULL,NULL,NULL,1,0,'118.71.224.135',NULL,NULL,NULL,NULL,'USD',1.0000,1.0000,NULL,NULL,970.0000,970.0000,970.0000,970.0000,1,0,NULL,NULL,0),(27,4,'2021-07-23 02:39:02','2021-07-23 02:39:02',NULL,1,0,0,0,0.0000,0,0.0000,0.0000,'USD','USD','USD',0.0000,0.0000,NULL,3,NULL,1,'sads@gmail.com',NULL,'abcd',NULL,'dsadsadas',NULL,NULL,NULL,1,0,'118.71.224.135',NULL,NULL,NULL,NULL,'USD',1.0000,1.0000,NULL,NULL,0.0000,0.0000,0.0000,0.0000,1,0,NULL,NULL,0),(28,1,'2021-07-26 10:14:49','2021-07-26 10:14:49',NULL,1,0,0,1,1.0000,0,0.0000,0.0000,'USD','USD','USD',399.0000,399.0000,NULL,NULL,3,0,NULL,NULL,NULL,NULL,NULL,NULL,NULL,NULL,1,1,'114.5.210.183',NULL,NULL,NULL,NULL,'USD',1.0000,1.0000,NULL,NULL,399.0000,399.0000,399.0000,399.0000,1,0,NULL,NULL,0),(29,1,'2021-07-27 09:55:56','2021-07-27 09:55:56',NULL,1,1,0,1,1.0000,0,0.0000,0.0000,'USD','USD','USD',200.0000,200.0000,NULL,NULL,3,0,NULL,NULL,NULL,NULL,NULL,NULL,NULL,NULL,1,1,'110.226.114.99',NULL,NULL,NULL,NULL,'USD',1.0000,1.0000,NULL,NULL,200.0000,200.0000,200.0000,200.0000,1,0,NULL,NULL,0),(30,4,'2021-07-28 02:02:06','2021-07-28 02:02:06',NULL,1,0,0,1,1.0000,0,0.0000,0.0000,'USD','USD','USD',600.0000,600.0000,NULL,NULL,3,0,NULL,NULL,NULL,NULL,NULL,NULL,NULL,NULL,1,1,'188.48.114.93',NULL,NULL,NULL,NULL,'USD',1.0000,1.0000,NULL,NULL,600.0000,600.0000,600.0000,600.0000,1,0,NULL,NULL,0),(31,4,'2021-07-29 13:21:31','2021-07-29 13:21:31',NULL,1,0,0,1,1.0000,0,0.0000,0.0000,'USD','USD','USD',39.0000,39.0000,NULL,NULL,3,0,NULL,NULL,NULL,NULL,NULL,NULL,NULL,NULL,1,1,'98.197.38.80',NULL,NULL,NULL,NULL,'USD',1.0000,1.0000,NULL,NULL,39.0000,39.0000,39.0000,39.0000,1,0,NULL,NULL,0),(32,4,'2021-08-01 23:07:51','2021-08-01 23:07:51',NULL,1,0,0,1,1.0000,0,0.0000,0.0000,'USD','USD','USD',30.0000,30.0000,NULL,NULL,3,0,NULL,NULL,NULL,NULL,NULL,NULL,NULL,NULL,1,1,'92.177.74.94',NULL,NULL,NULL,NULL,'USD',1.0000,1.0000,NULL,NULL,30.0000,30.0000,30.0000,30.0000,1,0,NULL,NULL,0),(33,4,'2021-08-02 21:33:38','2021-08-02 21:33:38',NULL,1,0,0,1,1.0000,0,0.0000,0.0000,'USD','USD','USD',109.0000,109.0000,NULL,NULL,3,0,NULL,NULL,NULL,NULL,NULL,NULL,NULL,NULL,1,1,'78.61.160.110',NULL,NULL,NULL,NULL,'USD',1.0000,1.0000,NULL,NULL,109.0000,109.0000,109.0000,109.0000,1,0,NULL,NULL,0),(34,1,'2021-08-04 04:01:37','2021-08-04 04:01:37',NULL,1,0,0,1,1.0000,0,0.0000,0.0000,'USD','USD','USD',399.0000,399.0000,NULL,NULL,3,0,NULL,NULL,NULL,NULL,NULL,NULL,NULL,NULL,1,1,'1.55.211.132',NULL,NULL,NULL,NULL,'USD',1.0000,1.0000,NULL,NULL,399.0000,399.0000,399.0000,399.0000,1,0,NULL,NULL,0),(35,3,'2021-08-05 02:25:24','2021-08-05 02:25:24',NULL,1,1,0,1,1.0000,0,0.0000,0.0000,'USD','USD','USD',200.0000,200.0000,NULL,NULL,3,0,NULL,NULL,NULL,NULL,NULL,NULL,NULL,NULL,1,1,'45.230.47.1',NULL,NULL,NULL,NULL,'USD',1.0000,1.0000,NULL,NULL,200.0000,200.0000,200.0000,200.0000,1,0,NULL,NULL,0),(36,4,'2021-08-08 00:19:57','2021-08-08 00:19:57',NULL,1,0,0,0,0.0000,0,0.0000,0.0000,'USD','USD','USD',0.0000,0.0000,NULL,4,NULL,1,'fahimun32@gmail.com',NULL,'Fahmi',NULL,'Oktafian',NULL,NULL,NULL,1,0,'114.5.240.163',NULL,NULL,NULL,NULL,'USD',1.0000,1.0000,NULL,NULL,0.0000,0.0000,0.0000,0.0000,1,0,NULL,NULL,0),(37,4,'2021-08-08 00:20:46','2021-08-08 00:22:19',NULL,1,0,0,1,1.0000,0,0.0000,0.0000,'USD','USD','USD',210.0000,210.0000,NULL,5,3,1,'fahimtu456@gmail.com',NULL,'Fahmi',NULL,'Oktafian',NULL,NULL,NULL,1,0,'114.5.240.163',NULL,NULL,NULL,NULL,'USD',1.0000,1.0000,NULL,NULL,210.0000,210.0000,210.0000,210.0000,1,0,NULL,NULL,0),(38,3,'2021-08-09 12:40:45','2021-08-09 12:44:42',NULL,1,0,0,1,1.0000,0,0.0000,0.0000,'USD','USD','USD',210.0000,210.0000,NULL,NULL,3,0,NULL,NULL,NULL,NULL,NULL,NULL,NULL,NULL,1,1,'103.93.198.122',NULL,NULL,NULL,NULL,'USD',1.0000,1.0000,NULL,NULL,210.0000,210.0000,210.0000,210.0000,1,0,NULL,NULL,0),(39,4,'2021-08-10 11:56:06','2021-08-10 12:10:41',NULL,1,0,0,2,2.0000,0,0.0000,0.0000,'USD','USD','USD',828.0000,828.0000,NULL,NULL,3,0,NULL,NULL,NULL,NULL,NULL,NULL,NULL,NULL,1,1,'176.202.185.146',NULL,NULL,NULL,NULL,'USD',1.0000,1.0000,NULL,NULL,828.0000,828.0000,828.0000,828.0000,1,0,NULL,NULL,0),(40,1,'2021-08-10 14:48:47','2021-08-10 14:48:47',NULL,1,1,0,1,1.0000,0,0.0000,0.0000,'USD','USD','USD',200.0000,200.0000,NULL,NULL,3,0,NULL,NULL,NULL,NULL,NULL,NULL,NULL,NULL,1,1,'154.113.99.12',NULL,NULL,NULL,NULL,'USD',1.0000,1.0000,NULL,NULL,200.0000,200.0000,200.0000,200.0000,1,0,NULL,NULL,0),(41,1,'2021-08-14 01:06:26','2021-08-14 01:06:26',NULL,1,1,0,1,1.0000,0,0.0000,0.0000,'USD','USD','USD',200.0000,200.0000,NULL,NULL,3,0,NULL,NULL,NULL,NULL,NULL,NULL,NULL,NULL,1,1,'129.205.124.245',NULL,NULL,NULL,NULL,'USD',1.0000,1.0000,NULL,NULL,200.0000,200.0000,200.0000,200.0000,1,0,NULL,NULL,0),(42,1,'2021-08-16 17:13:34','2021-08-16 17:13:34',NULL,1,1,0,1,1.0000,0,0.0000,0.0000,'USD','USD','USD',200.0000,200.0000,NULL,NULL,3,0,NULL,NULL,NULL,NULL,NULL,NULL,NULL,NULL,1,1,'157.42.123.232',NULL,NULL,NULL,NULL,'USD',1.0000,1.0000,NULL,NULL,200.0000,200.0000,200.0000,200.0000,1,0,NULL,NULL,0),(43,1,'2021-08-16 19:45:06','2021-08-16 19:46:51',NULL,0,0,0,1,1.0000,0,0.0000,0.0000,'USD','USD','USD',55.0000,55.0000,'guest',NULL,3,0,'adcs.noman@gmail.com',NULL,'Softco',NULL,'scf',NULL,NULL,NULL,1,1,'205.164.158.159',NULL,'000000001',NULL,NULL,'USD',1.0000,1.0000,NULL,NULL,50.0000,50.0000,50.0000,50.0000,1,0,NULL,NULL,0),(44,4,'2021-08-17 12:51:48','2021-08-17 12:51:57',NULL,1,1,0,1,11.0000,0,0.0000,0.0000,'USD','USD','USD',2200.0000,2200.0000,NULL,NULL,3,0,NULL,NULL,NULL,NULL,NULL,NULL,NULL,NULL,1,1,'113.193.207.73',NULL,NULL,NULL,NULL,'USD',1.0000,1.0000,NULL,NULL,2200.0000,2200.0000,2200.0000,2200.0000,1,0,NULL,NULL,0),(45,1,'2021-08-17 13:37:18','2021-08-17 13:37:18',NULL,1,0,0,1,1.0000,0,0.0000,0.0000,'USD','USD','USD',230.0000,230.0000,NULL,NULL,3,0,NULL,NULL,NULL,NULL,NULL,NULL,NULL,NULL,1,1,'86.127.201.77',NULL,NULL,NULL,NULL,'USD',1.0000,1.0000,NULL,NULL,230.0000,230.0000,230.0000,230.0000,1,0,NULL,NULL,0),(46,1,'2021-08-17 17:46:23','2021-08-17 17:46:23',NULL,1,0,0,1,1.0000,0,0.0000,0.0000,'USD','USD','USD',129.0000,129.0000,NULL,NULL,3,0,NULL,NULL,NULL,NULL,NULL,NULL,NULL,NULL,1,1,'103.73.189.62',NULL,NULL,NULL,NULL,'USD',1.0000,1.0000,NULL,NULL,129.0000,129.0000,129.0000,129.0000,1,0,NULL,NULL,0),(47,1,'2021-08-19 14:01:53','2021-08-19 14:01:53',NULL,1,1,0,1,1.0000,0,0.0000,0.0000,'USD','USD','USD',200.0000,200.0000,NULL,NULL,3,0,NULL,NULL,NULL,NULL,NULL,NULL,NULL,NULL,1,1,'183.253.29.255',NULL,NULL,NULL,NULL,'USD',1.0000,1.0000,NULL,NULL,200.0000,200.0000,200.0000,200.0000,1,0,NULL,NULL,0),(48,4,'2021-08-19 23:51:18','2021-08-19 23:51:18',NULL,1,0,0,1,1.0000,0,0.0000,0.0000,'USD','USD','USD',230.0000,230.0000,NULL,NULL,3,0,NULL,NULL,NULL,NULL,NULL,NULL,NULL,NULL,1,1,'114.4.220.225',NULL,NULL,NULL,NULL,'USD',1.0000,1.0000,NULL,NULL,230.0000,230.0000,230.0000,230.0000,1,0,NULL,NULL,0),(49,1,'2021-08-23 16:53:33','2021-08-23 17:24:31',NULL,1,0,0,2,4.0000,0,0.0000,0.0000,'USD','USD','USD',880.0000,880.0000,NULL,NULL,3,0,NULL,NULL,NULL,NULL,NULL,NULL,NULL,NULL,1,1,'197.209.16.44',NULL,NULL,NULL,NULL,'USD',1.0000,1.0000,NULL,NULL,880.0000,880.0000,880.0000,880.0000,1,0,NULL,NULL,0),(50,2,'2021-08-23 20:25:48','2021-08-23 20:39:01',NULL,1,0,0,2,5.0000,0,0.0000,0.0000,'USD','USD','USD',556.0000,556.0000,NULL,NULL,3,0,NULL,NULL,NULL,NULL,NULL,NULL,NULL,NULL,1,1,'160.155.231.108',NULL,NULL,NULL,NULL,'USD',1.0000,1.0000,NULL,NULL,556.0000,556.0000,556.0000,556.0000,1,0,NULL,NULL,0),(51,1,'2021-08-23 22:42:28','2021-08-23 22:42:28',NULL,1,0,0,1,2.0000,0,0.0000,0.0000,'USD','USD','USD',1000.0000,1000.0000,NULL,NULL,3,0,NULL,NULL,NULL,NULL,NULL,NULL,NULL,NULL,1,1,'154.103.10.5',NULL,NULL,NULL,NULL,'USD',1.0000,1.0000,NULL,NULL,1000.0000,1000.0000,1000.0000,1000.0000,1,0,NULL,NULL,0),(52,1,'2021-08-24 09:03:05','2021-08-24 09:05:07',NULL,1,1,0,2,3.0000,0,0.0000,0.0000,'USD','USD','USD',600.0000,600.0000,NULL,NULL,3,0,NULL,NULL,NULL,NULL,NULL,NULL,NULL,NULL,1,1,'196.202.153.22',NULL,NULL,NULL,NULL,'USD',1.0000,1.0000,NULL,NULL,600.0000,600.0000,600.0000,600.0000,1,0,NULL,NULL,0),(53,1,'2021-08-24 09:40:46','2021-08-24 09:40:46',NULL,1,1,0,1,1.0000,0,0.0000,0.0000,'USD','USD','USD',200.0000,200.0000,NULL,NULL,3,0,NULL,NULL,NULL,NULL,NULL,NULL,NULL,NULL,1,1,'41.95.18.5',NULL,NULL,NULL,NULL,'USD',1.0000,1.0000,NULL,NULL,200.0000,200.0000,200.0000,200.0000,1,0,NULL,NULL,0),(54,1,'2021-08-24 13:31:01','2021-08-24 13:31:12',NULL,1,1,0,1,2.0000,0,0.0000,0.0000,'USD','USD','USD',400.0000,400.0000,NULL,NULL,3,0,NULL,NULL,NULL,NULL,NULL,NULL,NULL,NULL,1,1,'192.142.128.83',NULL,NULL,NULL,NULL,'USD',1.0000,1.0000,NULL,NULL,400.0000,400.0000,400.0000,400.0000,1,0,NULL,NULL,0),(55,4,'2021-08-25 14:22:28','2021-08-25 14:22:28',NULL,1,0,0,1,1.0000,0,0.0000,0.0000,'USD','USD','USD',230.0000,230.0000,NULL,NULL,3,0,NULL,NULL,NULL,NULL,NULL,NULL,NULL,NULL,1,1,'79.115.253.23',NULL,NULL,NULL,NULL,'USD',1.0000,1.0000,NULL,NULL,230.0000,230.0000,230.0000,230.0000,1,0,NULL,NULL,0),(56,4,'2021-08-26 11:13:20','2021-08-26 11:13:20',NULL,1,0,0,1,1.0000,0,0.0000,0.0000,'USD','USD','USD',600.0000,600.0000,NULL,NULL,3,0,NULL,NULL,NULL,NULL,NULL,NULL,NULL,NULL,1,1,'49.206.8.206',NULL,NULL,NULL,NULL,'USD',1.0000,1.0000,NULL,NULL,600.0000,600.0000,600.0000,600.0000,1,0,NULL,NULL,0),(57,1,'2021-09-03 13:50:18','2021-09-03 13:50:18',NULL,1,0,0,1,1.0000,0,0.0000,0.0000,'USD','USD','USD',210.0000,210.0000,NULL,NULL,3,0,NULL,NULL,NULL,NULL,NULL,NULL,NULL,NULL,1,1,'14.232.201.96',NULL,NULL,NULL,NULL,'USD',1.0000,1.0000,NULL,NULL,210.0000,210.0000,210.0000,210.0000,1,0,NULL,NULL,0),(58,1,'2021-09-04 02:34:21','2021-09-04 02:34:21',NULL,1,0,0,1,1.0000,0,0.0000,0.0000,'USD','USD','USD',600.0000,600.0000,NULL,NULL,3,0,NULL,NULL,NULL,NULL,NULL,NULL,NULL,NULL,1,1,'114.5.254.154',NULL,NULL,NULL,NULL,'USD',1.0000,1.0000,NULL,NULL,600.0000,600.0000,600.0000,600.0000,1,0,NULL,NULL,0),(59,4,'2021-09-04 12:18:01','2021-09-04 12:18:07',NULL,1,0,0,1,2.0000,0,0.0000,0.0000,'USD','USD','USD',420.0000,420.0000,NULL,NULL,3,0,NULL,NULL,NULL,NULL,NULL,NULL,NULL,NULL,1,1,'14.143.254.162',NULL,NULL,NULL,NULL,'USD',1.0000,1.0000,NULL,NULL,420.0000,420.0000,420.0000,420.0000,1,0,NULL,NULL,0),(60,1,'2021-09-06 05:24:09','2021-09-06 05:24:09',NULL,1,1,0,1,1.0000,0,0.0000,0.0000,'USD','USD','USD',200.0000,200.0000,NULL,NULL,3,0,NULL,NULL,NULL,NULL,NULL,NULL,NULL,NULL,1,1,'171.100.236.145',NULL,NULL,NULL,NULL,'USD',1.0000,1.0000,NULL,NULL,200.0000,200.0000,200.0000,200.0000,1,0,NULL,NULL,0),(61,1,'2021-09-07 02:35:12','2021-09-07 09:43:22',NULL,0,0,0,1,1.0000,0,0.0000,0.0000,'USD','USD','USD',235.0000,235.0000,'guest',NULL,3,0,'info@cibkk.com',NULL,'ดีใจ',NULL,'แสนดี',NULL,NULL,NULL,1,1,'49.230.130.147',NULL,'000000002',NULL,NULL,'USD',1.0000,1.0000,NULL,NULL,230.0000,230.0000,230.0000,230.0000,1,0,NULL,NULL,0),(62,1,'2021-09-07 09:45:47','2021-09-07 09:49:19',NULL,1,1,0,1,1.0000,0,0.0000,0.0000,'USD','USD','USD',200.0000,200.0000,NULL,6,3,1,'info@cibkk.com',NULL,'ดีใจ',NULL,'แสนดี',NULL,NULL,NULL,1,0,'49.230.130.147',NULL,NULL,NULL,NULL,'USD',1.0000,1.0000,NULL,NULL,200.0000,200.0000,200.0000,200.0000,1,0,NULL,NULL,0),(63,1,'2021-09-07 11:04:56','2021-09-07 11:35:46',NULL,0,0,0,1,4.0000,0,0.0000,0.0000,'USD','USD','USD',2420.0000,2420.0000,'guest',NULL,3,0,'1info@cibkk.com',NULL,'ดีใจ',NULL,' เเสนดี',NULL,NULL,NULL,1,1,'182.232.53.77',NULL,'000000003',NULL,NULL,'USD',1.0000,1.0000,NULL,NULL,2400.0000,2400.0000,2400.0000,2400.0000,1,0,NULL,NULL,0),(64,1,'2021-09-07 11:27:19','2021-09-07 11:27:19',NULL,1,0,0,1,1.0000,0,0.0000,0.0000,'USD','USD','USD',50.0000,50.0000,NULL,NULL,3,0,NULL,NULL,NULL,NULL,NULL,NULL,NULL,NULL,1,1,'83.110.145.247',NULL,NULL,NULL,NULL,'USD',1.0000,1.0000,NULL,NULL,50.0000,50.0000,50.0000,50.0000,1,0,NULL,NULL,0),(65,1,'2021-09-07 14:31:55','2021-09-07 14:40:15',NULL,0,0,0,1,1.0000,0,0.0000,0.0000,'USD','USD','USD',605.0000,605.0000,'guest',NULL,3,0,'3info@cibkk.com',NULL,'ดีใจ',NULL,'เสนดี',NULL,NULL,NULL,1,1,'182.232.48.51',NULL,'000000004',NULL,NULL,'USD',1.0000,1.0000,NULL,NULL,600.0000,600.0000,600.0000,600.0000,1,0,NULL,NULL,0),(66,1,'2021-09-07 15:36:02','2021-09-07 15:44:23',NULL,0,0,0,1,1.0000,0,0.0000,0.0000,'USD','USD','USD',605.0000,605.0000,'guest',NULL,3,0,'2info@cibkk.com',NULL,'ดีใจ',NULL,'ใจดี',NULL,NULL,NULL,1,1,'202.44.251.37',NULL,'000000005',NULL,NULL,'USD',1.0000,1.0000,NULL,NULL,600.0000,600.0000,600.0000,600.0000,1,0,NULL,NULL,0),(67,1,'2021-09-07 15:45:30','2021-09-07 16:01:10',NULL,1,0,0,1,1.0000,0,0.0000,0.0000,'USD','USD','USD',699.0000,699.0000,NULL,7,3,1,'2info@cibkk.com',NULL,'ดีใจ',NULL,'ใจดี',NULL,NULL,NULL,1,0,'202.44.251.37',NULL,NULL,NULL,NULL,'USD',1.0000,1.0000,NULL,NULL,699.0000,699.0000,699.0000,699.0000,1,0,NULL,NULL,0),(68,1,'2021-09-07 16:03:05','2021-09-07 16:06:19',NULL,0,0,0,1,1.0000,0,0.0000,0.0000,'USD','USD','USD',605.0000,605.0000,'guest',NULL,3,0,'4info@cibkk.com',NULL,'ดีใจ',NULL,'เเสนดี',NULL,NULL,NULL,1,1,'202.44.251.37',NULL,'000000006',NULL,NULL,'USD',1.0000,1.0000,NULL,NULL,600.0000,600.0000,600.0000,600.0000,1,0,NULL,NULL,0),(69,1,'2021-09-07 16:08:13','2021-09-07 16:08:13',NULL,1,0,0,0,0.0000,0,0.0000,0.0000,'USD','USD','USD',0.0000,0.0000,NULL,8,NULL,1,'4info@cibkk.com',NULL,'ดีใจ',NULL,'เเสนดี',NULL,NULL,NULL,1,0,'202.44.251.37',NULL,NULL,NULL,NULL,'USD',1.0000,1.0000,NULL,NULL,0.0000,0.0000,0.0000,0.0000,1,0,NULL,NULL,0),(70,1,'2021-09-07 17:20:13','2021-09-07 17:20:13',NULL,1,0,0,1,1.0000,0,0.0000,0.0000,'USD','USD','USD',600.0000,600.0000,NULL,NULL,3,0,NULL,NULL,NULL,NULL,NULL,NULL,NULL,NULL,1,1,'182.232.55.255',NULL,NULL,NULL,NULL,'USD',1.0000,1.0000,NULL,NULL,600.0000,600.0000,600.0000,600.0000,1,0,NULL,NULL,0),(71,1,'2021-09-09 11:42:32','2021-09-09 11:45:16',NULL,1,1,0,2,2.0000,0,0.0000,0.0000,'USD','USD','USD',400.0000,400.0000,NULL,9,3,1,'test@gmail.com',NULL,'test',NULL,'testing',NULL,NULL,NULL,1,0,'116.72.49.239',NULL,NULL,NULL,NULL,'USD',1.0000,1.0000,NULL,NULL,400.0000,400.0000,400.0000,400.0000,1,0,NULL,NULL,0),(72,4,'2021-09-09 14:51:41','2021-09-09 14:51:41',NULL,1,0,0,1,1.0000,0,0.0000,0.0000,'USD','USD','USD',230.0000,230.0000,NULL,NULL,3,0,NULL,NULL,NULL,NULL,NULL,NULL,NULL,NULL,1,1,'112.198.205.11',NULL,NULL,NULL,NULL,'USD',1.0000,1.0000,NULL,NULL,230.0000,230.0000,230.0000,230.0000,1,0,NULL,NULL,0),(73,1,'2021-09-10 01:41:06','2021-09-10 01:41:06',NULL,1,0,0,1,1.0000,0,0.0000,0.0000,'USD','USD','USD',210.0000,210.0000,NULL,NULL,3,0,NULL,NULL,NULL,NULL,NULL,NULL,NULL,NULL,1,1,'112.198.205.11',NULL,NULL,NULL,NULL,'USD',1.0000,1.0000,NULL,NULL,210.0000,210.0000,210.0000,210.0000,1,0,NULL,NULL,0),(74,4,'2021-09-10 04:42:19','2021-09-10 04:42:19',NULL,1,0,0,1,1.0000,0,0.0000,0.0000,'USD','USD','USD',129.0000,129.0000,NULL,NULL,3,0,NULL,NULL,NULL,NULL,NULL,NULL,NULL,NULL,1,1,'118.71.205.18',NULL,NULL,NULL,NULL,'USD',1.0000,1.0000,NULL,NULL,129.0000,129.0000,129.0000,129.0000,1,0,NULL,NULL,0),(75,1,'2021-09-10 08:32:21','2021-09-10 08:35:30',NULL,0,1,0,1,1.0000,0,0.0000,0.0000,'USD','USD','USD',200.0000,200.0000,'guest',NULL,3,0,'info@nbtech.co.th',NULL,'kittiwat',NULL,'manoi',NULL,NULL,NULL,1,1,'171.100.236.145',NULL,'000000007',NULL,NULL,'USD',1.0000,1.0000,NULL,NULL,200.0000,200.0000,200.0000,200.0000,1,0,NULL,NULL,0),(76,1,'2021-09-13 10:58:09','2021-09-13 10:58:09',NULL,1,0,0,1,1.0000,0,0.0000,0.0000,'USD','USD','USD',200.0000,200.0000,NULL,NULL,3,0,NULL,NULL,NULL,NULL,NULL,NULL,NULL,NULL,1,1,'58.136.5.192',NULL,NULL,NULL,NULL,'USD',1.0000,1.0000,NULL,NULL,200.0000,200.0000,200.0000,200.0000,1,0,NULL,NULL,0),(77,4,'2021-09-13 13:54:22','2021-09-13 13:54:22',NULL,1,0,0,1,1.0000,0,0.0000,0.0000,'USD','USD','USD',230.0000,230.0000,NULL,NULL,3,0,NULL,NULL,NULL,NULL,NULL,NULL,NULL,NULL,1,1,'180.244.90.63',NULL,NULL,NULL,NULL,'USD',1.0000,1.0000,NULL,NULL,230.0000,230.0000,230.0000,230.0000,1,0,NULL,NULL,0),(78,1,'2021-09-13 18:15:37','2021-09-13 18:15:37',NULL,1,0,0,1,1.0000,0,0.0000,0.0000,'USD','USD','USD',50.0000,50.0000,NULL,NULL,3,0,NULL,NULL,NULL,NULL,NULL,NULL,NULL,NULL,1,1,'103.246.40.109',NULL,NULL,NULL,NULL,'USD',1.0000,1.0000,NULL,NULL,50.0000,50.0000,50.0000,50.0000,1,0,NULL,NULL,0),(79,1,'2021-09-14 05:54:00','2021-09-14 05:54:00',NULL,1,0,0,1,1.0000,0,0.0000,0.0000,'USD','USD','USD',200.0000,200.0000,NULL,NULL,3,0,NULL,NULL,NULL,NULL,NULL,NULL,NULL,NULL,1,1,'91.193.179.44',NULL,NULL,NULL,NULL,'USD',1.0000,1.0000,NULL,NULL,200.0000,200.0000,200.0000,200.0000,1,0,NULL,NULL,0),(80,1,'2021-09-14 14:04:48','2021-09-14 14:04:48',NULL,1,1,0,1,1.0000,0,0.0000,0.0000,'USD','USD','USD',200.0000,200.0000,NULL,NULL,3,0,NULL,NULL,NULL,NULL,NULL,NULL,NULL,NULL,1,1,'129.0.205.46',NULL,NULL,NULL,NULL,'USD',1.0000,1.0000,NULL,NULL,200.0000,200.0000,200.0000,200.0000,1,0,NULL,NULL,0),(81,1,'2021-09-15 11:26:58','2021-09-15 11:26:58',NULL,1,0,0,1,1.0000,0,0.0000,0.0000,'USD','USD','USD',50.0000,50.0000,NULL,NULL,3,0,NULL,NULL,NULL,NULL,NULL,NULL,NULL,NULL,1,1,'103.212.143.135',NULL,NULL,NULL,NULL,'USD',1.0000,1.0000,NULL,NULL,50.0000,50.0000,50.0000,50.0000,1,0,NULL,NULL,0),(82,4,'2021-09-16 09:25:59','2021-09-16 09:25:59',NULL,1,0,0,1,2.0000,0,0.0000,0.0000,'USD','USD','USD',420.0000,420.0000,NULL,NULL,3,0,NULL,NULL,NULL,NULL,NULL,NULL,NULL,NULL,1,1,'192.142.171.205',NULL,NULL,NULL,NULL,'USD',1.0000,1.0000,NULL,NULL,420.0000,420.0000,420.0000,420.0000,1,0,NULL,NULL,0),(83,1,'2021-09-16 11:49:22','2021-09-16 11:49:22',NULL,1,0,0,1,1.0000,0,0.0000,0.0000,'USD','USD','USD',50.0000,50.0000,NULL,NULL,3,0,NULL,NULL,NULL,NULL,NULL,NULL,NULL,NULL,1,1,'189.105.117.5',NULL,NULL,NULL,NULL,'USD',1.0000,1.0000,NULL,NULL,50.0000,50.0000,50.0000,50.0000,1,0,NULL,NULL,0),(84,1,'2021-09-17 04:01:42','2021-09-17 04:01:42',NULL,1,1,0,1,1.0000,0,0.0000,0.0000,'USD','USD','USD',200.0000,200.0000,NULL,NULL,3,0,NULL,NULL,NULL,NULL,NULL,NULL,NULL,NULL,1,1,'223.206.244.152',NULL,NULL,NULL,NULL,'USD',1.0000,1.0000,NULL,NULL,200.0000,200.0000,200.0000,200.0000,1,0,NULL,NULL,0),(85,4,'2021-09-19 21:02:54','2021-09-19 21:02:54',NULL,1,0,0,1,1.0000,0,0.0000,0.0000,'USD','USD','USD',699.0000,699.0000,NULL,NULL,3,0,NULL,NULL,NULL,NULL,NULL,NULL,NULL,NULL,1,1,'212.252.143.177',NULL,NULL,NULL,NULL,'USD',1.0000,1.0000,NULL,NULL,699.0000,699.0000,699.0000,699.0000,1,0,NULL,NULL,0),(86,4,'2021-09-22 09:01:15','2021-09-22 09:01:15',NULL,1,0,0,1,1.0000,0,0.0000,0.0000,'USD','USD','USD',109.0000,109.0000,NULL,NULL,3,0,NULL,NULL,NULL,NULL,NULL,NULL,NULL,NULL,1,1,'115.72.164.126',NULL,NULL,NULL,NULL,'USD',1.0000,1.0000,NULL,NULL,109.0000,109.0000,109.0000,109.0000,1,0,NULL,NULL,0),(87,1,'2021-09-23 07:04:49','2021-09-23 07:04:49',NULL,1,1,0,1,1.0000,0,0.0000,0.0000,'USD','USD','USD',200.0000,200.0000,NULL,NULL,3,0,NULL,NULL,NULL,NULL,NULL,NULL,NULL,NULL,1,1,'123.118.74.164',NULL,NULL,NULL,NULL,'USD',1.0000,1.0000,NULL,NULL,200.0000,200.0000,200.0000,200.0000,1,0,NULL,NULL,0),(88,4,'2021-09-24 19:49:13','2021-09-24 19:49:13',NULL,1,1,0,1,1.0000,0,0.0000,0.0000,'USD','USD','USD',200.0000,200.0000,NULL,NULL,3,0,NULL,NULL,NULL,NULL,NULL,NULL,NULL,NULL,1,1,'192.176.52.234',NULL,NULL,NULL,NULL,'USD',1.0000,1.0000,NULL,NULL,200.0000,200.0000,200.0000,200.0000,1,0,NULL,NULL,0),(89,1,'2021-09-25 15:02:18','2021-09-25 15:02:18',NULL,1,0,0,1,1.0000,0,0.0000,0.0000,'USD','USD','USD',699.0000,699.0000,NULL,NULL,3,0,NULL,NULL,NULL,NULL,NULL,NULL,NULL,NULL,1,1,'1.32.73.35',NULL,NULL,NULL,NULL,'USD',1.0000,1.0000,NULL,NULL,699.0000,699.0000,699.0000,699.0000,1,0,NULL,NULL,0),(90,1,'2021-09-26 21:15:26','2021-09-26 21:15:26',NULL,1,1,0,1,1.0000,0,0.0000,0.0000,'USD','USD','USD',200.0000,200.0000,NULL,NULL,3,0,NULL,NULL,NULL,NULL,NULL,NULL,NULL,NULL,1,1,'49.37.176.27',NULL,NULL,NULL,NULL,'USD',1.0000,1.0000,NULL,NULL,200.0000,200.0000,200.0000,200.0000,1,0,NULL,NULL,0),(91,4,'2021-09-27 08:00:25','2021-09-27 08:26:38',NULL,1,0,0,2,2.0000,0,0.0000,0.0000,'USD','USD','USD',899.0000,899.0000,NULL,NULL,3,0,NULL,NULL,NULL,NULL,NULL,NULL,NULL,NULL,1,1,'108.170.33.178',NULL,NULL,NULL,NULL,'USD',1.0000,1.0000,NULL,NULL,899.0000,899.0000,899.0000,899.0000,1,0,NULL,NULL,0),(92,1,'2021-09-27 20:29:30','2021-09-27 20:29:30',NULL,1,0,0,1,1.0000,0,0.0000,0.0000,'USD','USD','USD',30.0000,30.0000,NULL,NULL,3,0,NULL,NULL,NULL,NULL,NULL,NULL,NULL,NULL,1,1,'106.198.159.116',NULL,NULL,NULL,NULL,'USD',1.0000,1.0000,NULL,NULL,30.0000,30.0000,30.0000,30.0000,1,0,NULL,NULL,0),(93,1,'2021-09-28 16:50:44','2021-09-28 16:50:44',NULL,1,1,0,1,2.0000,0,0.0000,0.0000,'USD','USD','USD',400.0000,400.0000,NULL,NULL,3,0,NULL,NULL,NULL,NULL,NULL,NULL,NULL,NULL,1,1,'157.45.246.64',NULL,NULL,NULL,NULL,'USD',1.0000,1.0000,NULL,NULL,400.0000,400.0000,400.0000,400.0000,1,0,NULL,NULL,0),(94,1,'2021-09-28 17:05:33','2021-09-28 17:05:33',NULL,1,1,0,1,1.0000,0,0.0000,0.0000,'USD','USD','USD',200.0000,200.0000,NULL,NULL,3,0,NULL,NULL,NULL,NULL,NULL,NULL,NULL,NULL,1,1,'113.23.26.199',NULL,NULL,NULL,NULL,'USD',1.0000,1.0000,NULL,NULL,200.0000,200.0000,200.0000,200.0000,1,0,NULL,NULL,0),(95,1,'2021-10-04 05:11:25','2021-10-04 05:11:25',NULL,1,0,0,1,1.0000,0,0.0000,0.0000,'USD','USD','USD',210.0000,210.0000,NULL,NULL,3,0,NULL,NULL,NULL,NULL,NULL,NULL,NULL,NULL,1,1,'176.93.129.63',NULL,NULL,NULL,NULL,'USD',1.0000,1.0000,NULL,NULL,210.0000,210.0000,210.0000,210.0000,1,0,NULL,NULL,0),(96,3,'2021-10-10 11:35:28','2021-10-10 11:35:28',NULL,1,0,0,1,1.0000,0,0.0000,0.0000,'USD','USD','USD',1395.0000,1395.0000,NULL,NULL,3,0,NULL,NULL,NULL,NULL,NULL,NULL,NULL,NULL,1,1,'159.0.255.247',NULL,NULL,NULL,NULL,'USD',1.0000,1.0000,NULL,NULL,1395.0000,1395.0000,1395.0000,1395.0000,1,0,NULL,NULL,0),(97,1,'2021-10-11 20:11:13','2021-10-11 20:11:13',NULL,1,1,0,1,1.0000,0,0.0000,0.0000,'USD','USD','USD',200.0000,200.0000,NULL,NULL,3,0,NULL,NULL,NULL,NULL,NULL,NULL,NULL,NULL,1,1,'89.238.178.198',NULL,NULL,NULL,NULL,'USD',1.0000,1.0000,NULL,NULL,200.0000,200.0000,200.0000,200.0000,1,0,NULL,NULL,0),(98,1,'2021-10-14 15:14:41','2021-10-14 15:14:41',NULL,1,1,0,1,1.0000,0,0.0000,0.0000,'USD','USD','USD',200.0000,200.0000,NULL,NULL,3,0,NULL,NULL,NULL,NULL,NULL,NULL,NULL,NULL,1,1,'83.245.128.72',NULL,NULL,NULL,NULL,'USD',1.0000,1.0000,NULL,NULL,200.0000,200.0000,200.0000,200.0000,1,0,NULL,NULL,0),(99,1,'2021-10-14 17:59:00','2021-10-14 18:15:38',NULL,1,0,0,1,4.0000,0,0.0000,0.0000,'USD','USD','USD',2796.0000,2796.0000,NULL,NULL,3,0,NULL,NULL,NULL,NULL,NULL,NULL,NULL,NULL,1,1,'72.255.49.149',NULL,NULL,NULL,NULL,'USD',1.0000,1.0000,NULL,NULL,2796.0000,2796.0000,2796.0000,2796.0000,1,0,NULL,NULL,0),(100,1,'2021-10-15 11:30:09','2021-10-15 11:30:09',NULL,1,0,0,1,1.0000,0,0.0000,0.0000,'USD','USD','USD',210.0000,210.0000,NULL,NULL,3,0,NULL,NULL,NULL,NULL,NULL,NULL,NULL,NULL,1,1,'62.169.242.175',NULL,NULL,NULL,NULL,'USD',1.0000,1.0000,NULL,NULL,210.0000,210.0000,210.0000,210.0000,1,0,NULL,NULL,0),(101,1,'2021-10-15 14:49:12','2021-10-15 14:49:24',NULL,1,0,0,0,0.0000,0,0.0000,0.0000,'USD','USD','USD',0.0000,0.0000,NULL,NULL,3,0,NULL,NULL,NULL,NULL,NULL,NULL,NULL,NULL,1,1,'157.47.78.191',NULL,NULL,NULL,NULL,'USD',1.0000,1.0000,NULL,NULL,0.0000,0.0000,0.0000,0.0000,1,0,NULL,NULL,0),(102,1,'2021-10-15 20:34:37','2021-10-15 20:35:02',NULL,1,0,0,2,2.0000,0,0.0000,0.0000,'USD','USD','USD',909.0000,909.0000,NULL,NULL,3,0,NULL,NULL,NULL,NULL,NULL,NULL,NULL,NULL,1,1,'78.61.160.110',NULL,NULL,NULL,NULL,'USD',1.0000,1.0000,NULL,NULL,909.0000,909.0000,909.0000,909.0000,1,0,NULL,NULL,0),(103,1,'2021-10-18 16:19:49','2021-10-18 16:19:49',NULL,1,1,0,1,1.0000,0,0.0000,0.0000,'USD','USD','USD',200.0000,200.0000,NULL,NULL,3,0,NULL,NULL,NULL,NULL,NULL,NULL,NULL,NULL,1,1,'73.84.199.28',NULL,NULL,NULL,NULL,'USD',1.0000,1.0000,NULL,NULL,200.0000,200.0000,200.0000,200.0000,1,0,NULL,NULL,0),(104,4,'2021-10-19 09:20:49','2021-10-19 09:21:14',NULL,1,1,0,3,3.0000,0,0.0000,0.0000,'USD','USD','USD',600.0000,600.0000,NULL,NULL,3,0,NULL,NULL,NULL,NULL,NULL,NULL,NULL,NULL,1,1,'116.87.208.138',NULL,NULL,NULL,NULL,'USD',1.0000,1.0000,NULL,NULL,600.0000,600.0000,600.0000,600.0000,1,0,NULL,NULL,0),(105,4,'2021-10-20 05:45:06','2021-10-20 05:45:06',NULL,1,0,0,1,1.0000,0,0.0000,0.0000,'USD','USD','USD',210.0000,210.0000,NULL,NULL,3,0,NULL,NULL,NULL,NULL,NULL,NULL,NULL,NULL,1,1,'105.60.166.140',NULL,NULL,NULL,NULL,'USD',1.0000,1.0000,NULL,NULL,210.0000,210.0000,210.0000,210.0000,1,0,NULL,NULL,0),(106,4,'2021-10-22 06:25:29','2021-10-22 06:26:10',NULL,1,0,0,2,2.0000,0,0.0000,0.0000,'USD','USD','USD',828.0000,828.0000,NULL,NULL,3,0,NULL,NULL,NULL,NULL,NULL,NULL,NULL,NULL,1,1,'105.60.166.140',NULL,NULL,NULL,NULL,'USD',1.0000,1.0000,NULL,NULL,828.0000,828.0000,828.0000,828.0000,1,0,NULL,NULL,0),(107,4,'2021-10-22 07:48:28','2021-10-22 07:48:28',NULL,1,1,0,1,1.0000,0,0.0000,0.0000,'USD','USD','USD',200.0000,200.0000,NULL,NULL,3,0,NULL,NULL,NULL,NULL,NULL,NULL,NULL,NULL,1,1,'101.127.227.73',NULL,NULL,NULL,NULL,'USD',1.0000,1.0000,NULL,NULL,200.0000,200.0000,200.0000,200.0000,1,0,NULL,NULL,0),(108,2,'2021-10-22 14:09:02','2021-10-22 14:11:01',NULL,1,0,0,1,1.0000,0,0.0000,0.0000,'USD','USD','USD',56.0000,56.0000,NULL,NULL,3,0,NULL,NULL,NULL,NULL,NULL,NULL,NULL,NULL,1,1,'105.60.166.140',NULL,NULL,NULL,NULL,'USD',1.0000,1.0000,NULL,NULL,56.0000,56.0000,56.0000,56.0000,1,0,NULL,NULL,0),(109,3,'2021-10-27 06:23:51','2021-10-27 06:23:51',NULL,1,0,0,0,0.0000,0,0.0000,0.0000,'USD','USD','USD',0.0000,0.0000,NULL,10,NULL,1,'test@yopmail.com',NULL,'test',NULL,'fdfd',NULL,NULL,NULL,1,0,'27.147.235.98',NULL,NULL,NULL,NULL,'USD',1.0000,1.0000,NULL,NULL,0.0000,0.0000,0.0000,0.0000,1,0,NULL,NULL,0),(110,4,'2021-10-27 08:09:27','2021-10-27 08:09:27',NULL,1,0,0,1,1.0000,0,0.0000,0.0000,'USD','USD','USD',600.0000,600.0000,NULL,NULL,3,0,NULL,NULL,NULL,NULL,NULL,NULL,NULL,NULL,1,1,'178.178.94.52',NULL,NULL,NULL,NULL,'USD',1.0000,1.0000,NULL,NULL,600.0000,600.0000,600.0000,600.0000,1,0,NULL,NULL,0),(111,4,'2021-10-28 04:20:28','2021-10-28 04:20:28',NULL,1,0,0,1,1.0000,0,0.0000,0.0000,'USD','USD','USD',230.0000,230.0000,NULL,NULL,3,0,NULL,NULL,NULL,NULL,NULL,NULL,NULL,NULL,1,1,'182.30.48.231',NULL,NULL,NULL,NULL,'USD',1.0000,1.0000,NULL,NULL,230.0000,230.0000,230.0000,230.0000,1,0,NULL,NULL,0),(112,1,'2021-10-28 17:02:01','2021-10-28 17:52:56',NULL,1,0,0,4,6.0000,0,0.0000,0.0000,'USD','USD','USD',1784.0000,1784.0000,NULL,NULL,3,0,NULL,NULL,NULL,NULL,NULL,NULL,NULL,NULL,1,1,'78.27.65.170',NULL,NULL,NULL,NULL,'USD',1.0000,1.0000,NULL,NULL,1784.0000,1784.0000,1784.0000,1784.0000,1,0,NULL,NULL,0),(113,1,'2021-10-29 09:40:59','2021-10-29 09:40:59',NULL,1,1,0,1,1.0000,0,0.0000,0.0000,'USD','USD','USD',200.0000,200.0000,NULL,NULL,3,0,NULL,NULL,NULL,NULL,NULL,NULL,NULL,NULL,1,1,'87.95.8.204',NULL,NULL,NULL,NULL,'USD',1.0000,1.0000,NULL,NULL,200.0000,200.0000,200.0000,200.0000,1,0,NULL,NULL,0),(114,4,'2021-10-29 19:51:41','2021-10-29 19:52:57',NULL,1,0,0,2,2.0000,0,0.0000,0.0000,'USD','USD','USD',899.0000,899.0000,NULL,NULL,3,0,NULL,NULL,NULL,NULL,NULL,NULL,NULL,NULL,1,1,'213.86.143.6',NULL,NULL,NULL,NULL,'USD',1.0000,1.0000,NULL,NULL,899.0000,899.0000,899.0000,899.0000,1,0,NULL,NULL,0),(115,1,'2021-10-29 21:05:16','2021-10-29 21:05:16',NULL,1,0,0,1,1.0000,0,0.0000,0.0000,'USD','USD','USD',210.0000,210.0000,NULL,NULL,3,0,NULL,NULL,NULL,NULL,NULL,NULL,NULL,NULL,1,1,'91.226.254.108',NULL,NULL,NULL,NULL,'USD',1.0000,1.0000,NULL,NULL,210.0000,210.0000,210.0000,210.0000,1,0,NULL,NULL,0),(116,1,'2021-10-30 22:42:20','2021-10-30 22:42:20',NULL,1,0,0,1,1.0000,0,0.0000,0.0000,'USD','USD','USD',50.0000,50.0000,NULL,NULL,3,0,NULL,NULL,NULL,NULL,NULL,NULL,NULL,NULL,1,1,'83.245.128.72',NULL,NULL,NULL,NULL,'USD',1.0000,1.0000,NULL,NULL,50.0000,50.0000,50.0000,50.0000,1,0,NULL,NULL,0),(117,3,'2021-10-31 04:27:08','2021-10-31 04:27:08',NULL,1,1,0,1,1.0000,0,0.0000,0.0000,'USD','USD','USD',200.0000,200.0000,NULL,NULL,3,0,NULL,NULL,NULL,NULL,NULL,NULL,NULL,NULL,1,1,'197.200.243.149',NULL,NULL,NULL,NULL,'USD',1.0000,1.0000,NULL,NULL,200.0000,200.0000,200.0000,200.0000,1,0,NULL,NULL,0),(118,3,'2021-11-02 00:50:16','2021-11-02 00:50:16',NULL,1,1,0,1,1.0000,0,0.0000,0.0000,'USD','USD','USD',200.0000,200.0000,NULL,NULL,3,0,NULL,NULL,NULL,NULL,NULL,NULL,NULL,NULL,1,1,'183.182.120.169',NULL,NULL,NULL,NULL,'USD',1.0000,1.0000,NULL,NULL,200.0000,200.0000,200.0000,200.0000,1,0,NULL,NULL,0),(119,4,'2021-11-02 19:16:01','2021-11-02 19:16:01',NULL,1,0,0,1,1.0000,0,0.0000,0.0000,'USD','USD','USD',210.0000,210.0000,NULL,NULL,3,0,NULL,NULL,NULL,NULL,NULL,NULL,NULL,NULL,1,1,'78.27.65.170',NULL,NULL,NULL,NULL,'USD',1.0000,1.0000,NULL,NULL,210.0000,210.0000,210.0000,210.0000,1,0,NULL,NULL,0),(120,4,'2021-11-04 12:14:52','2021-11-04 12:14:52',NULL,1,0,0,1,1.0000,0,0.0000,0.0000,'USD','USD','USD',699.0000,699.0000,NULL,NULL,3,0,NULL,NULL,NULL,NULL,NULL,NULL,NULL,NULL,1,1,'78.27.65.170',NULL,NULL,NULL,NULL,'USD',1.0000,1.0000,NULL,NULL,699.0000,699.0000,699.0000,699.0000,1,0,NULL,NULL,0),(121,4,'2021-11-04 14:15:15','2021-11-04 14:15:15',NULL,1,0,0,1,1.0000,0,0.0000,0.0000,'USD','USD','USD',500.0000,500.0000,NULL,NULL,3,0,NULL,NULL,NULL,NULL,NULL,NULL,NULL,NULL,1,1,'78.27.65.170',NULL,NULL,NULL,NULL,'USD',1.0000,1.0000,NULL,NULL,500.0000,500.0000,500.0000,500.0000,1,0,NULL,NULL,0),(122,1,'2021-11-07 12:57:25','2021-11-07 12:57:31',NULL,1,1,0,2,2.0000,0,0.0000,0.0000,'USD','USD','USD',400.0000,400.0000,NULL,NULL,3,0,NULL,NULL,NULL,NULL,NULL,NULL,NULL,NULL,1,1,'220.152.115.217',NULL,NULL,NULL,NULL,'USD',1.0000,1.0000,NULL,NULL,400.0000,400.0000,400.0000,400.0000,1,0,NULL,NULL,0),(123,1,'2021-11-08 07:06:29','2021-11-08 07:06:29',NULL,1,0,0,1,1.0000,0,0.0000,0.0000,'USD','USD','USD',1395.0000,1395.0000,NULL,NULL,3,0,NULL,NULL,NULL,NULL,NULL,NULL,NULL,NULL,1,1,'202.21.124.129',NULL,NULL,NULL,NULL,'USD',1.0000,1.0000,NULL,NULL,1395.0000,1395.0000,1395.0000,1395.0000,1,0,NULL,NULL,0),(124,4,'2021-11-08 18:41:18','2021-11-08 18:41:18',NULL,1,0,0,1,1.0000,0,0.0000,0.0000,'USD','USD','USD',699.0000,699.0000,NULL,NULL,3,0,NULL,NULL,NULL,NULL,NULL,NULL,NULL,NULL,1,1,'31.148.168.21',NULL,NULL,NULL,NULL,'USD',1.0000,1.0000,NULL,NULL,699.0000,699.0000,699.0000,699.0000,1,0,NULL,NULL,0),(125,4,'2021-11-08 20:17:21','2021-11-08 20:17:21',NULL,1,0,0,1,1.0000,0,0.0000,0.0000,'USD','USD','USD',210.0000,210.0000,NULL,NULL,3,0,NULL,NULL,NULL,NULL,NULL,NULL,NULL,NULL,1,1,'168.121.149.250',NULL,NULL,NULL,NULL,'USD',1.0000,1.0000,NULL,NULL,210.0000,210.0000,210.0000,210.0000,1,0,NULL,NULL,0),(126,4,'2021-11-13 17:07:07','2021-11-13 17:07:07',NULL,1,0,0,1,1.0000,0,0.0000,0.0000,'USD','USD','USD',50.0000,50.0000,NULL,NULL,3,0,NULL,NULL,NULL,NULL,NULL,NULL,NULL,NULL,1,1,'103.149.146.246',NULL,NULL,NULL,NULL,'USD',1.0000,1.0000,NULL,NULL,50.0000,50.0000,50.0000,50.0000,1,0,NULL,NULL,0),(127,3,'2021-11-17 13:47:49','2021-11-17 13:47:49',NULL,1,1,0,1,1.0000,0,0.0000,0.0000,'USD','USD','USD',200.0000,200.0000,NULL,NULL,3,0,NULL,NULL,NULL,NULL,NULL,NULL,NULL,NULL,1,1,'102.222.146.159',NULL,NULL,NULL,NULL,'USD',1.0000,1.0000,NULL,NULL,200.0000,200.0000,200.0000,200.0000,1,0,NULL,NULL,0),(128,4,'2021-11-18 22:38:53','2021-11-18 22:38:53',NULL,1,0,0,1,1.0000,0,0.0000,0.0000,'USD','USD','USD',129.0000,129.0000,NULL,NULL,3,0,NULL,NULL,NULL,NULL,NULL,NULL,NULL,NULL,1,1,'194.150.197.82',NULL,NULL,NULL,NULL,'USD',1.0000,1.0000,NULL,NULL,129.0000,129.0000,129.0000,129.0000,1,0,NULL,NULL,0),(129,1,'2021-11-20 01:41:26','2021-11-20 01:41:26',NULL,1,0,0,1,1.0000,0,0.0000,0.0000,'USD','USD','USD',210.0000,210.0000,NULL,NULL,3,0,NULL,NULL,NULL,NULL,NULL,NULL,NULL,NULL,1,1,'87.95.12.5',NULL,NULL,NULL,NULL,'USD',1.0000,1.0000,NULL,NULL,210.0000,210.0000,210.0000,210.0000,1,0,NULL,NULL,0),(130,1,'2021-11-20 15:49:35','2021-11-20 15:49:35',NULL,1,0,0,1,1.0000,0,0.0000,0.0000,'USD','USD','USD',50.0000,50.0000,NULL,NULL,3,0,NULL,NULL,NULL,NULL,NULL,NULL,NULL,NULL,1,1,'176.58.193.160',NULL,NULL,NULL,NULL,'USD',1.0000,1.0000,NULL,NULL,50.0000,50.0000,50.0000,50.0000,1,0,NULL,NULL,0),(131,1,'2021-11-23 15:19:38','2021-11-23 15:19:38',NULL,1,0,0,1,1.0000,0,0.0000,0.0000,'USD','USD','USD',50.0000,50.0000,NULL,NULL,3,0,NULL,NULL,NULL,NULL,NULL,NULL,NULL,NULL,1,1,'156.216.76.37',NULL,NULL,NULL,NULL,'USD',1.0000,1.0000,NULL,NULL,50.0000,50.0000,50.0000,50.0000,1,0,NULL,NULL,0),(132,1,'2021-11-24 07:14:54','2021-11-24 07:14:54',NULL,1,1,0,1,1.0000,0,0.0000,0.0000,'USD','USD','USD',200.0000,200.0000,NULL,NULL,3,0,NULL,NULL,NULL,NULL,NULL,NULL,NULL,NULL,1,1,'61.1.195.173',NULL,NULL,NULL,NULL,'USD',1.0000,1.0000,NULL,NULL,200.0000,200.0000,200.0000,200.0000,1,0,NULL,NULL,0),(133,4,'2021-12-01 07:10:44','2021-12-01 07:10:44',NULL,1,0,0,1,1.0000,0,0.0000,0.0000,'USD','USD','USD',210.0000,210.0000,NULL,NULL,3,0,NULL,NULL,NULL,NULL,NULL,NULL,NULL,NULL,1,1,'41.144.67.6',NULL,NULL,NULL,NULL,'USD',1.0000,1.0000,NULL,NULL,210.0000,210.0000,210.0000,210.0000,1,0,NULL,NULL,0),(134,4,'2021-12-02 21:03:46','2021-12-02 21:03:46',NULL,1,0,0,1,1.0000,0,0.0000,0.0000,'USD','USD','USD',210.0000,210.0000,NULL,NULL,3,0,NULL,NULL,NULL,NULL,NULL,NULL,NULL,NULL,1,1,'95.70.165.55',NULL,NULL,NULL,NULL,'USD',1.0000,1.0000,NULL,NULL,210.0000,210.0000,210.0000,210.0000,1,0,NULL,NULL,0),(135,1,'2021-12-04 14:49:43','2021-12-04 14:49:43',NULL,1,0,0,1,1.0000,0,0.0000,0.0000,'USD','USD','USD',50.0000,50.0000,NULL,NULL,3,0,NULL,NULL,NULL,NULL,NULL,NULL,NULL,NULL,1,1,'78.190.71.57',NULL,NULL,NULL,NULL,'USD',1.0000,1.0000,NULL,NULL,50.0000,50.0000,50.0000,50.0000,1,0,NULL,NULL,0),(136,1,'2021-12-06 11:21:13','2021-12-06 11:24:34',NULL,0,1,0,1,2.0000,0,0.0000,0.0000,'USD','USD','USD',400.0000,400.0000,'guest',NULL,3,0,'ram10raj@gmail.com',NULL,'Ramki',NULL,'Ram',NULL,NULL,NULL,1,1,'157.49.210.75',NULL,'000000008',NULL,NULL,'USD',1.0000,1.0000,NULL,NULL,400.0000,400.0000,400.0000,400.0000,1,0,NULL,NULL,0),(137,1,'2021-12-08 13:45:41','2021-12-08 13:45:41',NULL,1,0,0,1,1.0000,0,0.0000,0.0000,'USD','USD','USD',220.0000,220.0000,NULL,NULL,3,0,NULL,NULL,NULL,NULL,NULL,NULL,NULL,NULL,1,1,'156.241.234.43',NULL,NULL,NULL,NULL,'USD',1.0000,1.0000,NULL,NULL,220.0000,220.0000,220.0000,220.0000,1,0,NULL,NULL,0),(138,1,'2021-12-10 07:45:37','2021-12-10 07:45:37',NULL,1,1,0,1,1.0000,0,0.0000,0.0000,'USD','USD','USD',200.0000,200.0000,NULL,NULL,3,0,NULL,NULL,NULL,NULL,NULL,NULL,NULL,NULL,1,1,'202.173.125.108',NULL,NULL,NULL,NULL,'USD',1.0000,1.0000,NULL,NULL,200.0000,200.0000,200.0000,200.0000,1,0,NULL,NULL,0),(139,4,'2021-12-11 00:48:51','2021-12-11 00:48:51',NULL,1,0,0,1,1.0000,0,0.0000,0.0000,'USD','USD','USD',500.0000,500.0000,NULL,NULL,3,0,NULL,NULL,NULL,NULL,NULL,NULL,NULL,NULL,1,1,'86.120.246.30',NULL,NULL,NULL,NULL,'USD',1.0000,1.0000,NULL,NULL,500.0000,500.0000,500.0000,500.0000,1,0,NULL,NULL,0),(140,1,'2021-12-11 17:32:15','2021-12-11 17:32:15',NULL,1,0,0,1,1.0000,0,0.0000,0.0000,'USD','USD','USD',600.0000,600.0000,NULL,NULL,3,0,NULL,NULL,NULL,NULL,NULL,NULL,NULL,NULL,1,1,'175.157.238.20',NULL,NULL,NULL,NULL,'USD',1.0000,1.0000,NULL,NULL,600.0000,600.0000,600.0000,600.0000,1,0,NULL,NULL,0),(141,4,'2021-12-13 03:33:04','2021-12-13 03:33:04',NULL,1,0,0,1,1.0000,0,0.0000,0.0000,'USD','USD','USD',32.0000,32.0000,NULL,NULL,3,0,NULL,NULL,NULL,NULL,NULL,NULL,NULL,NULL,1,1,'91.225.162.85',NULL,NULL,NULL,NULL,'USD',1.0000,1.0000,NULL,NULL,32.0000,32.0000,32.0000,32.0000,1,0,NULL,NULL,0),(142,4,'2021-12-14 19:13:13','2021-12-14 19:13:13',NULL,1,0,0,1,1.0000,0,0.0000,0.0000,'USD','USD','USD',50.0000,50.0000,NULL,NULL,3,0,NULL,NULL,NULL,NULL,NULL,NULL,NULL,NULL,1,1,'178.149.175.11',NULL,NULL,NULL,NULL,'USD',1.0000,1.0000,NULL,NULL,50.0000,50.0000,50.0000,50.0000,1,0,NULL,NULL,0),(143,4,'2021-12-15 14:20:16','2021-12-15 14:20:16',NULL,1,1,0,1,1.0000,0,0.0000,0.0000,'USD','USD','USD',200.0000,200.0000,NULL,NULL,3,0,NULL,NULL,NULL,NULL,NULL,NULL,NULL,NULL,1,1,'79.143.160.234',NULL,NULL,NULL,NULL,'USD',1.0000,1.0000,NULL,NULL,200.0000,200.0000,200.0000,200.0000,1,0,NULL,NULL,0),(144,1,'2021-12-18 09:12:31','2021-12-18 09:12:51',NULL,1,0,0,0,0.0000,0,0.0000,0.0000,'USD','USD','USD',0.0000,0.0000,NULL,NULL,3,0,NULL,NULL,NULL,NULL,NULL,NULL,NULL,NULL,1,1,'103.245.199.67',NULL,NULL,NULL,NULL,'USD',1.0000,1.0000,NULL,NULL,0.0000,0.0000,0.0000,0.0000,1,0,NULL,NULL,0),(145,1,'2021-12-20 12:08:57','2021-12-20 12:08:57',NULL,1,0,0,1,1.0000,0,0.0000,0.0000,'USD','USD','USD',666.0000,666.0000,NULL,NULL,3,0,NULL,NULL,NULL,NULL,NULL,NULL,NULL,NULL,1,1,'103.133.121.187',NULL,NULL,NULL,NULL,'USD',1.0000,1.0000,NULL,NULL,666.0000,666.0000,666.0000,666.0000,1,0,NULL,NULL,0),(146,1,'2021-12-21 04:36:32','2021-12-21 04:36:32',NULL,1,1,0,1,1.0000,0,0.0000,0.0000,'USD','USD','USD',200.0000,200.0000,NULL,NULL,3,0,NULL,NULL,NULL,NULL,NULL,NULL,NULL,NULL,1,1,'125.161.216.158',NULL,NULL,NULL,NULL,'USD',1.0000,1.0000,NULL,NULL,200.0000,200.0000,200.0000,200.0000,1,0,NULL,NULL,0),(147,4,'2021-12-22 11:40:48','2021-12-22 11:40:48',NULL,1,0,0,1,1.0000,0,0.0000,0.0000,'USD','USD','USD',210.0000,210.0000,NULL,NULL,3,0,NULL,NULL,NULL,NULL,NULL,NULL,NULL,NULL,1,1,'101.109.38.249',NULL,NULL,NULL,NULL,'USD',1.0000,1.0000,NULL,NULL,210.0000,210.0000,210.0000,210.0000,1,0,NULL,NULL,0),(148,1,'2021-12-24 09:57:21','2021-12-24 09:57:21',NULL,1,0,0,0,0.0000,0,0.0000,0.0000,'USD','USD','USD',0.0000,0.0000,NULL,11,NULL,1,'testineed@gmail.com',NULL,'test',NULL,'need',NULL,NULL,NULL,1,0,'49.34.65.86',NULL,NULL,NULL,NULL,'USD',1.0000,1.0000,NULL,NULL,0.0000,0.0000,0.0000,0.0000,1,0,NULL,NULL,0),(149,1,'2021-12-26 16:03:55','2021-12-26 16:03:55',NULL,1,1,0,1,1.0000,0,0.0000,0.0000,'USD','USD','USD',200.0000,200.0000,NULL,NULL,3,0,NULL,NULL,NULL,NULL,NULL,NULL,NULL,NULL,1,1,'86.98.45.199',NULL,NULL,NULL,NULL,'USD',1.0000,1.0000,NULL,NULL,200.0000,200.0000,200.0000,200.0000,1,0,NULL,NULL,0),(150,1,'2021-12-28 07:54:18','2021-12-28 07:54:30',NULL,1,1,0,2,2.0000,0,0.0000,0.0000,'USD','USD','USD',400.0000,400.0000,NULL,NULL,3,0,NULL,NULL,NULL,NULL,NULL,NULL,NULL,NULL,1,1,'27.147.191.179',NULL,NULL,NULL,NULL,'USD',1.0000,1.0000,NULL,NULL,400.0000,400.0000,400.0000,400.0000,1,0,NULL,NULL,0),(151,4,'2021-12-28 18:17:45','2021-12-28 18:17:45',NULL,1,0,0,1,1.0000,0,0.0000,0.0000,'USD','USD','USD',109.0000,109.0000,NULL,NULL,3,0,NULL,NULL,NULL,NULL,NULL,NULL,NULL,NULL,1,1,'217.28.6.37',NULL,NULL,NULL,NULL,'USD',1.0000,1.0000,NULL,NULL,109.0000,109.0000,109.0000,109.0000,1,0,NULL,NULL,0),(152,1,'2022-01-03 14:45:18','2022-01-03 14:45:18',NULL,1,0,0,1,1.0000,0,0.0000,0.0000,'USD','USD','USD',480.0000,480.0000,NULL,NULL,3,0,NULL,NULL,NULL,NULL,NULL,NULL,NULL,NULL,1,1,'189.73.20.212',NULL,NULL,NULL,NULL,'USD',1.0000,1.0000,NULL,NULL,480.0000,480.0000,480.0000,480.0000,1,0,NULL,NULL,0),(153,4,'2022-01-04 14:58:22','2022-01-04 14:58:22',NULL,1,0,0,1,1.0000,0,0.0000,0.0000,'USD','USD','USD',399.0000,399.0000,NULL,NULL,3,0,NULL,NULL,NULL,NULL,NULL,NULL,NULL,NULL,1,1,'149.90.166.23',NULL,NULL,NULL,NULL,'USD',1.0000,1.0000,NULL,NULL,399.0000,399.0000,399.0000,399.0000,1,0,NULL,NULL,0),(154,1,'2022-01-04 18:28:05','2022-01-04 18:28:05',NULL,1,0,0,1,1.0000,0,0.0000,0.0000,'USD','USD','USD',210.0000,210.0000,NULL,NULL,3,0,NULL,NULL,NULL,NULL,NULL,NULL,NULL,NULL,1,1,'87.95.37.187',NULL,NULL,NULL,NULL,'USD',1.0000,1.0000,NULL,NULL,210.0000,210.0000,210.0000,210.0000,1,0,NULL,NULL,0),(155,3,'2022-01-05 04:24:45','2022-01-05 04:24:45',NULL,1,1,0,1,1.0000,0,0.0000,0.0000,'USD','USD','USD',200.0000,200.0000,NULL,NULL,3,0,NULL,NULL,NULL,NULL,NULL,NULL,NULL,NULL,1,1,'103.254.244.236',NULL,NULL,NULL,NULL,'USD',1.0000,1.0000,NULL,NULL,200.0000,200.0000,200.0000,200.0000,1,0,NULL,NULL,0),(156,1,'2022-01-06 08:23:17','2022-01-06 08:26:43',NULL,0,0,0,1,1.0000,0,0.0000,0.0000,'USD','USD','USD',55.0000,55.0000,'guest',NULL,3,0,'cavo@cavo.com',NULL,'Edvin',NULL,'Parrca',NULL,NULL,NULL,1,1,'31.46.104.197',NULL,'000000009',NULL,NULL,'USD',1.0000,1.0000,NULL,NULL,50.0000,50.0000,50.0000,50.0000,1,0,NULL,NULL,0),(157,3,'2022-01-06 12:50:55','2022-01-06 12:50:55',NULL,1,1,0,1,1.0000,0,0.0000,0.0000,'USD','USD','USD',200.0000,200.0000,NULL,NULL,3,0,NULL,NULL,NULL,NULL,NULL,NULL,NULL,NULL,1,1,'78.190.76.55',NULL,NULL,NULL,NULL,'USD',1.0000,1.0000,NULL,NULL,200.0000,200.0000,200.0000,200.0000,1,0,NULL,NULL,0),(158,1,'2022-01-10 08:57:35','2022-01-10 08:57:35',NULL,1,0,0,1,1.0000,0,0.0000,0.0000,'USD','USD','USD',50.0000,50.0000,NULL,NULL,3,0,NULL,NULL,NULL,NULL,NULL,NULL,NULL,NULL,1,1,'31.46.104.197',NULL,NULL,NULL,NULL,'USD',1.0000,1.0000,NULL,NULL,50.0000,50.0000,50.0000,50.0000,1,0,NULL,NULL,0),(159,4,'2022-01-16 23:34:21','2022-01-16 23:34:45',NULL,1,0,0,2,2.0000,0,0.0000,0.0000,'USD','USD','USD',440.0000,440.0000,NULL,NULL,3,0,NULL,NULL,NULL,NULL,NULL,NULL,NULL,NULL,1,1,'178.147.81.226',NULL,NULL,NULL,NULL,'USD',1.0000,1.0000,NULL,NULL,440.0000,440.0000,440.0000,440.0000,1,0,NULL,NULL,0),(160,3,'2022-01-17 08:29:23','2022-01-17 08:30:29',NULL,1,0,0,2,3.0000,0,0.0000,0.0000,'USD','USD','USD',610.0000,610.0000,NULL,NULL,3,0,NULL,NULL,NULL,NULL,NULL,NULL,NULL,NULL,1,1,'36.95.245.119',NULL,NULL,NULL,NULL,'USD',1.0000,1.0000,NULL,NULL,610.0000,610.0000,610.0000,610.0000,1,0,NULL,NULL,0),(161,1,'2022-01-19 12:45:12','2022-01-19 12:45:12',NULL,1,0,0,1,1.0000,0,0.0000,0.0000,'USD','USD','USD',50.0000,50.0000,NULL,NULL,3,0,NULL,NULL,NULL,NULL,NULL,NULL,NULL,NULL,1,1,'45.227.156.179',NULL,NULL,NULL,NULL,'USD',1.0000,1.0000,NULL,NULL,50.0000,50.0000,50.0000,50.0000,1,0,NULL,NULL,0),(162,1,'2022-01-25 19:04:17','2022-01-25 19:04:17',NULL,1,1,0,1,1.0000,0,0.0000,0.0000,'USD','USD','USD',200.0000,200.0000,NULL,NULL,3,0,NULL,NULL,NULL,NULL,NULL,NULL,NULL,NULL,1,1,'163.116.224.118',NULL,NULL,NULL,NULL,'USD',1.0000,1.0000,NULL,NULL,200.0000,200.0000,200.0000,200.0000,1,0,NULL,NULL,0),(163,4,'2022-01-28 06:00:22','2022-01-28 06:00:22',NULL,1,0,0,1,1.0000,0,0.0000,0.0000,'USD','USD','USD',109.0000,109.0000,NULL,NULL,3,0,NULL,NULL,NULL,NULL,NULL,NULL,NULL,NULL,1,1,'86.126.173.99',NULL,NULL,NULL,NULL,'USD',1.0000,1.0000,NULL,NULL,109.0000,109.0000,109.0000,109.0000,1,0,NULL,NULL,0),(164,1,'2022-01-28 15:17:22','2022-01-28 15:19:18',NULL,1,1,0,1,1.0000,0,0.0000,0.0000,'USD','USD','USD',200.0000,200.0000,NULL,12,3,1,'veilcetcotrryon123@gmail.com',NULL,'Gbay',NULL,'Frank',NULL,NULL,NULL,1,0,'116.96.30.57',NULL,NULL,NULL,NULL,'USD',1.0000,1.0000,NULL,NULL,200.0000,200.0000,200.0000,200.0000,1,0,NULL,NULL,0),(165,3,'2022-01-29 17:21:32','2022-01-29 17:21:32',NULL,1,0,0,1,1.0000,0,0.0000,0.0000,'USD','USD','USD',50.0000,50.0000,NULL,NULL,3,0,NULL,NULL,NULL,NULL,NULL,NULL,NULL,NULL,1,1,'151.232.161.10',NULL,NULL,NULL,NULL,'USD',1.0000,1.0000,NULL,NULL,50.0000,50.0000,50.0000,50.0000,1,0,NULL,NULL,0),(166,1,'2022-02-03 13:01:45','2022-02-03 13:01:45',NULL,1,0,0,1,1.0000,0,0.0000,0.0000,'USD','USD','USD',699.0000,699.0000,NULL,NULL,3,0,NULL,NULL,NULL,NULL,NULL,NULL,NULL,NULL,1,1,'154.125.143.91',NULL,NULL,NULL,NULL,'USD',1.0000,1.0000,NULL,NULL,699.0000,699.0000,699.0000,699.0000,1,0,NULL,NULL,0),(167,1,'2022-02-04 09:17:13','2022-02-04 09:17:13',NULL,1,1,0,1,1.0000,0,0.0000,0.0000,'USD','USD','USD',200.0000,200.0000,NULL,NULL,3,0,NULL,NULL,NULL,NULL,NULL,NULL,NULL,NULL,1,1,'94.70.57.30',NULL,NULL,NULL,NULL,'USD',1.0000,1.0000,NULL,NULL,200.0000,200.0000,200.0000,200.0000,1,0,NULL,NULL,0),(168,1,'2022-02-04 13:33:10','2022-02-04 13:35:04',NULL,1,0,0,2,2.0000,0,0.0000,0.0000,'USD','USD','USD',1266.0000,1266.0000,NULL,NULL,3,0,NULL,NULL,NULL,NULL,NULL,NULL,NULL,NULL,1,1,'194.44.57.208',NULL,NULL,NULL,NULL,'USD',1.0000,1.0000,NULL,NULL,1266.0000,1266.0000,1266.0000,1266.0000,1,0,NULL,NULL,0),(169,1,'2022-02-05 10:32:30','2022-02-05 10:32:30',NULL,1,0,0,1,1.0000,0,0.0000,0.0000,'USD','USD','USD',500.0000,500.0000,NULL,NULL,3,0,NULL,NULL,NULL,NULL,NULL,NULL,NULL,NULL,1,1,'94.215.182.47',NULL,NULL,NULL,NULL,'USD',1.0000,1.0000,NULL,NULL,500.0000,500.0000,500.0000,500.0000,1,0,NULL,NULL,0),(170,1,'2022-02-09 17:00:22','2022-02-09 17:00:26',NULL,1,1,0,1,4.0000,0,0.0000,0.0000,'USD','USD','USD',800.0000,800.0000,NULL,NULL,3,0,NULL,NULL,NULL,NULL,NULL,NULL,NULL,NULL,1,1,'49.36.70.183',NULL,NULL,NULL,NULL,'USD',1.0000,1.0000,NULL,NULL,800.0000,800.0000,800.0000,800.0000,1,0,NULL,NULL,0),(171,4,'2022-02-12 09:48:13','2022-02-12 09:48:13',NULL,1,0,0,1,8.0000,0,0.0000,0.0000,'USD','USD','USD',400.0000,400.0000,NULL,NULL,3,0,NULL,NULL,NULL,NULL,NULL,NULL,NULL,NULL,1,1,'125.63.64.170',NULL,NULL,NULL,NULL,'USD',1.0000,1.0000,NULL,NULL,400.0000,400.0000,400.0000,400.0000,1,0,NULL,NULL,0),(172,1,'2022-02-16 18:56:00','2022-02-16 18:56:00',NULL,1,0,0,1,1.0000,0,0.0000,0.0000,'USD','USD','USD',50.0000,50.0000,NULL,NULL,3,0,NULL,NULL,NULL,NULL,NULL,NULL,NULL,NULL,1,1,'187.59.62.229',NULL,NULL,NULL,NULL,'USD',1.0000,1.0000,NULL,NULL,50.0000,50.0000,50.0000,50.0000,1,0,NULL,NULL,0),(173,1,'2022-02-18 13:54:49','2022-02-18 13:54:49',NULL,1,0,0,1,1.0000,0,0.0000,0.0000,'USD','USD','USD',210.0000,210.0000,NULL,NULL,3,0,NULL,NULL,NULL,NULL,NULL,NULL,NULL,NULL,1,1,'194.44.50.81',NULL,NULL,NULL,NULL,'USD',1.0000,1.0000,NULL,NULL,210.0000,210.0000,210.0000,210.0000,1,0,NULL,NULL,0),(174,4,'2022-02-19 18:44:29','2022-02-19 18:44:29',NULL,1,0,0,1,1.0000,0,0.0000,0.0000,'USD','USD','USD',500.0000,500.0000,NULL,NULL,3,0,NULL,NULL,NULL,NULL,NULL,NULL,NULL,NULL,1,1,'86.10.135.172',NULL,NULL,NULL,NULL,'USD',1.0000,1.0000,NULL,NULL,500.0000,500.0000,500.0000,500.0000,1,0,NULL,NULL,0),(175,4,'2022-02-21 16:03:27','2022-02-21 16:03:27',NULL,1,0,0,1,1.0000,0,0.0000,0.0000,'USD','USD','USD',699.0000,699.0000,NULL,NULL,3,0,NULL,NULL,NULL,NULL,NULL,NULL,NULL,NULL,1,1,'180.254.72.225',NULL,NULL,NULL,NULL,'USD',1.0000,1.0000,NULL,NULL,699.0000,699.0000,699.0000,699.0000,1,0,NULL,NULL,0),(176,1,'2022-02-22 15:06:18','2022-02-22 15:06:18',NULL,1,0,0,1,1.0000,0,0.0000,0.0000,'USD','USD','USD',220.0000,220.0000,NULL,NULL,3,0,NULL,NULL,NULL,NULL,NULL,NULL,NULL,NULL,1,1,'14.177.152.182',NULL,NULL,NULL,NULL,'USD',1.0000,1.0000,NULL,NULL,220.0000,220.0000,220.0000,220.0000,1,0,NULL,NULL,0),(177,4,'2022-02-22 15:20:33','2022-02-22 15:20:33',NULL,1,0,0,1,1.0000,0,0.0000,0.0000,'USD','USD','USD',600.0000,600.0000,NULL,NULL,3,0,NULL,NULL,NULL,NULL,NULL,NULL,NULL,NULL,1,1,'197.58.128.179',NULL,NULL,NULL,NULL,'USD',1.0000,1.0000,NULL,NULL,600.0000,600.0000,600.0000,600.0000,1,0,NULL,NULL,0),(178,1,'2022-02-23 07:48:48','2022-02-23 07:48:48',NULL,1,1,0,1,1.0000,0,0.0000,0.0000,'USD','USD','USD',200.0000,200.0000,NULL,NULL,3,0,NULL,NULL,NULL,NULL,NULL,NULL,NULL,NULL,1,1,'183.82.0.228',NULL,NULL,NULL,NULL,'USD',1.0000,1.0000,NULL,NULL,200.0000,200.0000,200.0000,200.0000,1,0,NULL,NULL,0),(179,4,'2022-02-23 20:21:57','2022-02-23 20:21:57',NULL,1,0,0,1,1.0000,0,0.0000,0.0000,'USD','USD','USD',50.0000,50.0000,NULL,NULL,3,0,NULL,NULL,NULL,NULL,NULL,NULL,NULL,NULL,1,1,'86.10.135.172',NULL,NULL,NULL,NULL,'USD',1.0000,1.0000,NULL,NULL,50.0000,50.0000,50.0000,50.0000,1,0,NULL,NULL,0),(180,1,'2022-02-26 19:53:22','2022-02-26 19:53:22',NULL,1,0,0,1,1.0000,0,0.0000,0.0000,'USD','USD','USD',500.0000,500.0000,NULL,NULL,3,0,NULL,NULL,NULL,NULL,NULL,NULL,NULL,NULL,1,1,'39.42.144.39',NULL,NULL,NULL,NULL,'USD',1.0000,1.0000,NULL,NULL,500.0000,500.0000,500.0000,500.0000,1,0,NULL,NULL,0),(181,4,'2022-02-27 17:25:42','2022-02-27 17:25:42',NULL,1,0,0,1,1.0000,0,0.0000,0.0000,'USD','USD','USD',210.0000,210.0000,NULL,NULL,3,0,NULL,NULL,NULL,NULL,NULL,NULL,NULL,NULL,1,1,'125.26.241.97',NULL,NULL,NULL,NULL,'USD',1.0000,1.0000,NULL,NULL,210.0000,210.0000,210.0000,210.0000,1,0,NULL,NULL,0),(182,4,'2022-02-28 08:20:52','2022-02-28 08:21:08',NULL,1,0,0,2,2.0000,0,0.0000,0.0000,'USD','USD','USD',168.0000,168.0000,NULL,NULL,3,0,NULL,NULL,NULL,NULL,NULL,NULL,NULL,NULL,1,1,'39.46.196.152',NULL,NULL,NULL,NULL,'USD',1.0000,1.0000,NULL,NULL,168.0000,168.0000,168.0000,168.0000,1,0,NULL,NULL,0),(183,1,'2022-02-28 15:15:16','2022-02-28 15:16:17',NULL,1,0,0,3,3.0000,0,0.0000,0.0000,'USD','USD','USD',680.0000,680.0000,NULL,NULL,3,0,NULL,NULL,NULL,NULL,NULL,NULL,NULL,NULL,1,1,'112.134.153.8',NULL,NULL,NULL,NULL,'USD',1.0000,1.0000,NULL,NULL,680.0000,680.0000,680.0000,680.0000,1,0,NULL,NULL,0),(184,4,'2022-03-02 07:16:15','2022-03-02 07:16:21',NULL,1,0,0,2,2.0000,0,0.0000,0.0000,'USD','USD','USD',234.0000,234.0000,NULL,NULL,3,0,NULL,NULL,NULL,NULL,NULL,NULL,NULL,NULL,1,1,'43.245.207.102',NULL,NULL,NULL,NULL,'USD',1.0000,1.0000,NULL,NULL,234.0000,234.0000,234.0000,234.0000,1,0,NULL,NULL,0),(185,1,'2022-03-02 13:06:13','2022-03-02 13:06:13',NULL,1,0,0,1,1.0000,0,0.0000,0.0000,'USD','USD','USD',109.0000,109.0000,NULL,NULL,3,0,NULL,NULL,NULL,NULL,NULL,NULL,NULL,NULL,1,1,'183.253.64.149',NULL,NULL,NULL,NULL,'USD',1.0000,1.0000,NULL,NULL,109.0000,109.0000,109.0000,109.0000,1,0,NULL,NULL,0),(186,1,'2022-03-04 14:11:24','2022-03-04 14:11:24',NULL,1,0,0,1,1.0000,0,0.0000,0.0000,'USD','USD','USD',210.0000,210.0000,NULL,NULL,3,0,NULL,NULL,NULL,NULL,NULL,NULL,NULL,NULL,1,1,'157.32.231.172',NULL,NULL,NULL,NULL,'USD',1.0000,1.0000,NULL,NULL,210.0000,210.0000,210.0000,210.0000,1,0,NULL,NULL,0),(187,4,'2022-03-04 23:25:34','2022-03-04 23:25:34',NULL,1,0,0,1,1.0000,0,0.0000,0.0000,'USD','USD','USD',50.0000,50.0000,NULL,NULL,3,0,NULL,NULL,NULL,NULL,NULL,NULL,NULL,NULL,1,1,'37.220.118.204',NULL,NULL,NULL,NULL,'USD',1.0000,1.0000,NULL,NULL,50.0000,50.0000,50.0000,50.0000,1,0,NULL,NULL,0),(188,1,'2022-03-05 13:48:12','2022-03-05 13:48:12',NULL,1,0,0,1,1.0000,0,0.0000,0.0000,'USD','USD','USD',500.0000,500.0000,NULL,NULL,3,0,NULL,NULL,NULL,NULL,NULL,NULL,NULL,NULL,1,1,'177.128.127.149',NULL,NULL,NULL,NULL,'USD',1.0000,1.0000,NULL,NULL,500.0000,500.0000,500.0000,500.0000,1,0,NULL,NULL,0),(189,1,'2022-03-09 10:17:16','2022-03-09 10:17:16',NULL,1,0,0,1,1.0000,0,0.0000,0.0000,'USD','USD','USD',125.0000,125.0000,NULL,NULL,3,0,NULL,NULL,NULL,NULL,NULL,NULL,NULL,NULL,1,1,'46.231.20.40',NULL,NULL,NULL,NULL,'USD',1.0000,1.0000,NULL,NULL,125.0000,125.0000,125.0000,125.0000,1,0,NULL,NULL,0),(190,1,'2022-03-14 09:26:25','2022-03-14 09:26:25',NULL,1,0,0,1,1.0000,0,0.0000,0.0000,'USD','USD','USD',699.0000,699.0000,NULL,NULL,3,0,NULL,NULL,NULL,NULL,NULL,NULL,NULL,NULL,1,1,'49.36.64.170',NULL,NULL,NULL,NULL,'USD',1.0000,1.0000,NULL,NULL,699.0000,699.0000,699.0000,699.0000,1,0,NULL,NULL,0),(191,1,'2022-03-14 11:25:48','2022-03-14 12:38:24',NULL,1,0,0,2,2.0000,0,0.0000,0.0000,'USD','USD','USD',233.0000,233.0000,NULL,NULL,3,0,NULL,NULL,NULL,NULL,NULL,NULL,NULL,NULL,1,1,'49.36.64.170',NULL,NULL,NULL,NULL,'USD',1.0000,1.0000,NULL,NULL,233.0000,233.0000,233.0000,233.0000,1,0,NULL,NULL,0),(192,1,'2022-03-15 00:08:53','2022-03-15 00:08:53',NULL,1,1,0,1,1.0000,0,0.0000,0.0000,'USD','USD','USD',200.0000,200.0000,NULL,NULL,3,0,NULL,NULL,NULL,NULL,NULL,NULL,NULL,NULL,1,1,'37.130.121.45',NULL,NULL,NULL,NULL,'USD',1.0000,1.0000,NULL,NULL,200.0000,200.0000,200.0000,200.0000,1,0,NULL,NULL,0),(193,1,'2022-03-15 13:58:16','2022-03-15 13:58:58',NULL,1,0,0,0,0.0000,0,0.0000,0.0000,'USD','USD','USD',0.0000,0.0000,NULL,NULL,3,0,NULL,NULL,NULL,NULL,NULL,NULL,NULL,NULL,1,1,'85.115.60.202',NULL,NULL,NULL,NULL,'USD',1.0000,1.0000,NULL,NULL,0.0000,0.0000,0.0000,0.0000,1,0,NULL,NULL,0),(194,1,'2022-03-17 13:21:37','2022-03-17 13:21:47',NULL,1,1,0,1,2.0000,0,0.0000,0.0000,'USD','USD','USD',400.0000,400.0000,NULL,NULL,3,0,NULL,NULL,NULL,NULL,NULL,NULL,NULL,NULL,1,1,'181.188.165.21',NULL,NULL,NULL,NULL,'USD',1.0000,1.0000,NULL,NULL,400.0000,400.0000,400.0000,400.0000,1,0,NULL,NULL,0),(195,1,'2022-03-20 14:06:15','2022-03-20 14:06:15',NULL,1,0,0,1,1.0000,0,0.0000,0.0000,'USD','USD','USD',190.0000,190.0000,NULL,NULL,3,0,NULL,NULL,NULL,NULL,NULL,NULL,NULL,NULL,1,1,'2.124.48.85',NULL,NULL,NULL,NULL,'USD',1.0000,1.0000,NULL,NULL,190.0000,190.0000,190.0000,190.0000,1,0,NULL,NULL,0),(196,3,'2022-03-20 23:45:55','2022-03-20 23:45:55',NULL,1,1,0,1,1.0000,0,0.0000,0.0000,'USD','USD','USD',200.0000,200.0000,NULL,NULL,3,0,NULL,NULL,NULL,NULL,NULL,NULL,NULL,NULL,1,1,'41.82.219.44',NULL,NULL,NULL,NULL,'USD',1.0000,1.0000,NULL,NULL,200.0000,200.0000,200.0000,200.0000,1,0,NULL,NULL,0),(197,1,'2022-03-21 11:05:12','2022-03-21 11:05:12',NULL,1,1,0,1,1.0000,0,0.0000,0.0000,'USD','USD','USD',200.0000,200.0000,NULL,NULL,3,0,NULL,NULL,NULL,NULL,NULL,NULL,NULL,NULL,1,1,'197.86.206.75',NULL,NULL,NULL,NULL,'USD',1.0000,1.0000,NULL,NULL,200.0000,200.0000,200.0000,200.0000,1,0,NULL,NULL,0),(198,1,'2022-03-23 23:55:35','2022-03-23 23:55:35',NULL,1,0,0,1,1.0000,0,0.0000,0.0000,'USD','USD','USD',210.0000,210.0000,NULL,NULL,3,0,NULL,NULL,NULL,NULL,NULL,NULL,NULL,NULL,1,1,'87.95.81.45',NULL,NULL,NULL,NULL,'USD',1.0000,1.0000,NULL,NULL,210.0000,210.0000,210.0000,210.0000,1,0,NULL,NULL,0),(199,4,'2022-03-26 05:42:28','2022-03-26 05:42:28',NULL,1,0,0,1,1.0000,0,0.0000,0.0000,'USD','USD','USD',129.0000,129.0000,NULL,NULL,3,0,NULL,NULL,NULL,NULL,NULL,NULL,NULL,NULL,1,1,'41.190.2.135',NULL,NULL,NULL,NULL,'USD',1.0000,1.0000,NULL,NULL,129.0000,129.0000,129.0000,129.0000,1,0,NULL,NULL,0),(200,1,'2022-03-28 18:40:41','2022-03-28 18:40:41',NULL,1,1,0,1,1.0000,0,0.0000,0.0000,'USD','USD','USD',200.0000,200.0000,NULL,NULL,3,0,NULL,NULL,NULL,NULL,NULL,NULL,NULL,NULL,1,1,'213.196.213.151',NULL,NULL,NULL,NULL,'USD',1.0000,1.0000,NULL,NULL,200.0000,200.0000,200.0000,200.0000,1,0,NULL,NULL,0),(201,1,'2022-03-29 05:39:17','2022-03-29 05:39:17',NULL,1,1,0,1,1.0000,0,0.0000,0.0000,'USD','USD','USD',200.0000,200.0000,NULL,NULL,3,0,NULL,NULL,NULL,NULL,NULL,NULL,NULL,NULL,1,1,'123.201.90.14',NULL,NULL,NULL,NULL,'USD',1.0000,1.0000,NULL,NULL,200.0000,200.0000,200.0000,200.0000,1,0,NULL,NULL,0),(202,4,'2022-03-30 18:15:29','2022-03-30 18:15:29',NULL,1,0,0,1,1.0000,0,0.0000,0.0000,'USD','USD','USD',500.0000,500.0000,NULL,NULL,3,0,NULL,NULL,NULL,NULL,NULL,NULL,NULL,NULL,1,1,'152.179.151.82',NULL,NULL,NULL,NULL,'USD',1.0000,1.0000,NULL,NULL,500.0000,500.0000,500.0000,500.0000,1,0,NULL,NULL,0),(203,1,'2022-04-05 04:47:13','2022-04-05 04:47:13',NULL,1,1,0,1,1.0000,0,0.0000,0.0000,'USD','USD','USD',200.0000,200.0000,NULL,NULL,3,0,NULL,NULL,NULL,NULL,NULL,NULL,NULL,NULL,1,1,'87.92.53.77',NULL,NULL,NULL,NULL,'USD',1.0000,1.0000,NULL,NULL,200.0000,200.0000,200.0000,200.0000,1,0,NULL,NULL,0),(204,1,'2022-04-06 12:48:20','2022-04-06 12:48:20',NULL,1,1,0,1,1.0000,0,0.0000,0.0000,'USD','USD','USD',200.0000,200.0000,NULL,NULL,3,0,NULL,NULL,NULL,NULL,NULL,NULL,NULL,NULL,1,1,'39.34.178.151',NULL,NULL,NULL,NULL,'USD',1.0000,1.0000,NULL,NULL,200.0000,200.0000,200.0000,200.0000,1,0,NULL,NULL,0),(205,3,'2022-04-09 09:51:33','2022-04-09 09:51:33',NULL,1,0,0,1,1.0000,0,0.0000,0.0000,'USD','USD','USD',200.0000,200.0000,NULL,NULL,3,0,NULL,NULL,NULL,NULL,NULL,NULL,NULL,NULL,1,1,'175.100.132.147',NULL,NULL,NULL,NULL,'USD',1.0000,1.0000,NULL,NULL,200.0000,200.0000,200.0000,200.0000,1,0,NULL,NULL,0),(206,1,'2022-04-10 10:36:12','2022-04-10 10:36:45',NULL,1,1,0,1,8.0000,0,0.0000,0.0000,'USD','USD','USD',1600.0000,1600.0000,NULL,NULL,3,0,NULL,NULL,NULL,NULL,NULL,NULL,NULL,NULL,1,1,'197.48.170.176',NULL,NULL,NULL,NULL,'USD',1.0000,1.0000,NULL,NULL,1600.0000,1600.0000,1600.0000,1600.0000,1,0,NULL,NULL,0),(207,4,'2022-04-10 16:08:54','2022-04-10 16:08:54',NULL,1,0,0,1,1.0000,0,0.0000,0.0000,'USD','USD','USD',230.0000,230.0000,NULL,NULL,3,0,NULL,NULL,NULL,NULL,NULL,NULL,NULL,NULL,1,1,'49.37.64.240',NULL,NULL,NULL,NULL,'USD',1.0000,1.0000,NULL,NULL,230.0000,230.0000,230.0000,230.0000,1,0,NULL,NULL,0),(208,1,'2022-04-12 14:55:27','2022-04-12 14:55:27',NULL,1,0,0,1,1.0000,0,0.0000,0.0000,'USD','USD','USD',50.0000,50.0000,NULL,NULL,3,0,NULL,NULL,NULL,NULL,NULL,NULL,NULL,NULL,1,1,'173.95.8.19',NULL,NULL,NULL,NULL,'USD',1.0000,1.0000,NULL,NULL,50.0000,50.0000,50.0000,50.0000,1,0,NULL,NULL,0),(209,1,'2022-04-13 09:36:46','2022-04-13 09:39:23',NULL,1,0,0,2,2.0000,0,0.0000,0.0000,'USD','USD','USD',899.0000,899.0000,NULL,NULL,3,0,NULL,NULL,NULL,NULL,NULL,NULL,NULL,NULL,1,1,'105.174.30.206',NULL,NULL,NULL,NULL,'USD',1.0000,1.0000,NULL,NULL,899.0000,899.0000,899.0000,899.0000,1,0,NULL,NULL,0),(210,1,'2022-04-16 04:00:33','2022-04-16 04:00:33',NULL,1,1,0,1,1.0000,0,0.0000,0.0000,'USD','USD','USD',200.0000,200.0000,NULL,NULL,3,0,NULL,NULL,NULL,NULL,NULL,NULL,NULL,NULL,1,1,'76.64.103.81',NULL,NULL,NULL,NULL,'USD',1.0000,1.0000,NULL,NULL,200.0000,200.0000,200.0000,200.0000,1,0,NULL,NULL,0),(211,1,'2022-04-16 04:48:49','2022-04-16 04:48:49',NULL,1,1,0,1,1.0000,0,0.0000,0.0000,'USD','USD','USD',200.0000,200.0000,NULL,NULL,3,0,NULL,NULL,NULL,NULL,NULL,NULL,NULL,NULL,1,1,'103.87.59.131',NULL,NULL,NULL,NULL,'USD',1.0000,1.0000,NULL,NULL,200.0000,200.0000,200.0000,200.0000,1,0,NULL,NULL,0),(212,4,'2022-04-16 15:17:11','2022-04-16 15:17:11',NULL,1,0,0,1,1.0000,0,0.0000,0.0000,'USD','USD','USD',50.0000,50.0000,NULL,NULL,3,0,NULL,NULL,NULL,NULL,NULL,NULL,NULL,NULL,1,1,'2.186.124.15',NULL,NULL,NULL,NULL,'USD',1.0000,1.0000,NULL,NULL,50.0000,50.0000,50.0000,50.0000,1,0,NULL,NULL,0),(213,1,'2022-04-19 15:14:53','2022-04-19 15:14:53',NULL,1,0,0,1,1.0000,0,0.0000,0.0000,'USD','USD','USD',50.0000,50.0000,NULL,NULL,3,0,NULL,NULL,NULL,NULL,NULL,NULL,NULL,NULL,1,1,'105.174.30.206',NULL,NULL,NULL,NULL,'USD',1.0000,1.0000,NULL,NULL,50.0000,50.0000,50.0000,50.0000,1,0,NULL,NULL,0),(214,4,'2022-04-22 10:34:13','2022-04-22 10:34:13',NULL,1,0,0,0,0.0000,0,0.0000,0.0000,'USD','USD','USD',0.0000,0.0000,NULL,13,NULL,1,'steve.langton@icloud.com',NULL,'Steven',NULL,'Langton',NULL,NULL,NULL,1,0,'165.225.199.97',NULL,NULL,NULL,NULL,'USD',1.0000,1.0000,NULL,NULL,0.0000,0.0000,0.0000,0.0000,1,0,NULL,NULL,0),(215,1,'2022-04-22 11:16:16','2022-04-22 11:16:16',NULL,1,1,0,1,1.0000,0,0.0000,0.0000,'USD','USD','USD',200.0000,200.0000,NULL,NULL,3,0,NULL,NULL,NULL,NULL,NULL,NULL,NULL,NULL,1,1,'154.66.106.242',NULL,NULL,NULL,NULL,'USD',1.0000,1.0000,NULL,NULL,200.0000,200.0000,200.0000,200.0000,1,0,NULL,NULL,0),(216,1,'2022-04-23 19:08:20','2022-04-23 19:08:20',NULL,1,0,0,1,1.0000,0,0.0000,0.0000,'USD','USD','USD',600.0000,600.0000,NULL,NULL,3,0,NULL,NULL,NULL,NULL,NULL,NULL,NULL,NULL,1,1,'177.37.145.228',NULL,NULL,NULL,NULL,'USD',1.0000,1.0000,NULL,NULL,600.0000,600.0000,600.0000,600.0000,1,0,NULL,NULL,0),(217,4,'2022-04-27 21:58:49','2022-04-27 21:58:49',NULL,1,0,0,1,6.0000,0,0.0000,0.0000,'USD','USD','USD',1380.0000,1380.0000,NULL,NULL,3,0,NULL,NULL,NULL,NULL,NULL,NULL,NULL,NULL,1,1,'75.183.229.103',NULL,NULL,NULL,NULL,'USD',1.0000,1.0000,NULL,NULL,1380.0000,1380.0000,1380.0000,1380.0000,1,0,NULL,NULL,0),(218,4,'2022-04-28 17:47:30','2022-04-28 17:47:30',NULL,1,0,0,1,1.0000,0,0.0000,0.0000,'USD','USD','USD',39.0000,39.0000,NULL,NULL,3,0,NULL,NULL,NULL,NULL,NULL,NULL,NULL,NULL,1,1,'196.229.102.26',NULL,NULL,NULL,NULL,'USD',1.0000,1.0000,NULL,NULL,39.0000,39.0000,39.0000,39.0000,1,0,NULL,NULL,0),(219,4,'2022-05-06 23:06:29','2022-05-06 23:06:29',NULL,1,0,0,1,1.0000,0,0.0000,0.0000,'USD','USD','USD',50.0000,50.0000,NULL,NULL,3,0,NULL,NULL,NULL,NULL,NULL,NULL,NULL,NULL,1,1,'89.204.138.146',NULL,NULL,NULL,NULL,'USD',1.0000,1.0000,NULL,NULL,50.0000,50.0000,50.0000,50.0000,1,0,NULL,NULL,0),(220,4,'2022-05-08 23:47:13','2022-05-08 23:47:13',NULL,1,0,0,1,1.0000,0,0.0000,0.0000,'USD','USD','USD',50.0000,50.0000,NULL,NULL,3,0,NULL,NULL,NULL,NULL,NULL,NULL,NULL,NULL,1,1,'86.20.128.188',NULL,NULL,NULL,NULL,'USD',1.0000,1.0000,NULL,NULL,50.0000,50.0000,50.0000,50.0000,1,0,NULL,NULL,0),(221,1,'2022-05-11 14:58:55','2022-05-11 14:58:55',NULL,1,0,0,1,1.0000,0,0.0000,0.0000,'USD','USD','USD',500.0000,500.0000,NULL,NULL,3,0,NULL,NULL,NULL,NULL,NULL,NULL,NULL,NULL,1,1,'5.178.14.37',NULL,NULL,NULL,NULL,'USD',1.0000,1.0000,NULL,NULL,500.0000,500.0000,500.0000,500.0000,1,0,NULL,NULL,0),(222,4,'2022-05-18 07:18:28','2022-05-18 07:24:41',NULL,1,0,0,1,4.0000,0,0.0000,0.0000,'USD','USD','USD',2796.0000,2796.0000,NULL,NULL,3,0,NULL,NULL,NULL,NULL,NULL,NULL,NULL,NULL,1,1,'182.77.56.63',NULL,NULL,NULL,NULL,'USD',1.0000,1.0000,NULL,NULL,2796.0000,2796.0000,2796.0000,2796.0000,1,0,NULL,NULL,0),(223,4,'2022-05-18 07:24:04','2022-05-18 07:24:04',NULL,1,0,0,0,0.0000,0,0.0000,0.0000,'USD','USD','USD',0.0000,0.0000,NULL,14,NULL,1,'emp@gmail.com',NULL,'sdfghjklkjh',NULL,'dfgj',NULL,NULL,NULL,1,0,'49.37.198.238',NULL,NULL,NULL,NULL,'USD',1.0000,1.0000,NULL,NULL,0.0000,0.0000,0.0000,0.0000,1,0,NULL,NULL,0),(224,4,'2022-05-18 11:42:07','2022-05-18 11:42:07',NULL,1,0,0,1,1.0000,0,0.0000,0.0000,'USD','USD','USD',210.0000,210.0000,NULL,NULL,3,0,NULL,NULL,NULL,NULL,NULL,NULL,NULL,NULL,1,1,'122.170.5.149',NULL,NULL,NULL,NULL,'USD',1.0000,1.0000,NULL,NULL,210.0000,210.0000,210.0000,210.0000,1,0,NULL,NULL,0),(225,1,'2022-05-23 19:23:11','2022-05-23 19:39:25',NULL,1,0,0,3,3.0000,0,0.0000,0.0000,'USD','USD','USD',496.0000,496.0000,NULL,NULL,3,0,NULL,NULL,NULL,NULL,NULL,NULL,NULL,NULL,1,1,'31.52.16.236',NULL,NULL,NULL,NULL,'USD',1.0000,1.0000,NULL,NULL,496.0000,496.0000,496.0000,496.0000,1,0,NULL,NULL,0),(226,1,'2022-05-26 07:38:12','2022-05-26 07:42:11',NULL,1,1,0,1,2.0000,0,0.0000,0.0000,'USD','USD','USD',400.0000,400.0000,NULL,NULL,3,0,NULL,NULL,NULL,NULL,NULL,NULL,NULL,NULL,1,1,'202.131.110.94',NULL,NULL,NULL,NULL,'USD',1.0000,1.0000,NULL,NULL,400.0000,400.0000,400.0000,400.0000,1,0,NULL,NULL,0),(227,1,'2022-05-27 04:48:21','2022-05-27 04:54:03',NULL,1,0,0,2,2.0000,0,0.0000,0.0000,'USD','USD','USD',250.0000,250.0000,NULL,NULL,3,0,NULL,NULL,NULL,NULL,NULL,NULL,NULL,NULL,1,1,'202.131.110.94',NULL,NULL,NULL,NULL,'USD',1.0000,1.0000,NULL,NULL,250.0000,250.0000,250.0000,250.0000,1,0,NULL,NULL,0),(228,1,'2022-05-27 04:52:36','2022-05-27 04:52:36',NULL,1,0,0,1,1.0000,0,0.0000,0.0000,'USD','USD','USD',210.0000,210.0000,NULL,NULL,3,0,NULL,NULL,NULL,NULL,NULL,NULL,NULL,NULL,1,1,'202.131.110.94',NULL,NULL,NULL,NULL,'USD',1.0000,1.0000,NULL,NULL,210.0000,210.0000,210.0000,210.0000,1,0,NULL,NULL,0),(229,1,'2022-05-27 06:57:03','2022-05-27 06:58:40',NULL,1,0,0,1,3.0000,0,0.0000,0.0000,'USD','USD','USD',630.0000,630.0000,NULL,NULL,3,0,NULL,NULL,NULL,NULL,NULL,NULL,NULL,NULL,1,1,'202.131.110.94',NULL,NULL,NULL,NULL,'USD',1.0000,1.0000,NULL,NULL,630.0000,630.0000,630.0000,630.0000,1,0,NULL,NULL,0),(230,1,'2022-05-27 07:04:20','2022-05-27 07:12:10',NULL,1,1,0,2,2.0000,0,0.0000,0.0000,'USD','USD','USD',400.0000,400.0000,NULL,NULL,3,0,NULL,NULL,NULL,NULL,NULL,NULL,NULL,NULL,1,1,'202.131.110.94',NULL,NULL,NULL,NULL,'USD',1.0000,1.0000,NULL,NULL,400.0000,400.0000,400.0000,400.0000,1,0,NULL,NULL,0),(231,4,'2022-05-27 08:29:39','2022-05-27 08:29:39',NULL,1,0,0,1,1.0000,0,0.0000,0.0000,'USD','USD','USD',30.0000,30.0000,NULL,NULL,3,0,NULL,NULL,NULL,NULL,NULL,NULL,NULL,NULL,1,1,'94.215.182.47',NULL,NULL,NULL,NULL,'USD',1.0000,1.0000,NULL,NULL,30.0000,30.0000,30.0000,30.0000,1,0,NULL,NULL,0),(232,1,'2022-05-30 05:15:36','2022-05-30 05:15:36',NULL,1,0,0,0,0.0000,0,0.0000,0.0000,'USD','USD','USD',0.0000,0.0000,NULL,15,NULL,1,'Test007@gmail.com',NULL,'test',NULL,'test',NULL,NULL,NULL,1,0,'202.131.110.94',NULL,NULL,NULL,NULL,'USD',1.0000,1.0000,NULL,NULL,0.0000,0.0000,0.0000,0.0000,1,0,NULL,NULL,0),(233,1,'2022-06-04 11:50:02','2022-06-04 11:50:02',NULL,1,1,0,1,1.0000,0,0.0000,0.0000,'USD','USD','USD',200.0000,200.0000,NULL,NULL,3,0,NULL,NULL,NULL,NULL,NULL,NULL,NULL,NULL,1,1,'176.253.194.48',NULL,NULL,NULL,NULL,'USD',1.0000,1.0000,NULL,NULL,200.0000,200.0000,200.0000,200.0000,1,0,NULL,NULL,0),(234,4,'2022-06-10 22:40:37','2022-06-10 22:40:37',NULL,1,0,0,1,1.0000,0,0.0000,0.0000,'USD','USD','USD',699.0000,699.0000,NULL,NULL,3,0,NULL,NULL,NULL,NULL,NULL,NULL,NULL,NULL,1,1,'201.221.233.13',NULL,NULL,NULL,NULL,'USD',1.0000,1.0000,NULL,NULL,699.0000,699.0000,699.0000,699.0000,1,0,NULL,NULL,0),(235,4,'2022-06-11 00:26:12','2022-06-11 00:26:12',NULL,1,0,0,1,6.0000,0,0.0000,0.0000,'USD','USD','USD',4194.0000,4194.0000,NULL,NULL,3,0,NULL,NULL,NULL,NULL,NULL,NULL,NULL,NULL,1,1,'75.183.229.103',NULL,NULL,NULL,NULL,'USD',1.0000,1.0000,NULL,NULL,4194.0000,4194.0000,4194.0000,4194.0000,1,0,NULL,NULL,0),(236,2,'2022-06-13 09:37:24','2022-06-13 09:37:57',NULL,1,0,0,1,1.0000,0,0.0000,0.0000,'USD','USD','USD',600.0000,600.0000,NULL,NULL,3,0,NULL,NULL,NULL,NULL,NULL,NULL,NULL,NULL,1,1,'184.170.211.186',NULL,NULL,NULL,NULL,'USD',1.0000,1.0000,NULL,NULL,600.0000,600.0000,600.0000,600.0000,1,0,NULL,NULL,0),(237,1,'2022-06-14 13:31:45','2022-06-14 13:31:45',NULL,1,1,0,1,1.0000,0,0.0000,0.0000,'USD','USD','USD',200.0000,200.0000,NULL,NULL,3,0,NULL,NULL,NULL,NULL,NULL,NULL,NULL,NULL,1,1,'120.75.16.19',NULL,NULL,NULL,NULL,'USD',1.0000,1.0000,NULL,NULL,200.0000,200.0000,200.0000,200.0000,1,0,NULL,NULL,0),(238,4,'2022-06-15 01:37:47','2022-06-15 01:37:47',NULL,1,0,0,1,1.0000,0,0.0000,0.0000,'USD','USD','USD',230.0000,230.0000,NULL,NULL,3,0,NULL,NULL,NULL,NULL,NULL,NULL,NULL,NULL,1,1,'41.222.181.40',NULL,NULL,NULL,NULL,'USD',1.0000,1.0000,NULL,NULL,230.0000,230.0000,230.0000,230.0000,1,0,NULL,NULL,0),(239,1,'2022-06-18 23:12:11','2022-06-18 23:12:11',NULL,1,0,0,1,1.0000,0,0.0000,0.0000,'USD','USD','USD',600.0000,600.0000,NULL,NULL,3,0,NULL,NULL,NULL,NULL,NULL,NULL,NULL,NULL,1,1,'190.134.78.13',NULL,NULL,NULL,NULL,'USD',1.0000,1.0000,NULL,NULL,600.0000,600.0000,600.0000,600.0000,1,0,NULL,NULL,0),(240,1,'2022-06-21 12:54:55','2022-06-21 12:54:55',NULL,1,1,0,1,1.0000,0,0.0000,0.0000,'USD','USD','USD',200.0000,200.0000,NULL,NULL,3,0,NULL,NULL,NULL,NULL,NULL,NULL,NULL,NULL,1,1,'41.248.4.30',NULL,NULL,NULL,NULL,'USD',1.0000,1.0000,NULL,NULL,200.0000,200.0000,200.0000,200.0000,1,0,NULL,NULL,0),(241,1,'2022-06-26 17:45:20','2022-06-26 17:45:20',NULL,1,0,0,1,1.0000,0,0.0000,0.0000,'USD','USD','USD',210.0000,210.0000,NULL,NULL,3,0,NULL,NULL,NULL,NULL,NULL,NULL,NULL,NULL,1,1,'45.186.251.176',NULL,NULL,NULL,NULL,'USD',1.0000,1.0000,NULL,NULL,210.0000,210.0000,210.0000,210.0000,1,0,NULL,NULL,0),(242,1,'2022-06-28 09:06:52','2022-06-28 09:06:52',NULL,1,1,0,1,1.0000,0,0.0000,0.0000,'USD','USD','USD',200.0000,200.0000,NULL,NULL,3,0,NULL,NULL,NULL,NULL,NULL,NULL,NULL,NULL,1,1,'202.47.40.63',NULL,NULL,NULL,NULL,'USD',1.0000,1.0000,NULL,NULL,200.0000,200.0000,200.0000,200.0000,1,0,NULL,NULL,0),(243,1,'2022-07-04 23:03:24','2022-07-04 23:03:24',NULL,1,0,0,1,1.0000,0,0.0000,0.0000,'USD','USD','USD',666.0000,666.0000,NULL,NULL,3,0,NULL,NULL,NULL,NULL,NULL,NULL,NULL,NULL,1,1,'177.192.29.0',NULL,NULL,NULL,NULL,'USD',1.0000,1.0000,NULL,NULL,666.0000,666.0000,666.0000,666.0000,1,0,NULL,NULL,0),(244,1,'2022-07-07 05:32:54','2022-07-07 05:32:54',NULL,1,1,0,1,1.0000,0,0.0000,0.0000,'USD','USD','USD',200.0000,200.0000,NULL,NULL,3,0,NULL,NULL,NULL,NULL,NULL,NULL,NULL,NULL,1,1,'202.131.110.94',NULL,NULL,NULL,NULL,'USD',1.0000,1.0000,NULL,NULL,200.0000,200.0000,200.0000,200.0000,1,0,NULL,NULL,0),(245,1,'2022-07-07 21:17:41','2022-07-07 21:17:41',NULL,1,1,0,1,1.0000,0,0.0000,0.0000,'USD','USD','USD',200.0000,200.0000,NULL,NULL,3,0,NULL,NULL,NULL,NULL,NULL,NULL,NULL,NULL,1,1,'190.140.5.15',NULL,NULL,NULL,NULL,'USD',1.0000,1.0000,NULL,NULL,200.0000,200.0000,200.0000,200.0000,1,0,NULL,NULL,0),(246,3,'2022-07-21 05:51:37','2022-07-21 05:51:37',NULL,1,0,0,1,1.0000,0,0.0000,0.0000,'USD','USD','USD',1345.0000,1345.0000,NULL,NULL,3,0,NULL,NULL,NULL,NULL,NULL,NULL,NULL,NULL,1,1,'49.49.245.229',NULL,NULL,NULL,NULL,'USD',1.0000,1.0000,NULL,NULL,1345.0000,1345.0000,1345.0000,1345.0000,1,0,NULL,NULL,0),(247,2,'2022-07-25 18:25:24','2022-07-25 18:25:24',NULL,1,0,0,0,0.0000,0,0.0000,0.0000,'USD','USD','USD',0.0000,0.0000,NULL,16,NULL,1,'r@r.com',NULL,'fdfdf',NULL,'fdfdf',NULL,NULL,NULL,1,0,'138.229.167.37',NULL,NULL,NULL,NULL,'USD',1.0000,1.0000,NULL,NULL,0.0000,0.0000,0.0000,0.0000,1,0,NULL,NULL,0),(248,4,'2022-08-05 14:12:10','2022-08-05 14:12:10',NULL,1,0,0,1,1.0000,0,0.0000,0.0000,'USD','USD','USD',699.0000,699.0000,NULL,NULL,3,0,NULL,NULL,NULL,NULL,NULL,NULL,NULL,NULL,1,1,'212.166.25.126',NULL,NULL,NULL,NULL,'USD',1.0000,1.0000,NULL,NULL,699.0000,699.0000,699.0000,699.0000,1,0,NULL,NULL,0),(249,3,'2022-08-07 18:16:34','2022-08-07 18:16:34',NULL,1,0,0,1,1.0000,0,0.0000,0.0000,'USD','USD','USD',39.0000,39.0000,NULL,NULL,3,0,NULL,NULL,NULL,NULL,NULL,NULL,NULL,NULL,1,1,'172.56.15.107',NULL,NULL,NULL,NULL,'USD',1.0000,1.0000,NULL,NULL,39.0000,39.0000,39.0000,39.0000,1,0,NULL,NULL,0),(250,1,'2022-08-08 01:51:04','2022-08-08 01:51:12',NULL,1,1,0,1,2.0000,0,0.0000,0.0000,'USD','USD','USD',400.0000,400.0000,NULL,NULL,3,0,NULL,NULL,NULL,NULL,NULL,NULL,NULL,NULL,1,1,'201.221.233.13',NULL,NULL,NULL,NULL,'USD',1.0000,1.0000,NULL,NULL,400.0000,400.0000,400.0000,400.0000,1,0,NULL,NULL,0),(251,4,'2022-08-17 15:01:42','2022-08-17 15:01:42',NULL,1,0,0,1,1.0000,0,0.0000,0.0000,'USD','USD','USD',50.0000,50.0000,NULL,NULL,3,0,NULL,NULL,NULL,NULL,NULL,NULL,NULL,NULL,1,1,'105.161.204.246',NULL,NULL,NULL,NULL,'USD',1.0000,1.0000,NULL,NULL,50.0000,50.0000,50.0000,50.0000,1,0,NULL,NULL,0),(252,1,'2022-08-24 17:18:02','2022-08-24 17:18:02',NULL,1,0,0,0,0.0000,0,0.0000,0.0000,'USD','USD','USD',0.0000,0.0000,NULL,17,NULL,1,'saedabdullahi7@gmail.com',NULL,'saed',NULL,'abdullahi',NULL,NULL,NULL,1,0,'102.128.131.218',NULL,NULL,NULL,NULL,'USD',1.0000,1.0000,NULL,NULL,0.0000,0.0000,0.0000,0.0000,1,0,NULL,NULL,0),(253,1,'2022-09-08 00:50:22','2022-09-08 00:50:22',NULL,1,0,0,1,1.0000,0,0.0000,0.0000,'USD','USD','USD',600.0000,600.0000,NULL,NULL,3,0,NULL,NULL,NULL,NULL,NULL,NULL,NULL,NULL,1,1,'136.44.0.236',NULL,NULL,NULL,NULL,'USD',1.0000,1.0000,NULL,NULL,600.0000,600.0000,600.0000,600.0000,1,0,NULL,NULL,0),(254,3,'2022-09-11 18:12:02','2022-09-11 18:12:02',NULL,1,1,0,1,1.0000,0,0.0000,0.0000,'USD','USD','USD',200.0000,200.0000,NULL,NULL,3,0,NULL,NULL,NULL,NULL,NULL,NULL,NULL,NULL,1,1,'106.214.128.214',NULL,NULL,NULL,NULL,'USD',1.0000,1.0000,NULL,NULL,200.0000,200.0000,200.0000,200.0000,1,0,NULL,NULL,0),(255,1,'2022-10-09 12:01:16','2022-10-09 12:01:16',NULL,1,0,0,1,1.0000,0,0.0000,0.0000,'USD','USD','USD',600.0000,600.0000,NULL,NULL,3,0,NULL,NULL,NULL,NULL,NULL,NULL,NULL,NULL,1,1,'46.2.235.77',NULL,NULL,NULL,NULL,'USD',1.0000,1.0000,NULL,NULL,600.0000,600.0000,600.0000,600.0000,1,0,NULL,NULL,0),(256,1,'2022-10-25 09:46:29','2022-10-25 09:46:29',NULL,1,0,0,1,2.0000,0,0.0000,0.0000,'USD','USD','USD',100.0000,100.0000,NULL,NULL,3,0,NULL,NULL,NULL,NULL,NULL,NULL,NULL,NULL,1,1,'103.106.2.164',NULL,NULL,NULL,NULL,'USD',1.0000,1.0000,NULL,NULL,100.0000,100.0000,100.0000,100.0000,1,0,NULL,NULL,0),(257,3,'2022-11-14 01:37:32','2022-11-14 01:37:32',NULL,1,1,0,1,1.0000,0,0.0000,0.0000,'USD','USD','USD',200.0000,200.0000,NULL,NULL,3,0,NULL,NULL,NULL,NULL,NULL,NULL,NULL,NULL,1,1,'201.43.72.19',NULL,NULL,NULL,NULL,'USD',1.0000,1.0000,NULL,NULL,200.0000,200.0000,200.0000,200.0000,1,0,NULL,NULL,0),(258,4,'2022-11-17 14:42:42','2022-11-17 14:42:42',NULL,1,0,0,1,1.0000,0,0.0000,0.0000,'USD','USD','USD',210.0000,210.0000,NULL,NULL,3,0,NULL,NULL,NULL,NULL,NULL,NULL,NULL,NULL,1,1,'84.170.58.51',NULL,NULL,NULL,NULL,'USD',1.0000,1.0000,NULL,NULL,210.0000,210.0000,210.0000,210.0000,1,0,NULL,NULL,0),(259,4,'2022-11-20 09:08:10','2022-11-20 09:08:10',NULL,1,0,0,1,1.0000,0,0.0000,0.0000,'USD','USD','USD',210.0000,210.0000,NULL,NULL,3,0,NULL,NULL,NULL,NULL,NULL,NULL,NULL,NULL,1,1,'62.169.242.175',NULL,NULL,NULL,NULL,'USD',1.0000,1.0000,NULL,NULL,210.0000,210.0000,210.0000,210.0000,1,0,NULL,NULL,0),(260,4,'2022-11-21 17:22:41','2022-11-21 17:22:41',NULL,1,1,0,1,1.0000,0,0.0000,0.0000,'USD','USD','USD',200.0000,200.0000,NULL,NULL,3,0,NULL,NULL,NULL,NULL,NULL,NULL,NULL,NULL,1,1,'194.219.217.44',NULL,NULL,NULL,NULL,'USD',1.0000,1.0000,NULL,NULL,200.0000,200.0000,200.0000,200.0000,1,0,NULL,NULL,0),(261,4,'2022-12-10 07:18:44','2022-12-10 07:18:44',NULL,1,0,0,0,0.0000,0,0.0000,0.0000,'USD','USD','USD',0.0000,0.0000,NULL,18,NULL,1,'gadarobiya@gmail.com',NULL,'gadaro',NULL,'biya',NULL,NULL,NULL,1,0,'102.64.218.9',NULL,NULL,NULL,NULL,'USD',1.0000,1.0000,NULL,NULL,0.0000,0.0000,0.0000,0.0000,1,0,NULL,NULL,0),(262,3,'2022-12-31 21:44:31','2022-12-31 21:45:14',NULL,1,0,0,2,2.0000,0,0.0000,0.0000,'USD','USD','USD',325.0000,325.0000,NULL,NULL,3,0,NULL,NULL,NULL,NULL,NULL,NULL,NULL,NULL,1,1,'176.22.128.58',NULL,NULL,NULL,NULL,'USD',1.0000,1.0000,NULL,NULL,325.0000,325.0000,325.0000,325.0000,1,0,NULL,NULL,0),(263,1,'2023-01-18 21:12:33','2023-01-18 21:12:33',NULL,1,0,0,0,0.0000,0,0.0000,0.0000,'USD','USD','USD',0.0000,0.0000,NULL,19,NULL,1,'vasi@billerbeck-shop.ru',NULL,'ВАЖНОЕ',NULL,'ПИСЬМО www.mail.ru',NULL,NULL,NULL,1,0,'45.136.69.243',NULL,NULL,NULL,NULL,'USD',1.0000,1.0000,NULL,NULL,0.0000,0.0000,0.0000,0.0000,1,0,NULL,NULL,0),(264,4,'2023-01-19 15:16:25','2023-01-19 15:16:25',NULL,1,0,0,1,1.0000,0,0.0000,0.0000,'USD','USD','USD',230.0000,230.0000,NULL,NULL,3,0,NULL,NULL,NULL,NULL,NULL,NULL,NULL,NULL,1,1,'78.27.65.170',NULL,NULL,NULL,NULL,'USD',1.0000,1.0000,NULL,NULL,230.0000,230.0000,230.0000,230.0000,1,0,NULL,NULL,0),(265,3,'2023-01-19 18:57:37','2023-01-19 18:58:34',NULL,1,0,0,1,1.0000,0,0.0000,0.0000,'USD','USD','USD',109.0000,109.0000,NULL,NULL,3,0,NULL,NULL,NULL,NULL,NULL,NULL,NULL,NULL,1,1,'47.9.128.45',NULL,NULL,NULL,NULL,'USD',1.0000,1.0000,NULL,NULL,109.0000,109.0000,109.0000,109.0000,1,0,NULL,NULL,0),(266,1,'2023-01-19 19:11:12','2023-01-19 19:11:12',NULL,1,0,0,1,1.0000,0,0.0000,0.0000,'USD','USD','USD',666.0000,666.0000,NULL,NULL,3,0,NULL,NULL,NULL,NULL,NULL,NULL,NULL,NULL,1,1,'154.72.167.228',NULL,NULL,NULL,NULL,'USD',1.0000,1.0000,NULL,NULL,666.0000,666.0000,666.0000,666.0000,1,0,NULL,NULL,0),(267,1,'2023-01-20 14:31:47','2023-01-20 14:31:47',NULL,1,1,0,1,1.0000,0,0.0000,0.0000,'USD','USD','USD',200.0000,200.0000,NULL,NULL,3,0,NULL,NULL,NULL,NULL,NULL,NULL,NULL,NULL,1,1,'181.214.137.242',NULL,NULL,NULL,NULL,'USD',1.0000,1.0000,NULL,NULL,200.0000,200.0000,200.0000,200.0000,1,0,NULL,NULL,0),(268,1,'2023-02-08 16:28:14','2023-02-08 16:28:14',NULL,1,1,0,1,1.0000,0,0.0000,0.0000,'USD','USD','USD',200.0000,200.0000,NULL,NULL,3,0,NULL,NULL,NULL,NULL,NULL,NULL,NULL,NULL,1,1,'77.52.12.81',NULL,NULL,NULL,NULL,'USD',1.0000,1.0000,NULL,NULL,200.0000,200.0000,200.0000,200.0000,1,0,NULL,NULL,0),(269,3,'2023-02-12 03:32:07','2023-02-12 03:32:07',NULL,1,0,0,1,1.0000,0,0.0000,0.0000,'USD','USD','USD',280.0000,280.0000,NULL,NULL,3,0,NULL,NULL,NULL,NULL,NULL,NULL,NULL,NULL,1,1,'157.34.62.204',NULL,NULL,NULL,NULL,'USD',1.0000,1.0000,NULL,NULL,280.0000,280.0000,280.0000,280.0000,1,0,NULL,NULL,0),(270,4,'2023-02-14 15:41:04','2023-02-14 15:41:04',NULL,1,0,0,1,1.0000,0,0.0000,0.0000,'USD','USD','USD',230.0000,230.0000,NULL,NULL,3,0,NULL,NULL,NULL,NULL,NULL,NULL,NULL,NULL,1,1,'186.179.193.185',NULL,NULL,NULL,NULL,'USD',1.0000,1.0000,NULL,NULL,230.0000,230.0000,230.0000,230.0000,1,0,NULL,NULL,0),(271,4,'2023-02-15 08:22:53','2023-02-15 08:22:58',NULL,1,0,0,1,2.0000,0,0.0000,0.0000,'USD','USD','USD',460.0000,460.0000,NULL,NULL,3,0,NULL,NULL,NULL,NULL,NULL,NULL,NULL,NULL,1,1,'20.24.100.233',NULL,NULL,NULL,NULL,'USD',1.0000,1.0000,NULL,NULL,460.0000,460.0000,460.0000,460.0000,1,0,NULL,NULL,0),(272,1,'2023-02-16 12:07:56','2023-02-16 12:09:53',NULL,1,1,0,1,1.0000,0,0.0000,0.0000,'USD','USD','USD',200.0000,200.0000,NULL,NULL,3,0,NULL,NULL,NULL,NULL,NULL,NULL,NULL,NULL,1,1,'81.25.228.251',NULL,NULL,NULL,NULL,'USD',1.0000,1.0000,NULL,NULL,200.0000,200.0000,200.0000,200.0000,1,0,NULL,NULL,0),(273,1,'2023-02-17 21:00:59','2023-02-17 21:00:59',NULL,1,1,0,1,1.0000,0,0.0000,0.0000,'USD','USD','USD',200.0000,200.0000,NULL,NULL,3,0,NULL,NULL,NULL,NULL,NULL,NULL,NULL,NULL,1,1,'80.103.110.66',NULL,NULL,NULL,NULL,'USD',1.0000,1.0000,NULL,NULL,200.0000,200.0000,200.0000,200.0000,1,0,NULL,NULL,0),(274,4,'2023-02-23 21:21:08','2023-02-23 21:21:08',NULL,1,0,0,1,1.0000,0,0.0000,0.0000,'USD','USD','USD',230.0000,230.0000,NULL,NULL,3,0,NULL,NULL,NULL,NULL,NULL,NULL,NULL,NULL,1,1,'92.98.39.221',NULL,NULL,NULL,NULL,'USD',1.0000,1.0000,NULL,NULL,230.0000,230.0000,230.0000,230.0000,1,0,NULL,NULL,0),(275,1,'2023-02-24 18:59:21','2023-02-24 18:59:21',NULL,1,1,0,1,1.0000,0,0.0000,0.0000,'USD','USD','USD',200.0000,200.0000,NULL,NULL,3,0,NULL,NULL,NULL,NULL,NULL,NULL,NULL,NULL,1,1,'39.37.172.210',NULL,NULL,NULL,NULL,'USD',1.0000,1.0000,NULL,NULL,200.0000,200.0000,200.0000,200.0000,1,0,NULL,NULL,0),(276,1,'2023-02-25 18:56:43','2023-02-25 18:56:43',NULL,1,0,0,0,0.0000,0,0.0000,0.0000,'USD','USD','USD',0.0000,0.0000,NULL,20,NULL,1,'wero@billerbeck-shop.ru',NULL,'ВАМ',NULL,'БОНУС www.mail.ru',NULL,NULL,NULL,1,0,'45.159.85.70',NULL,NULL,NULL,NULL,'USD',1.0000,1.0000,NULL,NULL,0.0000,0.0000,0.0000,0.0000,1,0,NULL,NULL,0),(277,1,'2023-03-04 01:00:52','2023-03-04 01:00:52',NULL,1,0,0,0,0.0000,0,0.0000,0.0000,'USD','USD','USD',0.0000,0.0000,NULL,21,NULL,1,'many@billerbeck-shop.ru',NULL,'ВАМ',NULL,'БОНУС www.mail.ru',NULL,NULL,NULL,1,0,'45.132.207.162',NULL,NULL,NULL,NULL,'USD',1.0000,1.0000,NULL,NULL,0.0000,0.0000,0.0000,0.0000,1,0,NULL,NULL,0),(278,1,'2023-03-10 11:03:58','2023-03-10 11:03:58',NULL,1,0,0,1,1.0000,0,0.0000,0.0000,'USD','USD','USD',666.0000,666.0000,NULL,NULL,3,0,NULL,NULL,NULL,NULL,NULL,NULL,NULL,NULL,1,1,'154.66.106.242',NULL,NULL,NULL,NULL,'USD',1.0000,1.0000,NULL,NULL,666.0000,666.0000,666.0000,666.0000,1,0,NULL,NULL,0),(279,4,'2023-04-03 12:08:40','2023-04-03 12:08:40',NULL,1,0,0,1,1.0000,0,0.0000,0.0000,'USD','USD','USD',230.0000,230.0000,NULL,NULL,3,0,NULL,NULL,NULL,NULL,NULL,NULL,NULL,NULL,1,1,'188.26.175.226',NULL,NULL,NULL,NULL,'USD',1.0000,1.0000,NULL,NULL,230.0000,230.0000,230.0000,230.0000,1,0,NULL,NULL,0),(280,1,'2023-04-10 18:21:05','2023-04-10 18:21:05',NULL,1,1,0,1,1.0000,0,0.0000,0.0000,'USD','USD','USD',200.0000,200.0000,NULL,NULL,3,0,NULL,NULL,NULL,NULL,NULL,NULL,NULL,NULL,1,1,'212.62.97.132',NULL,NULL,NULL,NULL,'USD',1.0000,1.0000,NULL,NULL,200.0000,200.0000,200.0000,200.0000,1,0,NULL,NULL,0),(281,4,'2023-04-22 19:08:35','2023-04-22 19:08:35',NULL,1,0,0,1,1.0000,0,0.0000,0.0000,'USD','USD','USD',500.0000,500.0000,NULL,NULL,3,0,NULL,NULL,NULL,NULL,NULL,NULL,NULL,NULL,1,1,'178.193.240.134',NULL,NULL,NULL,NULL,'USD',1.0000,1.0000,NULL,NULL,500.0000,500.0000,500.0000,500.0000,1,0,NULL,NULL,0),(282,4,'2023-04-29 19:27:12','2023-04-29 19:30:17',NULL,1,0,0,2,2.0000,0,0.0000,0.0000,'USD','USD','USD',339.0000,339.0000,NULL,NULL,3,0,NULL,NULL,NULL,NULL,NULL,NULL,NULL,NULL,1,1,'103.115.254.142',NULL,NULL,NULL,NULL,'USD',1.0000,1.0000,NULL,NULL,339.0000,339.0000,339.0000,339.0000,1,0,NULL,NULL,0),(283,4,'2023-05-02 02:29:40','2023-05-02 02:29:50',NULL,1,0,0,2,2.0000,0,0.0000,0.0000,'USD','USD','USD',248.0000,248.0000,NULL,NULL,3,0,NULL,NULL,NULL,NULL,NULL,NULL,NULL,NULL,1,1,'103.115.254.142',NULL,NULL,NULL,NULL,'USD',1.0000,1.0000,NULL,NULL,248.0000,248.0000,248.0000,248.0000,1,0,NULL,NULL,0),(284,1,'2023-05-04 21:24:45','2023-05-04 21:24:45',NULL,1,1,0,1,1.0000,0,0.0000,0.0000,'USD','USD','USD',200.0000,200.0000,NULL,NULL,3,0,NULL,NULL,NULL,NULL,NULL,NULL,NULL,NULL,1,1,'80.11.178.245',NULL,NULL,NULL,NULL,'USD',1.0000,1.0000,NULL,NULL,200.0000,200.0000,200.0000,200.0000,1,0,NULL,NULL,0),(285,1,'2023-05-15 06:11:23','2023-05-15 06:11:26',NULL,1,0,0,2,2.0000,0,0.0000,0.0000,'USD','USD','USD',345.0000,345.0000,NULL,NULL,3,0,NULL,NULL,NULL,NULL,NULL,NULL,NULL,NULL,1,1,'183.88.235.8',NULL,NULL,NULL,NULL,'USD',1.0000,1.0000,NULL,NULL,345.0000,345.0000,345.0000,345.0000,1,0,NULL,NULL,0),(286,1,'2023-05-22 05:34:19','2023-05-22 05:34:19',NULL,1,1,0,1,1.0000,0,0.0000,0.0000,'USD','USD','USD',200.0000,200.0000,NULL,NULL,3,0,NULL,NULL,NULL,NULL,NULL,NULL,NULL,NULL,1,1,'103.130.197.133',NULL,NULL,NULL,NULL,'USD',1.0000,1.0000,NULL,NULL,200.0000,200.0000,200.0000,200.0000,1,0,NULL,NULL,0),(287,1,'2023-05-25 10:36:26','2023-05-25 10:37:14',NULL,1,1,0,2,2.0000,0,0.0000,0.0000,'USD','USD','USD',400.0000,400.0000,NULL,NULL,3,0,NULL,NULL,NULL,NULL,NULL,NULL,NULL,NULL,1,1,'168.187.136.41',NULL,NULL,NULL,NULL,'USD',1.0000,1.0000,NULL,NULL,400.0000,400.0000,400.0000,400.0000,1,0,NULL,NULL,0),(288,4,'2023-06-12 11:08:27','2023-06-12 11:08:27',NULL,1,1,0,1,1.0000,0,0.0000,0.0000,'USD','USD','USD',200.0000,200.0000,NULL,NULL,3,0,NULL,NULL,NULL,NULL,NULL,NULL,NULL,NULL,1,1,'78.135.94.72',NULL,NULL,NULL,NULL,'USD',1.0000,1.0000,NULL,NULL,200.0000,200.0000,200.0000,200.0000,1,0,NULL,NULL,0),(289,4,'2023-06-15 04:53:05','2023-06-15 04:53:05',NULL,1,0,0,0,0.0000,0,0.0000,0.0000,'USD','USD','USD',0.0000,0.0000,NULL,22,NULL,1,'hoangthais034@gmail.com',NULL,'Vũ',NULL,'Hoàng',NULL,NULL,NULL,1,0,'14.224.150.1',NULL,NULL,NULL,NULL,'USD',1.0000,1.0000,NULL,NULL,0.0000,0.0000,0.0000,0.0000,1,0,NULL,NULL,0),(290,4,'2023-06-15 15:23:03','2023-06-15 15:23:03',NULL,1,1,0,1,1.0000,0,0.0000,0.0000,'USD','USD','USD',200.0000,200.0000,NULL,NULL,3,0,NULL,NULL,NULL,NULL,NULL,NULL,NULL,NULL,1,1,'154.66.106.242',NULL,NULL,NULL,NULL,'USD',1.0000,1.0000,NULL,NULL,200.0000,200.0000,200.0000,200.0000,1,0,NULL,NULL,0),(291,1,'2023-06-19 07:09:07','2023-06-19 07:12:20',NULL,0,1,0,1,4.0000,0,0.0000,0.0000,'USD','USD','USD',800.0000,800.0000,'guest',NULL,3,NULL,'rweauonyoagtiji@triots.com',NULL,'waggy',NULL,'Bredson',NULL,NULL,NULL,1,1,'220.247.167.72',NULL,'000000010',NULL,NULL,'USD',1.0000,1.0000,NULL,NULL,800.0000,800.0000,800.0000,800.0000,1,0,NULL,NULL,0),(292,4,'2023-06-22 20:42:39','2023-06-22 20:42:39',NULL,1,1,0,1,1.0000,0,0.0000,0.0000,'USD','USD','USD',200.0000,200.0000,NULL,NULL,3,0,NULL,NULL,NULL,NULL,NULL,NULL,NULL,NULL,1,1,'102.89.34.77',NULL,NULL,NULL,NULL,'USD',1.0000,1.0000,NULL,NULL,200.0000,200.0000,200.0000,200.0000,1,0,NULL,NULL,0),(293,1,'2023-06-30 18:14:24','2023-06-30 18:15:50',NULL,0,0,0,1,1.0000,0,0.0000,0.0000,'USD','USD','USD',1450.0000,1450.0000,'guest',NULL,3,NULL,'LadyGlobal@gdvgd.vom',NULL,'sfgf',NULL,'fdgs',NULL,NULL,NULL,1,1,'208.131.161.114',NULL,'000000011',NULL,NULL,'USD',1.0000,1.0000,NULL,NULL,1445.0000,1445.0000,1445.0000,1445.0000,1,0,NULL,NULL,0),(294,4,'2023-07-03 08:20:52','2023-07-03 08:20:52',NULL,1,1,0,1,1.0000,0,0.0000,0.0000,'USD','USD','USD',200.0000,200.0000,NULL,NULL,3,0,NULL,NULL,NULL,NULL,NULL,NULL,NULL,NULL,1,1,'41.35.84.159',NULL,NULL,NULL,NULL,'USD',1.0000,1.0000,NULL,NULL,200.0000,200.0000,200.0000,200.0000,1,0,NULL,NULL,0),(295,4,'2023-07-05 17:12:39','2023-07-05 17:12:39',NULL,1,1,0,1,1.0000,0,0.0000,0.0000,'USD','USD','USD',200.0000,200.0000,NULL,NULL,3,0,NULL,NULL,NULL,NULL,NULL,NULL,NULL,NULL,1,1,'41.234.182.83',NULL,NULL,NULL,NULL,'USD',1.0000,1.0000,NULL,NULL,200.0000,200.0000,200.0000,200.0000,1,0,NULL,NULL,0),(296,4,'2023-07-13 04:42:34','2023-07-13 04:44:04',NULL,1,0,0,3,3.0000,0,0.0000,0.0000,'USD','USD','USD',559.0000,559.0000,NULL,NULL,3,0,NULL,NULL,NULL,NULL,NULL,NULL,NULL,NULL,1,1,'118.70.48.218',NULL,NULL,NULL,NULL,'USD',1.0000,1.0000,NULL,NULL,559.0000,559.0000,559.0000,559.0000,1,0,NULL,NULL,0);

--
-- Table structure for table `quote_address`
--

CREATE TABLE `quote_address` (
  `address_id` int unsigned NOT NULL AUTO_INCREMENT COMMENT 'Address ID',
  `quote_id` int unsigned NOT NULL DEFAULT '0' COMMENT 'Quote ID',
  `created_at` timestamp NOT NULL DEFAULT CURRENT_TIMESTAMP COMMENT 'Created At',
  `updated_at` timestamp NOT NULL DEFAULT CURRENT_TIMESTAMP ON UPDATE CURRENT_TIMESTAMP COMMENT 'Updated At',
  `customer_id` int unsigned DEFAULT NULL COMMENT 'Customer ID',
  `save_in_address_book` smallint DEFAULT '0' COMMENT 'Save In Address Book',
  `customer_address_id` int unsigned DEFAULT NULL COMMENT 'Customer Address ID',
  `address_type` varchar(10) DEFAULT NULL COMMENT 'Address Type',
  `email` varchar(255) DEFAULT NULL COMMENT 'Email',
  `prefix` varchar(40) DEFAULT NULL COMMENT 'Prefix',
  `firstname` varchar(255) DEFAULT NULL,
  `middlename` varchar(40) DEFAULT NULL,
  `lastname` varchar(255) DEFAULT NULL,
  `suffix` varchar(40) DEFAULT NULL COMMENT 'Suffix',
  `company` varchar(255) DEFAULT NULL COMMENT 'Company',
  `street` varchar(255) DEFAULT NULL COMMENT 'Street',
  `city` varchar(255) DEFAULT NULL,
  `region` varchar(255) DEFAULT NULL,
  `region_id` int unsigned DEFAULT NULL COMMENT 'Region ID',
  `postcode` varchar(20) DEFAULT NULL COMMENT 'Postcode',
  `country_id` varchar(30) DEFAULT NULL COMMENT 'Country ID',
  `telephone` varchar(255) DEFAULT NULL,
  `fax` varchar(255) DEFAULT NULL,
  `same_as_billing` smallint unsigned NOT NULL DEFAULT '0' COMMENT 'Same As Billing',
  `collect_shipping_rates` smallint unsigned NOT NULL DEFAULT '0' COMMENT 'Collect Shipping Rates',
  `shipping_method` varchar(120) DEFAULT NULL,
  `shipping_description` varchar(255) DEFAULT NULL COMMENT 'Shipping Description',
  `weight` decimal(12,4) NOT NULL DEFAULT '0.0000' COMMENT 'Weight',
  `subtotal` decimal(20,4) NOT NULL DEFAULT '0.0000' COMMENT 'Subtotal',
  `base_subtotal` decimal(20,4) NOT NULL DEFAULT '0.0000' COMMENT 'Base Subtotal',
  `subtotal_with_discount` decimal(20,4) NOT NULL DEFAULT '0.0000' COMMENT 'Subtotal With Discount',
  `base_subtotal_with_discount` decimal(20,4) NOT NULL DEFAULT '0.0000' COMMENT 'Base Subtotal With Discount',
  `tax_amount` decimal(20,4) NOT NULL DEFAULT '0.0000' COMMENT 'Tax Amount',
  `base_tax_amount` decimal(20,4) NOT NULL DEFAULT '0.0000' COMMENT 'Base Tax Amount',
  `shipping_amount` decimal(20,4) NOT NULL DEFAULT '0.0000' COMMENT 'Shipping Amount',
  `base_shipping_amount` decimal(20,4) NOT NULL DEFAULT '0.0000' COMMENT 'Base Shipping Amount',
  `shipping_tax_amount` decimal(20,4) DEFAULT NULL COMMENT 'Shipping Tax Amount',
  `base_shipping_tax_amount` decimal(20,4) DEFAULT NULL COMMENT 'Base Shipping Tax Amount',
  `discount_amount` decimal(20,4) NOT NULL DEFAULT '0.0000' COMMENT 'Discount Amount',
  `base_discount_amount` decimal(20,4) NOT NULL DEFAULT '0.0000' COMMENT 'Base Discount Amount',
  `grand_total` decimal(20,4) NOT NULL DEFAULT '0.0000' COMMENT 'Grand Total',
  `base_grand_total` decimal(20,4) NOT NULL DEFAULT '0.0000' COMMENT 'Base Grand Total',
  `customer_notes` text COMMENT 'Customer Notes',
  `applied_taxes` text COMMENT 'Applied Taxes',
  `discount_description` varchar(255) DEFAULT NULL COMMENT 'Discount Description',
  `shipping_discount_amount` decimal(20,4) DEFAULT NULL COMMENT 'Shipping Discount Amount',
  `base_shipping_discount_amount` decimal(20,4) DEFAULT NULL COMMENT 'Base Shipping Discount Amount',
  `subtotal_incl_tax` decimal(20,4) DEFAULT NULL COMMENT 'Subtotal Incl Tax',
  `base_subtotal_total_incl_tax` decimal(20,4) DEFAULT NULL COMMENT 'Base Subtotal Total Incl Tax',
  `discount_tax_compensation_amount` decimal(20,4) DEFAULT NULL COMMENT 'Discount Tax Compensation Amount',
  `base_discount_tax_compensation_amount` decimal(20,4) DEFAULT NULL COMMENT 'Base Discount Tax Compensation Amount',
  `shipping_discount_tax_compensation_amount` decimal(20,4) DEFAULT NULL COMMENT 'Shipping Discount Tax Compensation Amount',
  `base_shipping_discount_tax_compensation_amnt` decimal(20,4) DEFAULT NULL COMMENT 'Base Shipping Discount Tax Compensation Amount',
  `shipping_incl_tax` decimal(20,4) DEFAULT NULL COMMENT 'Shipping Incl Tax',
  `base_shipping_incl_tax` decimal(20,4) DEFAULT NULL COMMENT 'Base Shipping Incl Tax',
  `vat_id` text COMMENT 'Vat ID',
  `vat_is_valid` smallint DEFAULT NULL COMMENT 'Vat Is Valid',
  `vat_request_id` text COMMENT 'Vat Request ID',
  `vat_request_date` text COMMENT 'Vat Request Date',
  `vat_request_success` smallint DEFAULT NULL COMMENT 'Vat Request Success',
  `validated_country_code` text COMMENT 'Validated Country Code',
  `validated_vat_number` text COMMENT 'Validated Vat Number',
  `gift_message_id` int DEFAULT NULL COMMENT 'Gift Message ID',
  `free_shipping` smallint unsigned NOT NULL DEFAULT '0' COMMENT 'Free Shipping',
  PRIMARY KEY (`address_id`),
  KEY `QUOTE_ADDRESS_QUOTE_ID` (`quote_id`),
  CONSTRAINT `QUOTE_ADDRESS_QUOTE_ID_QUOTE_ENTITY_ID` FOREIGN KEY (`quote_id`) REFERENCES `quote` (`entity_id`) ON DELETE CASCADE
) ENGINE=InnoDB AUTO_INCREMENT=642 DEFAULT CHARSET=utf8 COMMENT='Sales Flat Quote Address';

--
