-- Table structure for table `catalog_product_entity_tier_price`
--

CREATE TABLE `catalog_product_entity_tier_price` (
  `value_id` int NOT NULL AUTO_INCREMENT COMMENT 'Value ID',
  `entity_id` int unsigned NOT NULL DEFAULT '0' COMMENT 'Entity ID',
  `all_groups` smallint unsigned NOT NULL DEFAULT '1' COMMENT 'Is Applicable To All Customer Groups',
  `customer_group_id` int unsigned NOT NULL DEFAULT '0' COMMENT 'Customer Group ID',
  `qty` decimal(12,4) NOT NULL DEFAULT '1.0000' COMMENT 'QTY',
  `value` decimal(20,6) NOT NULL DEFAULT '0.000000' COMMENT 'Value',
  `website_id` smallint unsigned NOT NULL COMMENT 'Website ID',
  `percentage_value` decimal(5,2) DEFAULT NULL COMMENT 'Percentage value',
  PRIMARY KEY (`value_id`),
  UNIQUE KEY `UNQ_E8AB433B9ACB00343ABB312AD2FAB087` (`entity_id`,`all_groups`,`customer_group_id`,`qty`,`website_id`),
  KEY `CATALOG_PRODUCT_ENTITY_TIER_PRICE_CUSTOMER_GROUP_ID` (`customer_group_id`),
  KEY `CATALOG_PRODUCT_ENTITY_TIER_PRICE_WEBSITE_ID` (`website_id`),
  CONSTRAINT `CAT_PRD_ENTT_TIER_PRICE_CSTR_GROUP_ID_CSTR_GROUP_CSTR_GROUP_ID` FOREIGN KEY (`customer_group_id`) REFERENCES `customer_group` (`customer_group_id`) ON DELETE CASCADE,
  CONSTRAINT `CAT_PRD_ENTT_TIER_PRICE_ENTT_ID_CAT_PRD_ENTT_ENTT_ID` FOREIGN KEY (`entity_id`) REFERENCES `catalog_product_entity` (`entity_id`) ON DELETE CASCADE,
  CONSTRAINT `CAT_PRD_ENTT_TIER_PRICE_WS_ID_STORE_WS_WS_ID` FOREIGN KEY (`website_id`) REFERENCES `store_website` (`website_id`) ON DELETE CASCADE
) ENGINE=InnoDB DEFAULT CHARSET=utf8 COMMENT='Catalog Product Tier Price Attribute Backend Table';

--
-- Dumping data for table `catalog_product_entity_tier_price`
--


--
-- Table structure for table `catalog_product_entity_varchar`
--

CREATE TABLE `catalog_product_entity_varchar` (
  `value_id` int NOT NULL AUTO_INCREMENT COMMENT 'Value ID',
  `attribute_id` smallint unsigned NOT NULL DEFAULT '0' COMMENT 'Attribute ID',
  `store_id` smallint unsigned NOT NULL DEFAULT '0' COMMENT 'Store ID',
  `entity_id` int unsigned NOT NULL DEFAULT '0' COMMENT 'Entity ID',
  `value` varchar(255) DEFAULT NULL COMMENT 'Value',
  PRIMARY KEY (`value_id`),
  UNIQUE KEY `CATALOG_PRODUCT_ENTITY_VARCHAR_ENTITY_ID_ATTRIBUTE_ID_STORE_ID` (`entity_id`,`attribute_id`,`store_id`),
  KEY `CATALOG_PRODUCT_ENTITY_VARCHAR_ATTRIBUTE_ID` (`attribute_id`),
  KEY `CATALOG_PRODUCT_ENTITY_VARCHAR_STORE_ID` (`store_id`),
  CONSTRAINT `CAT_PRD_ENTT_VCHR_ATTR_ID_EAV_ATTR_ATTR_ID` FOREIGN KEY (`attribute_id`) REFERENCES `eav_attribute` (`attribute_id`) ON DELETE CASCADE,
  CONSTRAINT `CAT_PRD_ENTT_VCHR_ENTT_ID_CAT_PRD_ENTT_ENTT_ID` FOREIGN KEY (`entity_id`) REFERENCES `catalog_product_entity` (`entity_id`) ON DELETE CASCADE,
  CONSTRAINT `CATALOG_PRODUCT_ENTITY_VARCHAR_STORE_ID_STORE_STORE_ID` FOREIGN KEY (`store_id`) REFERENCES `store` (`store_id`) ON DELETE CASCADE
) ENGINE=InnoDB AUTO_INCREMENT=1167 DEFAULT CHARSET=utf8 COMMENT='Catalog Product Varchar Attribute Backend Table';

--
-- Dumping data for table `catalog_product_entity_varchar`
--

INSERT INTO `catalog_product_entity_varchar` VALUES (1,134,0,1,'2'),(2,87,0,1,'/1/6/16-inch-macbook-pro.jpg'),(3,86,0,1,'16-inch-Macbook-Pro Lorem ipsum dolor sit amet, consectetur adipiscing elit. Donec eu justo dui. Etiam finibus diam a fringilla sodales. Nunc feugiat, ligula quis feugiat commodo, libero eros vestibulum risus, eu egestas dolor augue at ex. Etiam at neque '),(4,84,0,1,'16-inch-Macbook-Pro'),(5,124,0,1,'0'),(6,73,0,1,'16 inch Macbook Pro'),(7,106,0,1,'container2'),(8,88,0,1,'/1/6/16-inch-macbook-pro.jpg'),(9,135,0,1,'/1/6/16-inch-macbook-pro.jpg'),(10,89,0,1,'/1/6/16-inch-macbook-pro.jpg'),(11,121,0,1,'16-inch-macbook-pro'),(16,134,0,2,'2'),(17,87,0,2,'/a/d/addyvero-women_s-dress.jpg'),(18,86,0,2,'Addyvero-Women\'s-Dress Lorem ipsum dolor sit amet, consectetur adipiscing elit. Donec eu justo dui. Etiam finibus diam a fringilla sodales. Nunc feugiat, ligula quis feugiat commodo, libero eros vestibulum risus, eu egestas dolor augue at ex. Etiam at neq'),(19,84,0,2,'Addyvero-Women\'s-Dress'),(20,124,0,2,'0'),(21,73,0,2,'Addyvero Women\'s Dress'),(22,106,0,2,'container2'),(23,88,0,2,'/a/d/addyvero-women_s-dress.jpg'),(24,135,0,2,'/a/d/addyvero-women_s-dress.jpg'),(25,89,0,2,'/a/d/addyvero-women_s-dress.jpg'),(26,121,0,2,'addyvero-women-s-dress'),(35,134,0,3,'2'),(36,87,0,3,'/b/e/beats-solo3-wireless-headphones.jpg'),(37,86,0,3,'Beats-Solo3-Wireless-Headphones Lorem ipsum dolor sit amet, consectetur adipiscing elit. Donec eu justo dui. Etiam finibus diam a fringilla sodales. Nunc feugiat, ligula quis feugiat commodo, libero eros vestibulum risus, eu egestas dolor augue at ex. Eti'),(38,84,0,3,'Beats-Solo3-Wireless-Headphones'),(39,124,0,3,'0'),(40,73,0,3,'Beats Solo3 Wireless Headphones'),(41,106,0,3,'container2'),(42,88,0,3,'/b/e/beats-solo3-wireless-headphones.jpg'),(43,135,0,3,'/b/e/beats-solo3-wireless-headphones.jpg'),(44,89,0,3,'/b/e/beats-solo3-wireless-headphones.jpg'),(45,121,0,3,'beats-solo3-wireless-headphones'),(58,134,0,4,'2'),(59,87,0,4,'/b/l/black-rouge-lipstick-rose-velvet-245g-burgundy-rose.jpg'),(60,86,0,4,'Black Rouge Lipstick Rose Velvet 245g Burgundy Rose Lorem ipsum dolor sit amet, consectetur adipiscing elit. Donec eu justo dui. Etiam finibus diam a fringilla sodales. Nunc feugiat, ligula quis feugiat commodo, libero eros vestibulum risus, eu egestas do'),(61,84,0,4,'Black Rouge Lipstick Rose Velvet 245g Burgundy Rose'),(62,124,0,4,'0'),(63,73,0,4,'Black Rouge Lipstick Rose Velvet 245g Burgundy Rose'),(64,106,0,4,'container2'),(65,88,0,4,'/b/l/black-rouge-lipstick-rose-velvet-245g-burgundy-rose.jpg'),(66,135,0,4,'/b/l/black-rouge-lipstick-rose-velvet-245g-burgundy-rose.jpg'),(67,89,0,4,'/b/l/black-rouge-lipstick-rose-velvet-245g-burgundy-rose.jpg'),(68,121,0,4,'black-rouge-lipstick-rose-velvet-245g-burgundy-rose'),(81,134,0,5,'2'),(82,87,0,5,'/c/a/canon-eos-1500d-24.1-digital-slr-camera-_black_.jpg'),(83,86,0,5,'Canon EOS 1500D 24.1 Digital SLR Camera (Black) Lorem ipsum dolor sit amet, consectetur adipiscing elit. Donec eu justo dui. Etiam finibus diam a fringilla sodales. Nunc feugiat, ligula quis feugiat commodo, libero eros vestibulum risus, eu egestas dolor '),(84,84,0,5,'Canon EOS 1500D 24.1 Digital SLR Camera (Black)'),(85,124,0,5,'0'),(86,73,0,5,'Canon EOS 1500D 24.1 Digital SLR Camera (Black)'),(87,106,0,5,'container2'),(88,88,0,5,'/c/a/canon-eos-1500d-24.1-digital-slr-camera-_black_.jpg'),(89,135,0,5,'/c/a/canon-eos-1500d-24.1-digital-slr-camera-_black_.jpg'),(90,89,0,5,'/c/a/canon-eos-1500d-24.1-digital-slr-camera-_black_.jpg'),(91,121,0,5,'canon-eos-1500d-24-1-digital-slr-camera-black'),(96,134,0,6,'2'),(97,87,0,6,'/d/e/dell-xps-15-9550-_2015_.jpg'),(98,86,0,6,'DELL XPS 15 9550 (2021) Lorem ipsum dolor sit amet, consectetur adipiscing elit. Donec eu justo dui. Etiam finibus diam a fringilla sodales. Nunc feugiat, ligula quis feugiat commodo, libero eros vestibulum risus, eu egestas dolor augue at ex. Etiam at ne'),(99,84,0,6,'DELL XPS 15 9550 (2021)'),(100,124,0,6,'0'),(101,73,0,6,'DELL XPS 15 9550 (2021)'),(102,106,0,6,'container2'),(103,88,0,6,'/d/e/dell-xps-15-9550-_2015_.jpg'),(104,135,0,6,'/d/e/dell-xps-15-9550-_2015_.jpg'),(105,89,0,6,'/d/e/dell-xps-15-9550-_2015_.jpg'),(106,121,0,6,'dell-xps-15-9550-2021'),(111,134,0,7,'2'),(112,87,0,7,'/g/o/google-pixel-5.jpg'),(113,86,0,7,'Google Pixel 5 Lorem ipsum dolor sit amet, consectetur adipiscing elit. Donec eu justo dui. Etiam finibus diam a fringilla sodales. Nunc feugiat, ligula quis feugiat commodo, libero eros vestibulum risus, eu egestas dolor augue at ex. Etiam at neque nisi.'),(114,84,0,7,'Google Pixel 5'),(115,124,0,7,'0'),(116,73,0,7,'Google Pixel 5 Android Full HD - 64GB'),(117,106,0,7,'container2'),(118,88,0,7,'/g/o/google-pixel-5.jpg'),(119,135,0,7,'/g/o/google-pixel-5.jpg'),(120,89,0,7,'/g/o/google-pixel-5.jpg'),(121,121,0,7,'google-pixel-5'),(126,134,0,8,'2'),(127,87,0,8,'/g/o/gopro-media-mod-do-gopro-hero-9-black.jpg'),(128,86,0,8,'GoPro Media Mod do GoPro HERO 9 Black Lorem ipsum dolor sit amet, consectetur adipiscing elit. Donec eu justo dui. Etiam finibus diam a fringilla sodales. Nunc feugiat, ligula quis feugiat commodo, libero eros vestibulum risus, eu egestas dolor augue at e'),(129,84,0,8,'GoPro Media Mod do GoPro HERO 9 Black'),(130,124,0,8,'0'),(131,73,0,8,'GoPro Media Mod do GoPro HERO 9 Black'),(132,106,0,8,'container2'),(133,88,0,8,'/g/o/gopro-media-mod-do-gopro-hero-9-black.jpg'),(134,135,0,8,'/g/o/gopro-media-mod-do-gopro-hero-9-black.jpg'),(135,89,0,8,'/g/o/gopro-media-mod-do-gopro-hero-9-black.jpg'),(136,121,0,8,'gopro-media-mod-do-gopro-hero-9-black'),(141,134,0,9,'2'),(142,87,0,9,'/h/a/half-sleeves-printed-cotton-crop.jpg'),(143,86,0,9,'Half Sleeves Printed Cotton Crop Lorem ipsum dolor sit amet, consectetur adipiscing elit. Donec eu justo dui. Etiam finibus diam a fringilla sodales. Nunc feugiat, ligula quis feugiat commodo, libero eros vestibulum risus, eu egestas dolor augue at ex. Et'),(144,84,0,9,'Half Sleeves Printed Cotton Crop'),(145,124,0,9,'0'),(146,73,0,9,'Half Sleeves Printed Cotton Crop'),(147,106,0,9,'container2'),(148,88,0,9,'/h/a/half-sleeves-printed-cotton-crop.jpg'),(149,135,0,9,'/h/a/half-sleeves-printed-cotton-crop.jpg'),(150,89,0,9,'/h/a/half-sleeves-printed-cotton-crop.jpg'),(151,121,0,9,'half-sleeves-printed-cotton-crop'),(156,134,0,10,'2'),(157,87,0,10,'/i/p/ipad-pro-2019.jpg'),(158,86,0,10,'iPad Pro 2021 Lorem ipsum dolor sit amet, consectetur adipiscing elit. Donec eu justo dui. Etiam finibus diam a fringilla sodales. Nunc feugiat, ligula quis feugiat commodo, libero eros vestibulum risus, eu egestas dolor augue at ex. Etiam at neque nisi. '),(159,84,0,10,'iPad Pro 2021'),(160,124,0,10,'0'),(161,73,0,10,'iPad Pro 2021 - 64Gb Sliver Full Box'),(162,106,0,10,'container2'),(163,88,0,10,'/i/p/ipad-pro-2019.jpg'),(164,135,0,10,'/i/p/ipad-pro-2019.jpg'),(165,89,0,10,'/i/p/ipad-pro-2019.jpg'),(166,121,0,10,'ipad-pro-2021'),(171,134,0,11,'2'),(172,87,0,11,'/i/p/iphone-12-product-red.jpg'),(173,86,0,11,'iPhone 12 Product Red Lorem ipsum dolor sit amet, consectetur adipiscing elit. Donec eu justo dui. Etiam finibus diam a fringilla sodales. Nunc feugiat, ligula quis feugiat commodo, libero eros vestibulum risus, eu egestas dolor augue at ex. Etiam at nequ'),(174,84,0,11,'iPhone 12 Product Red'),(175,124,0,11,'0'),(176,73,0,11,'iPhone 12 - 128Gb Product Red Full Box'),(177,106,0,11,'container2'),(178,88,0,11,'/i/p/iphone-12-product-red.jpg'),(179,135,0,11,'/i/p/iphone-12-product-red.jpg'),(180,89,0,11,'/i/p/iphone-12-product-red.jpg'),(181,121,0,11,'iphone-12-product-red'),(186,134,0,12,'2'),(187,87,0,12,'/j/e/jean-paul-gaultier-le-male---essence-de-parfum.jpg'),(188,86,0,12,'Jean Paul Gaultier Le Male Essence de Parfum Lorem ipsum dolor sit amet, consectetur adipiscing elit. Donec eu justo dui. Etiam finibus diam a fringilla sodales. Nunc feugiat, ligula quis feugiat commodo, libero eros vestibulum risus, eu egestas dolor aug'),(189,84,0,12,'Jean Paul Gaultier Le Male Essence de Parfum'),(190,124,0,12,'0'),(191,73,0,12,'Jean Paul Gaultier Le Male Essence de Parfum'),(192,106,0,12,'container2'),(193,88,0,12,'/j/e/jean-paul-gaultier-le-male---essence-de-parfum.jpg'),(194,135,0,12,'/j/e/jean-paul-gaultier-le-male---essence-de-parfum.jpg'),(195,89,0,12,'/j/e/jean-paul-gaultier-le-male---essence-de-parfum.jpg'),(196,121,0,12,'jean-paul-gaultier-le-male-essence-de-parfum'),(201,134,0,13,'2'),(202,87,0,13,'/l/a/la-vie-est-belle-intensement-100ml-edp.jpg'),(203,86,0,13,'La Vie Est Belle Intensement 100Ml Edp Lorem ipsum dolor sit amet, consectetur adipiscing elit. Donec eu justo dui. Etiam finibus diam a fringilla sodales. Nunc feugiat, ligula quis feugiat commodo, libero eros vestibulum risus, eu egestas dolor augue at '),(204,84,0,13,'La Vie Est Belle Intensement 100Ml Edp'),(205,124,0,13,'0'),(206,73,0,13,'La Vie Est Belle Intensement 100Ml Edp'),(207,106,0,13,'container2'),(208,88,0,13,'/l/a/la-vie-est-belle-intensement-100ml-edp.jpg'),(209,135,0,13,'/l/a/la-vie-est-belle-intensement-100ml-edp.jpg'),(210,89,0,13,'/l/a/la-vie-est-belle-intensement-100ml-edp.jpg'),(211,121,0,13,'la-vie-est-belle-intensement-100ml-edp'),(216,134,0,14,'2'),(217,87,0,14,'/m/i/microsoft-15-multi-touch-surface-laptop-3.jpg'),(218,86,0,14,'Microsoft 15 Multi Touch Surface Laptop 3 Lorem ipsum dolor sit amet, consectetur adipiscing elit. Donec eu justo dui. Etiam finibus diam a fringilla sodales. Nunc feugiat, ligula quis feugiat commodo, libero eros vestibulum risus, eu egestas dolor augue '),(219,84,0,14,'Microsoft 15 Multi Touch Surface Laptop 3'),(220,124,0,14,'0'),(221,73,0,14,'Microsoft 15 Multi Touch Surface Laptop 3'),(222,106,0,14,'container2'),(223,88,0,14,'/m/i/microsoft-15-multi-touch-surface-laptop-3.jpg'),(224,135,0,14,'/m/i/microsoft-15-multi-touch-surface-laptop-3.jpg'),(225,89,0,14,'/m/i/microsoft-15-multi-touch-surface-laptop-3.jpg'),(226,121,0,14,'microsoft-15-multi-touch-surface-laptop-3'),(231,134,0,15,'2'),(232,87,0,15,'/m/s/msgr-strobelight-glowpowder.jpg'),(233,86,0,15,'MSGR Strobelight GlowPowder Lorem ipsum dolor sit amet, consectetur adipiscing elit. Donec eu justo dui. Etiam finibus diam a fringilla sodales. Nunc feugiat, ligula quis feugiat commodo, libero eros vestibulum risus, eu egestas dolor augue at ex. Etiam a'),(234,84,0,15,'MSGR Strobelight GlowPowder'),(235,124,0,15,'0'),(236,73,0,15,'MSGR Strobelight GlowPowder'),(237,106,0,15,'container2'),(238,88,0,15,'/m/s/msgr-strobelight-glowpowder.jpg'),(239,135,0,15,'/m/s/msgr-strobelight-glowpowder.jpg'),(240,89,0,15,'/m/s/msgr-strobelight-glowpowder.jpg'),(241,121,0,15,'msgr-strobelight-glowpowder'),(246,134,0,16,'2'),(247,87,0,16,'/m/u/multicolor-shoulder-bag.jpg'),(248,86,0,16,'Multicolor Shoulder Bag Lorem ipsum dolor sit amet, consectetur adipiscing elit. Donec eu justo dui. Etiam finibus diam a fringilla sodales. Nunc feugiat, ligula quis feugiat commodo, libero eros vestibulum risus, eu egestas dolor augue at ex. Etiam at ne'),(249,84,0,16,'Multicolor Shoulder Bag'),(250,124,0,16,'0'),(251,73,0,16,'Multicolor Shoulder Bag'),(252,106,0,16,'container2'),(253,88,0,16,'/m/u/multicolor-shoulder-bag.jpg'),(254,135,0,16,'/m/u/multicolor-shoulder-bag.jpg'),(255,89,0,16,'/m/u/multicolor-shoulder-bag.jpg'),(256,121,0,16,'multicolor-shoulder-bag'),(261,134,0,17,'2'),(262,87,0,17,'/n/i/nightstar-dress.jpg'),(263,86,0,17,'Nightstar Dress Lorem ipsum dolor sit amet, consectetur adipiscing elit. Donec eu justo dui. Etiam finibus diam a fringilla sodales. Nunc feugiat, ligula quis feugiat commodo, libero eros vestibulum risus, eu egestas dolor augue at ex. Etiam at neque nisi'),(264,84,0,17,'Nightstar Dress'),(265,124,0,17,'0'),(266,73,0,17,'Nightstar Dress'),(267,106,0,17,'container2'),(268,88,0,17,'/n/i/nightstar-dress.jpg'),(269,135,0,17,'/n/i/nightstar-dress.jpg'),(270,89,0,17,'/n/i/nightstar-dress.jpg'),(271,121,0,17,'nightstar-dress'),(276,134,0,18,'2'),(277,87,0,18,'/n/i/nike-flight-legacy---mens.jpg'),(278,86,0,18,'NIKE FLIGHT LEGACY MENS Lorem ipsum dolor sit amet, consectetur adipiscing elit. Donec eu justo dui. Etiam finibus diam a fringilla sodales. Nunc feugiat, ligula quis feugiat commodo, libero eros vestibulum risus, eu egestas dolor augue at ex. Etiam at ne'),(279,84,0,18,'NIKE FLIGHT LEGACY MENS'),(280,124,0,18,'0'),(281,73,0,18,'NIKE FLIGHT LEGACY MENS'),(282,106,0,18,'container2'),(283,88,0,18,'/n/i/nike-flight-legacy---mens.jpg'),(284,135,0,18,'/n/i/nike-flight-legacy---mens.jpg'),(285,89,0,18,'/n/i/nike-flight-legacy---mens.jpg'),(286,121,0,18,'nike-flight-legacy-mens'),(291,134,0,19,'2'),(292,87,0,19,'/o/r/organic-rose-water-facial-mist.jpg'),(293,86,0,19,'Organic Rose Water Facial Mist Lorem ipsum dolor sit amet, consectetur adipiscing elit. Donec eu justo dui. Etiam finibus diam a fringilla sodales. Nunc feugiat, ligula quis feugiat commodo, libero eros vestibulum risus, eu egestas dolor augue at ex. Etia'),(294,84,0,19,'Organic Rose Water Facial Mist'),(295,124,0,19,'0'),(296,73,0,19,'Organic Rose Water Facial Mist'),(297,106,0,19,'container2'),(298,88,0,19,'/o/r/organic-rose-water-facial-mist.jpg'),(299,135,0,19,'/o/r/organic-rose-water-facial-mist.jpg'),(300,89,0,19,'/o/r/organic-rose-water-facial-mist.jpg'),(301,121,0,19,'organic-rose-water-facial-mist'),(306,134,0,20,'2'),(307,87,0,20,'/p/e/perfect-marc-jacobs.jpg'),(308,86,0,20,'Perfect Marc Jacobs Lorem ipsum dolor sit amet, consectetur adipiscing elit. Donec eu justo dui. Etiam finibus diam a fringilla sodales. Nunc feugiat, ligula quis feugiat commodo, libero eros vestibulum risus, eu egestas dolor augue at ex. Etiam at neque '),(309,84,0,20,'Perfect Marc Jacobs'),(310,124,0,20,'0'),(311,73,0,20,'Perfect Marc Jacobs'),(312,106,0,20,'container2'),(313,88,0,20,'/p/e/perfect-marc-jacobs.jpg'),(314,135,0,20,'/p/e/perfect-marc-jacobs.jpg'),(315,89,0,20,'/p/e/perfect-marc-jacobs.jpg'),(316,121,0,20,'perfect-marc-jacobs'),(321,134,0,21,'2'),(322,87,0,21,'/p/o/polaroid-now-instant-camera-with-film.jpg'),(323,86,0,21,'Polaroid Now Instant Camera with film Lorem ipsum dolor sit amet, consectetur adipiscing elit. Donec eu justo dui. Etiam finibus diam a fringilla sodales. Nunc feugiat, ligula quis feugiat commodo, libero eros vestibulum risus, eu egestas dolor augue at e'),(324,84,0,21,'Polaroid Now Instant Camera with film'),(325,124,0,21,'0'),(326,73,0,21,'Polaroid Now Instant Camera with film'),(327,106,0,21,'container2'),(328,88,0,21,'/p/o/polaroid-now-instant-camera-with-film.jpg'),(329,135,0,21,'/p/o/polaroid-now-instant-camera-with-film.jpg'),(330,89,0,21,'/p/o/polaroid-now-instant-camera-with-film.jpg'),(331,121,0,21,'polaroid-now-instant-camera-with-film'),(336,134,0,22,'2'),(337,87,0,22,'/p/o/polaroid-snap-touch-instant-digital-camera-_red_.jpg'),(338,86,0,22,'Polaroid Snap Touch Instant Digital Camera (Red) Lorem ipsum dolor sit amet, consectetur adipiscing elit. Donec eu justo dui. Etiam finibus diam a fringilla sodales. Nunc feugiat, ligula quis feugiat commodo, libero eros vestibulum risus, eu egestas dolor'),(339,84,0,22,'Polaroid Snap Touch Instant Digital Camera (Red)'),(340,124,0,22,'0'),(341,73,0,22,'Polaroid Snap Touch Instant Digital Camera'),(342,106,0,22,'container2'),(343,88,0,22,'/p/o/polaroid-snap-touch-instant-digital-camera-_red_.jpg'),(344,135,0,22,'/p/o/polaroid-snap-touch-instant-digital-camera-_red_.jpg'),(345,89,0,22,'/p/o/polaroid-snap-touch-instant-digital-camera-_red_.jpg'),(346,121,0,22,'polaroid-snap-touch-instant-digital-camera-red'),(351,134,0,23,'2'),(352,87,0,23,'/p/u/puma-rs-0-play.jpg'),(353,86,0,23,'Puma RS 0 PLAY Lorem ipsum dolor sit amet, consectetur adipiscing elit. Donec eu justo dui. Etiam finibus diam a fringilla sodales. Nunc feugiat, ligula quis feugiat commodo, libero eros vestibulum risus, eu egestas dolor augue at ex. Etiam at neque nisi.'),(354,84,0,23,'Puma RS 0 PLAY'),(355,124,0,23,'0'),(356,73,0,23,'Puma RS 0 PLAY new model'),(357,106,0,23,'container2'),(358,88,0,23,'/p/u/puma-rs-0-play.jpg'),(359,135,0,23,'/p/u/puma-rs-0-play.jpg'),(360,89,0,23,'/p/u/puma-rs-0-play.jpg'),(361,121,0,23,'puma-rs-0-play'),(366,134,0,24,'2'),(367,87,0,24,'/r/o/romand-zero-gram-matte-lipstick.jpg'),(368,86,0,24,'Romand Zero Gram Matte Lipstick Lorem ipsum dolor sit amet, consectetur adipiscing elit. Donec eu justo dui. Etiam finibus diam a fringilla sodales. Nunc feugiat, ligula quis feugiat commodo, libero eros vestibulum risus, eu egestas dolor augue at ex. Eti'),(369,84,0,24,'Romand Zero Gram Matte Lipstick'),(370,124,0,24,'0'),(371,73,0,24,'Romand Zero Gram Matte Lipstick'),(372,106,0,24,'container2'),(373,88,0,24,'/r/o/romand-zero-gram-matte-lipstick.jpg'),(374,135,0,24,'/r/o/romand-zero-gram-matte-lipstick.jpg'),(375,89,0,24,'/r/o/romand-zero-gram-matte-lipstick.jpg'),(376,121,0,24,'romand-zero-gram-matte-lipstick'),(381,134,0,25,'2'),(382,87,0,25,'/s/a/samsung-note-20-ultra-5g.jpg'),(383,124,0,25,'0'),(384,73,0,25,'Samsung Note 20 Ultra 5G full box (gold)'),(385,106,0,25,'container2'),(386,88,0,25,'/s/a/samsung-note-20-ultra-5g.jpg'),(387,135,0,25,'/s/a/samsung-note-20-ultra-5g.jpg'),(388,89,0,25,'/s/a/samsung-note-20-ultra-5g.jpg'),(389,121,0,25,'romand-zero-gram-matte-lipstick-1'),(398,134,0,26,'2'),(399,87,0,26,'/s/e/serpenti-forever-crossbody-bag.jpg'),(400,86,0,26,'Serpenti Forever crossbody bag Lorem ipsum dolor sit amet, consectetur adipiscing elit. Donec eu justo dui. Etiam finibus diam a fringilla sodales. Nunc feugiat, ligula quis feugiat commodo, libero eros vestibulum risus, eu egestas dolor augue at ex. Etia'),(401,84,0,26,'Serpenti Forever crossbody bag'),(402,124,0,26,'0'),(403,73,0,26,'Serpenti Forever crossbody bag'),(404,106,0,26,'container2'),(405,88,0,26,'/s/e/serpenti-forever-crossbody-bag.jpg'),(406,135,0,26,'/s/e/serpenti-forever-crossbody-bag.jpg'),(407,89,0,26,'/s/e/serpenti-forever-crossbody-bag.jpg'),(408,121,0,26,'serpenti-forever-crossbody-bag'),(413,134,0,27,'2'),(414,87,0,27,'/s/o/sony-vlog-camera-zv1.jpg'),(415,86,0,27,'Sony Vlog Camera ZV1 Lorem ipsum dolor sit amet, consectetur adipiscing elit. Donec eu justo dui. Etiam finibus diam a fringilla sodales. Nunc feugiat, ligula quis feugiat commodo, libero eros vestibulum risus, eu egestas dolor augue at ex. Etiam at neque'),(416,84,0,27,'Sony Vlog Camera ZV1'),(417,124,0,27,'0'),(418,73,0,27,'Sony Vlog Camera ZV1 full box (black)'),(419,106,0,27,'container2'),(420,88,0,27,'/s/o/sony-vlog-camera-zv1.jpg'),(421,135,0,27,'/s/o/sony-vlog-camera-zv1.jpg'),(422,89,0,27,'/s/o/sony-vlog-camera-zv1.jpg'),(423,121,0,27,'sony-vlog-camera-zv1'),(428,134,0,28,'2'),(429,87,0,28,'/t/r/true-wireless-samsung-galaxy-buds-live.jpg'),(430,86,0,28,'True Wireless Samsung Galaxy Buds Live Lorem ipsum dolor sit amet, consectetur adipiscing elit. Donec eu justo dui. Etiam finibus diam a fringilla sodales. Nunc feugiat, ligula quis feugiat commodo, libero eros vestibulum risus, eu egestas dolor augue at '),(431,84,0,28,'True Wireless Samsung Galaxy Buds Live'),(432,124,0,28,'0'),(433,73,0,28,'True Wireless Samsung Galaxy Buds Live'),(434,106,0,28,'container2'),(435,88,0,28,'/t/r/true-wireless-samsung-galaxy-buds-live.jpg'),(436,135,0,28,'/t/r/true-wireless-samsung-galaxy-buds-live.jpg'),(437,89,0,28,'/t/r/true-wireless-samsung-galaxy-buds-live.jpg'),(438,121,0,28,'true-wireless-samsung-galaxy-buds-live'),(443,134,0,29,'2'),(444,87,0,29,'/v/o/volcom-be-easy-dress.jpg'),(445,86,0,29,'Volcom Be Easy Dress Lorem ipsum dolor sit amet, consectetur adipiscing elit. Donec eu justo dui. Etiam finibus diam a fringilla sodales. Nunc feugiat, ligula quis feugiat commodo, libero eros vestibulum risus, eu egestas dolor augue at ex. Etiam at neque'),(446,84,0,29,'Volcom Be Easy Dress'),(447,124,0,29,'0'),(448,73,0,29,'Volcom Be Easy Dress 2021'),(449,106,0,29,'container2'),(450,88,0,29,'/v/o/volcom-be-easy-dress.jpg'),(451,135,0,29,'/v/o/volcom-be-easy-dress.jpg'),(452,89,0,29,'/v/o/volcom-be-easy-dress.jpg'),(453,121,0,29,'volcom-be-easy-dress'),(458,134,0,30,'2'),(459,87,0,30,'/w/r/wrangler-retro-premium-corduroy-shirt.jpg'),(460,86,0,30,'Wrangler Retro Premium Corduroy Shirt Lorem ipsum dolor sit amet, consectetur adipiscing elit. Donec eu justo dui. Etiam finibus diam a fringilla sodales. Nunc feugiat, ligula quis feugiat commodo, libero eros vestibulum risus, eu egestas dolor augue at e'),(461,84,0,30,'Wrangler Retro Premium Corduroy Shirt'),(462,124,0,30,'0'),(463,73,0,30,'Wrangler Retro Premium Corduroy Shirt'),(464,106,0,30,'container2'),(465,88,0,30,'/w/r/wrangler-retro-premium-corduroy-shirt.jpg'),(466,135,0,30,'/w/r/wrangler-retro-premium-corduroy-shirt.jpg'),(467,89,0,30,'/w/r/wrangler-retro-premium-corduroy-shirt.jpg'),(468,121,0,30,'wrangler-retro-premium-corduroy-shirt'),(473,134,0,31,'2'),(474,87,0,31,'/y/e/yellow-shirt-for-men.jpg'),(475,86,0,31,'Yellow Shirt for Men Lorem ipsum dolor sit amet, consectetur adipiscing elit. Donec eu justo dui. Etiam finibus diam a fringilla sodales. Nunc feugiat, ligula quis feugiat commodo, libero eros vestibulum risus, eu egestas dolor augue at ex. Etiam at neque'),(476,84,0,31,'Yellow Shirt for Men'),(477,124,0,31,'0'),(478,73,0,31,'Yellow Shirt for Men 2021'),(479,106,0,31,'container2'),(480,88,0,31,'/y/e/yellow-shirt-for-men.jpg'),(481,135,0,31,'/y/e/yellow-shirt-for-men.jpg'),(482,89,0,31,'/y/e/yellow-shirt-for-men.jpg'),(483,121,0,31,'yellow-shirt-for-men'),(488,134,0,32,'2'),(489,87,0,32,'/l/g/lg-wm3900hwa.jpg'),(490,86,0,32,'LG WM3900HWA Lorem ipsum dolor sit amet, consectetur adipiscing elit. Donec eu justo dui. Etiam finibus diam a fringilla sodales. Nunc feugiat, ligula quis feugiat commodo, libero eros vestibulum risus, eu egestas dolor augue at ex. Etiam at neque nisi. N'),(491,84,0,32,'LG WM3900HWA'),(492,124,0,32,'0'),(493,73,0,32,'Wash machine LG WM3900HWA inverter'),(494,106,0,32,'container2'),(495,88,0,32,'/l/g/lg-wm3900hwa.jpg'),(496,135,0,32,'/l/g/lg-wm3900hwa.jpg'),(497,89,0,32,'/l/g/lg-wm3900hwa.jpg'),(498,121,0,32,'lg-wm3900hwa'),(503,134,0,33,'2'),(504,87,0,33,'/q/u/quindim-retro-ceramic-pendant-lamp.jpg'),(505,86,0,33,'Quindim Retro Ceramic Pendant Lamp Lorem ipsum dolor sit amet, consectetur adipiscing elit. Maecenas interdum elit justo, eget ultricies felis posuere euismod. Etiam vitae velit ultrices, eleifend nibh id, luctus arcu. Donec vel ipsum tincidunt, rutrum ne'),(506,84,0,33,'Quindim Retro Ceramic Pendant Lamp'),(507,124,0,33,'0'),(508,73,0,33,'Quindim Retro Ceramic Pendant Lamp'),(509,106,0,33,'container2'),(510,88,0,33,'/q/u/quindim-retro-ceramic-pendant-lamp.jpg'),(511,135,0,33,'/q/u/quindim-retro-ceramic-pendant-lamp.jpg'),(512,89,0,33,'/q/u/quindim-retro-ceramic-pendant-lamp.jpg'),(513,121,0,33,'quindim-retro-ceramic-pendant-lamp'),(518,134,0,34,'2'),(519,87,0,34,'/r/e/regal-2-seater-fabric-sofa.jpg'),(520,86,0,34,'REGAL 2 Seater Fabric Sofa Lorem ipsum dolor sit amet, consectetur adipiscing elit. Donec eu justo dui. Etiam finibus diam a fringilla sodales. Nunc feugiat, ligula quis feugiat commodo, libero eros vestibulum risus, eu egestas dolor augue at ex. Etiam at'),(521,84,0,34,'REGAL 2 Seater Fabric Sofa'),(522,124,0,34,'0'),(523,73,0,34,'REGAL 2 Seater Fabric Sofa New Model'),(524,106,0,34,'container2'),(525,88,0,34,'/r/e/regal-2-seater-fabric-sofa.jpg'),(526,135,0,34,'/r/e/regal-2-seater-fabric-sofa.jpg'),(527,89,0,34,'/r/e/regal-2-seater-fabric-sofa.jpg'),(528,121,0,34,'regal-2-seater-fabric-sofa'),(533,134,0,35,'2'),(534,87,0,35,'/s/a/samsung-american-fridge-freezer-stainless-steel.jpg'),(535,86,0,35,'Samsung American Fridge Freezer Stainless Steel Lorem ipsum dolor sit amet, consectetur adipiscing elit. Donec eu justo dui. Etiam finibus diam a fringilla sodales. Nunc feugiat, ligula quis feugiat commodo, libero eros vestibulum risus, eu egestas dolor '),(536,84,0,35,'Samsung American Fridge Freezer Stainless Steel'),(537,124,0,35,'0'),(538,73,0,35,'Samsung American Fridge Freezer Stainless'),(539,106,0,35,'container2'),(540,88,0,35,'/s/a/samsung-american-fridge-freezer-stainless-steel.jpg'),(541,135,0,35,'/s/a/samsung-american-fridge-freezer-stainless-steel.jpg'),(542,89,0,35,'/s/a/samsung-american-fridge-freezer-stainless-steel.jpg'),(543,121,0,35,'samsung-american-fridge-freezer-stainless-steel'),(548,134,0,36,'2'),(549,87,0,36,'/s/o/soborg-chair-wood-frame.jpg'),(550,86,0,36,'Soborg Chair Wood Frame Lorem ipsum dolor sit amet, consectetur adipiscing elit. Donec eu justo dui. Etiam finibus diam a fringilla sodales. Nunc feugiat, ligula quis feugiat commodo, libero eros vestibulum risus, eu egestas dolor augue at ex. Etiam at ne'),(551,84,0,36,'Soborg Chair Wood Frame'),(552,124,0,36,'0'),(553,73,0,36,'Soborg Chair Wood Frame New Model'),(554,106,0,36,'container2'),(555,88,0,36,'/s/o/soborg-chair-wood-frame.jpg'),(556,135,0,36,'/s/o/soborg-chair-wood-frame.jpg'),(557,89,0,36,'/s/o/soborg-chair-wood-frame.jpg'),(558,121,0,36,'soborg-chair-wood-frame'),(563,134,0,37,'2'),(564,87,0,37,'/s/a/samsung-galaxy-s21-2021-bundle.jpg'),(565,86,0,37,'SAMSUNG Galaxy S21 2021 Bundle Lorem ipsum dolor sit amet, consectetur adipiscing elit. Donec eu justo dui. Etiam finibus diam a fringilla sodales. Nunc feugiat, ligula quis feugiat commodo, libero eros vestibulum risus, eu egestas dolor augue at ex. Etia'),(566,84,0,37,'SAMSUNG Galaxy S21 2021 Bundle'),(567,124,0,37,'0'),(568,73,0,37,'SAMSUNG Galaxy S21 2021 Bundle'),(569,106,0,37,'container2'),(570,88,0,37,'/s/a/samsung-galaxy-s21-2021-bundle.jpg'),(571,135,0,37,'/s/a/samsung-galaxy-s21-2021-bundle.jpg'),(572,89,0,37,'/s/a/samsung-galaxy-s21-2021-bundle.jpg'),(573,121,0,37,'samsung-galaxy-s21-2021-bundle'),(578,134,0,38,'2'),(579,87,0,38,'/a/p/apple_iphone_x_512gb_white_1.jpg'),(580,86,0,38,'Apple Iphone X 512gb white Lorem ipsum dolor sit amet, consectetur adipiscing elit. Donec eu justo dui. Etiam finibus diam a fringilla sodales. Nunc feugiat, ligula quis feugiat commodo, libero eros vestibulum risus, eu egestas dolor augue at ex. Etiam at'),(581,84,0,38,'Apple Iphone X 512gb white'),(582,124,0,38,'0'),(583,73,0,38,'Apple Iphone X 512gb white full box'),(584,106,0,38,'container2'),(585,88,0,38,'/a/p/apple_iphone_x_512gb_white_1.jpg'),(586,135,0,38,'/a/p/apple_iphone_x_512gb_white_1.jpg'),(587,89,0,38,'/a/p/apple_iphone_x_512gb_white_1.jpg'),(588,121,0,38,'apple-iphone-x-512gb-white'),(749,134,0,39,'0'),(750,87,0,39,'/i/p/ipad-pro-2019_1.jpg'),(751,86,0,39,'Config product '),(752,84,0,39,'Config product'),(753,73,0,39,'Config product Apple 128GB - White'),(754,106,0,39,'container2'),(755,88,0,39,'/i/p/ipad-pro-2019_1.jpg'),(756,89,0,39,'/i/p/ipad-pro-2019_1.jpg'),(757,121,0,39,'config-product-white'),(761,134,0,40,'0'),(762,87,0,40,'/i/p/iphone-12-product-red_1.jpg'),(763,86,0,40,'Config product '),(764,84,0,40,'Config product'),(765,73,0,40,'Config product Apple 128GB - Red'),(766,106,0,40,'container2'),(767,88,0,40,'/i/p/iphone-12-product-red_1.jpg'),(768,89,0,40,'/i/p/iphone-12-product-red_1.jpg'),(769,121,0,40,'config-product-red'),(773,134,0,41,'0'),(774,87,0,41,'/g/o/google-pixel-5_1.jpg'),(775,86,0,41,'Config product '),(776,84,0,41,'Config product'),(777,73,0,41,'Config product Apple 128GB - Black'),(778,106,0,41,'container2'),(779,88,0,41,'/g/o/google-pixel-5_1.jpg'),(780,89,0,41,'/g/o/google-pixel-5_1.jpg'),(781,121,0,41,'config-product-black'),(785,134,0,42,'2'),(786,86,0,42,'Config product '),(787,84,0,42,'Config product'),(788,124,0,42,'0'),(789,73,0,42,'Config product'),(790,106,0,42,'container2'),(791,121,0,42,'config-product'),(792,124,0,39,'0'),(796,124,0,40,'0'),(800,124,0,41,'0'),(804,87,0,42,'/i/p/iphone-12-product-red_2.jpg'),(805,88,0,42,'/i/p/iphone-12-product-red_2.jpg'),(806,89,0,42,'/i/p/iphone-12-product-red_2.jpg'),(1049,104,0,18,'1column'),(1058,104,0,1,'2columns-right');

--
-- Table structure for table `catalog_product_frontend_action`
--

CREATE TABLE `catalog_product_frontend_action` (
  `action_id` bigint unsigned NOT NULL AUTO_INCREMENT COMMENT 'Product Action ID',
  `type_id` varchar(64) NOT NULL COMMENT 'Type of product action',
  `visitor_id` int unsigned DEFAULT NULL COMMENT 'Visitor ID',
  `customer_id` int unsigned DEFAULT NULL COMMENT 'Customer ID',
  `product_id` int unsigned NOT NULL COMMENT 'Product ID',
  `added_at` bigint NOT NULL COMMENT 'Added At',
  PRIMARY KEY (`action_id`),
  UNIQUE KEY `CATALOG_PRODUCT_FRONTEND_ACTION_VISITOR_ID_PRODUCT_ID_TYPE_ID` (`visitor_id`,`product_id`,`type_id`),
  UNIQUE KEY `CATALOG_PRODUCT_FRONTEND_ACTION_CUSTOMER_ID_PRODUCT_ID_TYPE_ID` (`customer_id`,`product_id`,`type_id`),
  KEY `CAT_PRD_FRONTEND_ACTION_PRD_ID_CAT_PRD_ENTT_ENTT_ID` (`product_id`),
  CONSTRAINT `CAT_PRD_FRONTEND_ACTION_CSTR_ID_CSTR_ENTT_ENTT_ID` FOREIGN KEY (`customer_id`) REFERENCES `customer_entity` (`entity_id`) ON DELETE CASCADE,
  CONSTRAINT `CAT_PRD_FRONTEND_ACTION_PRD_ID_CAT_PRD_ENTT_ENTT_ID` FOREIGN KEY (`product_id`) REFERENCES `catalog_product_entity` (`entity_id`) ON DELETE CASCADE
) ENGINE=InnoDB DEFAULT CHARSET=utf8 COMMENT='Catalog Product Frontend Action Table';

--
-- Dumping data for table `catalog_product_frontend_action`
--


--
-- Table structure for table `catalog_product_index_eav`
--

CREATE TABLE `catalog_product_index_eav` (
  `entity_id` int unsigned NOT NULL COMMENT 'Entity ID',
  `attribute_id` smallint unsigned NOT NULL COMMENT 'Attribute ID',
  `store_id` smallint unsigned NOT NULL COMMENT 'Store ID',
  `value` int unsigned NOT NULL COMMENT 'Value',
  `source_id` int unsigned NOT NULL DEFAULT '0' COMMENT 'Original entity ID for attribute value',
  PRIMARY KEY (`entity_id`,`attribute_id`,`store_id`,`value`,`source_id`),
  KEY `CATALOG_PRODUCT_INDEX_EAV_ATTRIBUTE_ID` (`attribute_id`),
  KEY `CATALOG_PRODUCT_INDEX_EAV_STORE_ID` (`store_id`),
  KEY `CATALOG_PRODUCT_INDEX_EAV_VALUE` (`value`)
) ENGINE=InnoDB DEFAULT CHARSET=utf8 COMMENT='Catalog Product EAV Index Table';

--
-- Dumping data for table `catalog_product_index_eav`
--

INSERT INTO `catalog_product_index_eav` VALUES (1,83,1,8,1),(1,83,2,8,1),(1,83,3,8,1),(1,83,4,8,1),(7,83,1,9,7),(7,83,2,9,7),(7,83,3,9,7),(7,83,4,9,7),(10,83,1,8,10),(10,83,2,8,10),(10,83,3,8,10),(10,83,4,8,10),(37,83,1,7,37),(37,83,2,7,37),(37,83,3,7,37),(37,83,4,7,37),(39,93,1,5,39),(39,93,2,5,39),(39,93,3,5,39),(39,93,4,5,39),(40,93,1,4,40),(40,93,2,4,40),(40,93,3,4,40),(40,93,4,4,40),(41,93,1,6,41),(41,93,2,6,41),(41,93,3,6,41),(41,93,4,6,41),(1,99,1,4,1),(1,99,2,4,1),(1,99,3,4,1),(1,99,4,4,1),(2,99,1,4,2),(2,99,2,4,2),(2,99,3,4,2),(2,99,4,4,2),(3,99,1,4,3),(3,99,2,4,3),(3,99,3,4,3),(3,99,4,4,3),(4,99,1,4,4),(4,99,2,4,4),(4,99,3,4,4),(4,99,4,4,4),(5,99,1,4,5),(5,99,2,4,5),(5,99,3,4,5),(5,99,4,4,5),(6,99,1,4,6),(6,99,2,4,6),(6,99,3,4,6),(6,99,4,4,6),(7,99,1,4,7),(7,99,2,4,7),(7,99,3,4,7),(7,99,4,4,7),(8,99,1,4,8),(8,99,2,4,8),(8,99,3,4,8),(8,99,4,4,8),(9,99,1,4,9),(9,99,2,4,9),(9,99,3,4,9),(9,99,4,4,9),(10,99,1,4,10),(10,99,2,4,10),(10,99,3,4,10),(10,99,4,4,10),(11,99,1,4,11),(11,99,2,4,11),(11,99,3,4,11),(11,99,4,4,11),(12,99,1,4,12),(12,99,2,4,12),(12,99,3,4,12),(12,99,4,4,12),(13,99,1,4,13),(13,99,2,4,13),(13,99,3,4,13),(13,99,4,4,13),(14,99,1,4,14),(14,99,2,4,14),(14,99,3,4,14),(14,99,4,4,14),(15,99,1,4,15),(15,99,2,4,15),(15,99,3,4,15),(15,99,4,4,15),(16,99,1,4,16),(16,99,2,4,16),(16,99,3,4,16),(16,99,4,4,16),(17,99,1,4,17),(17,99,2,4,17),(17,99,3,4,17),(17,99,4,4,17),(18,99,1,4,18),(18,99,2,4,18),(18,99,3,4,18),(18,99,4,4,18),(19,99,1,4,19),(19,99,2,4,19),(19,99,3,4,19),(19,99,4,4,19),(20,99,1,4,20),(20,99,2,4,20),(20,99,3,4,20),(20,99,4,4,20),(21,99,1,4,21),(21,99,2,4,21),(21,99,3,4,21),(21,99,4,4,21),(22,99,1,4,22),(22,99,2,4,22),(22,99,3,4,22),(22,99,4,4,22),(23,99,1,4,23),(23,99,2,4,23),(23,99,3,4,23),(23,99,4,4,23),(24,99,1,4,24),(24,99,2,4,24),(24,99,3,4,24),(24,99,4,4,24),(25,99,1,4,25),(25,99,2,4,25),(25,99,3,4,25),(25,99,4,4,25),(26,99,1,4,26),(26,99,2,4,26),(26,99,3,4,26),(26,99,4,4,26),(27,99,1,4,27),(27,99,2,4,27),(27,99,3,4,27),(27,99,4,4,27),(28,99,1,4,28),(28,99,2,4,28),(28,99,3,4,28),(28,99,4,4,28),(29,99,1,4,29),(29,99,2,4,29),(29,99,3,4,29),(29,99,4,4,29),(30,99,1,4,30),(30,99,2,4,30),(30,99,3,4,30),(30,99,4,4,30),(31,99,1,4,31),(31,99,2,4,31),(31,99,3,4,31),(31,99,4,4,31),(32,99,1,4,32),(32,99,2,4,32),(32,99,3,4,32),(32,99,4,4,32),(33,99,1,4,33),(33,99,2,4,33),(33,99,3,4,33),(33,99,4,4,33),(34,99,1,4,34),(34,99,2,4,34),(34,99,3,4,34),(34,99,4,4,34),(35,99,1,4,35),(35,99,2,4,35),(35,99,3,4,35),(35,99,4,4,35),(36,99,1,4,36),(36,99,2,4,36),(36,99,3,4,36),(36,99,4,4,36),(37,99,1,4,37),(37,99,2,4,37),(37,99,3,4,37),(37,99,4,4,37),(38,99,1,4,38),(38,99,2,4,38),(38,99,3,4,38),(38,99,4,4,38),(39,99,1,4,39),(39,99,2,4,39),(39,99,3,4,39),(39,99,4,4,39),(40,99,1,4,40),(40,99,2,4,40),(40,99,3,4,40),(40,99,4,4,40),(41,99,1,4,41),(41,99,2,4,41),(41,99,3,4,41),(41,99,4,4,41);

--
-- Table structure for table `catalog_product_index_eav_decimal`
--

CREATE TABLE `catalog_product_index_eav_decimal` (
  `entity_id` int unsigned NOT NULL COMMENT 'Entity ID',
  `attribute_id` smallint unsigned NOT NULL COMMENT 'Attribute ID',
  `store_id` smallint unsigned NOT NULL COMMENT 'Store ID',
  `value` decimal(12,4) NOT NULL COMMENT 'Value',
  `source_id` int unsigned NOT NULL DEFAULT '0' COMMENT 'Original entity ID for attribute value',
  PRIMARY KEY (`entity_id`,`attribute_id`,`store_id`,`value`,`source_id`),
  KEY `CATALOG_PRODUCT_INDEX_EAV_DECIMAL_ATTRIBUTE_ID` (`attribute_id`),
  KEY `CATALOG_PRODUCT_INDEX_EAV_DECIMAL_STORE_ID` (`store_id`),
  KEY `CATALOG_PRODUCT_INDEX_EAV_DECIMAL_VALUE` (`value`)
) ENGINE=InnoDB DEFAULT CHARSET=utf8 COMMENT='Catalog Product EAV Decimal Index Table';

--
-- Dumping data for table `catalog_product_index_eav_decimal`
--


--
-- Table structure for table `catalog_product_index_eav_decimal_idx`
--

CREATE TABLE `catalog_product_index_eav_decimal_idx` (
  `entity_id` int unsigned NOT NULL COMMENT 'Entity ID',
  `attribute_id` smallint unsigned NOT NULL COMMENT 'Attribute ID',
  `store_id` smallint unsigned NOT NULL COMMENT 'Store ID',
  `value` decimal(12,4) NOT NULL COMMENT 'Value',
  `source_id` int unsigned NOT NULL DEFAULT '0' COMMENT 'Original entity ID for attribute value',
  PRIMARY KEY (`entity_id`,`attribute_id`,`store_id`,`value`,`source_id`),
  KEY `CATALOG_PRODUCT_INDEX_EAV_DECIMAL_IDX_ATTRIBUTE_ID` (`attribute_id`),
  KEY `CATALOG_PRODUCT_INDEX_EAV_DECIMAL_IDX_STORE_ID` (`store_id`),
  KEY `CATALOG_PRODUCT_INDEX_EAV_DECIMAL_IDX_VALUE` (`value`)
) ENGINE=InnoDB DEFAULT CHARSET=utf8 COMMENT='Catalog Product EAV Decimal Indexer Index Table';

--
-- Dumping data for table `catalog_product_index_eav_decimal_idx`
--


--
-- Table structure for table `catalog_product_index_eav_decimal_replica`
--

CREATE TABLE `catalog_product_index_eav_decimal_replica` (
  `entity_id` int unsigned NOT NULL COMMENT 'Entity ID',
  `attribute_id` smallint unsigned NOT NULL COMMENT 'Attribute ID',
  `store_id` smallint unsigned NOT NULL COMMENT 'Store ID',
  `value` decimal(12,4) NOT NULL COMMENT 'Value',
  `source_id` int unsigned NOT NULL DEFAULT '0' COMMENT 'Original entity ID for attribute value',
  PRIMARY KEY (`entity_id`,`attribute_id`,`store_id`,`value`,`source_id`),
  KEY `CATALOG_PRODUCT_INDEX_EAV_DECIMAL_ATTRIBUTE_ID` (`attribute_id`),
  KEY `CATALOG_PRODUCT_INDEX_EAV_DECIMAL_STORE_ID` (`store_id`),
  KEY `CATALOG_PRODUCT_INDEX_EAV_DECIMAL_VALUE` (`value`)
) ENGINE=InnoDB DEFAULT CHARSET=utf8 COMMENT='Catalog Product EAV Decimal Index Table';

--
-- Dumping data for table `catalog_product_index_eav_decimal_replica`
--


--
-- Table structure for table `catalog_product_index_eav_decimal_tmp`
--

CREATE TABLE `catalog_product_index_eav_decimal_tmp` (
  `entity_id` int unsigned NOT NULL COMMENT 'Entity ID',
  `attribute_id` smallint unsigned NOT NULL COMMENT 'Attribute ID',
  `store_id` smallint unsigned NOT NULL COMMENT 'Store ID',
  `value` decimal(12,4) NOT NULL COMMENT 'Value',
  `source_id` int unsigned NOT NULL DEFAULT '0' COMMENT 'Original entity ID for attribute value',
  PRIMARY KEY (`entity_id`,`attribute_id`,`store_id`,`value`,`source_id`),
  KEY `CATALOG_PRODUCT_INDEX_EAV_DECIMAL_TMP_ATTRIBUTE_ID` (`attribute_id`),
  KEY `CATALOG_PRODUCT_INDEX_EAV_DECIMAL_TMP_STORE_ID` (`store_id`),
  KEY `CATALOG_PRODUCT_INDEX_EAV_DECIMAL_TMP_VALUE` (`value`)
) ENGINE=InnoDB DEFAULT CHARSET=utf8 COMMENT='Catalog Product EAV Decimal Indexer Temp Table';

--
-- Dumping data for table `catalog_product_index_eav_decimal_tmp`
--


--
-- Table structure for table `catalog_product_index_eav_idx`
--

CREATE TABLE `catalog_product_index_eav_idx` (
  `entity_id` int unsigned NOT NULL COMMENT 'Entity ID',
  `attribute_id` smallint unsigned NOT NULL COMMENT 'Attribute ID',
  `store_id` smallint unsigned NOT NULL COMMENT 'Store ID',
  `value` int unsigned NOT NULL COMMENT 'Value',
  `source_id` int unsigned NOT NULL DEFAULT '0' COMMENT 'Original entity ID for attribute value',
  PRIMARY KEY (`entity_id`,`attribute_id`,`store_id`,`value`,`source_id`),
  KEY `CATALOG_PRODUCT_INDEX_EAV_IDX_ATTRIBUTE_ID` (`attribute_id`),
  KEY `CATALOG_PRODUCT_INDEX_EAV_IDX_STORE_ID` (`store_id`),
  KEY `CATALOG_PRODUCT_INDEX_EAV_IDX_VALUE` (`value`)
) ENGINE=InnoDB DEFAULT CHARSET=utf8 COMMENT='Catalog Product EAV Indexer Index Table';

--
-- Dumping data for table `catalog_product_index_eav_idx`
--


--
-- Table structure for table `catalog_product_index_eav_replica`
--

CREATE TABLE `catalog_product_index_eav_replica` (
  `entity_id` int unsigned NOT NULL COMMENT 'Entity ID',
  `attribute_id` smallint unsigned NOT NULL COMMENT 'Attribute ID',
  `store_id` smallint unsigned NOT NULL COMMENT 'Store ID',
  `value` int unsigned NOT NULL COMMENT 'Value',
  `source_id` int unsigned NOT NULL DEFAULT '0' COMMENT 'Original entity ID for attribute value',
  PRIMARY KEY (`entity_id`,`attribute_id`,`store_id`,`value`,`source_id`),
  KEY `CATALOG_PRODUCT_INDEX_EAV_ATTRIBUTE_ID` (`attribute_id`),
  KEY `CATALOG_PRODUCT_INDEX_EAV_STORE_ID` (`store_id`),
  KEY `CATALOG_PRODUCT_INDEX_EAV_VALUE` (`value`)
) ENGINE=InnoDB DEFAULT CHARSET=utf8 COMMENT='Catalog Product EAV Index Table';

--
-- Dumping data for table `catalog_product_index_eav_replica`
--

INSERT INTO `catalog_product_index_eav_replica` VALUES (1,83,1,8,1),(1,83,2,8,1),(1,83,3,8,1),(1,83,4,8,1),(7,83,1,9,7),(7,83,2,9,7),(7,83,3,9,7),(7,83,4,9,7),(10,83,1,8,10),(10,83,2,8,10),(10,83,3,8,10),(10,83,4,8,10),(37,83,1,7,37),(37,83,2,7,37),(37,83,3,7,37),(37,83,4,7,37),(39,93,1,5,39),(39,93,2,5,39),(39,93,3,5,39),(39,93,4,5,39),(40,93,1,4,40),(40,93,2,4,40),(40,93,3,4,40),(40,93,4,4,40),(41,93,1,6,41),(41,93,2,6,41),(41,93,3,6,41),(41,93,4,6,41),(1,99,1,4,1),(1,99,2,4,1),(1,99,3,4,1),(1,99,4,4,1),(2,99,1,4,2),(2,99,2,4,2),(2,99,3,4,2),(2,99,4,4,2),(3,99,1,4,3),(3,99,2,4,3),(3,99,3,4,3),(3,99,4,4,3),(4,99,1,4,4),(4,99,2,4,4),(4,99,3,4,4),(4,99,4,4,4),(5,99,1,4,5),(5,99,2,4,5),(5,99,3,4,5),(5,99,4,4,5),(6,99,1,4,6),(6,99,2,4,6),(6,99,3,4,6),(6,99,4,4,6),(7,99,1,4,7),(7,99,2,4,7),(7,99,3,4,7),(7,99,4,4,7),(8,99,1,4,8),(8,99,2,4,8),(8,99,3,4,8),(8,99,4,4,8),(9,99,1,4,9),(9,99,2,4,9),(9,99,3,4,9),(9,99,4,4,9),(10,99,1,4,10),(10,99,2,4,10),(10,99,3,4,10),(10,99,4,4,10),(11,99,1,4,11),(11,99,2,4,11),(11,99,3,4,11),(11,99,4,4,11),(12,99,1,4,12),(12,99,2,4,12),(12,99,3,4,12),(12,99,4,4,12),(13,99,1,4,13),(13,99,2,4,13),(13,99,3,4,13),(13,99,4,4,13),(14,99,1,4,14),(14,99,2,4,14),(14,99,3,4,14),(14,99,4,4,14),(15,99,1,4,15),(15,99,2,4,15),(15,99,3,4,15),(15,99,4,4,15),(16,99,1,4,16),(16,99,2,4,16),(16,99,3,4,16),(16,99,4,4,16),(17,99,1,4,17),(17,99,2,4,17),(17,99,3,4,17),(17,99,4,4,17),(18,99,1,4,18),(18,99,2,4,18),(18,99,3,4,18),(18,99,4,4,18),(19,99,1,4,19),(19,99,2,4,19),(19,99,3,4,19),(19,99,4,4,19),(20,99,1,4,20),(20,99,2,4,20),(20,99,3,4,20),(20,99,4,4,20),(21,99,1,4,21),(21,99,2,4,21),(21,99,3,4,21),(21,99,4,4,21),(22,99,1,4,22),(22,99,2,4,22),(22,99,3,4,22),(22,99,4,4,22),(23,99,1,4,23),(23,99,2,4,23),(23,99,3,4,23),(23,99,4,4,23),(24,99,1,4,24),(24,99,2,4,24),(24,99,3,4,24),(24,99,4,4,24),(25,99,1,4,25),(25,99,2,4,25),(25,99,3,4,25),(25,99,4,4,25),(26,99,1,4,26),(26,99,2,4,26),(26,99,3,4,26),(26,99,4,4,26),(27,99,1,4,27),(27,99,2,4,27),(27,99,3,4,27),(27,99,4,4,27),(28,99,1,4,28),(28,99,2,4,28),(28,99,3,4,28),(28,99,4,4,28),(29,99,1,4,29),(29,99,2,4,29),(29,99,3,4,29),(29,99,4,4,29),(30,99,1,4,30),(30,99,2,4,30),(30,99,3,4,30),(30,99,4,4,30),(31,99,1,4,31),(31,99,2,4,31),(31,99,3,4,31),(31,99,4,4,31),(32,99,1,4,32),(32,99,2,4,32),(32,99,3,4,32),(32,99,4,4,32),(33,99,1,4,33),(33,99,2,4,33),(33,99,3,4,33),(33,99,4,4,33),(34,99,1,4,34),(34,99,2,4,34),(34,99,3,4,34),(34,99,4,4,34),(35,99,1,4,35),(35,99,2,4,35),(35,99,3,4,35),(35,99,4,4,35),(36,99,1,4,36),(36,99,2,4,36),(36,99,3,4,36),(36,99,4,4,36),(37,99,1,4,37),(37,99,2,4,37),(37,99,3,4,37),(37,99,4,4,37),(38,99,1,4,38),(38,99,2,4,38),(38,99,3,4,38),(38,99,4,4,38),(39,99,1,4,39),(39,99,2,4,39),(39,99,3,4,39),(39,99,4,4,39),(40,99,1,4,40),(40,99,2,4,40),(40,99,3,4,40),(40,99,4,4,40),(41,99,1,4,41),(41,99,2,4,41),(41,99,3,4,41),(41,99,4,4,41);

--
-- Table structure for table `catalog_product_index_eav_tmp`
--

CREATE TABLE `catalog_product_index_eav_tmp` (
  `entity_id` int unsigned NOT NULL COMMENT 'Entity ID',
  `attribute_id` smallint unsigned NOT NULL COMMENT 'Attribute ID',
  `store_id` smallint unsigned NOT NULL COMMENT 'Store ID',
  `value` int unsigned NOT NULL COMMENT 'Value',
  `source_id` int unsigned NOT NULL DEFAULT '0' COMMENT 'Original entity ID for attribute value',
  PRIMARY KEY (`entity_id`,`attribute_id`,`store_id`,`value`,`source_id`),
  KEY `CATALOG_PRODUCT_INDEX_EAV_TMP_ATTRIBUTE_ID` (`attribute_id`),
  KEY `CATALOG_PRODUCT_INDEX_EAV_TMP_STORE_ID` (`store_id`),
  KEY `CATALOG_PRODUCT_INDEX_EAV_TMP_VALUE` (`value`)
) ENGINE=InnoDB DEFAULT CHARSET=utf8 COMMENT='Catalog Product EAV Indexer Temp Table';

--
-- Dumping data for table `catalog_product_index_eav_tmp`
--


--
-- Table structure for table `catalog_product_index_price`
--

CREATE TABLE `catalog_product_index_price` (
  `entity_id` int unsigned NOT NULL COMMENT 'Entity ID',
  `customer_group_id` int unsigned NOT NULL COMMENT 'Customer Group ID',
  `website_id` smallint unsigned NOT NULL COMMENT 'Website ID',
  `tax_class_id` smallint unsigned DEFAULT '0' COMMENT 'Tax Class ID',
  `price` decimal(20,6) DEFAULT NULL COMMENT 'Price',
  `final_price` decimal(20,6) DEFAULT NULL COMMENT 'Final Price',
  `min_price` decimal(20,6) DEFAULT NULL COMMENT 'Min Price',
  `max_price` decimal(20,6) DEFAULT NULL COMMENT 'Max Price',
  `tier_price` decimal(20,6) DEFAULT NULL COMMENT 'Tier Price',
  PRIMARY KEY (`entity_id`,`customer_group_id`,`website_id`),
  KEY `CATALOG_PRODUCT_INDEX_PRICE_CUSTOMER_GROUP_ID` (`customer_group_id`),
  KEY `CATALOG_PRODUCT_INDEX_PRICE_MIN_PRICE` (`min_price`),
  KEY `CAT_PRD_IDX_PRICE_WS_ID_CSTR_GROUP_ID_MIN_PRICE` (`website_id`,`customer_group_id`,`min_price`)
) ENGINE=InnoDB DEFAULT CHARSET=utf8 COMMENT='Catalog Product Price Index Table';

--
-- Dumping data for table `catalog_product_index_price`
--

INSERT INTO `catalog_product_index_price` VALUES (1,0,1,2,500.000000,100.000000,100.000000,100.000000,NULL),(1,1,1,2,500.000000,100.000000,100.000000,100.000000,NULL),(1,2,1,2,500.000000,100.000000,100.000000,100.000000,NULL),(1,3,1,2,500.000000,100.000000,100.000000,100.000000,NULL),(2,0,1,2,86.000000,20.000000,20.000000,20.000000,NULL),(2,1,1,2,86.000000,20.000000,20.000000,20.000000,NULL),(2,2,1,2,86.000000,20.000000,20.000000,20.000000,NULL),(2,3,1,2,86.000000,20.000000,20.000000,20.000000,NULL),(3,0,1,2,60.000000,50.000000,50.000000,50.000000,NULL),(3,1,1,2,60.000000,50.000000,50.000000,50.000000,NULL),(3,2,1,2,60.000000,50.000000,50.000000,50.000000,NULL),(3,3,1,2,60.000000,50.000000,50.000000,50.000000,NULL),(4,0,1,2,30.000000,10.000000,10.000000,10.000000,NULL),(4,1,1,2,30.000000,10.000000,10.000000,10.000000,NULL),(4,2,1,2,30.000000,10.000000,10.000000,10.000000,NULL),(4,3,1,2,30.000000,10.000000,10.000000,10.000000,NULL),(5,0,1,2,399.000000,399.000000,399.000000,399.000000,NULL),(5,1,1,2,399.000000,399.000000,399.000000,399.000000,NULL),(5,2,1,2,399.000000,399.000000,399.000000,399.000000,NULL),(5,3,1,2,399.000000,399.000000,399.000000,399.000000,NULL),(6,0,1,2,450.000000,450.000000,450.000000,450.000000,NULL),(6,1,1,2,450.000000,450.000000,450.000000,450.000000,NULL),(6,2,1,2,450.000000,450.000000,450.000000,450.000000,NULL),(6,3,1,2,450.000000,450.000000,450.000000,450.000000,NULL),(7,0,1,2,230.000000,230.000000,230.000000,230.000000,NULL),(7,1,1,2,230.000000,230.000000,230.000000,230.000000,NULL),(7,2,1,2,230.000000,230.000000,230.000000,230.000000,NULL),(7,3,1,2,230.000000,230.000000,230.000000,230.000000,NULL),(8,0,1,2,56.000000,56.000000,56.000000,56.000000,NULL),(8,1,1,2,56.000000,56.000000,56.000000,56.000000,NULL),(8,2,1,2,56.000000,56.000000,56.000000,56.000000,NULL),(8,3,1,2,56.000000,56.000000,56.000000,56.000000,NULL),(9,0,1,2,66.000000,66.000000,66.000000,66.000000,NULL),(9,1,1,2,66.000000,66.000000,66.000000,66.000000,NULL),(9,2,1,2,66.000000,66.000000,66.000000,66.000000,NULL),(9,3,1,2,66.000000,66.000000,66.000000,66.000000,NULL),(10,0,1,2,650.000000,600.000000,600.000000,600.000000,NULL),(10,1,1,2,650.000000,600.000000,600.000000,600.000000,NULL),(10,2,1,2,650.000000,600.000000,600.000000,600.000000,NULL),(10,3,1,2,650.000000,600.000000,600.000000,600.000000,NULL),(11,0,1,2,699.000000,699.000000,699.000000,699.000000,NULL),(11,1,1,2,699.000000,699.000000,699.000000,699.000000,NULL),(11,2,1,2,699.000000,699.000000,699.000000,699.000000,NULL),(11,3,1,2,699.000000,699.000000,699.000000,699.000000,NULL),(12,0,1,2,23.000000,23.000000,23.000000,23.000000,NULL),(12,1,1,2,23.000000,23.000000,23.000000,23.000000,NULL),(12,2,1,2,23.000000,23.000000,23.000000,23.000000,NULL),(12,3,1,2,23.000000,23.000000,23.000000,23.000000,NULL),(13,0,1,2,32.000000,32.000000,32.000000,32.000000,NULL),(13,1,1,2,32.000000,32.000000,32.000000,32.000000,NULL),(13,2,1,2,32.000000,32.000000,32.000000,32.000000,NULL),(13,3,1,2,32.000000,32.000000,32.000000,32.000000,NULL),(14,0,1,2,435.000000,435.000000,435.000000,435.000000,NULL),(14,1,1,2,435.000000,435.000000,435.000000,435.000000,NULL),(14,2,1,2,435.000000,435.000000,435.000000,435.000000,NULL),(14,3,1,2,435.000000,435.000000,435.000000,435.000000,NULL),(15,0,1,2,36.000000,30.000000,30.000000,30.000000,NULL),(15,1,1,2,36.000000,30.000000,30.000000,30.000000,NULL),(15,2,1,2,36.000000,30.000000,30.000000,30.000000,NULL),(15,3,1,2,36.000000,30.000000,30.000000,30.000000,NULL),(16,0,1,2,23.000000,23.000000,23.000000,23.000000,NULL),(16,1,1,2,23.000000,23.000000,23.000000,23.000000,NULL),(16,2,1,2,23.000000,23.000000,23.000000,23.000000,NULL),(16,3,1,2,23.000000,23.000000,23.000000,23.000000,NULL),(17,0,1,2,120.000000,120.000000,120.000000,120.000000,NULL),(17,1,1,2,120.000000,120.000000,120.000000,120.000000,NULL),(17,2,1,2,120.000000,120.000000,120.000000,120.000000,NULL),(17,3,1,2,120.000000,120.000000,120.000000,120.000000,NULL),(18,0,1,2,150.000000,150.000000,180.000000,200.000000,NULL),(18,1,1,2,150.000000,150.000000,180.000000,200.000000,NULL),(18,2,1,2,150.000000,150.000000,180.000000,200.000000,NULL),(18,3,1,2,150.000000,150.000000,180.000000,200.000000,NULL),(19,0,1,2,29.000000,29.000000,29.000000,29.000000,NULL),(19,1,1,2,29.000000,29.000000,29.000000,29.000000,NULL),(19,2,1,2,29.000000,29.000000,29.000000,29.000000,NULL),(19,3,1,2,29.000000,29.000000,29.000000,29.000000,NULL),(20,0,1,2,19.000000,19.000000,19.000000,19.000000,NULL),(20,1,1,2,19.000000,19.000000,19.000000,19.000000,NULL),(20,2,1,2,19.000000,19.000000,19.000000,19.000000,NULL),(20,3,1,2,19.000000,19.000000,19.000000,19.000000,NULL),(21,0,1,2,266.000000,210.000000,210.000000,210.000000,NULL),(21,1,1,2,266.000000,210.000000,210.000000,210.000000,NULL),(21,2,1,2,266.000000,210.000000,210.000000,210.000000,NULL),(21,3,1,2,266.000000,210.000000,210.000000,210.000000,NULL),(22,0,1,2,235.000000,200.000000,200.000000,200.000000,NULL),(22,1,1,2,235.000000,200.000000,200.000000,200.000000,NULL),(22,2,1,2,235.000000,200.000000,200.000000,200.000000,NULL),(22,3,1,2,235.000000,200.000000,200.000000,200.000000,NULL),(23,0,1,2,119.000000,119.000000,119.000000,119.000000,NULL),(23,1,1,2,119.000000,119.000000,119.000000,119.000000,NULL),(23,2,1,2,119.000000,119.000000,119.000000,119.000000,NULL),(23,3,1,2,119.000000,119.000000,119.000000,119.000000,NULL),(24,0,1,2,26.000000,26.000000,26.000000,26.000000,NULL),(24,1,1,2,26.000000,26.000000,26.000000,26.000000,NULL),(24,2,1,2,26.000000,26.000000,26.000000,26.000000,NULL),(24,3,1,2,26.000000,26.000000,26.000000,26.000000,NULL),(25,0,1,2,600.000000,600.000000,600.000000,600.000000,NULL),(25,1,1,2,600.000000,600.000000,600.000000,600.000000,NULL),(25,2,1,2,600.000000,600.000000,600.000000,600.000000,NULL),(25,3,1,2,600.000000,600.000000,600.000000,600.000000,NULL),(26,0,1,2,39.000000,39.000000,39.000000,39.000000,NULL),(26,1,1,2,39.000000,39.000000,39.000000,39.000000,NULL),(26,2,1,2,39.000000,39.000000,39.000000,39.000000,NULL),(26,3,1,2,39.000000,39.000000,39.000000,39.000000,NULL),(27,0,1,2,329.000000,329.000000,329.000000,329.000000,NULL),(27,1,1,2,329.000000,329.000000,329.000000,329.000000,NULL),(27,2,1,2,329.000000,329.000000,329.000000,329.000000,NULL),(27,3,1,2,329.000000,329.000000,329.000000,329.000000,NULL),(28,0,1,2,299.000000,250.000000,250.000000,250.000000,NULL),(28,1,1,2,299.000000,250.000000,250.000000,250.000000,NULL),(28,2,1,2,299.000000,250.000000,250.000000,250.000000,NULL),(28,3,1,2,299.000000,250.000000,250.000000,250.000000,NULL),(29,0,1,2,125.000000,125.000000,125.000000,125.000000,NULL),(29,1,1,2,125.000000,125.000000,125.000000,125.000000,NULL),(29,2,1,2,125.000000,125.000000,125.000000,125.000000,NULL),(29,3,1,2,125.000000,125.000000,125.000000,125.000000,NULL),(30,0,1,2,109.000000,109.000000,109.000000,109.000000,NULL),(30,1,1,2,109.000000,109.000000,109.000000,109.000000,NULL),(30,2,1,2,109.000000,109.000000,109.000000,109.000000,NULL),(30,3,1,2,109.000000,109.000000,109.000000,109.000000,NULL),(31,0,1,2,129.000000,129.000000,129.000000,129.000000,NULL),(31,1,1,2,129.000000,129.000000,129.000000,129.000000,NULL),(31,2,1,2,129.000000,129.000000,129.000000,129.000000,NULL),(31,3,1,2,129.000000,129.000000,129.000000,129.000000,NULL),(32,0,1,2,480.000000,480.000000,480.000000,480.000000,NULL),(32,1,1,2,480.000000,480.000000,480.000000,480.000000,NULL),(32,2,1,2,480.000000,480.000000,480.000000,480.000000,NULL),(32,3,1,2,480.000000,480.000000,480.000000,480.000000,NULL),(33,0,1,2,220.000000,220.000000,220.000000,220.000000,NULL),(33,1,1,2,220.000000,220.000000,220.000000,220.000000,NULL),(33,2,1,2,220.000000,220.000000,220.000000,220.000000,NULL),(33,3,1,2,220.000000,220.000000,220.000000,220.000000,NULL),(34,0,1,2,280.000000,280.000000,280.000000,280.000000,NULL),(34,1,1,2,280.000000,280.000000,280.000000,280.000000,NULL),(34,2,1,2,280.000000,280.000000,280.000000,280.000000,NULL),(34,3,1,2,280.000000,280.000000,280.000000,280.000000,NULL),(35,0,1,2,666.000000,666.000000,666.000000,666.000000,NULL),(35,1,1,2,666.000000,666.000000,666.000000,666.000000,NULL),(35,2,1,2,666.000000,666.000000,666.000000,666.000000,NULL),(35,3,1,2,666.000000,666.000000,666.000000,666.000000,NULL),(36,0,1,2,50.000000,50.000000,50.000000,50.000000,NULL),(36,1,1,2,50.000000,50.000000,50.000000,50.000000,NULL),(36,2,1,2,50.000000,50.000000,50.000000,50.000000,NULL),(36,3,1,2,50.000000,50.000000,50.000000,50.000000,NULL),(37,0,1,2,500.000000,500.000000,500.000000,500.000000,NULL),(37,1,1,2,500.000000,500.000000,500.000000,500.000000,NULL),(37,2,1,2,500.000000,500.000000,500.000000,500.000000,NULL),(37,3,1,2,500.000000,500.000000,500.000000,500.000000,NULL),(38,0,1,2,500.000000,450.000000,1285.000000,1395.000000,NULL),(38,1,1,2,500.000000,450.000000,1285.000000,1395.000000,NULL),(38,2,1,2,500.000000,450.000000,1285.000000,1395.000000,NULL),(38,3,1,2,500.000000,450.000000,1285.000000,1395.000000,NULL),(39,0,1,2,200.000000,200.000000,200.000000,200.000000,NULL),(39,1,1,2,200.000000,200.000000,200.000000,200.000000,NULL),(39,2,1,2,200.000000,200.000000,200.000000,200.000000,NULL),(39,3,1,2,200.000000,200.000000,200.000000,200.000000,NULL),(40,0,1,2,200.000000,200.000000,200.000000,200.000000,NULL),(40,1,1,2,200.000000,200.000000,200.000000,200.000000,NULL),(40,2,1,2,200.000000,200.000000,200.000000,200.000000,NULL),(40,3,1,2,200.000000,200.000000,200.000000,200.000000,NULL),(41,0,1,2,200.000000,200.000000,200.000000,200.000000,NULL),(41,1,1,2,200.000000,200.000000,200.000000,200.000000,NULL),(41,2,1,2,200.000000,200.000000,200.000000,200.000000,NULL),(41,3,1,2,200.000000,200.000000,200.000000,200.000000,NULL),(42,0,1,2,0.000000,0.000000,200.000000,200.000000,NULL),(42,1,1,2,0.000000,0.000000,200.000000,200.000000,NULL),(42,2,1,2,0.000000,0.000000,200.000000,200.000000,NULL),(42,3,1,2,0.000000,0.000000,200.000000,200.000000,NULL);

--
-- Table structure for table `catalog_product_index_price_bundle_idx`
--

CREATE TABLE `catalog_product_index_price_bundle_idx` (
  `entity_id` int unsigned NOT NULL COMMENT 'Entity ID',
  `customer_group_id` int NOT NULL,
  `website_id` smallint unsigned NOT NULL COMMENT 'Website ID',
  `tax_class_id` smallint unsigned DEFAULT '0' COMMENT 'Tax Class ID',
  `price_type` smallint unsigned NOT NULL COMMENT 'Price Type',
  `special_price` decimal(20,6) DEFAULT NULL COMMENT 'Special Price',
  `tier_percent` decimal(20,6) DEFAULT NULL COMMENT 'Tier Percent',
  `orig_price` decimal(20,6) DEFAULT NULL COMMENT 'Orig Price',
  `price` decimal(20,6) DEFAULT NULL COMMENT 'Price',
  `min_price` decimal(20,6) DEFAULT NULL COMMENT 'Min Price',
  `max_price` decimal(20,6) DEFAULT NULL COMMENT 'Max Price',
  `tier_price` decimal(20,6) DEFAULT NULL COMMENT 'Tier Price',
  `base_tier` decimal(20,6) DEFAULT NULL COMMENT 'Base Tier',
  PRIMARY KEY (`entity_id`,`customer_group_id`,`website_id`)
) ENGINE=InnoDB DEFAULT CHARSET=utf8 COMMENT='Catalog Product Index Price Bundle Idx';

--
-- Dumping data for table `catalog_product_index_price_bundle_idx`
--


--
-- Table structure for table `catalog_product_index_price_bundle_opt_idx`
--

CREATE TABLE `catalog_product_index_price_bundle_opt_idx` (
  `entity_id` int unsigned NOT NULL COMMENT 'Entity ID',
  `customer_group_id` int NOT NULL,
  `website_id` smallint unsigned NOT NULL COMMENT 'Website ID',
  `option_id` int unsigned NOT NULL DEFAULT '0' COMMENT 'Option ID',
  `min_price` decimal(20,6) DEFAULT NULL COMMENT 'Min Price',
  `alt_price` decimal(20,6) DEFAULT NULL COMMENT 'Alt Price',
  `max_price` decimal(20,6) DEFAULT NULL COMMENT 'Max Price',
  `tier_price` decimal(20,6) DEFAULT NULL COMMENT 'Tier Price',
  `alt_tier_price` decimal(20,6) DEFAULT NULL COMMENT 'Alt Tier Price',
  PRIMARY KEY (`entity_id`,`customer_group_id`,`website_id`,`option_id`)
) ENGINE=InnoDB DEFAULT CHARSET=utf8 COMMENT='Catalog Product Index Price Bundle Opt Idx';

--
-- Dumping data for table `catalog_product_index_price_bundle_opt_idx`
--


--
-- Table structure for table `catalog_product_index_price_bundle_opt_tmp`
--

CREATE TABLE `catalog_product_index_price_bundle_opt_tmp` (
  `entity_id` int unsigned NOT NULL COMMENT 'Entity ID',
  `customer_group_id` int NOT NULL,
  `website_id` smallint unsigned NOT NULL COMMENT 'Website ID',
  `option_id` int unsigned NOT NULL DEFAULT '0' COMMENT 'Option ID',
  `min_price` decimal(20,6) DEFAULT NULL COMMENT 'Min Price',
  `alt_price` decimal(20,6) DEFAULT NULL COMMENT 'Alt Price',
  `max_price` decimal(20,6) DEFAULT NULL COMMENT 'Max Price',
  `tier_price` decimal(20,6) DEFAULT NULL COMMENT 'Tier Price',
  `alt_tier_price` decimal(20,6) DEFAULT NULL COMMENT 'Alt Tier Price',
  PRIMARY KEY (`entity_id`,`customer_group_id`,`website_id`,`option_id`)
) ENGINE=InnoDB DEFAULT CHARSET=utf8 COMMENT='Catalog Product Index Price Bundle Opt Tmp';

--
-- Dumping data for table `catalog_product_index_price_bundle_opt_tmp`
--


--
-- Table structure for table `catalog_product_index_price_bundle_sel_idx`
--

CREATE TABLE `catalog_product_index_price_bundle_sel_idx` (
  `entity_id` int unsigned NOT NULL COMMENT 'Entity ID',
  `customer_group_id` int NOT NULL,
  `website_id` smallint unsigned NOT NULL COMMENT 'Website ID',
  `option_id` int unsigned NOT NULL DEFAULT '0' COMMENT 'Option ID',
  `selection_id` int unsigned NOT NULL DEFAULT '0' COMMENT 'Selection ID',
  `group_type` smallint unsigned DEFAULT '0' COMMENT 'Group Type',
  `is_required` smallint unsigned DEFAULT '0' COMMENT 'Is Required',
  `price` decimal(20,6) DEFAULT NULL COMMENT 'Price',
  `tier_price` decimal(20,6) DEFAULT NULL COMMENT 'Tier Price',
  PRIMARY KEY (`entity_id`,`customer_group_id`,`website_id`,`option_id`,`selection_id`)
) ENGINE=InnoDB DEFAULT CHARSET=utf8 COMMENT='Catalog Product Index Price Bundle Sel Idx';

--
-- Dumping data for table `catalog_product_index_price_bundle_sel_idx`
--


--
-- Table structure for table `catalog_product_index_price_bundle_sel_tmp`
--

CREATE TABLE `catalog_product_index_price_bundle_sel_tmp` (
  `entity_id` int unsigned NOT NULL COMMENT 'Entity ID',
  `customer_group_id` int NOT NULL,
  `website_id` smallint unsigned NOT NULL COMMENT 'Website ID',
  `option_id` int unsigned NOT NULL DEFAULT '0' COMMENT 'Option ID',
  `selection_id` int unsigned NOT NULL DEFAULT '0' COMMENT 'Selection ID',
  `group_type` smallint unsigned DEFAULT '0' COMMENT 'Group Type',
  `is_required` smallint unsigned DEFAULT '0' COMMENT 'Is Required',
  `price` decimal(20,6) DEFAULT NULL COMMENT 'Price',
  `tier_price` decimal(20,6) DEFAULT NULL COMMENT 'Tier Price',
  PRIMARY KEY (`entity_id`,`customer_group_id`,`website_id`,`option_id`,`selection_id`)
) ENGINE=InnoDB DEFAULT CHARSET=utf8 COMMENT='Catalog Product Index Price Bundle Sel Tmp';

--
-- Dumping data for table `catalog_product_index_price_bundle_sel_tmp`
--


--
-- Table structure for table `catalog_product_index_price_bundle_tmp`
--

CREATE TABLE `catalog_product_index_price_bundle_tmp` (
  `entity_id` int unsigned NOT NULL COMMENT 'Entity ID',
  `customer_group_id` int NOT NULL,
  `website_id` smallint unsigned NOT NULL COMMENT 'Website ID',
  `tax_class_id` smallint unsigned DEFAULT '0' COMMENT 'Tax Class ID',
  `price_type` smallint unsigned NOT NULL COMMENT 'Price Type',
  `special_price` decimal(20,6) DEFAULT NULL COMMENT 'Special Price',
  `tier_percent` decimal(20,6) DEFAULT NULL COMMENT 'Tier Percent',
  `orig_price` decimal(20,6) DEFAULT NULL COMMENT 'Orig Price',
  `price` decimal(20,6) DEFAULT NULL COMMENT 'Price',
  `min_price` decimal(20,6) DEFAULT NULL COMMENT 'Min Price',
  `max_price` decimal(20,6) DEFAULT NULL COMMENT 'Max Price',
  `tier_price` decimal(20,6) DEFAULT NULL COMMENT 'Tier Price',
  `base_tier` decimal(20,6) DEFAULT NULL COMMENT 'Base Tier',
  PRIMARY KEY (`entity_id`,`customer_group_id`,`website_id`)
) ENGINE=InnoDB DEFAULT CHARSET=utf8 COMMENT='Catalog Product Index Price Bundle Tmp';

--
-- Dumping data for table `catalog_product_index_price_bundle_tmp`
--


--
-- Table structure for table `catalog_product_index_price_cfg_opt_agr_idx`
--

CREATE TABLE `catalog_product_index_price_cfg_opt_agr_idx` (
  `parent_id` int unsigned NOT NULL COMMENT 'Parent ID',
  `child_id` int unsigned NOT NULL COMMENT 'Child ID',
  `customer_group_id` int unsigned NOT NULL DEFAULT '0' COMMENT 'Customer Group ID',
  `website_id` smallint unsigned NOT NULL COMMENT 'Website ID',
  `price` decimal(20,6) DEFAULT NULL COMMENT 'Price',
  `tier_price` decimal(20,6) DEFAULT NULL COMMENT 'Tier Price',
  PRIMARY KEY (`parent_id`,`child_id`,`customer_group_id`,`website_id`)
) ENGINE=InnoDB DEFAULT CHARSET=utf8 COMMENT='Catalog Product Price Indexer Config Option Aggregate Index Table';

--
-- Dumping data for table `catalog_product_index_price_cfg_opt_agr_idx`
--


--
-- Table structure for table `catalog_product_index_price_cfg_opt_agr_tmp`
--

CREATE TABLE `catalog_product_index_price_cfg_opt_agr_tmp` (
  `parent_id` int unsigned NOT NULL COMMENT 'Parent ID',
  `child_id` int unsigned NOT NULL COMMENT 'Child ID',
  `customer_group_id` int unsigned NOT NULL DEFAULT '0' COMMENT 'Customer Group ID',
  `website_id` smallint unsigned NOT NULL COMMENT 'Website ID',
  `price` decimal(20,6) DEFAULT NULL COMMENT 'Price',
  `tier_price` decimal(20,6) DEFAULT NULL COMMENT 'Tier Price',
  PRIMARY KEY (`parent_id`,`child_id`,`customer_group_id`,`website_id`)
) ENGINE=InnoDB DEFAULT CHARSET=utf8 COMMENT='Catalog Product Price Indexer Config Option Aggregate Temp Table';

--
-- Dumping data for table `catalog_product_index_price_cfg_opt_agr_tmp`
--


--
-- Table structure for table `catalog_product_index_price_cfg_opt_idx`
--

CREATE TABLE `catalog_product_index_price_cfg_opt_idx` (
  `entity_id` int unsigned NOT NULL COMMENT 'Entity ID',
  `customer_group_id` int unsigned NOT NULL DEFAULT '0' COMMENT 'Customer Group ID',
  `website_id` smallint unsigned NOT NULL COMMENT 'Website ID',
  `min_price` decimal(20,6) DEFAULT NULL COMMENT 'Min Price',
  `max_price` decimal(20,6) DEFAULT NULL COMMENT 'Max Price',
  `tier_price` decimal(20,6) DEFAULT NULL COMMENT 'Tier Price',
  PRIMARY KEY (`entity_id`,`customer_group_id`,`website_id`)
) ENGINE=InnoDB DEFAULT CHARSET=utf8 COMMENT='Catalog Product Price Indexer Config Option Index Table';

--
-- Dumping data for table `catalog_product_index_price_cfg_opt_idx`
--


--
-- Table structure for table `catalog_product_index_price_cfg_opt_tmp`
--

CREATE TABLE `catalog_product_index_price_cfg_opt_tmp` (
  `entity_id` int unsigned NOT NULL COMMENT 'Entity ID',
  `customer_group_id` int unsigned NOT NULL DEFAULT '0' COMMENT 'Customer Group ID',
  `website_id` smallint unsigned NOT NULL COMMENT 'Website ID',
  `min_price` decimal(20,6) DEFAULT NULL COMMENT 'Min Price',
  `max_price` decimal(20,6) DEFAULT NULL COMMENT 'Max Price',
  `tier_price` decimal(20,6) DEFAULT NULL COMMENT 'Tier Price',
  PRIMARY KEY (`entity_id`,`customer_group_id`,`website_id`)
) ENGINE=InnoDB DEFAULT CHARSET=utf8 COMMENT='Catalog Product Price Indexer Config Option Temp Table';

--
-- Dumping data for table `catalog_product_index_price_cfg_opt_tmp`
--


--
-- Table structure for table `catalog_product_index_price_downlod_idx`
--

CREATE TABLE `catalog_product_index_price_downlod_idx` (
  `entity_id` int unsigned NOT NULL COMMENT 'Entity ID',
  `customer_group_id` int NOT NULL,
  `website_id` smallint unsigned NOT NULL COMMENT 'Website ID',
  `min_price` decimal(20,6) NOT NULL DEFAULT '0.000000' COMMENT 'Minimum price',
  `max_price` decimal(20,6) NOT NULL DEFAULT '0.000000' COMMENT 'Maximum price',
  PRIMARY KEY (`entity_id`,`customer_group_id`,`website_id`)
) ENGINE=InnoDB DEFAULT CHARSET=utf8 COMMENT='Indexer Table for price of downloadable products';

--
-- Dumping data for table `catalog_product_index_price_downlod_idx`
--


--
-- Table structure for table `catalog_product_index_price_downlod_tmp`
--

CREATE TABLE `catalog_product_index_price_downlod_tmp` (
  `entity_id` int unsigned NOT NULL COMMENT 'Entity ID',
  `customer_group_id` int NOT NULL,
  `website_id` smallint unsigned NOT NULL COMMENT 'Website ID',
  `min_price` decimal(20,6) NOT NULL DEFAULT '0.000000' COMMENT 'Minimum price',
  `max_price` decimal(20,6) NOT NULL DEFAULT '0.000000' COMMENT 'Maximum price',
  PRIMARY KEY (`entity_id`,`customer_group_id`,`website_id`)
) ENGINE=InnoDB DEFAULT CHARSET=utf8 COMMENT='Temporary Indexer Table for price of downloadable products';

--
-- Dumping data for table `catalog_product_index_price_downlod_tmp`
--


--
-- Table structure for table `catalog_product_index_price_final_idx`
--

CREATE TABLE `catalog_product_index_price_final_idx` (
  `entity_id` int unsigned NOT NULL COMMENT 'Entity ID',
  `customer_group_id` int unsigned NOT NULL DEFAULT '0' COMMENT 'Customer Group ID',
  `website_id` smallint unsigned NOT NULL COMMENT 'Website ID',
  `tax_class_id` smallint unsigned DEFAULT '0' COMMENT 'Tax Class ID',
  `orig_price` decimal(20,6) DEFAULT NULL COMMENT 'Original Price',
  `price` decimal(20,6) DEFAULT NULL COMMENT 'Price',
  `min_price` decimal(20,6) DEFAULT NULL COMMENT 'Min Price',
  `max_price` decimal(20,6) DEFAULT NULL COMMENT 'Max Price',
  `tier_price` decimal(20,6) DEFAULT NULL COMMENT 'Tier Price',
  `base_tier` decimal(20,6) DEFAULT NULL COMMENT 'Base Tier',
  PRIMARY KEY (`entity_id`,`customer_group_id`,`website_id`)
) ENGINE=InnoDB DEFAULT CHARSET=utf8 COMMENT='Catalog Product Price Indexer Final Index Table';

--
-- Dumping data for table `catalog_product_index_price_final_idx`
--


--
-- Table structure for table `catalog_product_index_price_final_tmp`
--

CREATE TABLE `catalog_product_index_price_final_tmp` (
  `entity_id` int unsigned NOT NULL COMMENT 'Entity ID',
  `customer_group_id` int unsigned NOT NULL DEFAULT '0' COMMENT 'Customer Group ID',
  `website_id` smallint unsigned NOT NULL COMMENT 'Website ID',
  `tax_class_id` smallint unsigned DEFAULT '0' COMMENT 'Tax Class ID',
  `orig_price` decimal(20,6) DEFAULT NULL COMMENT 'Original Price',
  `price` decimal(20,6) DEFAULT NULL COMMENT 'Price',
  `min_price` decimal(20,6) DEFAULT NULL COMMENT 'Min Price',
  `max_price` decimal(20,6) DEFAULT NULL COMMENT 'Max Price',
  `tier_price` decimal(20,6) DEFAULT NULL COMMENT 'Tier Price',
  `base_tier` decimal(20,6) DEFAULT NULL COMMENT 'Base Tier',
  PRIMARY KEY (`entity_id`,`customer_group_id`,`website_id`)
) ENGINE=InnoDB DEFAULT CHARSET=utf8 COMMENT='Catalog Product Price Indexer Final Temp Table';

--
-- Dumping data for table `catalog_product_index_price_final_tmp`
--


--
-- Table structure for table `catalog_product_index_price_idx`
--

CREATE TABLE `catalog_product_index_price_idx` (
  `entity_id` int unsigned NOT NULL COMMENT 'Entity ID',
  `customer_group_id` int unsigned NOT NULL DEFAULT '0' COMMENT 'Customer Group ID',
  `website_id` smallint unsigned NOT NULL COMMENT 'Website ID',
  `tax_class_id` smallint unsigned DEFAULT '0' COMMENT 'Tax Class ID',
  `price` decimal(20,6) DEFAULT NULL COMMENT 'Price',
  `final_price` decimal(20,6) DEFAULT NULL COMMENT 'Final Price',
  `min_price` decimal(20,6) DEFAULT NULL COMMENT 'Min Price',
  `max_price` decimal(20,6) DEFAULT NULL COMMENT 'Max Price',
  `tier_price` decimal(20,6) DEFAULT NULL COMMENT 'Tier Price',
  PRIMARY KEY (`entity_id`,`customer_group_id`,`website_id`),
  KEY `CATALOG_PRODUCT_INDEX_PRICE_IDX_CUSTOMER_GROUP_ID` (`customer_group_id`),
  KEY `CATALOG_PRODUCT_INDEX_PRICE_IDX_WEBSITE_ID` (`website_id`),
  KEY `CATALOG_PRODUCT_INDEX_PRICE_IDX_MIN_PRICE` (`min_price`)
) ENGINE=InnoDB DEFAULT CHARSET=utf8 COMMENT='Catalog Product Price Indexer Index Table';

--
-- Dumping data for table `catalog_product_index_price_idx`
--


--
-- Table structure for table `catalog_product_index_price_opt_agr_idx`
--

CREATE TABLE `catalog_product_index_price_opt_agr_idx` (
  `entity_id` int unsigned NOT NULL COMMENT 'Entity ID',
  `customer_group_id` int unsigned NOT NULL DEFAULT '0' COMMENT 'Customer Group ID',
  `website_id` smallint unsigned NOT NULL COMMENT 'Website ID',
  `option_id` int unsigned NOT NULL DEFAULT '0' COMMENT 'Option ID',
  `min_price` decimal(20,6) DEFAULT NULL COMMENT 'Min Price',
  `max_price` decimal(20,6) DEFAULT NULL COMMENT 'Max Price',
  `tier_price` decimal(20,6) DEFAULT NULL COMMENT 'Tier Price',
  PRIMARY KEY (`entity_id`,`customer_group_id`,`website_id`,`option_id`)
) ENGINE=InnoDB DEFAULT CHARSET=utf8 COMMENT='Catalog Product Price Indexer Option Aggregate Index Table';

--
-- Dumping data for table `catalog_product_index_price_opt_agr_idx`
--


--
-- Table structure for table `catalog_product_index_price_opt_agr_tmp`
--

CREATE TABLE `catalog_product_index_price_opt_agr_tmp` (
  `entity_id` int unsigned NOT NULL COMMENT 'Entity ID',
  `customer_group_id` int unsigned NOT NULL DEFAULT '0' COMMENT 'Customer Group ID',
  `website_id` smallint unsigned NOT NULL COMMENT 'Website ID',
  `option_id` int unsigned NOT NULL DEFAULT '0' COMMENT 'Option ID',
  `min_price` decimal(20,6) DEFAULT NULL COMMENT 'Min Price',
  `max_price` decimal(20,6) DEFAULT NULL COMMENT 'Max Price',
  `tier_price` decimal(20,6) DEFAULT NULL COMMENT 'Tier Price',
  PRIMARY KEY (`entity_id`,`customer_group_id`,`website_id`,`option_id`)
) ENGINE=InnoDB DEFAULT CHARSET=utf8 COMMENT='Catalog Product Price Indexer Option Aggregate Temp Table';

--
-- Dumping data for table `catalog_product_index_price_opt_agr_tmp`
--


--
-- Table structure for table `catalog_product_index_price_opt_idx`
--

CREATE TABLE `catalog_product_index_price_opt_idx` (
  `entity_id` int unsigned NOT NULL COMMENT 'Entity ID',
  `customer_group_id` int unsigned NOT NULL DEFAULT '0' COMMENT 'Customer Group ID',
  `website_id` smallint unsigned NOT NULL COMMENT 'Website ID',
  `min_price` decimal(20,6) DEFAULT NULL COMMENT 'Min Price',
  `max_price` decimal(20,6) DEFAULT NULL COMMENT 'Max Price',
  `tier_price` decimal(20,6) DEFAULT NULL COMMENT 'Tier Price',
  PRIMARY KEY (`entity_id`,`customer_group_id`,`website_id`)
) ENGINE=InnoDB DEFAULT CHARSET=utf8 COMMENT='Catalog Product Price Indexer Option Index Table';

--
-- Dumping data for table `catalog_product_index_price_opt_idx`
--


--
-- Table structure for table `catalog_product_index_price_opt_tmp`
--

CREATE TABLE `catalog_product_index_price_opt_tmp` (
  `entity_id` int unsigned NOT NULL COMMENT 'Entity ID',
  `customer_group_id` int unsigned NOT NULL DEFAULT '0' COMMENT 'Customer Group ID',
  `website_id` smallint unsigned NOT NULL COMMENT 'Website ID',
  `min_price` decimal(20,6) DEFAULT NULL COMMENT 'Min Price',
  `max_price` decimal(20,6) DEFAULT NULL COMMENT 'Max Price',
  `tier_price` decimal(20,6) DEFAULT NULL COMMENT 'Tier Price',
  PRIMARY KEY (`entity_id`,`customer_group_id`,`website_id`)
) ENGINE=InnoDB DEFAULT CHARSET=utf8 COMMENT='Catalog Product Price Indexer Option Temp Table';

--
-- Dumping data for table `catalog_product_index_price_opt_tmp`
--


--
-- Table structure for table `catalog_product_index_price_replica`
--

CREATE TABLE `catalog_product_index_price_replica` (
  `entity_id` int unsigned NOT NULL COMMENT 'Entity ID',
  `customer_group_id` int unsigned NOT NULL COMMENT 'Customer Group ID',
  `website_id` smallint unsigned NOT NULL COMMENT 'Website ID',
  `tax_class_id` smallint unsigned DEFAULT '0' COMMENT 'Tax Class ID',
  `price` decimal(20,6) DEFAULT NULL COMMENT 'Price',
  `final_price` decimal(20,6) DEFAULT NULL COMMENT 'Final Price',
  `min_price` decimal(20,6) DEFAULT NULL COMMENT 'Min Price',
  `max_price` decimal(20,6) DEFAULT NULL COMMENT 'Max Price',
  `tier_price` decimal(20,6) DEFAULT NULL COMMENT 'Tier Price',
  PRIMARY KEY (`entity_id`,`customer_group_id`,`website_id`),
  KEY `CATALOG_PRODUCT_INDEX_PRICE_CUSTOMER_GROUP_ID` (`customer_group_id`),
  KEY `CATALOG_PRODUCT_INDEX_PRICE_MIN_PRICE` (`min_price`),
  KEY `CAT_PRD_IDX_PRICE_WS_ID_CSTR_GROUP_ID_MIN_PRICE` (`website_id`,`customer_group_id`,`min_price`)
) ENGINE=InnoDB DEFAULT CHARSET=utf8 COMMENT='Catalog Product Price Index Table';

--
-- Dumping data for table `catalog_product_index_price_replica`
--

INSERT INTO `catalog_product_index_price_replica` VALUES (1,0,1,2,500.000000,500.000000,500.000000,500.000000,NULL),(1,1,1,2,500.000000,500.000000,500.000000,500.000000,NULL),(1,2,1,2,500.000000,500.000000,500.000000,500.000000,NULL),(1,3,1,2,500.000000,500.000000,500.000000,500.000000,NULL),(2,0,1,2,86.000000,86.000000,86.000000,86.000000,NULL),(2,1,1,2,86.000000,86.000000,86.000000,86.000000,NULL),(2,2,1,2,86.000000,86.000000,86.000000,86.000000,NULL),(2,3,1,2,86.000000,86.000000,86.000000,86.000000,NULL),(3,0,1,2,60.000000,50.000000,50.000000,50.000000,NULL),(3,1,1,2,60.000000,50.000000,50.000000,50.000000,NULL),(3,2,1,2,60.000000,50.000000,50.000000,50.000000,NULL),(3,3,1,2,60.000000,50.000000,50.000000,50.000000,NULL),(4,0,1,2,30.000000,30.000000,30.000000,30.000000,NULL),(4,1,1,2,30.000000,30.000000,30.000000,30.000000,NULL),(4,2,1,2,30.000000,30.000000,30.000000,30.000000,NULL),(4,3,1,2,30.000000,30.000000,30.000000,30.000000,NULL),(5,0,1,2,399.000000,399.000000,399.000000,399.000000,NULL),(5,1,1,2,399.000000,399.000000,399.000000,399.000000,NULL),(5,2,1,2,399.000000,399.000000,399.000000,399.000000,NULL),(5,3,1,2,399.000000,399.000000,399.000000,399.000000,NULL),(6,0,1,2,450.000000,450.000000,450.000000,450.000000,NULL),(6,1,1,2,450.000000,450.000000,450.000000,450.000000,NULL),(6,2,1,2,450.000000,450.000000,450.000000,450.000000,NULL),(6,3,1,2,450.000000,450.000000,450.000000,450.000000,NULL),(7,0,1,2,230.000000,230.000000,230.000000,230.000000,NULL),(7,1,1,2,230.000000,230.000000,230.000000,230.000000,NULL),(7,2,1,2,230.000000,230.000000,230.000000,230.000000,NULL),(7,3,1,2,230.000000,230.000000,230.000000,230.000000,NULL),(8,0,1,2,56.000000,56.000000,56.000000,56.000000,NULL),(8,1,1,2,56.000000,56.000000,56.000000,56.000000,NULL),(8,2,1,2,56.000000,56.000000,56.000000,56.000000,NULL),(8,3,1,2,56.000000,56.000000,56.000000,56.000000,NULL),(9,0,1,2,66.000000,66.000000,66.000000,66.000000,NULL),(9,1,1,2,66.000000,66.000000,66.000000,66.000000,NULL),(9,2,1,2,66.000000,66.000000,66.000000,66.000000,NULL),(9,3,1,2,66.000000,66.000000,66.000000,66.000000,NULL),(10,0,1,2,650.000000,600.000000,600.000000,600.000000,NULL),(10,1,1,2,650.000000,600.000000,600.000000,600.000000,NULL),(10,2,1,2,650.000000,600.000000,600.000000,600.000000,NULL),(10,3,1,2,650.000000,600.000000,600.000000,600.000000,NULL),(11,0,1,2,699.000000,699.000000,699.000000,699.000000,NULL),(11,1,1,2,699.000000,699.000000,699.000000,699.000000,NULL),(11,2,1,2,699.000000,699.000000,699.000000,699.000000,NULL),(11,3,1,2,699.000000,699.000000,699.000000,699.000000,NULL),(12,0,1,2,23.000000,23.000000,23.000000,23.000000,NULL),(12,1,1,2,23.000000,23.000000,23.000000,23.000000,NULL),(12,2,1,2,23.000000,23.000000,23.000000,23.000000,NULL),(12,3,1,2,23.000000,23.000000,23.000000,23.000000,NULL),(13,0,1,2,32.000000,32.000000,32.000000,32.000000,NULL),(13,1,1,2,32.000000,32.000000,32.000000,32.000000,NULL),(13,2,1,2,32.000000,32.000000,32.000000,32.000000,NULL),(13,3,1,2,32.000000,32.000000,32.000000,32.000000,NULL),(14,0,1,2,435.000000,435.000000,435.000000,435.000000,NULL),(14,1,1,2,435.000000,435.000000,435.000000,435.000000,NULL),(14,2,1,2,435.000000,435.000000,435.000000,435.000000,NULL),(14,3,1,2,435.000000,435.000000,435.000000,435.000000,NULL),(15,0,1,2,36.000000,30.000000,30.000000,30.000000,NULL),(15,1,1,2,36.000000,30.000000,30.000000,30.000000,NULL),(15,2,1,2,36.000000,30.000000,30.000000,30.000000,NULL),(15,3,1,2,36.000000,30.000000,30.000000,30.000000,NULL),(16,0,1,2,23.000000,23.000000,23.000000,23.000000,NULL),(16,1,1,2,23.000000,23.000000,23.000000,23.000000,NULL),(16,2,1,2,23.000000,23.000000,23.000000,23.000000,NULL),(16,3,1,2,23.000000,23.000000,23.000000,23.000000,NULL),(17,0,1,2,120.000000,120.000000,120.000000,120.000000,NULL),(17,1,1,2,120.000000,120.000000,120.000000,120.000000,NULL),(17,2,1,2,120.000000,120.000000,120.000000,120.000000,NULL),(17,3,1,2,120.000000,120.000000,120.000000,120.000000,NULL),(18,0,1,2,150.000000,150.000000,180.000000,200.000000,NULL),(18,1,1,2,150.000000,150.000000,180.000000,200.000000,NULL),(18,2,1,2,150.000000,150.000000,180.000000,200.000000,NULL),(18,3,1,2,150.000000,150.000000,180.000000,200.000000,NULL),(19,0,1,2,29.000000,29.000000,29.000000,29.000000,NULL),(19,1,1,2,29.000000,29.000000,29.000000,29.000000,NULL),(19,2,1,2,29.000000,29.000000,29.000000,29.000000,NULL),(19,3,1,2,29.000000,29.000000,29.000000,29.000000,NULL),(20,0,1,2,19.000000,19.000000,19.000000,19.000000,NULL),(20,1,1,2,19.000000,19.000000,19.000000,19.000000,NULL),(20,2,1,2,19.000000,19.000000,19.000000,19.000000,NULL),(20,3,1,2,19.000000,19.000000,19.000000,19.000000,NULL),(21,0,1,2,266.000000,210.000000,210.000000,210.000000,NULL),(21,1,1,2,266.000000,210.000000,210.000000,210.000000,NULL),(21,2,1,2,266.000000,210.000000,210.000000,210.000000,NULL),(21,3,1,2,266.000000,210.000000,210.000000,210.000000,NULL),(22,0,1,2,235.000000,200.000000,200.000000,200.000000,NULL),(22,1,1,2,235.000000,200.000000,200.000000,200.000000,NULL),(22,2,1,2,235.000000,200.000000,200.000000,200.000000,NULL),(22,3,1,2,235.000000,200.000000,200.000000,200.000000,NULL),(23,0,1,2,119.000000,119.000000,119.000000,119.000000,NULL),(23,1,1,2,119.000000,119.000000,119.000000,119.000000,NULL),(23,2,1,2,119.000000,119.000000,119.000000,119.000000,NULL),(23,3,1,2,119.000000,119.000000,119.000000,119.000000,NULL),(24,0,1,2,26.000000,26.000000,26.000000,26.000000,NULL),(24,1,1,2,26.000000,26.000000,26.000000,26.000000,NULL),(24,2,1,2,26.000000,26.000000,26.000000,26.000000,NULL),(24,3,1,2,26.000000,26.000000,26.000000,26.000000,NULL),(25,0,1,2,600.000000,600.000000,600.000000,600.000000,NULL),(25,1,1,2,600.000000,600.000000,600.000000,600.000000,NULL),(25,2,1,2,600.000000,600.000000,600.000000,600.000000,NULL),(25,3,1,2,600.000000,600.000000,600.000000,600.000000,NULL),(26,0,1,2,39.000000,39.000000,39.000000,39.000000,NULL),(26,1,1,2,39.000000,39.000000,39.000000,39.000000,NULL),(26,2,1,2,39.000000,39.000000,39.000000,39.000000,NULL),(26,3,1,2,39.000000,39.000000,39.000000,39.000000,NULL),(27,0,1,2,329.000000,329.000000,329.000000,329.000000,NULL),(27,1,1,2,329.000000,329.000000,329.000000,329.000000,NULL),(27,2,1,2,329.000000,329.000000,329.000000,329.000000,NULL),(27,3,1,2,329.000000,329.000000,329.000000,329.000000,NULL),(28,0,1,2,299.000000,250.000000,250.000000,250.000000,NULL),(28,1,1,2,299.000000,250.000000,250.000000,250.000000,NULL),(28,2,1,2,299.000000,250.000000,250.000000,250.000000,NULL),(28,3,1,2,299.000000,250.000000,250.000000,250.000000,NULL),(29,0,1,2,125.000000,125.000000,125.000000,125.000000,NULL),(29,1,1,2,125.000000,125.000000,125.000000,125.000000,NULL),(29,2,1,2,125.000000,125.000000,125.000000,125.000000,NULL),(29,3,1,2,125.000000,125.000000,125.000000,125.000000,NULL),(30,0,1,2,109.000000,109.000000,109.000000,109.000000,NULL),(30,1,1,2,109.000000,109.000000,109.000000,109.000000,NULL),(30,2,1,2,109.000000,109.000000,109.000000,109.000000,NULL),(30,3,1,2,109.000000,109.000000,109.000000,109.000000,NULL),(31,0,1,2,129.000000,129.000000,129.000000,129.000000,NULL),(31,1,1,2,129.000000,129.000000,129.000000,129.000000,NULL),(31,2,1,2,129.000000,129.000000,129.000000,129.000000,NULL),(31,3,1,2,129.000000,129.000000,129.000000,129.000000,NULL),(32,0,1,2,480.000000,480.000000,480.000000,480.000000,NULL),(32,1,1,2,480.000000,480.000000,480.000000,480.000000,NULL),(32,2,1,2,480.000000,480.000000,480.000000,480.000000,NULL),(32,3,1,2,480.000000,480.000000,480.000000,480.000000,NULL),(33,0,1,2,220.000000,220.000000,220.000000,220.000000,NULL),(33,1,1,2,220.000000,220.000000,220.000000,220.000000,NULL),(33,2,1,2,220.000000,220.000000,220.000000,220.000000,NULL),(33,3,1,2,220.000000,220.000000,220.000000,220.000000,NULL),(34,0,1,2,280.000000,280.000000,280.000000,280.000000,NULL),(34,1,1,2,280.000000,280.000000,280.000000,280.000000,NULL),(34,2,1,2,280.000000,280.000000,280.000000,280.000000,NULL),(34,3,1,2,280.000000,280.000000,280.000000,280.000000,NULL),(35,0,1,2,666.000000,666.000000,666.000000,666.000000,NULL),(35,1,1,2,666.000000,666.000000,666.000000,666.000000,NULL),(35,2,1,2,666.000000,666.000000,666.000000,666.000000,NULL),(35,3,1,2,666.000000,666.000000,666.000000,666.000000,NULL),(36,0,1,2,50.000000,50.000000,50.000000,50.000000,NULL),(36,1,1,2,50.000000,50.000000,50.000000,50.000000,NULL),(36,2,1,2,50.000000,50.000000,50.000000,50.000000,NULL),(36,3,1,2,50.000000,50.000000,50.000000,50.000000,NULL),(37,0,1,2,500.000000,500.000000,500.000000,500.000000,NULL),(37,1,1,2,500.000000,500.000000,500.000000,500.000000,NULL),(37,2,1,2,500.000000,500.000000,500.000000,500.000000,NULL),(37,3,1,2,500.000000,500.000000,500.000000,500.000000,NULL),(38,0,1,2,500.000000,450.000000,1285.000000,1395.000000,NULL),(38,1,1,2,500.000000,450.000000,1285.000000,1395.000000,NULL),(38,2,1,2,500.000000,450.000000,1285.000000,1395.000000,NULL),(38,3,1,2,500.000000,450.000000,1285.000000,1395.000000,NULL),(39,0,1,2,200.000000,200.000000,200.000000,200.000000,NULL),(39,1,1,2,200.000000,200.000000,200.000000,200.000000,NULL),(39,2,1,2,200.000000,200.000000,200.000000,200.000000,NULL),(39,3,1,2,200.000000,200.000000,200.000000,200.000000,NULL),(40,0,1,2,200.000000,200.000000,200.000000,200.000000,NULL),(40,1,1,2,200.000000,200.000000,200.000000,200.000000,NULL),(40,2,1,2,200.000000,200.000000,200.000000,200.000000,NULL),(40,3,1,2,200.000000,200.000000,200.000000,200.000000,NULL),(41,0,1,2,200.000000,200.000000,200.000000,200.000000,NULL),(41,1,1,2,200.000000,200.000000,200.000000,200.000000,NULL),(41,2,1,2,200.000000,200.000000,200.000000,200.000000,NULL),(41,3,1,2,200.000000,200.000000,200.000000,200.000000,NULL),(42,0,1,2,0.000000,0.000000,200.000000,200.000000,NULL),(42,1,1,2,0.000000,0.000000,200.000000,200.000000,NULL),(42,2,1,2,0.000000,0.000000,200.000000,200.000000,NULL),(42,3,1,2,0.000000,0.000000,200.000000,200.000000,NULL);

--
-- Table structure for table `catalog_product_index_price_tmp`
--

CREATE TABLE `catalog_product_index_price_tmp` (
  `entity_id` int unsigned NOT NULL COMMENT 'Product ID',
  `customer_group_id` int unsigned NOT NULL DEFAULT '0' COMMENT 'Customer Group ID',
  `website_id` smallint unsigned NOT NULL COMMENT 'Website ID',
  `tax_class_id` smallint unsigned DEFAULT '0' COMMENT 'Tax Class ID',
  `price` decimal(20,6) DEFAULT NULL COMMENT 'Price',
  `final_price` decimal(20,6) DEFAULT NULL COMMENT 'Final Price',
  `min_price` decimal(20,6) DEFAULT NULL COMMENT 'Min Price',
  `max_price` decimal(20,6) DEFAULT NULL COMMENT 'Max Price',
  `tier_price` decimal(20,6) DEFAULT NULL COMMENT 'Tier Price',
  `id` int unsigned NOT NULL AUTO_INCREMENT COMMENT 'ID',
  PRIMARY KEY (`id`)
) ENGINE=InnoDB DEFAULT CHARSET=utf8 COMMENT='Catalog Product Price Indexer Temp Table';

--
-- Dumping data for table `catalog_product_index_price_tmp`
--


--
-- Table structure for table `catalog_product_index_tier_price`
--

CREATE TABLE `catalog_product_index_tier_price` (
  `entity_id` int unsigned NOT NULL COMMENT 'Entity ID',
  `customer_group_id` int unsigned NOT NULL COMMENT 'Customer Group ID',
  `website_id` smallint unsigned NOT NULL COMMENT 'Website ID',
  `min_price` decimal(20,6) DEFAULT NULL COMMENT 'Min Price',
  PRIMARY KEY (`entity_id`,`customer_group_id`,`website_id`),
  KEY `CATALOG_PRODUCT_INDEX_TIER_PRICE_CUSTOMER_GROUP_ID` (`customer_group_id`),
  KEY `CATALOG_PRODUCT_INDEX_TIER_PRICE_WEBSITE_ID` (`website_id`),
  CONSTRAINT `CAT_PRD_IDX_TIER_PRICE_CSTR_GROUP_ID_CSTR_GROUP_CSTR_GROUP_ID` FOREIGN KEY (`customer_group_id`) REFERENCES `customer_group` (`customer_group_id`) ON DELETE CASCADE,
  CONSTRAINT `CAT_PRD_IDX_TIER_PRICE_ENTT_ID_CAT_PRD_ENTT_ENTT_ID` FOREIGN KEY (`entity_id`) REFERENCES `catalog_product_entity` (`entity_id`) ON DELETE CASCADE,
  CONSTRAINT `CAT_PRD_IDX_TIER_PRICE_WS_ID_STORE_WS_WS_ID` FOREIGN KEY (`website_id`) REFERENCES `store_website` (`website_id`) ON DELETE CASCADE
) ENGINE=InnoDB DEFAULT CHARSET=utf8 COMMENT='Catalog Product Tier Price Index Table';

--
-- Dumping data for table `catalog_product_index_tier_price`
--


--
-- Table structure for table `catalog_product_index_website`
--

CREATE TABLE `catalog_product_index_website` (
  `website_id` smallint unsigned NOT NULL COMMENT 'Website ID',
  `default_store_id` smallint unsigned NOT NULL COMMENT 'Default store ID for website',
  `website_date` date DEFAULT NULL COMMENT 'Website Date',
  `rate` float DEFAULT '1' COMMENT 'Rate',
  PRIMARY KEY (`website_id`),
  KEY `CATALOG_PRODUCT_INDEX_WEBSITE_WEBSITE_DATE` (`website_date`),
  CONSTRAINT `CAT_PRD_IDX_WS_WS_ID_STORE_WS_WS_ID` FOREIGN KEY (`website_id`) REFERENCES `store_website` (`website_id`) ON DELETE CASCADE
) ENGINE=InnoDB DEFAULT CHARSET=utf8 COMMENT='Catalog Product Website Index Table';

--
-- Dumping data for table `catalog_product_index_website`
--

INSERT INTO `catalog_product_index_website` VALUES (1,1,'2023-07-12',1);

--
-- Table structure for table `catalog_product_link`
--

CREATE TABLE `catalog_product_link` (
  `link_id` int unsigned NOT NULL AUTO_INCREMENT COMMENT 'Link ID',
  `product_id` int unsigned NOT NULL DEFAULT '0' COMMENT 'Product ID',
  `linked_product_id` int unsigned NOT NULL DEFAULT '0' COMMENT 'Linked Product ID',
  `link_type_id` smallint unsigned NOT NULL DEFAULT '0' COMMENT 'Link Type ID',
  PRIMARY KEY (`link_id`),
  UNIQUE KEY `CATALOG_PRODUCT_LINK_LINK_TYPE_ID_PRODUCT_ID_LINKED_PRODUCT_ID` (`link_type_id`,`product_id`,`linked_product_id`),
  KEY `CATALOG_PRODUCT_LINK_PRODUCT_ID` (`product_id`),
  KEY `CATALOG_PRODUCT_LINK_LINKED_PRODUCT_ID` (`linked_product_id`),
  CONSTRAINT `CAT_PRD_LNK_LNK_TYPE_ID_CAT_PRD_LNK_TYPE_LNK_TYPE_ID` FOREIGN KEY (`link_type_id`) REFERENCES `catalog_product_link_type` (`link_type_id`) ON DELETE CASCADE,
  CONSTRAINT `CAT_PRD_LNK_LNKED_PRD_ID_CAT_PRD_ENTT_ENTT_ID` FOREIGN KEY (`linked_product_id`) REFERENCES `catalog_product_entity` (`entity_id`) ON DELETE CASCADE,
  CONSTRAINT `CATALOG_PRODUCT_LINK_PRODUCT_ID_CATALOG_PRODUCT_ENTITY_ENTITY_ID` FOREIGN KEY (`product_id`) REFERENCES `catalog_product_entity` (`entity_id`) ON DELETE CASCADE
) ENGINE=InnoDB AUTO_INCREMENT=44 DEFAULT CHARSET=utf8 COMMENT='Catalog Product To Product Linkage Table';

--
-- Dumping data for table `catalog_product_link`
--

INSERT INTO `catalog_product_link` VALUES (41,1,3,1),(42,1,5,1),(38,1,6,1),(39,1,10,1),(43,1,11,1),(40,1,14,1),(33,18,16,1),(34,18,19,1),(35,18,20,1),(36,18,23,1),(37,18,26,1),(11,38,7,1),(12,38,10,1),(13,38,11,1),(14,38,25,1),(15,38,37,1);

--
-- Table structure for table `catalog_product_link_attribute`
--

CREATE TABLE `catalog_product_link_attribute` (
  `product_link_attribute_id` smallint unsigned NOT NULL AUTO_INCREMENT COMMENT 'Product Link Attribute ID',
  `link_type_id` smallint unsigned NOT NULL DEFAULT '0' COMMENT 'Link Type ID',
  `product_link_attribute_code` varchar(32) DEFAULT NULL COMMENT 'Product Link Attribute Code',
  `data_type` varchar(32) DEFAULT NULL COMMENT 'Data Type',
  PRIMARY KEY (`product_link_attribute_id`),
  KEY `CATALOG_PRODUCT_LINK_ATTRIBUTE_LINK_TYPE_ID` (`link_type_id`),
  CONSTRAINT `CAT_PRD_LNK_ATTR_LNK_TYPE_ID_CAT_PRD_LNK_TYPE_LNK_TYPE_ID` FOREIGN KEY (`link_type_id`) REFERENCES `catalog_product_link_type` (`link_type_id`) ON DELETE CASCADE
) ENGINE=InnoDB AUTO_INCREMENT=6 DEFAULT CHARSET=utf8 COMMENT='Catalog Product Link Attribute Table';

--
-- Dumping data for table `catalog_product_link_attribute`
--

INSERT INTO `catalog_product_link_attribute` VALUES (1,1,'position','int'),(2,4,'position','int'),(3,5,'position','int'),(4,3,'position','int'),(5,3,'qty','decimal');

--
-- Table structure for table `catalog_product_link_attribute_decimal`
--

CREATE TABLE `catalog_product_link_attribute_decimal` (
  `value_id` int unsigned NOT NULL AUTO_INCREMENT COMMENT 'Value ID',
  `product_link_attribute_id` smallint unsigned DEFAULT NULL COMMENT 'Product Link Attribute ID',
  `link_id` int unsigned NOT NULL COMMENT 'Link ID',
  `value` decimal(20,6) NOT NULL DEFAULT '0.000000' COMMENT 'Value',
  PRIMARY KEY (`value_id`),
  UNIQUE KEY `CAT_PRD_LNK_ATTR_DEC_PRD_LNK_ATTR_ID_LNK_ID` (`product_link_attribute_id`,`link_id`),
  KEY `CATALOG_PRODUCT_LINK_ATTRIBUTE_DECIMAL_LINK_ID` (`link_id`),
  CONSTRAINT `CAT_PRD_LNK_ATTR_DEC_LNK_ID_CAT_PRD_LNK_LNK_ID` FOREIGN KEY (`link_id`) REFERENCES `catalog_product_link` (`link_id`) ON DELETE CASCADE,
  CONSTRAINT `FK_AB2EFA9A14F7BCF1D5400056203D14B6` FOREIGN KEY (`product_link_attribute_id`) REFERENCES `catalog_product_link_attribute` (`product_link_attribute_id`) ON DELETE CASCADE
) ENGINE=InnoDB DEFAULT CHARSET=utf8 COMMENT='Catalog Product Link Decimal Attribute Table';

--
-- Dumping data for table `catalog_product_link_attribute_decimal`
--


--
-- Table structure for table `catalog_product_link_attribute_int`
--

CREATE TABLE `catalog_product_link_attribute_int` (
  `value_id` int unsigned NOT NULL AUTO_INCREMENT COMMENT 'Value ID',
  `product_link_attribute_id` smallint unsigned DEFAULT NULL COMMENT 'Product Link Attribute ID',
  `link_id` int unsigned NOT NULL COMMENT 'Link ID',
  `value` int NOT NULL DEFAULT '0' COMMENT 'Value',
  PRIMARY KEY (`value_id`),
  UNIQUE KEY `CAT_PRD_LNK_ATTR_INT_PRD_LNK_ATTR_ID_LNK_ID` (`product_link_attribute_id`,`link_id`),
  KEY `CATALOG_PRODUCT_LINK_ATTRIBUTE_INT_LINK_ID` (`link_id`),
  CONSTRAINT `CAT_PRD_LNK_ATTR_INT_LNK_ID_CAT_PRD_LNK_LNK_ID` FOREIGN KEY (`link_id`) REFERENCES `catalog_product_link` (`link_id`) ON DELETE CASCADE,
  CONSTRAINT `FK_D6D878F8BA2A4282F8DDED7E6E3DE35C` FOREIGN KEY (`product_link_attribute_id`) REFERENCES `catalog_product_link_attribute` (`product_link_attribute_id`) ON DELETE CASCADE
) ENGINE=InnoDB AUTO_INCREMENT=44 DEFAULT CHARSET=utf8 COMMENT='Catalog Product Link Integer Attribute Table';

--
-- Dumping data for table `catalog_product_link_attribute_int`
--

INSERT INTO `catalog_product_link_attribute_int` VALUES (11,1,11,1),(12,1,12,2),(13,1,13,3),(14,1,14,4),(15,1,15,5),(33,1,33,1),(34,1,34,2),(35,1,35,3),(36,1,36,4),(37,1,37,5),(38,1,38,1),(39,1,39,2),(40,1,40,3),(41,1,41,4),(42,1,42,5),(43,1,43,7);

--
-- Table structure for table `catalog_product_link_attribute_varchar`
--

CREATE TABLE `catalog_product_link_attribute_varchar` (
  `value_id` int unsigned NOT NULL AUTO_INCREMENT COMMENT 'Value ID',
  `product_link_attribute_id` smallint unsigned NOT NULL DEFAULT '0' COMMENT 'Product Link Attribute ID',
  `link_id` int unsigned NOT NULL COMMENT 'Link ID',
  `value` varchar(255) DEFAULT NULL COMMENT 'Value',
  PRIMARY KEY (`value_id`),
  UNIQUE KEY `CAT_PRD_LNK_ATTR_VCHR_PRD_LNK_ATTR_ID_LNK_ID` (`product_link_attribute_id`,`link_id`),
  KEY `CATALOG_PRODUCT_LINK_ATTRIBUTE_VARCHAR_LINK_ID` (`link_id`),
  CONSTRAINT `CAT_PRD_LNK_ATTR_VCHR_LNK_ID_CAT_PRD_LNK_LNK_ID` FOREIGN KEY (`link_id`) REFERENCES `catalog_product_link` (`link_id`) ON DELETE CASCADE,
  CONSTRAINT `FK_DEE9C4DA61CFCC01DFCF50F0D79CEA51` FOREIGN KEY (`product_link_attribute_id`) REFERENCES `catalog_product_link_attribute` (`product_link_attribute_id`) ON DELETE CASCADE
) ENGINE=InnoDB DEFAULT CHARSET=utf8 COMMENT='Catalog Product Link Varchar Attribute Table';

--
-- Dumping data for table `catalog_product_link_attribute_varchar`
--


--
-- Table structure for table `catalog_product_link_type`
--

CREATE TABLE `catalog_product_link_type` (
  `link_type_id` smallint unsigned NOT NULL AUTO_INCREMENT COMMENT 'Link Type ID',
  `code` varchar(32) DEFAULT NULL COMMENT 'Code',
  PRIMARY KEY (`link_type_id`)
) ENGINE=InnoDB AUTO_INCREMENT=6 DEFAULT CHARSET=utf8 COMMENT='Catalog Product Link Type Table';

--
-- Dumping data for table `catalog_product_link_type`
--

INSERT INTO `catalog_product_link_type` VALUES (1,'relation'),(3,'super'),(4,'up_sell'),(5,'cross_sell');

--
-- Table structure for table `catalog_product_option`
--

CREATE TABLE `catalog_product_option` (
  `option_id` int unsigned NOT NULL AUTO_INCREMENT COMMENT 'Option ID',
  `product_id` int unsigned NOT NULL DEFAULT '0' COMMENT 'Product ID',
  `type` varchar(50) DEFAULT NULL COMMENT 'Type',
  `is_require` smallint NOT NULL DEFAULT '1' COMMENT 'Is Required',
  `sku` varchar(64) DEFAULT NULL COMMENT 'SKU',
  `max_characters` int unsigned DEFAULT NULL COMMENT 'Max Characters',
  `file_extension` varchar(50) DEFAULT NULL COMMENT 'File Extension',
  `image_size_x` smallint unsigned DEFAULT NULL COMMENT 'Image Size X',
  `image_size_y` smallint unsigned DEFAULT NULL COMMENT 'Image Size Y',
  `sort_order` int unsigned NOT NULL DEFAULT '0' COMMENT 'Sort Order',
  PRIMARY KEY (`option_id`),
  KEY `CATALOG_PRODUCT_OPTION_PRODUCT_ID` (`product_id`),
  CONSTRAINT `CAT_PRD_OPT_PRD_ID_CAT_PRD_ENTT_ENTT_ID` FOREIGN KEY (`product_id`) REFERENCES `catalog_product_entity` (`entity_id`) ON DELETE CASCADE
) ENGINE=InnoDB AUTO_INCREMENT=6 DEFAULT CHARSET=utf8 COMMENT='Catalog Product Option Table';

--
-- Dumping data for table `catalog_product_option`
--

INSERT INTO `catalog_product_option` VALUES (1,38,'drop_down',1,NULL,0,NULL,0,0,1),(2,38,'drop_down',1,NULL,0,NULL,0,0,3),(3,38,'drop_down',1,NULL,0,NULL,0,0,2),(4,18,'drop_down',1,NULL,0,NULL,0,0,1),(5,18,'drop_down',1,NULL,0,NULL,0,0,2);

--
-- Table structure for table `catalog_product_option_price`
--

CREATE TABLE `catalog_product_option_price` (
  `option_price_id` int unsigned NOT NULL AUTO_INCREMENT COMMENT 'Option Price ID',
  `option_id` int unsigned NOT NULL DEFAULT '0' COMMENT 'Option ID',
  `store_id` smallint unsigned NOT NULL DEFAULT '0' COMMENT 'Store ID',
  `price` decimal(20,6) NOT NULL DEFAULT '0.000000' COMMENT 'Price',
  `price_type` varchar(7) NOT NULL DEFAULT 'fixed' COMMENT 'Price Type',
  PRIMARY KEY (`option_price_id`),
  UNIQUE KEY `CATALOG_PRODUCT_OPTION_PRICE_OPTION_ID_STORE_ID` (`option_id`,`store_id`),
  KEY `CATALOG_PRODUCT_OPTION_PRICE_STORE_ID` (`store_id`),
  CONSTRAINT `CAT_PRD_OPT_PRICE_OPT_ID_CAT_PRD_OPT_OPT_ID` FOREIGN KEY (`option_id`) REFERENCES `catalog_product_option` (`option_id`) ON DELETE CASCADE,
  CONSTRAINT `CATALOG_PRODUCT_OPTION_PRICE_STORE_ID_STORE_STORE_ID` FOREIGN KEY (`store_id`) REFERENCES `store` (`store_id`) ON DELETE CASCADE
) ENGINE=InnoDB DEFAULT CHARSET=utf8 COMMENT='Catalog Product Option Price Table';

--
-- Dumping data for table `catalog_product_option_price`
--


--
-- Table structure for table `catalog_product_option_title`
--

CREATE TABLE `catalog_product_option_title` (
  `option_title_id` int unsigned NOT NULL AUTO_INCREMENT COMMENT 'Option Title ID',
  `option_id` int unsigned NOT NULL DEFAULT '0' COMMENT 'Option ID',
  `store_id` smallint unsigned NOT NULL DEFAULT '0' COMMENT 'Store ID',
  `title` varchar(255) DEFAULT NULL COMMENT 'Title',
  PRIMARY KEY (`option_title_id`),
  UNIQUE KEY `CATALOG_PRODUCT_OPTION_TITLE_OPTION_ID_STORE_ID` (`option_id`,`store_id`),
  KEY `CATALOG_PRODUCT_OPTION_TITLE_STORE_ID` (`store_id`),
  CONSTRAINT `CAT_PRD_OPT_TTL_OPT_ID_CAT_PRD_OPT_OPT_ID` FOREIGN KEY (`option_id`) REFERENCES `catalog_product_option` (`option_id`) ON DELETE CASCADE,
  CONSTRAINT `CATALOG_PRODUCT_OPTION_TITLE_STORE_ID_STORE_STORE_ID` FOREIGN KEY (`store_id`) REFERENCES `store` (`store_id`) ON DELETE CASCADE
) ENGINE=InnoDB AUTO_INCREMENT=6 DEFAULT CHARSET=utf8 COMMENT='Catalog Product Option Title Table';

--
-- Dumping data for table `catalog_product_option_title`
--

INSERT INTO `catalog_product_option_title` VALUES (1,1,0,'Brand'),(2,2,0,'Color'),(3,3,0,'Size'),(4,4,0,'Color'),(5,5,0,'Size');

--
-- Table structure for table `catalog_product_option_type_price`
--

CREATE TABLE `catalog_product_option_type_price` (
  `option_type_price_id` int unsigned NOT NULL AUTO_INCREMENT COMMENT 'Option Type Price ID',
  `option_type_id` int unsigned NOT NULL DEFAULT '0' COMMENT 'Option Type ID',
  `store_id` smallint unsigned NOT NULL DEFAULT '0' COMMENT 'Store ID',
  `price` decimal(20,6) NOT NULL DEFAULT '0.000000' COMMENT 'Price',
  `price_type` varchar(7) NOT NULL DEFAULT 'fixed' COMMENT 'Price Type',
  PRIMARY KEY (`option_type_price_id`),
  UNIQUE KEY `CATALOG_PRODUCT_OPTION_TYPE_PRICE_OPTION_TYPE_ID_STORE_ID` (`option_type_id`,`store_id`),
  KEY `CATALOG_PRODUCT_OPTION_TYPE_PRICE_STORE_ID` (`store_id`),
  CONSTRAINT `CATALOG_PRODUCT_OPTION_TYPE_PRICE_STORE_ID_STORE_STORE_ID` FOREIGN KEY (`store_id`) REFERENCES `store` (`store_id`) ON DELETE CASCADE,
  CONSTRAINT `FK_B523E3378E8602F376CC415825576B7F` FOREIGN KEY (`option_type_id`) REFERENCES `catalog_product_option_type_value` (`option_type_id`) ON DELETE CASCADE
) ENGINE=InnoDB AUTO_INCREMENT=13 DEFAULT CHARSET=utf8 COMMENT='Catalog Product Option Type Price Table';

--
-- Dumping data for table `catalog_product_option_type_price`
--

INSERT INTO `catalog_product_option_type_price` VALUES (1,1,0,495.000000,'fixed'),(2,2,0,490.000000,'fixed'),(3,3,0,50.000000,'fixed'),(4,4,0,50.000000,'fixed'),(5,5,0,45.000000,'fixed'),(6,6,0,400.000000,'fixed'),(7,7,0,350.000000,'fixed'),(8,8,0,300.000000,'fixed'),(9,9,0,20.000000,'fixed'),(10,10,0,30.000000,'fixed'),(11,11,0,10.000000,'fixed'),(12,12,0,20.000000,'fixed');

--
-- Table structure for table `catalog_product_option_type_title`
--

CREATE TABLE `catalog_product_option_type_title` (
  `option_type_title_id` int unsigned NOT NULL AUTO_INCREMENT COMMENT 'Option Type Title ID',
  `option_type_id` int unsigned NOT NULL DEFAULT '0' COMMENT 'Option Type ID',
  `store_id` smallint unsigned NOT NULL DEFAULT '0' COMMENT 'Store ID',
  `title` varchar(255) DEFAULT NULL COMMENT 'Title',
  PRIMARY KEY (`option_type_title_id`),
  UNIQUE KEY `CATALOG_PRODUCT_OPTION_TYPE_TITLE_OPTION_TYPE_ID_STORE_ID` (`option_type_id`,`store_id`),
  KEY `CATALOG_PRODUCT_OPTION_TYPE_TITLE_STORE_ID` (`store_id`),
  CONSTRAINT `CATALOG_PRODUCT_OPTION_TYPE_TITLE_STORE_ID_STORE_STORE_ID` FOREIGN KEY (`store_id`) REFERENCES `store` (`store_id`) ON DELETE CASCADE,
  CONSTRAINT `FK_C085B9CF2C2A302E8043FDEA1937D6A2` FOREIGN KEY (`option_type_id`) REFERENCES `catalog_product_option_type_value` (`option_type_id`) ON DELETE CASCADE
) ENGINE=InnoDB AUTO_INCREMENT=13 DEFAULT CHARSET=utf8 COMMENT='Catalog Product Option Type Title Table';

--
-- Dumping data for table `catalog_product_option_type_title`
--

INSERT INTO `catalog_product_option_type_title` VALUES (1,1,0,'Apple'),(2,2,0,'Samsung'),(3,3,0,'White'),(4,4,0,'Black'),(5,5,0,'Sliver'),(6,6,0,'128GB'),(7,7,0,'64GB'),(8,8,0,'32GB'),(9,9,0,'Red'),(10,10,0,'While'),(11,11,0,'42'),(12,12,0,'43');

--
-- Table structure for table `catalog_product_option_type_value`
--

CREATE TABLE `catalog_product_option_type_value` (
  `option_type_id` int unsigned NOT NULL AUTO_INCREMENT COMMENT 'Option Type ID',
  `option_id` int unsigned NOT NULL DEFAULT '0' COMMENT 'Option ID',
  `sku` varchar(64) DEFAULT NULL COMMENT 'SKU',
  `sort_order` int unsigned NOT NULL DEFAULT '0' COMMENT 'Sort Order',
  PRIMARY KEY (`option_type_id`),
  KEY `CATALOG_PRODUCT_OPTION_TYPE_VALUE_OPTION_ID` (`option_id`),
  CONSTRAINT `CAT_PRD_OPT_TYPE_VAL_OPT_ID_CAT_PRD_OPT_OPT_ID` FOREIGN KEY (`option_id`) REFERENCES `catalog_product_option` (`option_id`) ON DELETE CASCADE
) ENGINE=InnoDB AUTO_INCREMENT=13 DEFAULT CHARSET=utf8 COMMENT='Catalog Product Option Type Value Table';

--
-- Dumping data for table `catalog_product_option_type_value`
--

INSERT INTO `catalog_product_option_type_value` VALUES (1,1,NULL,1),(2,1,NULL,2),(3,2,NULL,1),(4,2,NULL,2),(5,2,NULL,3),(6,3,NULL,1),(7,3,NULL,2),(8,3,NULL,3),(9,4,NULL,1),(10,4,NULL,2),(11,5,NULL,1),(12,5,NULL,2);

--
-- Table structure for table `catalog_product_relation`
--

CREATE TABLE `catalog_product_relation` (
  `parent_id` int unsigned NOT NULL COMMENT 'Parent ID',
  `child_id` int unsigned NOT NULL COMMENT 'Child ID',
  PRIMARY KEY (`parent_id`,`child_id`),
  KEY `CATALOG_PRODUCT_RELATION_CHILD_ID` (`child_id`),
  CONSTRAINT `CAT_PRD_RELATION_CHILD_ID_CAT_PRD_ENTT_ENTT_ID` FOREIGN KEY (`child_id`) REFERENCES `catalog_product_entity` (`entity_id`) ON DELETE CASCADE,
  CONSTRAINT `CAT_PRD_RELATION_PARENT_ID_CAT_PRD_ENTT_ENTT_ID` FOREIGN KEY (`parent_id`) REFERENCES `catalog_product_entity` (`entity_id`) ON DELETE CASCADE
) ENGINE=InnoDB DEFAULT CHARSET=utf8 COMMENT='Catalog Product Relation Table';

--
-- Dumping data for table `catalog_product_relation`
--

INSERT INTO `catalog_product_relation` VALUES (42,39),(42,40),(42,41);

--
-- Table structure for table `catalog_product_super_attribute`
--

CREATE TABLE `catalog_product_super_attribute` (
  `product_super_attribute_id` int unsigned NOT NULL AUTO_INCREMENT COMMENT 'Product Super Attribute ID',
  `product_id` int unsigned NOT NULL DEFAULT '0' COMMENT 'Product ID',
  `attribute_id` smallint unsigned NOT NULL DEFAULT '0' COMMENT 'Attribute ID',
  `position` smallint unsigned NOT NULL DEFAULT '0' COMMENT 'Position',
  PRIMARY KEY (`product_super_attribute_id`),
  UNIQUE KEY `CATALOG_PRODUCT_SUPER_ATTRIBUTE_PRODUCT_ID_ATTRIBUTE_ID` (`product_id`,`attribute_id`),
  CONSTRAINT `CAT_PRD_SPR_ATTR_PRD_ID_CAT_PRD_ENTT_ENTT_ID` FOREIGN KEY (`product_id`) REFERENCES `catalog_product_entity` (`entity_id`) ON DELETE CASCADE
) ENGINE=InnoDB AUTO_INCREMENT=2 DEFAULT CHARSET=utf8 COMMENT='Catalog Product Super Attribute Table';

--
-- Dumping data for table `catalog_product_super_attribute`
--

INSERT INTO `catalog_product_super_attribute` VALUES (1,42,93,0);

--
-- Table structure for table `catalog_product_super_attribute_label`
--

CREATE TABLE `catalog_product_super_attribute_label` (
  `value_id` int unsigned NOT NULL AUTO_INCREMENT COMMENT 'Value ID',
  `product_super_attribute_id` int unsigned NOT NULL DEFAULT '0' COMMENT 'Product Super Attribute ID',
  `store_id` smallint unsigned NOT NULL DEFAULT '0' COMMENT 'Store ID',
  `use_default` smallint unsigned DEFAULT '0' COMMENT 'Use Default Value',
  `value` varchar(255) DEFAULT NULL COMMENT 'Value',
  PRIMARY KEY (`value_id`),
  UNIQUE KEY `CAT_PRD_SPR_ATTR_LBL_PRD_SPR_ATTR_ID_STORE_ID` (`product_super_attribute_id`,`store_id`),
  KEY `CATALOG_PRODUCT_SUPER_ATTRIBUTE_LABEL_STORE_ID` (`store_id`),
  CONSTRAINT `CATALOG_PRODUCT_SUPER_ATTRIBUTE_LABEL_STORE_ID_STORE_STORE_ID` FOREIGN KEY (`store_id`) REFERENCES `store` (`store_id`) ON DELETE CASCADE,
  CONSTRAINT `FK_309442281DF7784210ED82B2CC51E5D5` FOREIGN KEY (`product_super_attribute_id`) REFERENCES `catalog_product_super_attribute` (`product_super_attribute_id`) ON DELETE CASCADE
) ENGINE=InnoDB AUTO_INCREMENT=2 DEFAULT CHARSET=utf8 COMMENT='Catalog Product Super Attribute Label Table';

--
-- Dumping data for table `catalog_product_super_attribute_label`
--

INSERT INTO `catalog_product_super_attribute_label` VALUES (1,1,0,0,'Color');

--
-- Table structure for table `catalog_product_super_link`
--

CREATE TABLE `catalog_product_super_link` (
  `link_id` int unsigned NOT NULL AUTO_INCREMENT COMMENT 'Link ID',
  `product_id` int unsigned NOT NULL DEFAULT '0' COMMENT 'Product ID',
  `parent_id` int unsigned NOT NULL DEFAULT '0' COMMENT 'Parent ID',
  PRIMARY KEY (`link_id`),
  UNIQUE KEY `CATALOG_PRODUCT_SUPER_LINK_PRODUCT_ID_PARENT_ID` (`product_id`,`parent_id`),
  KEY `CATALOG_PRODUCT_SUPER_LINK_PARENT_ID` (`parent_id`),
  CONSTRAINT `CAT_PRD_SPR_LNK_PARENT_ID_CAT_PRD_ENTT_ENTT_ID` FOREIGN KEY (`parent_id`) REFERENCES `catalog_product_entity` (`entity_id`) ON DELETE CASCADE,
  CONSTRAINT `CAT_PRD_SPR_LNK_PRD_ID_CAT_PRD_ENTT_ENTT_ID` FOREIGN KEY (`product_id`) REFERENCES `catalog_product_entity` (`entity_id`) ON DELETE CASCADE
) ENGINE=InnoDB AUTO_INCREMENT=4 DEFAULT CHARSET=utf8 COMMENT='Catalog Product Super Link Table';

--
-- Dumping data for table `catalog_product_super_link`
--

INSERT INTO `catalog_product_super_link` VALUES (1,39,42),(2,40,42),(3,41,42);

--
-- Table structure for table `catalog_product_website`
--

CREATE TABLE `catalog_product_website` (
  `product_id` int unsigned NOT NULL COMMENT 'Product ID',
  `website_id` smallint unsigned NOT NULL COMMENT 'Website ID',
  PRIMARY KEY (`product_id`,`website_id`),
  KEY `CATALOG_PRODUCT_WEBSITE_WEBSITE_ID` (`website_id`),
  CONSTRAINT `CAT_PRD_WS_PRD_ID_CAT_PRD_ENTT_ENTT_ID` FOREIGN KEY (`product_id`) REFERENCES `catalog_product_entity` (`entity_id`) ON DELETE CASCADE,
  CONSTRAINT `CATALOG_PRODUCT_WEBSITE_WEBSITE_ID_STORE_WEBSITE_WEBSITE_ID` FOREIGN KEY (`website_id`) REFERENCES `store_website` (`website_id`) ON DELETE CASCADE
) ENGINE=InnoDB DEFAULT CHARSET=utf8 COMMENT='Catalog Product To Website Linkage Table';

--
-- Dumping data for table `catalog_product_website`
--

INSERT INTO `catalog_product_website` VALUES (1,1),(2,1),(3,1),(4,1),(5,1),(6,1),(7,1),(8,1),(9,1),(10,1),(11,1),(12,1),(13,1),(14,1),(15,1),(16,1),(17,1),(18,1),(19,1),(20,1),(21,1),(22,1),(23,1),(24,1),(25,1),(26,1),(27,1),(28,1),(29,1),(30,1),(31,1),(32,1),(33,1),(34,1),(35,1),(36,1),(37,1),(38,1),(39,1),(40,1),(41,1),(42,1);

--
-- Table structure for table `catalog_url_rewrite_product_category`
--

CREATE TABLE `catalog_url_rewrite_product_category` (
  `url_rewrite_id` int unsigned NOT NULL COMMENT 'url_rewrite_id',
  `category_id` int unsigned NOT NULL COMMENT 'category_id',
  `product_id` int unsigned NOT NULL COMMENT 'product_id',
  PRIMARY KEY (`url_rewrite_id`),
  KEY `CAT_URL_REWRITE_PRD_CTGR_PRD_ID_CAT_PRD_ENTT_ENTT_ID` (`product_id`),
  KEY `FK_BB79E64705D7F17FE181F23144528FC8` (`url_rewrite_id`),
  KEY `CATALOG_URL_REWRITE_PRODUCT_CATEGORY_CATEGORY_ID_PRODUCT_ID` (`category_id`,`product_id`),
  CONSTRAINT `CAT_URL_REWRITE_PRD_CTGR_CTGR_ID_CAT_CTGR_ENTT_ENTT_ID` FOREIGN KEY (`category_id`) REFERENCES `catalog_category_entity` (`entity_id`) ON DELETE CASCADE,
  CONSTRAINT `CAT_URL_REWRITE_PRD_CTGR_PRD_ID_CAT_PRD_ENTT_ENTT_ID` FOREIGN KEY (`product_id`) REFERENCES `catalog_product_entity` (`entity_id`) ON DELETE CASCADE,
  CONSTRAINT `FK_BB79E64705D7F17FE181F23144528FC8` FOREIGN KEY (`url_rewrite_id`) REFERENCES `url_rewrite` (`url_rewrite_id`) ON DELETE CASCADE
) ENGINE=InnoDB DEFAULT CHARSET=utf8 COMMENT='url_rewrite_relation';

--
-- Dumping data for table `catalog_url_rewrite_product_category`
--

INSERT INTO `catalog_url_rewrite_product_category` VALUES (1171,3,7),(1179,3,7),(1187,3,7),(1195,3,7),(427,3,10),(433,3,10),(439,3,10),(886,3,10),(607,3,11),(610,3,11),(613,3,11),(892,3,11),(1203,3,25),(1208,3,25),(1213,3,25),(1218,3,25),(1223,3,37),(1232,3,37),(1241,3,37),(1250,3,37),(634,3,38),(637,3,38),(640,3,38),(957,3,38),(703,3,39),(709,3,39),(715,3,39),(960,3,39),(685,3,40),(691,3,40),(697,3,40),(966,3,40),(721,3,41),(727,3,41),(733,3,41),(972,3,41),(646,3,42),(648,3,42),(650,3,42),(373,4,5),(379,4,5),(385,4,5),(859,4,5),(1176,4,7),(1184,4,7),(1192,4,7),(1200,4,7),(409,4,8),(415,4,8),(421,4,8),(878,4,8),(65,4,21),(148,4,21),(238,4,21),(917,4,21),(67,4,22),(150,4,22),(240,4,22),(919,4,22),(1206,4,25),(1211,4,25),(1216,4,25),(1221,4,25),(79,4,27),(160,4,27),(250,4,27),(930,4,27),(1229,4,37),(1238,4,37),(1247,4,37),(1256,4,37),(319,5,2),(325,5,2),(331,5,2),(841,5,2),(355,5,4),(361,5,4),(367,5,4),(853,5,4),(41,5,9),(124,5,9),(214,5,9),(884,5,9),(47,5,12),(130,5,12),(220,5,12),(895,5,12),(49,5,13),(132,5,13),(222,5,13),(897,5,13),(1159,5,15),(1162,5,15),(1165,5,15),(1168,5,15),(445,5,16),(451,5,16),(457,5,16),(903,5,16),(57,5,17),(140,5,17),(230,5,17),(909,5,17),(59,5,18),(142,5,18),(232,5,18),(911,5,18),(61,5,19),(144,5,19),(234,5,19),(913,5,19),(63,5,20),(146,5,20),(236,5,20),(915,5,20),(69,5,23),(152,5,23),(242,5,23),(921,5,23),(71,5,24),(154,5,24),(244,5,24),(923,5,24),(77,5,26),(158,5,26),(248,5,26),(928,5,26),(83,5,29),(164,5,29),(254,5,29),(934,5,29),(85,5,30),(166,5,30),(256,5,30),(936,5,30),(87,5,31),(168,5,31),(258,5,31),(938,5,31),(89,6,32),(170,6,32),(260,6,32),(940,6,32),(91,6,33),(172,6,33),(262,6,33),(942,6,33),(93,6,34),(174,6,34),(264,6,34),(944,6,34),(95,6,35),(176,6,35),(266,6,35),(946,6,35),(97,6,36),(178,6,36),(268,6,36),(948,6,36),(301,7,1),(307,7,1),(313,7,1),(835,7,1),(337,7,3),(343,7,3),(349,7,3),(847,7,3),(391,7,6),(397,7,6),(403,7,6),(865,7,6),(51,7,14),(134,7,14),(224,7,14),(899,7,14),(1160,7,15),(1163,7,15),(1166,7,15),(1169,7,15),(1205,7,25),(1210,7,25),(1215,7,25),(1220,7,25),(81,7,28),(162,7,28),(252,7,28),(932,7,28),(1228,7,37),(1237,7,37),(1246,7,37),(1255,7,37),(305,8,1),(311,8,1),(317,8,1),(839,8,1),(323,8,2),(329,8,2),(335,8,2),(845,8,2),(341,8,3),(347,8,3),(353,8,3),(851,8,3),(359,8,4),(365,8,4),(371,8,4),(857,8,4),(377,8,5),(383,8,5),(389,8,5),(863,8,5),(395,8,6),(401,8,6),(407,8,6),(869,8,6),(1177,8,7),(1185,8,7),(1193,8,7),(1201,8,7),(413,8,8),(419,8,8),(425,8,8),(882,8,8),(431,8,10),(437,8,10),(443,8,10),(890,8,10),(449,8,16),(455,8,16),(461,8,16),(907,8,16),(1230,8,37),(1239,8,37),(1248,8,37),(1257,8,37),(707,8,39),(713,8,39),(719,8,39),(964,8,39),(689,8,40),(695,8,40),(701,8,40),(970,8,40),(725,8,41),(731,8,41),(737,8,41),(976,8,41),(302,9,1),(308,9,1),(314,9,1),(836,9,1),(320,9,2),(326,9,2),(332,9,2),(842,9,2),(338,9,3),(344,9,3),(350,9,3),(848,9,3),(356,9,4),(362,9,4),(368,9,4),(854,9,4),(374,9,5),(380,9,5),(386,9,5),(860,9,5),(392,9,6),(398,9,6),(404,9,6),(866,9,6),(1173,9,7),(1181,9,7),(1189,9,7),(1197,9,7),(410,9,8),(416,9,8),(422,9,8),(879,9,8),(428,9,10),(434,9,10),(440,9,10),(887,9,10),(446,9,16),(452,9,16),(458,9,16),(904,9,16),(1225,9,37),(1234,9,37),(1243,9,37),(1252,9,37),(704,9,39),(710,9,39),(716,9,39),(961,9,39),(686,9,40),(692,9,40),(698,9,40),(967,9,40),(724,9,41),(730,9,41),(736,9,41),(975,9,41),(303,10,1),(309,10,1),(315,10,1),(837,10,1),(321,10,2),(327,10,2),(333,10,2),(843,10,2),(339,10,3),(345,10,3),(351,10,3),(849,10,3),(357,10,4),(363,10,4),(369,10,4),(855,10,4),(375,10,5),(381,10,5),(387,10,5),(861,10,5),(393,10,6),(399,10,6),(405,10,6),(867,10,6),(1174,10,7),(1182,10,7),(1190,10,7),(1198,10,7),(411,10,8),(417,10,8),(423,10,8),(880,10,8),(429,10,10),(435,10,10),(441,10,10),(888,10,10),(447,10,16),(453,10,16),(459,10,16),(905,10,16),(1226,10,37),(1235,10,37),(1244,10,37),(1253,10,37),(705,10,39),(711,10,39),(717,10,39),(962,10,39),(687,10,40),(693,10,40),(699,10,40),(968,10,40),(722,10,41),(728,10,41),(734,10,41),(973,10,41),(304,11,1),(310,11,1),(316,11,1),(838,11,1),(322,11,2),(328,11,2),(334,11,2),(844,11,2),(340,11,3),(346,11,3),(352,11,3),(850,11,3),(358,11,4),(364,11,4),(370,11,4),(856,11,4),(376,11,5),(382,11,5),(388,11,5),(862,11,5),(394,11,6),(400,11,6),(406,11,6),(868,11,6),(1175,11,7),(1183,11,7),(1191,11,7),(1199,11,7),(412,11,8),(418,11,8),(424,11,8),(881,11,8),(430,11,10),(436,11,10),(442,11,10),(889,11,10),(448,11,16),(454,11,16),(460,11,16),(906,11,16),(1227,11,37),(1236,11,37),(1245,11,37),(1254,11,37),(706,11,39),(712,11,39),(718,11,39),(963,11,39),(688,11,40),(694,11,40),(700,11,40),(969,11,40),(723,11,41),(729,11,41),(735,11,41),(974,11,41),(1204,54,25),(1209,54,25),(1214,54,25),(1219,54,25),(1224,54,37),(1233,54,37),(1242,54,37),(1251,54,37),(608,55,11),(611,55,11),(614,55,11),(893,55,11),(635,55,38),(638,55,38),(641,55,38),(958,55,38),(1172,56,7),(1180,56,7),(1188,56,7),(1196,56,7);

--
-- Table structure for table `cataloginventory_stock`
--

CREATE TABLE `cataloginventory_stock` (
  `stock_id` smallint unsigned NOT NULL AUTO_INCREMENT COMMENT 'Stock ID',
  `website_id` smallint unsigned NOT NULL COMMENT 'Website ID',
  `stock_name` varchar(255) DEFAULT NULL COMMENT 'Stock Name',
  PRIMARY KEY (`stock_id`),
  KEY `CATALOGINVENTORY_STOCK_WEBSITE_ID` (`website_id`)
) ENGINE=InnoDB AUTO_INCREMENT=2 DEFAULT CHARSET=utf8 COMMENT='Cataloginventory Stock';

--
-- Dumping data for table `cataloginventory_stock`
--

INSERT INTO `cataloginventory_stock` VALUES (1,0,'Default');

--
-- Table structure for table `cataloginventory_stock_item`
--

CREATE TABLE `cataloginventory_stock_item` (
  `item_id` int unsigned NOT NULL AUTO_INCREMENT COMMENT 'Item ID',
  `product_id` int unsigned NOT NULL DEFAULT '0' COMMENT 'Product ID',
  `stock_id` smallint unsigned NOT NULL DEFAULT '0' COMMENT 'Stock ID',
  `qty` decimal(12,4) DEFAULT NULL COMMENT 'Qty',
  `min_qty` decimal(12,4) NOT NULL DEFAULT '0.0000' COMMENT 'Min Qty',
  `use_config_min_qty` smallint unsigned NOT NULL DEFAULT '1' COMMENT 'Use Config Min Qty',
  `is_qty_decimal` smallint unsigned NOT NULL DEFAULT '0' COMMENT 'Is Qty Decimal',
  `backorders` smallint unsigned NOT NULL DEFAULT '0' COMMENT 'Backorders',
  `use_config_backorders` smallint unsigned NOT NULL DEFAULT '1' COMMENT 'Use Config Backorders',
  `min_sale_qty` decimal(12,4) NOT NULL DEFAULT '1.0000' COMMENT 'Min Sale Qty',
  `use_config_min_sale_qty` smallint unsigned NOT NULL DEFAULT '1' COMMENT 'Use Config Min Sale Qty',
  `max_sale_qty` decimal(12,4) NOT NULL DEFAULT '0.0000' COMMENT 'Max Sale Qty',
  `use_config_max_sale_qty` smallint unsigned NOT NULL DEFAULT '1' COMMENT 'Use Config Max Sale Qty',
  `is_in_stock` smallint unsigned NOT NULL DEFAULT '0' COMMENT 'Is In Stock',
  `low_stock_date` timestamp NULL DEFAULT NULL COMMENT 'Low Stock Date',
  `notify_stock_qty` decimal(12,4) DEFAULT NULL COMMENT 'Notify Stock Qty',
  `use_config_notify_stock_qty` smallint unsigned NOT NULL DEFAULT '1' COMMENT 'Use Config Notify Stock Qty',
  `manage_stock` smallint unsigned NOT NULL DEFAULT '0' COMMENT 'Manage Stock',
  `use_config_manage_stock` smallint unsigned NOT NULL DEFAULT '1' COMMENT 'Use Config Manage Stock',
  `stock_status_changed_auto` smallint unsigned NOT NULL DEFAULT '0' COMMENT 'Stock Status Changed Automatically',
  `use_config_qty_increments` smallint unsigned NOT NULL DEFAULT '1' COMMENT 'Use Config Qty Increments',
  `qty_increments` decimal(12,4) NOT NULL DEFAULT '0.0000' COMMENT 'Qty Increments',
  `use_config_enable_qty_inc` smallint unsigned NOT NULL DEFAULT '1' COMMENT 'Use Config Enable Qty Increments',
  `enable_qty_increments` smallint unsigned NOT NULL DEFAULT '0' COMMENT 'Enable Qty Increments',
  `is_decimal_divided` smallint unsigned NOT NULL DEFAULT '0' COMMENT 'Is Divided into Multiple Boxes for Shipping',
  `website_id` smallint unsigned NOT NULL DEFAULT '0' COMMENT 'Website ID',
  PRIMARY KEY (`item_id`),
  UNIQUE KEY `CATALOGINVENTORY_STOCK_ITEM_PRODUCT_ID_STOCK_ID` (`product_id`,`stock_id`),
  KEY `CATALOGINVENTORY_STOCK_ITEM_WEBSITE_ID` (`website_id`),
  KEY `CATALOGINVENTORY_STOCK_ITEM_WEBSITE_ID_PRODUCT_ID` (`website_id`,`product_id`),
  KEY `CATALOGINVENTORY_STOCK_ITEM_STOCK_ID` (`stock_id`),
  CONSTRAINT `CATINV_STOCK_ITEM_PRD_ID_CAT_PRD_ENTT_ENTT_ID` FOREIGN KEY (`product_id`) REFERENCES `catalog_product_entity` (`entity_id`) ON DELETE CASCADE,
  CONSTRAINT `CATINV_STOCK_ITEM_STOCK_ID_CATINV_STOCK_STOCK_ID` FOREIGN KEY (`stock_id`) REFERENCES `cataloginventory_stock` (`stock_id`) ON DELETE CASCADE
) ENGINE=InnoDB AUTO_INCREMENT=43 DEFAULT CHARSET=utf8 COMMENT='Cataloginventory Stock Item';

--
-- Dumping data for table `cataloginventory_stock_item`
--

INSERT INTO `cataloginventory_stock_item` VALUES (1,1,1,222.0000,0.0000,1,0,0,1,1.0000,1,10000.0000,1,1,NULL,1.0000,1,1,1,0,1,1.0000,1,0,0,0),(2,2,1,222.0000,0.0000,1,0,0,1,1.0000,1,10000.0000,1,1,NULL,1.0000,1,1,1,0,1,1.0000,1,0,0,0),(3,3,1,222.0000,0.0000,1,0,0,1,1.0000,1,10000.0000,1,1,NULL,1.0000,1,1,1,0,1,1.0000,1,0,0,0),(4,4,1,222.0000,0.0000,1,0,0,1,1.0000,1,10000.0000,1,1,NULL,1.0000,1,1,1,0,1,1.0000,1,0,0,0),(5,5,1,222.0000,0.0000,1,0,0,1,1.0000,1,10000.0000,1,1,NULL,1.0000,1,1,1,0,1,1.0000,1,0,0,0),(6,6,1,222.0000,0.0000,1,0,0,1,1.0000,1,10000.0000,1,1,NULL,1.0000,1,1,1,0,1,1.0000,1,0,0,0),(7,7,1,22.0000,0.0000,1,0,0,1,1.0000,1,10000.0000,1,1,NULL,1.0000,1,1,1,0,1,1.0000,1,0,0,0),(8,8,1,33.0000,0.0000,1,0,0,1,1.0000,1,10000.0000,1,1,NULL,1.0000,1,1,1,0,1,1.0000,1,0,0,0),(9,9,1,42.0000,0.0000,1,0,0,1,1.0000,1,10000.0000,1,1,NULL,1.0000,1,1,1,0,1,1.0000,1,0,0,0),(10,10,1,28.0000,0.0000,1,0,0,1,1.0000,1,10000.0000,1,1,NULL,1.0000,1,1,1,0,1,1.0000,1,0,0,0),(11,11,1,23.0000,0.0000,1,0,0,1,1.0000,1,10000.0000,1,1,NULL,1.0000,1,1,1,0,1,1.0000,1,0,0,0),(12,12,1,12.0000,0.0000,1,0,0,1,1.0000,1,10000.0000,1,1,NULL,1.0000,1,1,1,0,1,1.0000,1,0,0,0),(13,13,1,32.0000,0.0000,1,0,0,1,1.0000,1,10000.0000,1,1,NULL,1.0000,1,1,1,0,1,1.0000,1,0,0,0),(14,14,1,124.0000,0.0000,1,0,0,1,1.0000,1,10000.0000,1,1,NULL,1.0000,1,1,1,0,1,1.0000,1,0,0,0),(15,15,1,32.0000,0.0000,1,0,0,1,1.0000,1,10000.0000,1,1,NULL,1.0000,1,1,1,0,1,1.0000,1,0,0,0),(16,16,1,45.0000,0.0000,1,0,0,1,1.0000,1,10000.0000,1,1,NULL,1.0000,1,1,1,0,1,1.0000,1,0,0,0),(17,17,1,42.0000,0.0000,1,0,0,1,1.0000,1,10000.0000,1,1,NULL,1.0000,1,1,1,0,1,1.0000,1,0,0,0),(18,18,1,30.0000,0.0000,1,0,0,1,1.0000,1,10000.0000,1,1,NULL,1.0000,1,1,1,0,1,1.0000,1,0,0,0),(19,19,1,54.0000,0.0000,1,0,0,1,1.0000,1,10000.0000,1,1,NULL,1.0000,1,1,1,0,1,1.0000,1,0,0,0),(20,20,1,32.0000,0.0000,1,0,0,1,1.0000,1,10000.0000,1,1,NULL,1.0000,1,1,1,0,1,1.0000,1,0,0,0),(21,21,1,25.0000,0.0000,1,0,0,1,1.0000,1,10000.0000,1,1,NULL,1.0000,1,1,1,0,1,1.0000,1,0,0,0),(22,22,1,35.0000,0.0000,1,0,0,1,1.0000,1,10000.0000,1,1,NULL,1.0000,1,1,1,0,1,1.0000,1,0,0,0),(23,23,1,36.0000,0.0000,1,0,0,1,1.0000,1,10000.0000,1,1,NULL,1.0000,1,1,1,0,1,1.0000,1,0,0,0),(24,24,1,36.0000,0.0000,1,0,0,1,1.0000,1,10000.0000,1,1,NULL,1.0000,1,1,1,0,1,1.0000,1,0,0,0),(25,25,1,363.0000,0.0000,1,0,0,1,1.0000,1,10000.0000,1,1,NULL,1.0000,1,1,1,0,1,1.0000,1,0,0,0),(26,26,1,30.0000,0.0000,1,0,0,1,1.0000,1,10000.0000,1,1,NULL,1.0000,1,1,1,0,1,1.0000,1,0,0,0),(27,27,1,20.0000,0.0000,1,0,0,1,1.0000,1,10000.0000,1,1,NULL,1.0000,1,1,1,0,1,1.0000,1,0,0,0),(28,28,1,32.0000,0.0000,1,0,0,1,1.0000,1,10000.0000,1,1,NULL,1.0000,1,1,1,0,1,1.0000,1,0,0,0),(29,29,1,20.0000,0.0000,1,0,0,1,1.0000,1,10000.0000,1,1,NULL,1.0000,1,1,1,0,1,1.0000,1,0,0,0),(30,30,1,21.0000,0.0000,1,0,0,1,1.0000,1,10000.0000,1,1,NULL,1.0000,1,1,1,0,1,1.0000,1,0,0,0),(31,31,1,232.0000,0.0000,1,0,0,1,1.0000,1,10000.0000,1,1,NULL,1.0000,1,1,1,0,1,1.0000,1,0,0,0),(32,32,1,222.0000,0.0000,1,0,0,1,1.0000,1,10000.0000,1,1,NULL,1.0000,1,1,1,0,1,1.0000,1,0,0,0),(33,33,1,220.0000,0.0000,1,0,0,1,1.0000,1,10000.0000,1,1,NULL,1.0000,1,1,1,0,1,1.0000,1,0,0,0),(34,34,1,300.0000,0.0000,1,0,0,1,1.0000,1,10000.0000,1,1,NULL,1.0000,1,1,1,0,1,1.0000,1,0,0,0),(35,35,1,33.0000,0.0000,1,0,0,1,1.0000,1,10000.0000,1,1,NULL,1.0000,1,1,1,0,1,1.0000,1,0,0,0),(36,36,1,54.0000,0.0000,1,0,0,1,1.0000,1,10000.0000,1,1,NULL,1.0000,1,1,1,0,1,1.0000,1,0,0,0),(37,37,1,300.0000,0.0000,1,0,0,1,1.0000,1,10000.0000,1,1,NULL,1.0000,1,1,1,0,1,1.0000,1,0,0,0),(38,38,1,20.0000,0.0000,1,0,0,1,1.0000,1,10000.0000,1,1,NULL,1.0000,1,1,1,0,1,1.0000,1,0,0,0),(39,39,1,20.0000,0.0000,1,0,0,1,1.0000,1,10000.0000,1,1,NULL,1.0000,1,1,1,0,1,1.0000,1,0,0,0),(40,40,1,20.0000,0.0000,1,0,0,1,1.0000,1,10000.0000,1,1,NULL,1.0000,1,1,1,0,1,1.0000,1,0,0,0),(41,41,1,20.0000,0.0000,1,0,0,1,1.0000,1,10000.0000,1,1,NULL,1.0000,1,1,1,0,1,1.0000,1,0,0,0),(42,42,1,0.0000,0.0000,1,0,0,1,1.0000,1,10000.0000,1,1,NULL,1.0000,1,1,1,0,1,1.0000,1,0,0,0);

--
-- Table structure for table `cataloginventory_stock_status`
--

CREATE TABLE `cataloginventory_stock_status` (
  `product_id` int unsigned NOT NULL COMMENT 'Product ID',
  `website_id` smallint unsigned NOT NULL COMMENT 'Website ID',
  `stock_id` smallint unsigned NOT NULL COMMENT 'Stock ID',
  `qty` decimal(12,4) NOT NULL DEFAULT '0.0000' COMMENT 'Qty',
  `stock_status` smallint unsigned NOT NULL COMMENT 'Stock Status',
  PRIMARY KEY (`product_id`,`website_id`,`stock_id`),
  KEY `CATALOGINVENTORY_STOCK_STATUS_STOCK_ID` (`stock_id`),
  KEY `CATALOGINVENTORY_STOCK_STATUS_WEBSITE_ID` (`website_id`),
  KEY `CATALOGINVENTORY_STOCK_STATUS_STOCK_STATUS` (`stock_status`)
) ENGINE=InnoDB DEFAULT CHARSET=utf8 COMMENT='Cataloginventory Stock Status';

--
-- Dumping data for table `cataloginventory_stock_status`
--

INSERT INTO `cataloginventory_stock_status` VALUES (1,0,1,222.0000,1),(2,0,1,222.0000,1),(3,0,1,222.0000,1),(4,0,1,222.0000,1),(5,0,1,222.0000,1),(6,0,1,222.0000,1),(7,0,1,22.0000,1),(8,0,1,33.0000,1),(9,0,1,42.0000,1),(10,0,1,28.0000,1),(11,0,1,23.0000,1),(12,0,1,12.0000,1),(13,0,1,32.0000,1),(14,0,1,124.0000,1),(15,0,1,32.0000,1),(16,0,1,45.0000,1),(17,0,1,42.0000,1),(18,0,1,30.0000,1),(19,0,1,54.0000,1),(20,0,1,32.0000,1),(21,0,1,25.0000,1),(22,0,1,35.0000,1),(23,0,1,36.0000,1),(24,0,1,36.0000,1),(25,0,1,363.0000,1),(26,0,1,30.0000,1),(27,0,1,20.0000,1),(28,0,1,32.0000,1),(29,0,1,20.0000,1),(30,0,1,21.0000,1),(31,0,1,232.0000,1),(32,0,1,222.0000,1),(33,0,1,220.0000,1),(34,0,1,300.0000,1),(35,0,1,33.0000,1),(36,0,1,54.0000,1),(37,0,1,300.0000,1),(38,0,1,20.0000,1),(39,0,1,20.0000,1),(40,0,1,20.0000,1),(41,0,1,20.0000,1),(42,0,1,0.0000,1);

--
-- Table structure for table `cataloginventory_stock_status_idx`
--

CREATE TABLE `cataloginventory_stock_status_idx` (
  `product_id` int unsigned NOT NULL COMMENT 'Product ID',
  `website_id` smallint unsigned NOT NULL COMMENT 'Website ID',
  `stock_id` smallint unsigned NOT NULL COMMENT 'Stock ID',
  `qty` decimal(12,4) NOT NULL DEFAULT '0.0000' COMMENT 'Qty',
  `stock_status` smallint unsigned NOT NULL COMMENT 'Stock Status',
  PRIMARY KEY (`product_id`,`website_id`,`stock_id`),
  KEY `CATALOGINVENTORY_STOCK_STATUS_IDX_STOCK_ID` (`stock_id`),
  KEY `CATALOGINVENTORY_STOCK_STATUS_IDX_WEBSITE_ID` (`website_id`)
) ENGINE=InnoDB DEFAULT CHARSET=utf8 COMMENT='Cataloginventory Stock Status Indexer Idx';

--
-- Dumping data for table `cataloginventory_stock_status_idx`
--


--
-- Table structure for table `cataloginventory_stock_status_replica`
--

CREATE TABLE `cataloginventory_stock_status_replica` (
  `product_id` int unsigned NOT NULL COMMENT 'Product ID',
  `website_id` smallint unsigned NOT NULL COMMENT 'Website ID',
  `stock_id` smallint unsigned NOT NULL COMMENT 'Stock ID',
  `qty` decimal(12,4) NOT NULL DEFAULT '0.0000' COMMENT 'Qty',
  `stock_status` smallint unsigned NOT NULL COMMENT 'Stock Status',
  PRIMARY KEY (`product_id`,`website_id`,`stock_id`),
  KEY `CATALOGINVENTORY_STOCK_STATUS_STOCK_ID` (`stock_id`),
  KEY `CATALOGINVENTORY_STOCK_STATUS_WEBSITE_ID` (`website_id`),
  KEY `CATALOGINVENTORY_STOCK_STATUS_STOCK_STATUS` (`stock_status`)
) ENGINE=InnoDB DEFAULT CHARSET=utf8 COMMENT='Cataloginventory Stock Status';

--
-- Dumping data for table `cataloginventory_stock_status_replica`
--

INSERT INTO `cataloginventory_stock_status_replica` VALUES (1,0,1,222.0000,1),(2,0,1,222.0000,1),(3,0,1,222.0000,1),(4,0,1,222.0000,1),(5,0,1,222.0000,1),(6,0,1,222.0000,1),(7,0,1,22.0000,1),(8,0,1,33.0000,1),(9,0,1,42.0000,1),(10,0,1,28.0000,1),(11,0,1,23.0000,1),(12,0,1,12.0000,1),(13,0,1,32.0000,1),(14,0,1,124.0000,1),(15,0,1,32.0000,1),(16,0,1,45.0000,1),(17,0,1,42.0000,1),(18,0,1,30.0000,1),(19,0,1,54.0000,1),(20,0,1,32.0000,1),(21,0,1,25.0000,1),(22,0,1,35.0000,1),(23,0,1,36.0000,1),(24,0,1,36.0000,1),(25,0,1,363.0000,1),(26,0,1,30.0000,1),(27,0,1,20.0000,1),(28,0,1,32.0000,1),(29,0,1,20.0000,1),(30,0,1,21.0000,1),(31,0,1,232.0000,1),(32,0,1,222.0000,1),(33,0,1,220.0000,1),(34,0,1,300.0000,1),(35,0,1,33.0000,1),(36,0,1,54.0000,1),(37,0,1,300.0000,1),(38,0,1,20.0000,1),(39,0,1,20.0000,1),(40,0,1,20.0000,1),(41,0,1,20.0000,1),(42,0,1,0.0000,1);

--
-- Table structure for table `cataloginventory_stock_status_tmp`
--

CREATE TABLE `cataloginventory_stock_status_tmp` (
  `product_id` int unsigned NOT NULL COMMENT 'Product ID',
  `website_id` smallint unsigned NOT NULL COMMENT 'Website ID',
  `stock_id` smallint unsigned NOT NULL COMMENT 'Stock ID',
  `qty` decimal(12,4) NOT NULL DEFAULT '0.0000' COMMENT 'Qty',
  `stock_status` smallint unsigned NOT NULL COMMENT 'Stock Status',
  PRIMARY KEY (`product_id`,`website_id`,`stock_id`),
  KEY `CATALOGINVENTORY_STOCK_STATUS_TMP_STOCK_ID` (`stock_id`),
  KEY `CATALOGINVENTORY_STOCK_STATUS_TMP_WEBSITE_ID` (`website_id`)
) ENGINE=InnoDB DEFAULT CHARSET=utf8 COMMENT='Cataloginventory Stock Status Indexer Tmp';

--
-- Dumping data for table `cataloginventory_stock_status_tmp`
--


--
-- Table structure for table `catalogrule`
--

CREATE TABLE `catalogrule` (
  `rule_id` int unsigned NOT NULL AUTO_INCREMENT COMMENT 'Entity ID',
  `name` varchar(255) DEFAULT NULL COMMENT 'Name',
  `description` text COMMENT 'Description',
  `from_date` date DEFAULT NULL COMMENT 'From',
  `to_date` date DEFAULT NULL COMMENT 'To',
  `is_active` smallint NOT NULL DEFAULT '0' COMMENT 'Is Active',
  `conditions_serialized` mediumtext COMMENT 'Conditions Serialized',
  `actions_serialized` mediumtext COMMENT 'Actions Serialized',
  `stop_rules_processing` smallint NOT NULL DEFAULT '1' COMMENT 'Stop Rules Processing',
  `sort_order` int unsigned NOT NULL DEFAULT '0' COMMENT 'Sort Order',
  `simple_action` varchar(32) DEFAULT NULL COMMENT 'Simple Action',
  `discount_amount` decimal(20,6) NOT NULL DEFAULT '0.000000' COMMENT 'Discount Amount',
  PRIMARY KEY (`rule_id`),
  KEY `CATALOGRULE_IS_ACTIVE_SORT_ORDER_TO_DATE_FROM_DATE` (`is_active`,`sort_order`,`to_date`,`from_date`)
) ENGINE=InnoDB DEFAULT CHARSET=utf8 COMMENT='CatalogRule';

--
-- Dumping data for table `catalogrule`
--


--
-- Table structure for table `catalogrule_customer_group`
--

CREATE TABLE `catalogrule_customer_group` (
  `rule_id` int unsigned NOT NULL COMMENT 'Rule ID',
  `customer_group_id` int unsigned NOT NULL COMMENT 'Customer Group ID',
  PRIMARY KEY (`rule_id`,`customer_group_id`),
  KEY `CATALOGRULE_CUSTOMER_GROUP_CUSTOMER_GROUP_ID` (`customer_group_id`),
  CONSTRAINT `CATALOGRULE_CUSTOMER_GROUP_RULE_ID_CATALOGRULE_RULE_ID` FOREIGN KEY (`rule_id`) REFERENCES `catalogrule` (`rule_id`) ON DELETE CASCADE,
  CONSTRAINT `CATRULE_CSTR_GROUP_CSTR_GROUP_ID_CSTR_GROUP_CSTR_GROUP_ID` FOREIGN KEY (`customer_group_id`) REFERENCES `customer_group` (`customer_group_id`) ON DELETE CASCADE
) ENGINE=InnoDB DEFAULT CHARSET=utf8 COMMENT='Catalog Rules To Customer Groups Relations';

--
-- Dumping data for table `catalogrule_customer_group`
--


--
-- Table structure for table `catalogrule_group_website`
--

CREATE TABLE `catalogrule_group_website` (
  `rule_id` int unsigned NOT NULL DEFAULT '0' COMMENT 'Rule ID',
  `customer_group_id` int unsigned NOT NULL DEFAULT '0' COMMENT 'Customer Group ID',
  `website_id` smallint unsigned NOT NULL DEFAULT '0' COMMENT 'Website ID',
  PRIMARY KEY (`rule_id`,`customer_group_id`,`website_id`),
  KEY `CATALOGRULE_GROUP_WEBSITE_CUSTOMER_GROUP_ID` (`customer_group_id`),
  KEY `CATALOGRULE_GROUP_WEBSITE_WEBSITE_ID` (`website_id`)
) ENGINE=InnoDB DEFAULT CHARSET=utf8 COMMENT='CatalogRule Group Website';

--
-- Dumping data for table `catalogrule_group_website`
--


--
-- Table structure for table `catalogrule_group_website_replica`
--

CREATE TABLE `catalogrule_group_website_replica` (
  `rule_id` int unsigned NOT NULL DEFAULT '0' COMMENT 'Rule ID',
  `customer_group_id` int unsigned NOT NULL DEFAULT '0' COMMENT 'Customer Group ID',
  `website_id` smallint unsigned NOT NULL DEFAULT '0' COMMENT 'Website ID',
  PRIMARY KEY (`rule_id`,`customer_group_id`,`website_id`),
  KEY `CATALOGRULE_GROUP_WEBSITE_CUSTOMER_GROUP_ID` (`customer_group_id`),
  KEY `CATALOGRULE_GROUP_WEBSITE_WEBSITE_ID` (`website_id`)
) ENGINE=InnoDB DEFAULT CHARSET=utf8 COMMENT='CatalogRule Group Website';

--
-- Dumping data for table `catalogrule_group_website_replica`
--


--
-- Table structure for table `catalogrule_product`
--

CREATE TABLE `catalogrule_product` (
  `rule_product_id` int unsigned NOT NULL AUTO_INCREMENT COMMENT 'Rule Product ID',
  `rule_id` int unsigned NOT NULL DEFAULT '0' COMMENT 'Rule ID',
  `from_time` int unsigned NOT NULL DEFAULT '0' COMMENT 'From Time',
  `to_time` int unsigned NOT NULL DEFAULT '0' COMMENT 'To time',
  `customer_group_id` int DEFAULT NULL,
  `product_id` int unsigned NOT NULL DEFAULT '0' COMMENT 'Product ID',
  `action_operator` varchar(10) DEFAULT 'to_fixed' COMMENT 'Action Operator',
  `action_amount` decimal(20,6) NOT NULL DEFAULT '0.000000' COMMENT 'Action Amount',
  `action_stop` smallint NOT NULL DEFAULT '0' COMMENT 'Action Stop',
  `sort_order` int unsigned NOT NULL DEFAULT '0' COMMENT 'Sort Order',
  `website_id` smallint unsigned NOT NULL COMMENT 'Website ID',
  PRIMARY KEY (`rule_product_id`),
  UNIQUE KEY `UNQ_EAA51B56FF092A0DCB795D1CEF812B7B` (`rule_id`,`from_time`,`to_time`,`website_id`,`customer_group_id`,`product_id`,`sort_order`),
  KEY `CATALOGRULE_PRODUCT_CUSTOMER_GROUP_ID` (`customer_group_id`),
  KEY `CATALOGRULE_PRODUCT_WEBSITE_ID` (`website_id`),
  KEY `CATALOGRULE_PRODUCT_FROM_TIME` (`from_time`),
  KEY `CATALOGRULE_PRODUCT_TO_TIME` (`to_time`),
  KEY `CATALOGRULE_PRODUCT_PRODUCT_ID` (`product_id`)
) ENGINE=InnoDB DEFAULT CHARSET=utf8 COMMENT='CatalogRule Product';

--
-- Dumping data for table `catalogrule_product`
--


--
-- Table structure for table `catalogrule_product_price`
--

CREATE TABLE `catalogrule_product_price` (
  `rule_product_price_id` int unsigned NOT NULL AUTO_INCREMENT COMMENT 'Rule Product PriceId',
  `rule_date` date NOT NULL COMMENT 'Rule Date',
  `customer_group_id` int DEFAULT NULL,
  `product_id` int unsigned NOT NULL DEFAULT '0' COMMENT 'Product ID',
  `rule_price` decimal(20,6) NOT NULL DEFAULT '0.000000' COMMENT 'Rule Price',
  `website_id` smallint unsigned NOT NULL COMMENT 'Website ID',
  `latest_start_date` date DEFAULT NULL COMMENT 'Latest StartDate',
  `earliest_end_date` date DEFAULT NULL COMMENT 'Earliest EndDate',
  PRIMARY KEY (`rule_product_price_id`),
  UNIQUE KEY `CATRULE_PRD_PRICE_RULE_DATE_WS_ID_CSTR_GROUP_ID_PRD_ID` (`rule_date`,`website_id`,`customer_group_id`,`product_id`),
  KEY `CATALOGRULE_PRODUCT_PRICE_CUSTOMER_GROUP_ID` (`customer_group_id`),
  KEY `CATALOGRULE_PRODUCT_PRICE_WEBSITE_ID` (`website_id`),
  KEY `CATALOGRULE_PRODUCT_PRICE_PRODUCT_ID` (`product_id`)
) ENGINE=InnoDB DEFAULT CHARSET=utf8 COMMENT='CatalogRule Product Price';

--
-- Dumping data for table `catalogrule_product_price`
--


--
-- Table structure for table `catalogrule_product_price_replica`
--

CREATE TABLE `catalogrule_product_price_replica` (
  `rule_product_price_id` int unsigned NOT NULL AUTO_INCREMENT COMMENT 'Rule Product PriceId',
  `rule_date` date NOT NULL COMMENT 'Rule Date',
  `customer_group_id` int DEFAULT NULL,
  `product_id` int unsigned NOT NULL DEFAULT '0' COMMENT 'Product ID',
  `rule_price` decimal(20,6) NOT NULL DEFAULT '0.000000' COMMENT 'Rule Price',
  `website_id` smallint unsigned NOT NULL COMMENT 'Website ID',
  `latest_start_date` date DEFAULT NULL COMMENT 'Latest StartDate',
  `earliest_end_date` date DEFAULT NULL COMMENT 'Earliest EndDate',
  PRIMARY KEY (`rule_product_price_id`),
  UNIQUE KEY `CATRULE_PRD_PRICE_RULE_DATE_WS_ID_CSTR_GROUP_ID_PRD_ID` (`rule_date`,`website_id`,`customer_group_id`,`product_id`),
  KEY `CATALOGRULE_PRODUCT_PRICE_CUSTOMER_GROUP_ID` (`customer_group_id`),
  KEY `CATALOGRULE_PRODUCT_PRICE_WEBSITE_ID` (`website_id`),
  KEY `CATALOGRULE_PRODUCT_PRICE_PRODUCT_ID` (`product_id`)
) ENGINE=InnoDB DEFAULT CHARSET=utf8 COMMENT='CatalogRule Product Price';

--
-- Dumping data for table `catalogrule_product_price_replica`
--


--
-- Table structure for table `catalogrule_product_replica`
--

CREATE TABLE `catalogrule_product_replica` (
  `rule_product_id` int unsigned NOT NULL AUTO_INCREMENT COMMENT 'Rule Product ID',
  `rule_id` int unsigned NOT NULL DEFAULT '0' COMMENT 'Rule ID',
  `from_time` int unsigned NOT NULL DEFAULT '0' COMMENT 'From Time',
  `to_time` int unsigned NOT NULL DEFAULT '0' COMMENT 'To time',
  `customer_group_id` int DEFAULT NULL,
  `product_id` int unsigned NOT NULL DEFAULT '0' COMMENT 'Product ID',
  `action_operator` varchar(10) DEFAULT 'to_fixed' COMMENT 'Action Operator',
  `action_amount` decimal(20,6) NOT NULL DEFAULT '0.000000' COMMENT 'Action Amount',
  `action_stop` smallint NOT NULL DEFAULT '0' COMMENT 'Action Stop',
  `sort_order` int unsigned NOT NULL DEFAULT '0' COMMENT 'Sort Order',
  `website_id` smallint unsigned NOT NULL COMMENT 'Website ID',
  PRIMARY KEY (`rule_product_id`),
  UNIQUE KEY `UNQ_EAA51B56FF092A0DCB795D1CEF812B7B` (`rule_id`,`from_time`,`to_time`,`website_id`,`customer_group_id`,`product_id`,`sort_order`),
  KEY `CATALOGRULE_PRODUCT_CUSTOMER_GROUP_ID` (`customer_group_id`),
  KEY `CATALOGRULE_PRODUCT_WEBSITE_ID` (`website_id`),
  KEY `CATALOGRULE_PRODUCT_FROM_TIME` (`from_time`),
  KEY `CATALOGRULE_PRODUCT_TO_TIME` (`to_time`),
  KEY `CATALOGRULE_PRODUCT_PRODUCT_ID` (`product_id`)
) ENGINE=InnoDB DEFAULT CHARSET=utf8 COMMENT='CatalogRule Product';

--
-- Dumping data for table `catalogrule_product_replica`
--


--
-- Table structure for table `catalogrule_website`
--

CREATE TABLE `catalogrule_website` (
  `rule_id` int unsigned NOT NULL COMMENT 'Rule ID',
  `website_id` smallint unsigned NOT NULL COMMENT 'Website ID',
  PRIMARY KEY (`rule_id`,`website_id`),
  KEY `CATALOGRULE_WEBSITE_WEBSITE_ID` (`website_id`),
  CONSTRAINT `CATALOGRULE_WEBSITE_RULE_ID_CATALOGRULE_RULE_ID` FOREIGN KEY (`rule_id`) REFERENCES `catalogrule` (`rule_id`) ON DELETE CASCADE,
  CONSTRAINT `CATALOGRULE_WEBSITE_WEBSITE_ID_STORE_WEBSITE_WEBSITE_ID` FOREIGN KEY (`website_id`) REFERENCES `store_website` (`website_id`) ON DELETE CASCADE
) ENGINE=InnoDB DEFAULT CHARSET=utf8 COMMENT='Catalog Rules To Websites Relations';

--
-- Dumping data for table `catalogrule_website`
--


--
-- Table structure for table `catalogsearch_recommendations`
--

CREATE TABLE `catalogsearch_recommendations` (
  `id` int unsigned NOT NULL AUTO_INCREMENT COMMENT 'ID',
  `query_id` int unsigned NOT NULL DEFAULT '0' COMMENT 'Query ID',
  `relation_id` int unsigned NOT NULL DEFAULT '0' COMMENT 'Relation ID',
  PRIMARY KEY (`id`),
  KEY `CATALOGSEARCH_RECOMMENDATIONS_QUERY_ID_SEARCH_QUERY_QUERY_ID` (`query_id`),
  KEY `CATALOGSEARCH_RECOMMENDATIONS_RELATION_ID_SEARCH_QUERY_QUERY_ID` (`relation_id`),
  CONSTRAINT `CATALOGSEARCH_RECOMMENDATIONS_QUERY_ID_SEARCH_QUERY_QUERY_ID` FOREIGN KEY (`query_id`) REFERENCES `search_query` (`query_id`) ON DELETE CASCADE,
  CONSTRAINT `CATALOGSEARCH_RECOMMENDATIONS_RELATION_ID_SEARCH_QUERY_QUERY_ID` FOREIGN KEY (`relation_id`) REFERENCES `search_query` (`query_id`) ON DELETE CASCADE
) ENGINE=InnoDB DEFAULT CHARSET=utf8 COMMENT='Advanced Search Recommendations';

--
-- Dumping data for table `catalogsearch_recommendations`
--


--
-- Table structure for table `checkout_agreement`
--

CREATE TABLE `checkout_agreement` (
  `agreement_id` int unsigned NOT NULL AUTO_INCREMENT COMMENT 'Agreement ID',
  `name` varchar(255) DEFAULT NULL COMMENT 'Name',
  `content` text COMMENT 'Content',
  `content_height` varchar(25) DEFAULT NULL COMMENT 'Content Height',
  `checkbox_text` text COMMENT 'Checkbox Text',
  `is_active` smallint NOT NULL DEFAULT '0' COMMENT 'Is Active',
  `is_html` smallint NOT NULL DEFAULT '0' COMMENT 'Is Html',
  `mode` smallint NOT NULL DEFAULT '0' COMMENT 'Applied mode',
  PRIMARY KEY (`agreement_id`)
) ENGINE=InnoDB DEFAULT CHARSET=utf8 COMMENT='Checkout Agreement';

--
-- Dumping data for table `checkout_agreement`
--


--
-- Table structure for table `checkout_agreement_store`
--

CREATE TABLE `checkout_agreement_store` (
  `agreement_id` int unsigned NOT NULL COMMENT 'Agreement ID',
  `store_id` smallint unsigned NOT NULL COMMENT 'Store ID',
  PRIMARY KEY (`agreement_id`,`store_id`),
  KEY `CHECKOUT_AGREEMENT_STORE_STORE_ID_STORE_STORE_ID` (`store_id`),
  CONSTRAINT `CHECKOUT_AGREEMENT_STORE_STORE_ID_STORE_STORE_ID` FOREIGN KEY (`store_id`) REFERENCES `store` (`store_id`) ON DELETE CASCADE,
  CONSTRAINT `CHKT_AGRT_STORE_AGRT_ID_CHKT_AGRT_AGRT_ID` FOREIGN KEY (`agreement_id`) REFERENCES `checkout_agreement` (`agreement_id`) ON DELETE CASCADE
) ENGINE=InnoDB DEFAULT CHARSET=utf8 COMMENT='Checkout Agreement Store';

--
-- Dumping data for table `checkout_agreement_store`
--


--
-- Table structure for table `cms_block`
--

CREATE TABLE `cms_block` (
  `block_id` smallint NOT NULL AUTO_INCREMENT COMMENT 'Entity ID',
  `title` varchar(255) NOT NULL COMMENT 'Block Title',
  `identifier` varchar(255) NOT NULL COMMENT 'Block String Identifier',
  `content` mediumtext COMMENT 'Block Content',
  `creation_time` timestamp NOT NULL DEFAULT CURRENT_TIMESTAMP COMMENT 'Block Creation Time',
  `update_time` timestamp NOT NULL DEFAULT CURRENT_TIMESTAMP ON UPDATE CURRENT_TIMESTAMP COMMENT 'Block Modification Time',
  `is_active` smallint NOT NULL DEFAULT '1' COMMENT 'Is Block Active',
  PRIMARY KEY (`block_id`),
  KEY `CMS_BLOCK_IDENTIFIER` (`identifier`),
  FULLTEXT KEY `CMS_BLOCK_TITLE_IDENTIFIER_CONTENT` (`title`,`identifier`,`content`)
) ENGINE=InnoDB AUTO_INCREMENT=43 DEFAULT CHARSET=utf8 COMMENT='CMS Block Table';

--
-- Dumping data for table `cms_block`
--

INSERT INTO `cms_block` VALUES (1,'Theme - Megamenu Horizontal Config','megamenu-horizontal','<div class=\"horizontal-menu\">{{block class=\"Sm\\MegaMenu\\Block\\MegaMenu\\View\" template=\"Sm_MegaMenu::horizontal.phtml\" theme=\"1\" group_id=\"1\"}}</div>','2021-06-03 09:53:06','2021-06-03 09:53:06',1),(2,'Theme - Megamenu Vertical Config','megamenu-vertical','<div class=\"vertical-menu\">{{block class=\"Sm\\MegaMenu\\Block\\MegaMenu\\View\" template=\"Sm_MegaMenu::vertical.phtml\" theme=\"2\" group_id=\"2\" title=\"All Departments\"}}</div>','2021-06-03 09:53:06','2021-06-08 10:03:24',1),(3,'Ego - Link Header Top','link-header-top','<div class=\"link-header-top\">\r\n<ul>\r\n<li><a href=\"#\">(+888) 9434 666 888</a></li>\r\n<li><a href=\"#\">FAQs</a></li>\r\n<li><a href=\"#\">Tracking Orders</a></li>\r\n</ul>\r\n</div>','2021-06-03 09:53:06','2021-06-07 10:14:22',1),(4,'Ego - Footer 1 Content','footer-1-content','<div class=\"footer-top\">\r\n    <div class=\"container\">\r\n        <div class=\"row\">\r\n            <div class=\"col-lg-4\">\r\n                <div class=\"footer-block footer-logo\">\r\n                    <div class=\"footer-block-content\">\r\n                        <a href=\"#\"><img src=\"{{media url=\"wysiwyg/icon-image/Logo.png\"}}\" alt=\"logo\" /></a>\r\n                        <p>Lorem ipsum dolor sit amet, consectetur adipiscing elit, sed do<br/>\r\n                            eiusmod tempor incididunt ut labore et dolore magna aliqua.</p>\r\n                    </div>\r\n                </div>\r\n                <div class=\"footer-block footer-numberphone\">\r\n                    <div class=\"footer-block-title\">Got Question? Call us 24/7:</div>\r\n\r\n                    <div class=\"footer-block-content\">\r\n                        <p>(+01) 444 8886 33</p>\r\n                    </div>\r\n                </div>\r\n                <div class=\"footer-block footer-contact-info\">\r\n                    <div class=\"footer-block-title\">Contact Info:</div>\r\n                    <div class=\"footer-block-content\">\r\n                        <p>San Luis Potosis Centro Historico, 78000,<br/>\r\n                        New York, USA</p>\r\n                    </div>\r\n                </div>\r\n\r\n            </div>\r\n\r\n            <div class=\"col-lg-2 col-sm-6\">\r\n                <div class=\"footer-block\">\r\n                    <div class=\"footer-block-title\">Support</div>\r\n\r\n                    <div class=\"footer-block-content\">\r\n                        <ul class=\"links-footer\">\r\n                            <li><a href=\"#\">Contact Us</a></li>\r\n                            <li><a href=\"#\">Returns</a></li>\r\n                            <li><a href=\"#\">Frequently Asked Questions</a></li>\r\n                            <li><a href=\"#\">Privacy</a></li>\r\n                            <li><a href=\"#\">Help</a></li>\r\n                        </ul>\r\n                    </div>\r\n                </div>\r\n            </div>\r\n\r\n            <div class=\"col-lg-2 col-sm-6\">\r\n                <div class=\"footer-block\">\r\n                    <div class=\"footer-block-title\">Quick Links</div>\r\n\r\n                    <div class=\"footer-block-content\">\r\n                        <ul class=\"links-footer\">\r\n                            <li><a href=\"#\">Store Locations & Hours</a></li>\r\n                            <li><a href=\"#\">Payment</a></li>\r\n                            <li><a href=\"#\">Delivery</a></li>\r\n                            <li><a href=\"#\">Returns & Refunds</a></li>\r\n                            <li><a href=\"#\">Secure Shopping</a></li>\r\n                            <li><a href=\"#\">Store Services</a></li>\r\n                        </ul>\r\n                    </div>\r\n                </div>\r\n            </div>\r\n\r\n\r\n            <div class=\"col-lg-4\">\r\n                <div class=\"footer-block\">\r\n                    <div class=\"footer-block-title\">Need help? Call our Award-Wining</div>\r\n\r\n                    <div class=\"footer-block-content\">\r\n                        <div class=\"newsletter-footer\">\r\n                            <div class=\"newsletter-form\">\r\n                                <span>Support customers 24/7, feel free to call: 11-222-3333</span>\r\n                                {{block class=\"Magento\\Newsletter\\Block\\Subscribe\" template=\"subscribe-footer.phtml\"}}\r\n                            </div>\r\n                        </div>\r\n                    </div>\r\n                </div>\r\n\r\n                <div class=\"footer-block\">\r\n                    <div class=\"footer-block-title\">Follow us</div>\r\n\r\n                    <div class=\"footer-block-content\">\r\n                        <div class=\"social-footer\">\r\n                            <ul>\r\n                                <li>\r\n                                    <a href=\"#\">\r\n                                        <span class=\"icon-facebook1\"><span class=\"hidden\">Facebook</span></span>\r\n                                    </a>\r\n                                </li>\r\n                                <li>\r\n                                    <a href=\"#\">\r\n                                        <span class=\"icon-youtube\"><span class=\"hidden\">Youtube</span></span>\r\n                                    </a>\r\n                                </li>\r\n                                <li>\r\n                                    <a href=\"#\">\r\n                                        <span class=\"icon-twitter1\"><span class=\"hidden\">Twitter</span></span>\r\n                                    </a>\r\n                                </li>\r\n\r\n                                <li>\r\n                                    <a href=\"#\">\r\n                                        <span class=\"icon-instagram\"><span class=\"hidden\">Instagram</span></span>\r\n                                    </a>\r\n                                </li>\r\n\r\n                                <li>\r\n                                    <a href=\"#\">\r\n                                        <span class=\"icon-linkedin2\"><span class=\"hidden\">Linkedin2</span></span>\r\n                                    </a>\r\n                                </li>\r\n\r\n                                <li>\r\n                                    <a href=\"#\">\r\n                                        <span class=\"icon-google-plus\"><span class=\"hidden\">Google plus</span></span>\r\n                                    </a>\r\n                                </li>\r\n\r\n                                \r\n                            </ul>\r\n                        </div>\r\n                    </div>\r\n\r\n                </div>\r\n\r\n            </div>\r\n\r\n        </div>\r\n    </div>\r\n</div>','2021-06-03 09:53:07','2021-06-24 04:43:03',1),(5,'Ego - Payment Footer','payment-footer','<div class=\"payment-footer\"><img class=\"mark-lazy\" src=\"{{media url=\"wysiwyg/payment/6-layers.png\"}}\" alt=\"Payment\" width=\"370\" height=\"32\"></div>','2021-06-03 09:53:07','2021-06-17 09:49:50',1),(6,'Ego - Product Megamenu','product-megamenu','<div class=\"product-megamenu hidden-title\">{{block class=\"Sm\\FilterProducts\\Block\\FilterProducts\" template=\"Sm_FilterProducts::product-megamenu.phtml\" title_module=\"HOT PRODUCT\" product_source=\"lastest_products\" select_category=\"7\" product_limitation=\"1\" display_countdown=\"0\"}}</div>','2021-06-03 09:53:07','2021-06-07 04:18:40',1),(7,'Ego - Banner Sidebar','banner-sidebar','<div class=\"banner-image\">\r\n                        <a href=\"#\"><img class=\"mark-lazy\" src=\"{{media url=\"wysiwyg/banner/banner-sidebar.jpg\"}}\"  alt=\"Banner\" /></a>\r\n</div>','2021-06-03 09:53:07','2021-06-18 10:08:06',1),(8,'Ego - Product sidebar','product-sidebar','<div class=\"products-sidebar\">{{block class=\"Sm\\FilterProducts\\Block\\FilterProducts\" template=\"Sm_FilterProducts::list.phtml\" title_module=\"Bestsellers\" product_source=\"featured_products\" select_category=\"\" product_limitation=\"6\" display_countdown=\"0\"}}</div>','2021-06-03 09:53:07','2021-07-21 10:27:13',1),(9,'Ego - Google map','google-map','<div class=\"map\">\n<iframe src=\"https://www.google.com/maps/embed?pb=!1m18!1m12!1m3!1d3151.8352535722393!2d144.95373531573256!3d-37.8173276797518!2m3!1f0!2f0!3f0!3m2!1i1024!2i768!4f13.1!3m3!1m2!1s0x6ad65d4c2b349649%3A0xb6899234e561db11!2sEnvato!5e0!3m2!1svi!2s!4v1558405327045!5m2!1svi!2s\" width=\"600\" height=\"450\" frameborder=\"0\" style=\"border:0\" allowfullscreen></iframe>\n</div>','2021-06-03 09:53:07','2021-06-03 09:53:07',1),(10,'Ego - Contact Us Info','contact-us-info','<div class=\"block-content\">\r\n    <div class=\"bonus-title\">\r\n        <strong>Contact Us</strong>\r\n    </div>\r\n    <div class=\"contact-content\">\r\n        <ul class=\"address-info\">\r\n            <li><span class=\"icon-map-pin\"><!-- --></span>Address: No 40 Baria Sreet 133/2 NewYork City, NY, USD.</li>\r\n            <li><span class=\"icon-mail1\"><!-- --></span>Email: Hidesign@Magentech.com</li>\r\n            <li><span class=\"icon-phone-call\"><!-- --></span>Phone: (800) 1234 8888 - (800) 1234 9999</li>\r\n            <li><span class=\"icon-clock\"><!-- --></span>Open Time: 8:00AM - 6:00PM</li>\r\n        </ul>\r\n        <div class=\"social\">\r\n            <ul>\r\n                <li><a href=\"#\"><span class=\"icon-facebook\"><!-- --></span></a></li>\r\n                <li><a href=\"#\"><span class=\"icon-twitter\"><!-- --></span></a></li>\r\n                <li><a href=\"#\"><span class=\"icon-instagram2\"><!-- --></span></a></li>\r\n                <li><a href=\"#\"><span class=\"icon-youtube1\"><!-- --></span></a></li>\r\n                <li><a href=\"#\"><span class=\"icon-linkedin\"><!-- --></span></a></li>\r\n            </ul>\r\n        </div>\r\n    </div>\r\n</div>','2021-06-03 09:53:07','2021-06-22 09:18:30',1),(11,'Ego - Banner Extend Page','banner-extend-page','<div class=\"extend-banner\">\n<div class=\"row\">\n<div class=\"col-lg-4 col-sm-4 col-4 extend-col\">\n<div class=\"banner-image\"><a href=\"#\"><img src=\"{{media url=\"wysiwyg/banner/extend-1.jpg\"}}\" alt=\"Banner\" width=\"370\" height=\"185\"></a></div>\n</div>\n<div class=\"col-lg-4 col-sm-4 col-4 extend-col\">\n<div class=\"banner-image\"><a href=\"#\"><img src=\"{{media url=\"wysiwyg/banner/extend-2.jpg\"}}\" alt=\"Banner\" width=\"370\" height=\"185\"></a></div>\n</div>\n<div class=\"col-lg-4 col-sm-4 col-4 extend-col\">\n<div class=\"banner-image\"><a href=\"#\"><img src=\"{{media url=\"wysiwyg/banner/extend-3.jpg\"}}\" alt=\"Banner\" width=\"370\" height=\"185\"></a></div>\n</div>\n</div>\n</div>','2021-06-03 09:53:07','2021-06-03 09:53:07',1),(12,'Ego - Mobile Layout Menu Bottom','mobile-layout-menu-bottom','<div class=\"block-bottom\">\n    <a class=\"button-sticky-bottom button-no-dropdown\" href=\"{{store url=\"\"}}under-price\">\n        <em class=\"icon-gift1\" style=\"font-size: 18px;\">\n            <span class=\"hidden\">Deals</span>\n        </em>\n        <span class=\"title-menu\">Deals</span>\n    </a>\n</div>\n<div class=\"block-bottom\">\n    <a class=\"button-sticky-bottom button-no-dropdown\" href=\"#\">\n        <em class=\"icon-map-pin\" style=\"font-size: 18px;\">\n            <span class=\"hidden\">Location</span>\n        </em>\n        <span class=\"title-menu\">Location</span>\n    </a>\n</div>','2021-06-03 09:53:07','2021-06-03 09:53:07',1),(13,'Ego - Footer Mobile','footer-mobile','<div class=\"footer-top\">\n<div class=\"container\">\n<div class=\"support-mobile\">\n<ul class=\"clearfix\">\n<li class=\"phone-mobile\"><a href=\"tel:(+1) 1900 456 789\">(+1) 1900 456 789</a></li>\n<li class=\"email-mobile\"><a href=\"mailto:info@example.com\">info@example.com</a></li>\n</ul>\n</div>\n</div>\n</div>\n<div class=\"footer-block\">\n<div class=\"container\">\n<div class=\"ft-mobile-block\">\n<div class=\"block-title\">About Us</div>\n<div class=\"block-content\">\n<ul>\n<li><strong>Address: </strong>5611 Wellington Road, Suite 115, Gainesville, VA 20155</li>\n<li><strong>Phone: </strong><a href=\"tel:(+888) 1900 456 789\">(+888) 1900 456 789</a></li>\n<li><strong>Email: </strong><a href=\"mailto:info@example.com\">info@example.com</a></li>\n</ul>\n</div>\n</div>\n<div class=\"ft-mobile-block\">\n<div class=\"block-title\">Contact Us</div>\n<div class=\"block-content\">\n<ul>\n<li><a href=\"#\">Contact Us</a></li>\n<li><a href=\"#\">FAQs</a></li>\n<li><a href=\"#\">Gift Card</a></li>\n<li><a href=\"#\">Egoplace</a></li>\n<li><a href=\"#\">Affiliate</a></li>\n<li><a href=\"#\">Get Discount</a></li>\n</ul>\n</div>\n</div>\n<div class=\"ft-mobile-block\">\n<div class=\"block-title\">Information</div>\n<div class=\"block-content\">\n<ul>\n<li><a href=\"#\">Shipping &amp; Returns</a></li>\n<li><a href=\"#\">Secure Shopping</a></li>\n<li><a href=\"#\">Order Status</a></li>\n<li><a href=\"#\">International Shipping</a></li>\n<li><a href=\"#\">Payment Method</a></li>\n<li><a href=\"#\">About Us</a></li>\n</ul>\n</div>\n</div>\n<div class=\"ft-mobile-block\">\n<div class=\"block-title\">Custom Services</div>\n<div class=\"block-content\">\n<ul>\n<li><a href=\"#\">Privacy Policy</a></li>\n<li><a href=\"#\">Customer Service</a></li>\n<li><a href=\"#\">Orders and Returns</a></li>\n<li><a href=\"#\">Contact Us</a></li>\n<li><a href=\"#\">Track Your Orders</a></li>\n<li><a href=\"#\">Footer Links</a></li>\n</ul>\n</div>\n</div>\n</div>\n</div>\n<div class=\"mobile-newsletter\">\n<div class=\"container\">{{block class=\"Magento\\Newsletter\\Block\\Subscribe\" template=\"subscribe-footer.phtml\"}}</div>\n</div>\n<div class=\"mobile-bottom\">\n<div class=\"container\">\n<div class=\"payment-mobile\"><img src=\"{{media url=\"wysiwyg/payment/payment-mobile.png\"}}\" alt=\"Payment\"></div>\n<address><small class=\"copyright\">SM Ego © 2021 Demo Store. All Rights Reserved.</small></address>\n<div class=\"social-footer\">\n<ul>\n<li class=\"facebook\"><a class=\"icon-facebook\" title=\"Facebook\" href=\"#\"> <span class=\"hidden\">Facebook</span> </a></li>\n<li class=\"youtube\"><a class=\"icon-youtube1\" title=\"Youtube\" href=\"#\"> <span class=\"hidden\">Youtube</span> </a></li>\n<li class=\"twitter\"><a class=\"icon-twitter\" title=\"Twitter\" href=\"#\"> <span class=\"hidden\">Twitter</span> </a></li>\n<li class=\"instagram\"><a class=\"icon-instagram\" title=\"Instagram\" href=\"#\"> <span class=\"hidden\">Instagram</span> </a></li>\n<li class=\"linkedin\"><a class=\"icon-linkedin\" title=\"Linkedin\" href=\"#\"> <span class=\"hidden\">Linkedin</span> </a></li>\n<li class=\"linkedin\"><a class=\"icon-rss\" title=\"RSS\" href=\"#\"> <span class=\"hidden\">RSS</span> </a></li>\n</ul>\n</div>\n</div>\n</div>','2021-06-03 09:53:07','2021-06-03 09:53:07',1),(14,'Ego - Megamenu Mobile','megamenu-mobile','<div class=\"mobile-megamenu-content\">\n{{block class=\"Sm\\MegaMenu\\Block\\MegaMenu\\View\" template=\"Sm_MegaMenu::megamenu.phtml\" group_id=\"1\"}}\n{{block class=\"Sm\\MegaMenu\\Block\\MegaMenu\\View\" template=\"Sm_MegaMenu::megamenu.phtml\" group_id=\"2\"}}\n</div>','2021-06-03 09:53:07','2021-06-03 09:53:07',1),(15,'Ego - Mobile Header Phone Icon','mobile-header-phone','<div class=\"button-mobile-top mb-phone\">\n                        <a href=\"tel:+1 1900 123 456\"><span class=\"icon-phone-call\"><span\n                                        class=\"hidden\">Phone</span></span></a>\n                    </div>','2021-06-03 09:53:07','2021-06-03 09:53:07',1),(16,'Ego - Header Support Call','header-support-call','<div class=\"header-support-call\">Welcome to our store! <strong><a href=\"tel:+1268268668\">Hotline: (+1) 268 268 668</a></strong></div>','2021-06-03 09:53:07','2021-06-03 09:53:07',1),(17,'Ego - Header Support Email','header-support-email','<div class=\"header-support-email\">\n                        Welcome to our store! <strong><a href=\"mailto:support@ego.com\">Email: support@ego.com</a></strong>\n                    </div>','2021-06-03 09:53:08','2021-06-03 09:53:08',1),(28,'Ego - Cusom item menu horizontal','custom-item-menu','<div class=\"custom-item-menu\">\r\n<img src=\"{{media url=\"wysiwyg/mega-menu/icon/img-gift.png\"}}\" alt=\"flash-sale\" />\r\n<a href=\"#\" class=\"flash-sale\">\r\n<div class=\"tit\">Special Offer</div>\r\n<div class=\"des\">Flash Sale</div>\r\n</a>\r\n</div>','2021-06-08 10:19:12','2021-06-17 10:22:33',1),(29,'Ego - CMS image banner 1','cms-img-1','<div class=\"banner-image\">\r\n                        <a href=\"#\"><img class=\"mark-lazy\" src=\"{{media url=\"wysiwyg/banner/Banner_2.jpg\"}}\" alt=\"Banner\" /></a>\r\n</div>','2021-06-11 04:06:51','2021-06-17 10:22:41',1),(30,'Ego - CMS image banner 2','cms-img-2','<div class=\"banner-image\">\r\n                        <a href=\"#\"><img class=\"mark-lazy\" src=\"{{media url=\"wysiwyg/banner/banner_6.jpg\"}}\"  alt=\"Banner\" /></a>\r\n</div>','2021-06-15 07:14:19','2021-06-17 10:22:49',1),(31,'Ego - CMS image banner 3','cms-img-3','<div class=\"banner-image\">\r\n                        <a href=\"#\"><img class=\"mark-lazy\" src=\"{{media url=\"wysiwyg/banner/banner_7.jpg\"}}\"  alt=\"Banner\" /></a>\r\n</div>','2021-06-15 07:14:20','2021-06-17 10:22:56',1),(32,'Ego - CMS image banner 4','cms-img-4','<div class=\"banner-image\">\r\n                        <a href=\"#\"><img class=\"mark-lazy\" src=\"{{media url=\"wysiwyg/banner/banner_8.jpg\"}}\"  alt=\"Banner\" /></a>\r\n</div>','2021-06-15 07:14:20','2021-06-17 10:23:05',1),(33,'Ego - CMS image banner 5','cms-img-5','<div class=\"banner-image\">\r\n                        <a href=\"#\"><img class=\"mark-lazy\" src=\"{{media url=\"wysiwyg/banner/banner_9.jpg\"}}\"  alt=\"Banner\" /></a>\r\n</div>','2021-06-15 07:14:20','2021-06-17 10:23:12',1),(34,'Ego - App footer','app-footer','<div class=\"app-footer\">\r\n<div class=\"app-title\">Download Our App</div>\r\n<div class=\"app-list\">\r\n<ul>\r\n<li><a title=\"AppStore\" href=\"#\"><img class=\"mark-lazy\" src=\"{{media url=\"wysiwyg/icon-image/app-1.jpg\"}}\" alt=\"App Image\"></a></li>\r\n<li><a title=\"Google Play\" href=\"#\"><img class=\"mark-lazy\" src=\"{{media url=\"wysiwyg/icon-image/app-2.jpg\"}}\" alt=\"App Image\"></a></li>\r\n</ul>\r\n</div>\r\n</div>','2021-06-17 09:32:24','2021-06-17 10:21:16',1),(35,'Ego - Newsletter popup description','newsletter-popup-description','<div class=\"news-top-title text-theme-color\">Daily Promotion</div>\r\n<div class=\"news-bottom-title\">SIGN UP NEWSLETTER</div>','2021-06-18 03:42:58','2021-06-18 03:42:58',1),(36,'Ego - Newsletter popup image','newsletter-popup-image','<div><a title=\"Image Newsletter\" href=\"#\"><img  src=\"{{media url=\"wysiwyg/banner/img-popup-newsletter.jpg\"}}\" alt=\"Image Newsletter\" width=\"400\" height=\"400\" /></a></div>','2021-06-18 03:45:38','2021-06-18 03:45:38',1),(37,'Ego - Share Social product detail','share-social-product','<div class=\"share-social-product\">\r\n<div class=\"share-content\">\r\n    <div class=\"share-title\">Share This:</div>\r\n    <div class=\"share-list-link\">\r\n        <ul>\r\n            <li><a title=\"share social\" href=\"#\"><span class=\"icon-twitter1\"><!-- --></span></a></li>\r\n            <li><a title=\"share social\" href=\"#\"><span class=\"icon-facebook1\"><!-- --></span></a></li>\r\n            <li><a title=\"share social\" href=\"#\"><span class=\"icon-google-plus\"><!-- --></span></a></li>\r\n            <li><a title=\"share social\" href=\"#\"><span class=\"icon-skype\"><!-- --></span></a></li>\r\n            <li><a title=\"share social\" href=\"#\"><span class=\"icon-pinterest\"><!-- --></span></a></li>\r\n            <li><a title=\"share social\" href=\"#\"><span class=\"icon-linkedin2\"><!-- --></span></a></li>\r\n        </ul>\r\n    </div>\r\n</div>\r\n</div>','2021-06-21 03:55:51','2021-06-21 04:05:18',1),(38,'Ego - Cusom item menu horizontal 2','custom-item-menu-2','<div class=\"custom-item-menu-2\">\r\n<a href=\"#\"><img src=\"{{media url=\"wysiwyg/mega-menu/icon/item2-menu-custom.png\"}}\" alt=\"flash-sale\" /></a>\r\n</div>','2021-06-08 10:19:12','2021-07-05 04:11:00',1),(39,'Ego - CMS index 2 image banner 1','cms-img-id2-1','<div class=\"banner-image\">\r\n                        <a href=\"#\"><img src=\"{{media url=\"wysiwyg/banner/home-2/cms-img-id2-1.jpg\"}}\" alt=\"banner\" /></a>\r\n</div>','2021-07-12 08:14:37','2021-07-12 08:14:37',1),(40,'Ego - CMS index 2 image banner 2','cms-img-id2-2','<div class=\"banner-image\">\r\n                        <a href=\"#\"><img src=\"{{media url=\"wysiwyg/banner/home-2/cms-img-id2-2.jpg\"}}\" alt=\"banner\" /></a>\r\n</div>','2021-07-12 08:14:37','2021-07-14 06:44:06',1),(41,'Ego - CMS index 2 image banner 3','cms-img-id2-3','<div class=\"banner-image\">\r\n                        <a href=\"#\"><img src=\"{{media url=\"wysiwyg/banner/home-2/cms-img-id2-3.jpg\"}}\" alt=\"banner\" /></a>\r\n</div>','2021-07-12 08:14:37','2021-07-14 06:44:59',1),(42,'Ego - Footer 2 Content','footer-2-content','<div class=\"footer-top\">\r\n    <div class=\"container\">\r\n        <div class=\"sidebar-footer\">\r\n            <div class=\"footer-block footer-logo\">\r\n                <div class=\"footer-block-content\">\r\n                    <a href=\"#\"><img src=\"{{media url=\"wysiwyg/icon-image/logo-footer-2.png\"}}\" alt=\"logo footer 2\" /></a>\r\n                </div>\r\n            </div>\r\n        </div>\r\n        <div class=\"main-footer\">\r\n            <div class=\"row\">\r\n\r\n                <div class=\"col-lg-3 col-sm-12\">\r\n                    <div class=\"footer-block footer-btn-chat\">\r\n                        <div class=\"footer-block-content\">\r\n                            <ul class=\"list-btn-chat\">\r\n                                <li><a href=\"#\">Send Message</a></li>\r\n                                <li><a href=\"#\">Live chat</a></li>\r\n                            </ul>\r\n                        </div>\r\n                    </div>\r\n                </div>\r\n\r\n                <div class=\"col-lg-6 col-sm-12\">\r\n                    <div class=\"footer-block footer-info\">\r\n                        <div class=\"footer-block-title\">Need help? Call us:</div>\r\n                        <div class=\"footer-block-content\">\r\n                            <span class=\"number-phone\">(+800) 123 456 7890</span>\r\n                        </div>\r\n                    </div>\r\n                </div>\r\n\r\n                <div class=\"col-lg-3 col-sm-12\">\r\n                    <div class=\"footer-block footer-social\">\r\n                        <div class=\"footer-block-content\">\r\n                                <div class=\"social-footer\">\r\n                                    <ul>\r\n                                        <li>\r\n                                            <a href=\"#\">\r\n                                                <span class=\"icon-facebook\"><span class=\"hidden\">Facebook</span></span>\r\n                                            </a>\r\n                                        </li>\r\n                                        <li>\r\n                                            <a href=\"#\">\r\n                                                <span class=\"icon-twitter\"><span class=\"hidden\">twitter</span></span>\r\n                                            </a>\r\n                                        </li>\r\n\r\n                                        <li>\r\n                                            <a href=\"#\">\r\n                                                <span class=\"icon-instagram2\"><span class=\"hidden\">Instagram</span></span>\r\n                                            </a>\r\n                                        </li>\r\n\r\n                                        <li>\r\n                                            <a href=\"#\">\r\n                                                <span class=\"icon-youtube1\"><span class=\"hidden\">youtube</span></span>\r\n                                            </a>\r\n                                        </li>\r\n\r\n                                        <li>\r\n                                            <a href=\"#\">\r\n                                                <span class=\"icon-linkedin\"><span class=\"hidden\">linkedin</span></span>\r\n                                            </a>\r\n                                        </li>\r\n                                        \r\n                                    </ul>\r\n                            </div>\r\n                        </div>\r\n                    </div>\r\n                </div>\r\n\r\n            </div>\r\n        </div>\r\n    </div>\r\n</div>\r\n<div class=\"footer-middle\">\r\n    <div class=\"container\">\r\n        <div class=\"sidebar-footer\">\r\n            <div class=\"footer-block\">\r\n                <div class=\"footer-block-title\">My Account</div>\r\n\r\n                <div class=\"footer-block-content\">\r\n                    <ul class=\"links-footer\">\r\n                        <li><a href=\"#\">About Us</a></li>\r\n                        <li><a href=\"#\">Comming Soon</a></li>\r\n                        <li><a href=\"#\">Customer Services</a></li>\r\n                        <li><a href=\"#\">Track Your Order</a></li>\r\n                        <li><a href=\"#\">Magento Support</a></li>\r\n                    </ul>\r\n                </div>\r\n            </div>\r\n        </div>\r\n        <div class=\"main-footer\">\r\n            <div class=\"row\">\r\n                <div class=\"col-lg-3 col-sm-4\">\r\n                    <div class=\"footer-block links-info\">\r\n                        <div class=\"footer-block-title\">Informations</div>\r\n\r\n                        <div class=\"footer-block-content\">\r\n                            <ul class=\"links-footer\">\r\n                                <li><a href=\"#\">Customer Service</a></li>\r\n                                <li><a href=\"#\">Shipping & Returns</a></li>\r\n                                <li><a href=\"#\">Track Your Order</a></li>\r\n                                <li><a href=\"#\">Help Center</a></li>\r\n                                <li><a href=\"#\">Store Location</a></li>\r\n                            </ul>\r\n                        </div>\r\n                    </div>\r\n                </div>\r\n\r\n                <div class=\"col-lg-3 col-sm-4 col-auto\">\r\n                    <div class=\"footer-block\">\r\n                        <div class=\"footer-block-title\">Customer Services</div>\r\n\r\n                        <div class=\"footer-block-content\">\r\n                            <ul class=\"links-footer\">\r\n                                <li><a href=\"#\">About Us</a></li>\r\n                                <li><a href=\"#\">Comming Soon</a></li>\r\n                                <li><a href=\"#\">Customer Services</a></li>\r\n                                <li><a href=\"#\">Track Your Order</a></li>\r\n                                <li><a href=\"#\">Magento Support</a></li>\r\n                            </ul>\r\n                        </div>\r\n                    </div>\r\n                </div>\r\n\r\n                <div class=\"col-lg-3 col-sm-4 col-auto\">\r\n                    <div class=\"footer-block\">\r\n                        <div class=\"footer-block-title\">Contact Us</div>\r\n\r\n                        <div class=\"footer-block-content\">\r\n                            <ul class=\"links-footer\">\r\n                                <li><a href=\"#\">Customer Service</a></li>\r\n                                <li><a href=\"#\">Shipping & Returns</a></li>\r\n                                <li><a href=\"#\">Track Your Order</a></li>\r\n                                <li><a href=\"#\">Help Center</a></li>\r\n                                <li><a href=\"#\">Store Location</a></li>\r\n                            </ul>\r\n                        </div>\r\n                    </div>\r\n                </div>\r\n\r\n                <div class=\"col-lg-3 col-sm-12 \">\r\n                    <div class=\"footer-block ft-newsletter\">\r\n                        <div class=\"footer-block-title\">Join Our Newsletter</div>\r\n\r\n                        <div class=\"footer-block-content\">\r\n                            <div class=\"newsletter-footer\">\r\n                                <div class=\"newsletter-form\">\r\n                                    {{block class=\"Magento\\Newsletter\\Block\\Subscribe\" template=\"subscribe-footer.phtml\"}}\r\n                                </div>\r\n                            </div>\r\n                        </div>\r\n                    </div>\r\n                </div>\r\n\r\n            </div>\r\n        </div>\r\n    </div>\r\n</div>','2021-06-03 09:53:07','2021-07-19 10:25:08',1);

--
-- Table structure for table `cms_block_store`
--

CREATE TABLE `cms_block_store` (
  `block_id` smallint NOT NULL,
  `store_id` smallint unsigned NOT NULL COMMENT 'Store ID',
  PRIMARY KEY (`block_id`,`store_id`),
  KEY `CMS_BLOCK_STORE_STORE_ID` (`store_id`),
  CONSTRAINT `CMS_BLOCK_STORE_BLOCK_ID_CMS_BLOCK_BLOCK_ID` FOREIGN KEY (`block_id`) REFERENCES `cms_block` (`block_id`) ON DELETE CASCADE,
  CONSTRAINT `CMS_BLOCK_STORE_STORE_ID_STORE_STORE_ID` FOREIGN KEY (`store_id`) REFERENCES `store` (`store_id`) ON DELETE CASCADE
) ENGINE=InnoDB DEFAULT CHARSET=utf8 COMMENT='CMS Block To Store Linkage Table';

--
-- Dumping data for table `cms_block_store`
--

INSERT INTO `cms_block_store` VALUES (1,0),(2,0),(3,0),(4,0),(5,0),(6,0),(7,0),(8,0),(9,0),(10,0),(11,0),(12,0),(13,0),(14,0),(15,0),(16,0),(17,0),(28,0),(29,0),(30,0),(31,0),(32,0),(33,0),(34,0),(35,0),(36,0),(37,0),(38,0),(39,0),(40,0),(41,0),(42,0);

--
-- Table structure for table `cms_page`
--

CREATE TABLE `cms_page` (
  `page_id` smallint NOT NULL AUTO_INCREMENT COMMENT 'Entity ID',
  `title` varchar(255) DEFAULT NULL COMMENT 'Page Title',
  `page_layout` varchar(255) DEFAULT NULL COMMENT 'Page Layout',
  `meta_keywords` text COMMENT 'Page Meta Keywords',
  `meta_description` text COMMENT 'Page Meta Description',
  `identifier` varchar(100) DEFAULT NULL COMMENT 'Page String Identifier',
  `content_heading` varchar(255) DEFAULT NULL COMMENT 'Page Content Heading',
  `content` mediumtext COMMENT 'Page Content',
  `creation_time` timestamp NOT NULL DEFAULT CURRENT_TIMESTAMP COMMENT 'Page Creation Time',
  `update_time` timestamp NOT NULL DEFAULT CURRENT_TIMESTAMP ON UPDATE CURRENT_TIMESTAMP COMMENT 'Page Modification Time',
  `is_active` smallint NOT NULL DEFAULT '1' COMMENT 'Is Page Active',
  `sort_order` smallint NOT NULL DEFAULT '0' COMMENT 'Page Sort Order',
  `layout_update_xml` text COMMENT 'Page Layout Update Content',
  `custom_theme` varchar(100) DEFAULT NULL COMMENT 'Page Custom Theme',
  `custom_root_template` varchar(255) DEFAULT NULL COMMENT 'Page Custom Template',
  `custom_layout_update_xml` text COMMENT 'Page Custom Layout Update Content',
  `layout_update_selected` varchar(128) DEFAULT NULL COMMENT 'Page Custom Layout File',
  `custom_theme_from` date DEFAULT NULL COMMENT 'Page Custom Theme Active From Date',
  `custom_theme_to` date DEFAULT NULL COMMENT 'Page Custom Theme Active To Date',
  `meta_title` varchar(255) DEFAULT NULL COMMENT 'Page Meta Title',
  PRIMARY KEY (`page_id`),
  KEY `CMS_PAGE_IDENTIFIER` (`identifier`),
  FULLTEXT KEY `CMS_PAGE_TITLE_META_KEYWORDS_META_DESCRIPTION_IDENTIFIER_CONTENT` (`title`,`meta_keywords`,`meta_description`,`identifier`,`content`)
) ENGINE=InnoDB AUTO_INCREMENT=22 DEFAULT CHARSET=utf8 COMMENT='CMS Page Table';

--
-- Dumping data for table `cms_page`
--

INSERT INTO `cms_page` VALUES (1,'404 Not Found','2columns-right','Page keywords','Page description','no-route','Whoops, our bad...','<dl>\r\n<dt>The page you requested was not found, and we have a fine guess why.</dt>\r\n<dd>\r\n<ul class=\"disc\">\r\n<li>If you typed the URL directly, please make sure the spelling is correct.</li>\r\n<li>If you clicked on a link to get here, the link is outdated.</li>\r\n</ul></dd>\r\n</dl>\r\n<dl>\r\n<dt>What can you do?</dt>\r\n<dd>Have no fear, help is near! There are many ways you can get back on track with Magento Store.</dd>\r\n<dd>\r\n<ul class=\"disc\">\r\n<li><a href=\"#\" onclick=\"history.go(-1); return false;\">Go back</a> to the previous page.</li>\r\n<li>Use the search bar at the top of the page to search for your products.</li>\r\n<li>Follow these links to get you back on track!<br /><a href=\"{{store url=\"\"}}\">Store Home</a> <span class=\"separator\">|</span> <a href=\"{{store url=\"customer/account\"}}\">My Account</a></li></ul></dd></dl>\r\n','2021-06-03 09:20:15','2021-06-03 09:20:15',1,0,NULL,NULL,NULL,NULL,NULL,NULL,NULL,NULL),(2,'Home page','1column',NULL,NULL,'home','Home Page','<p>CMS homepage content goes here.</p>\r\n','2021-06-03 09:20:16','2021-06-03 09:20:44',1,0,'<!--\n    <referenceContainer name=\"right\">\n        <referenceBlock name=\"catalog.compare.sidebar\" remove=\"true\" />\n    </referenceContainer>-->',NULL,NULL,NULL,NULL,NULL,NULL,NULL),(3,'Enable Cookies','1column',NULL,NULL,'enable-cookies','What are Cookies?','<div class=\"enable-cookies cms-content\">\r\n<p>\"Cookies\" are little pieces of data we send when you visit our store. Cookies help us get to know you better and personalize your experience. Plus they help protect you and other shoppers from fraud.</p>\r\n<p style=\"margin-bottom: 20px;\">Set your browser to accept cookies so you can buy items, save items, and receive customized recommendations. Here’s how:</p>\r\n<ul>\r\n<li><a href=\"https://support.google.com/accounts/answer/61416?hl=en\" target=\"_blank\">Google Chrome</a></li>\r\n<li><a href=\"http://windows.microsoft.com/en-us/internet-explorer/delete-manage-cookies\" target=\"_blank\">Internet Explorer</a></li>\r\n<li><a href=\"http://support.apple.com/kb/PH19214\" target=\"_blank\">Safari</a></li>\r\n<li><a href=\"https://support.mozilla.org/en-US/kb/enable-and-disable-cookies-website-preferences\" target=\"_blank\">Mozilla/Firefox</a></li>\r\n</ul>\r\n</div>','2021-06-03 09:20:16','2021-06-03 09:20:16',1,0,NULL,NULL,NULL,NULL,NULL,NULL,NULL,NULL),(4,'Privacy and Cookie Policy','1column',NULL,NULL,'privacy-policy-cookie-restriction-mode','Privacy and Cookie Policy','<div class=\"privacy-policy cms-content\">\n    <div class=\"message info\">\n        <span>\n            Please replace this text with you Privacy Policy.\n            Please add any additional cookies your website uses below (e.g. Google Analytics).\n        </span>\n    </div>\n    <p>\n        This privacy policy sets out how this website (hereafter \"the Store\") uses and protects any information that\n        you give the Store while using this website. The Store is committed to ensuring that your privacy is protected.\n        Should we ask you to provide certain information by which you can be identified when using this website, then\n        you can be assured that it will only be used in accordance with this privacy statement. The Store may change\n        this policy from time to time by updating this page. You should check this page from time to time to ensure\n        that you are happy with any changes.\n    </p>\n    <h2>What we collect</h2>\n    <p>We may collect the following information:</p>\n    <ul>\n        <li>name</li>\n        <li>contact information including email address</li>\n        <li>demographic information such as postcode, preferences and interests</li>\n        <li>other information relevant to customer surveys and/or offers</li>\n    </ul>\n    <p>\n        For the exhaustive list of cookies we collect see the <a href=\"#list\">List of cookies we collect</a> section.\n    </p>\n    <h2>What we do with the information we gather</h2>\n    <p>\n        We require this information to understand your needs and provide you with a better service,\n        and in particular for the following reasons:\n    </p>\n    <ul>\n        <li>Internal record keeping.</li>\n        <li>We may use the information to improve our products and services.</li>\n        <li>\n            We may periodically send promotional emails about new products, special offers or other information which we\n            think you may find interesting using the email address which you have provided.\n        </li>\n        <li>\n            From time to time, we may also use your information to contact you for market research purposes.\n            We may contact you by email, phone, fax or mail. We may use the information to customise the website\n            according to your interests.\n        </li>\n    </ul>\n    <h2>Security</h2>\n    <p>\n        We are committed to ensuring that your information is secure. In order to prevent unauthorised access or\n        disclosure, we have put in place suitable physical, electronic and managerial procedures to safeguard and\n        secure the information we collect online.\n    </p>\n    <h2>How we use cookies</h2>\n    <p>\n        A cookie is a small file which asks permission to be placed on your computer\'s hard drive.\n        Once you agree, the file is added and the cookie helps analyse web traffic or lets you know when you visit\n        a particular site. Cookies allow web applications to respond to you as an individual. The web application\n        can tailor its operations to your needs, likes and dislikes by gathering and remembering information about\n        your preferences.\n    </p>\n    <p>\n        We use traffic log cookies to identify which pages are being used. This helps us analyse data about web page\n        traffic and improve our website in order to tailor it to customer needs. We only use this information for\n        statistical analysis purposes and then the data is removed from the system.\n    </p>\n    <p>\n        Overall, cookies help us provide you with a better website, by enabling us to monitor which pages you find\n        useful and which you do not. A cookie in no way gives us access to your computer or any information about you,\n        other than the data you choose to share with us. You can choose to accept or decline cookies.\n        Most web browsers automatically accept cookies, but you can usually modify your browser setting\n        to decline cookies if you prefer. This may prevent you from taking full advantage of the website.\n    </p>\n    <h2>Links to other websites</h2>\n    <p>\n        Our website may contain links to other websites of interest. However, once you have used these links\n        to leave our site, you should note that we do not have any control over that other website.\n        Therefore, we cannot be responsible for the protection and privacy of any information which you provide whilst\n        visiting such sites and such sites are not governed by this privacy statement.\n        You should exercise caution and look at the privacy statement applicable to the website in question.\n    </p>\n    <h2>Controlling your personal information</h2>\n    <p>You may choose to restrict the collection or use of your personal information in the following ways:</p>\n    <ul>\n        <li>\n            whenever you are asked to fill in a form on the website, look for the box that you can click to indicate\n            that you do not want the information to be used by anybody for direct marketing purposes\n        </li>\n        <li>\n            if you have previously agreed to us using your personal information for direct marketing purposes,\n            you may change your mind at any time by letting us know using our Contact Us information\n        </li>\n    </ul>\n    <p>\n        We will not sell, distribute or lease your personal information to third parties unless we have your permission\n        or are required by law to do so. We may use your personal information to send you promotional information\n        about third parties which we think you may find interesting if you tell us that you wish this to happen.\n    </p>\n    <p>\n        You may request details of personal information which we hold about you under the Data Protection Act 1998.\n        A small fee will be payable. If you would like a copy of the information held on you please email us this\n        request using our Contact Us information.\n    </p>\n    <p>\n        If you believe that any information we are holding on you is incorrect or incomplete,\n        please write to or email us as soon as possible, at the above address.\n        We will promptly correct any information found to be incorrect.\n    </p>\n    <h2><a name=\"list\"></a>List of cookies we collect</h2>\n    <p>The table below lists the cookies we collect and what information they store.</p>\n    <table class=\"data-table data-table-definition-list\">\n        <thead>\n        <tr>\n            <th>Cookie Name</th>\n            <th>Cookie Description</th>\n        </tr>\n        </thead>\n        <tbody>\n            <tr>\n                <th>FORM_KEY</th>\n                <td>Stores randomly generated key used to prevent forged requests.</td>\n            </tr>\n            <tr>\n                <th>PHPSESSID</th>\n                <td>Your session ID on the server.</td>\n            </tr>\n            <tr>\n                <th>GUEST-VIEW</th>\n                <td>Allows guests to view and edit their orders.</td>\n            </tr>\n            <tr>\n                <th>PERSISTENT_SHOPPING_CART</th>\n                <td>A link to information about your cart and viewing history, if you have asked for this.</td>\n            </tr>\n            <tr>\n                <th>STF</th>\n                <td>Information on products you have emailed to friends.</td>\n            </tr>\n            <tr>\n                <th>STORE</th>\n                <td>The store view or language you have selected.</td>\n            </tr>\n            <tr>\n                <th>USER_ALLOWED_SAVE_COOKIE</th>\n                <td>Indicates whether a customer allowed to use cookies.</td>\n            </tr>\n            <tr>\n                <th>MAGE-CACHE-SESSID</th>\n                <td>Facilitates caching of content on the browser to make pages load faster.</td>\n            </tr>\n            <tr>\n                <th>MAGE-CACHE-STORAGE</th>\n                <td>Facilitates caching of content on the browser to make pages load faster.</td>\n            </tr>\n            <tr>\n                <th>MAGE-CACHE-STORAGE-SECTION-INVALIDATION</th>\n                <td>Facilitates caching of content on the browser to make pages load faster.</td>\n            </tr>\n            <tr>\n                <th>MAGE-CACHE-TIMEOUT</th>\n                <td>Facilitates caching of content on the browser to make pages load faster.</td>\n            </tr>\n            <tr>\n                <th>SECTION-DATA-IDS</th>\n                <td>Facilitates caching of content on the browser to make pages load faster.</td>\n            </tr>\n            <tr>\n                <th>PRIVATE_CONTENT_VERSION</th>\n                <td>Facilitates caching of content on the browser to make pages load faster.</td>\n            </tr>\n            <tr>\n                <th>X-MAGENTO-VARY</th>\n                <td>Facilitates caching of content on the server to make pages load faster.</td>\n            </tr>\n            <tr>\n                <th>MAGE-TRANSLATION-FILE-VERSION</th>\n                <td>Facilitates translation of content to other languages.</td>\n            </tr>\n            <tr>\n                <th>MAGE-TRANSLATION-STORAGE</th>\n                <td>Facilitates translation of content to other languages.</td>\n            </tr>\n        </tbody>\n    </table>\n</div>','2021-06-03 09:20:16','2021-06-03 09:20:17',1,0,NULL,NULL,NULL,NULL,NULL,NULL,NULL,NULL),(5,'Home - SM Ego Layout 1','1column','','','home-demo-01','','<div class=\"home-page-1 enable-vertical-menu title-style-1\">\r\n    <div class=\"container\">\r\n        <!--Slideshow-->\r\n        <div class=\"slidershow\">\r\n            <div class=\"slidershow-type-1\">\r\n                <div data-owl=\"owl-slider\" data-autoplay=\"true\" data-nav=\"true\" data-dots=\"false\" data-screen0=\"1\" data-screen481=\"1\" data-screen768=\"1\" data-screen992=\"1\" data-screen1200=\"1\" data-screen1441=\"1\" data-screen1681=\"1\" data-screen1920=\"1\" data-margin=\"1\" data-autoplayhoverpause=\"true\" data-loop=\"true\" data-center=\"false\" data-stagepadding=\"0\" data-mousedrag=\"true\" data-touchdrag=\"true\">\r\n                    <div class=\"owl-carousel owl-theme\">\r\n                        <div class=\"item\">\r\n                            <a title=\"Slide 1\" href=\"#\">\r\n                                <img src=\"{{media url=\"wysiwyg/slidershow/home-1/Index_v1_1.jpg\"}}\" alt=\"Slider 1\" width=\"1350\" height=\"500\" />\r\n                            </a>\r\n                        </div>\r\n\r\n                        <div class=\"item\">\r\n                            <a title=\"Slide 1\" href=\"#\">\r\n                                <img src=\"{{media url=\"wysiwyg/slidershow/home-1/Index_v1_2.jpg\"}}\" alt=\"Slider 2\" width=\"1350\" height=\"500\" />\r\n                            </a>\r\n                        </div>\r\n                        <div class=\"item\">\r\n                            <a title=\"Slide 1\" href=\"#\">\r\n                                <img src=\"{{media url=\"wysiwyg/slidershow/home-1/Index_v1_3.jpg\"}}\" alt=\"Slider 2\" width=\"1350\" height=\"500\" />\r\n                            </a>\r\n                        </div>\r\n\r\n                    </div>\r\n                    <div class=\"loading-content\"><span class=\"hidden\">Loading...</span></div>\r\n                </div>\r\n            </div>\r\n        </div>\r\n        <!--End:Slideshow-->\r\n\r\n        <!--Service home 1-->\r\n        <div class=\"home-services\" style=\"margin-bottom: 30px;\">\r\n            <div class=\"row\">\r\n                <div class=\"col-lg-3 col-sm-6 col-md-6\">\r\n                    <a href=\"#\">\r\n                        <span class=\"service-icon\">\r\n                            <img src=\"{{media url=\"wysiwyg/icon-image/icon_policy_1.png\"}}\" alt=\"policy\" width=\"40\" height=\"40\"/>\r\n                        </span>\r\n\r\n                        <span class=\"service-info\">\r\n                            <span class=\"title\">Free Shipping & Return</span>\r\n                            <span class=\"des\">Free shipping on orders over $49</span>\r\n                        </span>\r\n                        \r\n                    </a>\r\n                </div>\r\n\r\n                <div class=\"col-lg-3 col-sm-6 col-md-6\">\r\n                    <a href=\"#\">\r\n                        <span class=\"service-icon\">\r\n                            <img src=\"{{media url=\"wysiwyg/icon-image/icon_policy_2.png\"}}\" alt=\"policy\" width=\"40\" height=\"40\"/>\r\n                        </span>\r\n\r\n                        <span class=\"service-info\">\r\n                            <span class=\"title\">Money Guarantee</span>\r\n                            <span class=\"des\">30 days money back guarantee</span>\r\n                        </span>\r\n                    </a>\r\n                </div>\r\n\r\n                <div class=\"col-lg-3 col-sm-6 col-md-6\">\r\n                    <a href=\"#\">\r\n                        <span class=\"service-icon\">\r\n                            <img src=\"{{media url=\"wysiwyg/icon-image/icon_policy_3.png\"}}\" alt=\"policy\" width=\"40\" height=\"40\"/>\r\n                        </span>\r\n\r\n                        <span class=\"service-info\">\r\n                            <span class=\"title\">Online Support</span>\r\n                            <span class=\"des\">We support online 24/24 on day</span>\r\n                        </span>\r\n                    </a>\r\n                </div>\r\n                <div class=\"col-lg-3 col-sm-6 col-md-6\">\r\n                    <a href=\"#\">\r\n                        <span class=\"service-icon\">\r\n                            <img src=\"{{media url=\"wysiwyg/icon-image/icon_policy_4.png\"}}\" alt=\"policy\" width=\"40\" height=\"40\"/>\r\n                        </span>\r\n\r\n                        <span class=\"service-info\">\r\n                            <span class=\"title\">Gift Promotion</span>\r\n                            <span class=\"des\">30 days money back guarantee</span>\r\n                        </span>\r\n                    </a>\r\n                </div>\r\n            </div>\r\n        </div>\r\n        <!--End:Service home 1-->\r\n        <!--Banner block 1-->\r\n        <div class=\"banner-block-1\" style=\"margin-bottom: 10px;\">\r\n            <div class=\"row\">\r\n                <div class=\"col-lg-3 col-sm-3\">\r\n                    <div class=\"banner-image\">\r\n                        <a href=\"#\"><img class=\"mark-lazy\" src=\"{{media url=\"wysiwyg/banner/1.jpg\"}}\" alt=\"Banner\" width=\"324\" height=\"160\" /></a>\r\n                    </div>\r\n                </div>\r\n\r\n                <div class=\"col-lg-3 col-sm-3\">\r\n                    <div class=\"banner-image\">\r\n                        <a href=\"#\"><img class=\"mark-lazy\" src=\"{{media url=\"wysiwyg/banner/2.jpg\"}}\" alt=\"Banner\" width=\"324\" height=\"160\" /></a>\r\n                    </div>\r\n                </div>\r\n\r\n                <div class=\"col-lg-3 col-sm-3\">\r\n                    <div class=\"banner-image\">\r\n                        <a href=\"#\"><img class=\"mark-lazy\" src=\"{{media url=\"wysiwyg/banner/3.jpg\"}}\" alt=\"Banner\" width=\"324\" height=\"160\" /></a>\r\n                    </div>\r\n                </div>\r\n\r\n                <div class=\"col-lg-3 col-sm-3\">\r\n                    <div class=\"banner-image\">\r\n                        <a href=\"#\"><img class=\"mark-lazy\" src=\"{{media url=\"wysiwyg/banner/4.jpg\"}}\" alt=\"Banner\" width=\"324\" height=\"160\" /></a>\r\n                    </div>\r\n                </div>\r\n            </div>\r\n        </div>\r\n        <!--End:Banner block 1-->\r\n\r\n        <!--Block: Deals products-->\r\n        <div class=\"deals-products product-nav-1\" style=\"margin-bottom: 110px;\">\r\n            <div data-owl=\"owl-slider\" data-autoplay=\"false\" data-nav=\"true\" data-dots=\"false\" data-screen0=\"1\" data-screen481=\"1\" data-screen768=\"1\" data-screen992=\"2\" data-screen1200=\"2\" data-screen1441=\"2\" data-screen1681=\"2\" data-screen1920=\"2\" data-margin=\"5\" data-autoplayhoverpause=\"true\" data-loop=\"false\" data-center=\"false\" data-stagepadding=\"0\" data-mousedrag=\"true\" data-touchdrag=\"true\">\r\n                {{block class=\"Sm\\FilterProducts\\Block\\FilterProducts\" template=\"Sm_FilterProducts::deal-slider.phtml\" title_module=\"Deal Of the days\" product_source=\"special_products\" select_category=\"\" product_limitation=\"6\" display_countdown=\"1\"}}\r\n            </div>\r\n        </div>\r\n        <!--End Block: Deals products-->\r\n\r\n        <div class=\"full-wrapper\" style=\"padding-bottom:40px;\">\r\n            <div class=\"container\">\r\n                <!--Banner block 2-->\r\n                <div class=\"banner-block-2\" style=\"margin-bottom:-30px;\">\r\n                    <div class=\"banner-image\">\r\n                        <a href=\"#\"><img class=\"mark-lazy\" src=\"{{media url=\"wysiwyg/banner/Banner.jpg\"}}\" alt=\"Banner\" width=\"324\" height=\"160\" /></a>\r\n                    </div>\r\n                </div>\r\n                <!--End:Banner block 2-->\r\n				\r\n				<!--Grid slider product 1-->\r\n				<div class=\"grid-slider-product product-nav-1 block-homepage\" style=\"margin-bottom: 40px;\">\r\n					<div data-owl=\"owl-slider\" data-autoplay=\"false\" data-nav=\"true\" data-dots=\"false\" data-screen0=\"1\" data-screen481=\"1\" data-screen768=\"1\" data-screen992=\"3\" data-screen1200=\"4\" data-screen1441=\"4\" data-screen1681=\"4\" data-screen1920=\"4\" data-margin=\"5\" data-autoplayhoverpause=\"true\" data-loop=\"false\" data-center=\"false\" data-stagepadding=\"0\" data-mousedrag=\"true\" data-touchdrag=\"true\">\r\n						{{block class=\"Sm\\FilterProducts\\Block\\FilterProducts\" template=\"Sm_FilterProducts::grid-slider.phtml\" title_module=\"Top Sellings\" product_source=\"lastest_products\" cms-img=\"cms-img-1\" select_category=\"3,4,7\" product_limitation=\"8\" display_countdown=\"0\"}}\r\n					</div>\r\n				</div>\r\n				<!--End:Grid slider product 1-->\r\n\r\n                <!--Featured brands-->\r\n				<div class=\"featured-brands block-homepage\" style=\"margin-bottom: 40px;\">\r\n					<div class=\"block-title\">\r\n                        <strong>Featured Brands</strong>\r\n                        <a href=\"#\" title=\"View All\">View All</a>\r\n                    </div>\r\n                    <div class=\"block-content\">\r\n                        <div class=\"row\">\r\n\r\n                            <div class=\"col-lg-3 col-sm-3\">\r\n                                <div class=\"banner-image\">\r\n                                    <a href=\"#\"><img class=\"mark-lazy\" src=\"{{media url=\"wysiwyg/banner/brand-banner-1.jpg\"}}\" alt=\"Banner\" width=\"314\" height=\"202\" /></a>\r\n                                </div>\r\n                                <div class=\"content\">\r\n                                    <div class=\"title\">Shop Cyclops\'s Sale</div>\r\n                                    <div class=\"des\">Explore Now</div>\r\n                                </div>\r\n                            </div>\r\n                            <div class=\"col-lg-3 col-sm-3\">\r\n                                <div class=\"banner-image\">\r\n                                    <a href=\"#\"><img class=\"mark-lazy\" src=\"{{media url=\"wysiwyg/banner/brand-banner-2.jpg\"}}\" alt=\"Banner\" width=\"314\" height=\"202\" /></a>\r\n                                </div>\r\n                                <div class=\"content\">\r\n                                    <div class=\"title\">Get Big Brands First</div>\r\n                                    <div class=\"des\">Shop this brand</div>\r\n                                </div>\r\n                            </div>\r\n                            <div class=\"col-lg-3 col-sm-3\">\r\n                                <div class=\"banner-image\">\r\n                                    <a href=\"#\"><img class=\"mark-lazy\" src=\"{{media url=\"wysiwyg/banner/brand-banner-3.jpg\"}}\" alt=\"Banner\" width=\"314\" height=\"202\" /></a>\r\n                                </div>\r\n                                <div class=\"content\">\r\n                                    <div class=\"title\">Shop Cyclops\'s Sale</div>\r\n                                    <div class=\"des\">Explore Now</div>\r\n                                </div>\r\n                            </div>\r\n\r\n                            <div class=\"col-lg-3 col-sm-3\">\r\n                                <div class=\"banner-image\">\r\n                                    <a href=\"#\"><img class=\"mark-lazy\" src=\"{{media url=\"wysiwyg/banner/brand-banner-4.jpg\"}}\" alt=\"Banner\" width=\"314\" height=\"202\" /></a>\r\n                                </div>\r\n                                <div class=\"content\">\r\n                                    <div class=\"title\">Get Big Brands First</div>\r\n                                    <div class=\"des\">Shop this brand</div>\r\n                                </div>\r\n                            </div>\r\n                            \r\n                        </div>\r\n                    </div>\r\n				</div>\r\n				<!--End:Featured brands-->\r\n\r\n                <!--Grid slider product 2-->\r\n				<div class=\"grid-slider-product-2 product-nav-1 block-homepage\" style=\"margin-bottom: 40px;\">\r\n					<div data-owl=\"owl-slider\" data-autoplay=\"false\" data-nav=\"true\" data-dots=\"false\" data-screen0=\"1\" data-screen481=\"2\" data-screen768=\"2\" data-screen992=\"3\" data-screen1200=\"5\" data-screen1441=\"5\" data-screen1681=\"5\" data-screen1920=\"5\" data-margin=\"5\" data-autoplayhoverpause=\"true\" data-loop=\"false\" data-center=\"false\" data-stagepadding=\"0\" data-mousedrag=\"true\" data-touchdrag=\"true\">\r\n						{{block class=\"Sm\\FilterProducts\\Block\\FilterProducts\" template=\"Sm_FilterProducts::grid-slider.phtml\" title_module=\"Best Selling Products\" product_source=\"lastest_products\" cms-img=\"\" select_category=\"3,4,7\" product_limitation=\"10\" display_countdown=\"0\"}}\r\n					</div>\r\n				</div>\r\n				<!--End:Grid slider product 2-->\r\n\r\n\r\n                <!--Banner block 3-->\r\n                <div class=\"banner-block-3\" style=\"margin-bottom:40px;\">\r\n                    <div class=\"row\">\r\n\r\n                        <div class=\"col-lg-4 col-sm-4\">\r\n                            <div class=\"banner-image\">\r\n                                <a href=\"#\"><img class=\"mark-lazy\" src=\"{{media url=\"wysiwyg/banner/banner_3.jpg\"}}\" alt=\"Banner\" width=\"438\" height=\"200\" /></a>\r\n                            </div>\r\n                        </div>\r\n\r\n                        <div class=\"col-lg-4 col-sm-4\">\r\n                            <div class=\"banner-image\">\r\n                                <a href=\"#\"><img class=\"mark-lazy\" src=\"{{media url=\"wysiwyg/banner/banner_4.jpg\"}}\" alt=\"Banner\" width=\"438\" height=\"200\" /></a>\r\n                            </div>\r\n                        </div>\r\n\r\n                        <div class=\"col-lg-4 col-sm-4\">\r\n                            <div class=\"banner-image\">\r\n                                <a href=\"#\"><img class=\"mark-lazy\" src=\"{{media url=\"wysiwyg/banner/banner_5.jpg\"}}\" alt=\"Banner\" width=\"438\" height=\"200\" /></a>\r\n                            </div>\r\n                        </div>\r\n\r\n                    </div>\r\n                </div>\r\n                <!--End:Banner block 3-->\r\n                <!--Section Grid Products-->\r\n                <div class=\"row grid-pd-1\">\r\n                    <div class=\"col-lg-6 col-md-12\">\r\n                        <div class=\"grid-product-1 grid block-homepage\" style=\"margin-bottom: 40px;\">\r\n                            {{block class=\"Sm\\FilterProducts\\Block\\FilterProducts\" template=\"Sm_FilterProducts::grid.phtml\" title_module=\"Smartphones\" product_source=\"lastest_products\" cms-img=\"cms-img-2\" select_category=\"3\" product_limitation=\"4\" display_countdown=\"0\"}}\r\n                        </div>\r\n                    </div>\r\n                    <div class=\"col-lg-6 col-md-12\">\r\n                        <div class=\"grid-product-1 grid block-homepage\" style=\"margin-bottom: 40px;\">\r\n                            {{block class=\"Sm\\FilterProducts\\Block\\FilterProducts\" template=\"Sm_FilterProducts::grid.phtml\" title_module=\"Camera & Photo\" product_source=\"lastest_products\" cms-img=\"cms-img-3\" select_category=\"4\" product_limitation=\"4\" display_countdown=\"0\"}}\r\n                        </div>\r\n                    </div>\r\n                </div>\r\n                <!--End:Section Grid Products-->\r\n\r\n                <!--Banner block 4-->\r\n                <div class=\"banner-block-3\" style=\"margin-bottom:40px;\">\r\n                    <div class=\"banner-image\">\r\n                        <a href=\"#\"><img class=\"mark-lazy\" src=\"{{media url=\"wysiwyg/banner/banner_11.jpg\"}}\" alt=\"Banner\"  /></a>\r\n                    </div>\r\n                </div>\r\n                <!--End:Banner block 4-->\r\n\r\n                <!--Section Grid Products-->\r\n                <div class=\"row grid-pd-1\">\r\n                    <div class=\"col-lg-6 col-md-12\">\r\n                        <div class=\"grid-product-1 grid block-homepage\" style=\"margin-bottom: 40px;\">\r\n                            {{block class=\"Sm\\FilterProducts\\Block\\FilterProducts\" template=\"Sm_FilterProducts::grid.phtml\" title_module=\"Home & Interior\" product_source=\"lastest_products\" cms-img=\"cms-img-4\" select_category=\"6\" product_limitation=\"4\" display_countdown=\"0\"}}\r\n                        </div>\r\n                    </div>\r\n                    <div class=\"col-lg-6 col-md-12\">\r\n                        <div class=\"grid-product-1 grid block-homepage\" style=\"margin-bottom: 40px;\">\r\n                            {{block class=\"Sm\\FilterProducts\\Block\\FilterProducts\" template=\"Sm_FilterProducts::grid.phtml\" title_module=\"Fashion & Jewelry\" product_source=\"lastest_products\" cms-img=\"cms-img-5\" select_category=\"5\" product_limitation=\"4\" display_countdown=\"0\"}}\r\n                        </div>\r\n                    </div>\r\n                </div>\r\n                <!--End:Section Grid Products-->\r\n\r\n                <!--Banner block 5-->\r\n                <div class=\"banner-block-3\" style=\"margin-bottom:40px;\">\r\n                    <div class=\"banner-image\">\r\n                        <a href=\"#\"><img class=\"mark-lazy\" src=\"{{media url=\"wysiwyg/banner/banner_10.jpg\"}}\" alt=\"Banner\"  /></a>\r\n                    </div>\r\n                </div>\r\n                <!--End:Banner block 5-->\r\n\r\n                <!--Section Grid 2 Products -->\r\n                <div class=\"grid-product-2 grid block-homepage\" style=\"margin-bottom: 40px;\">\r\n                    {{block class=\"Sm\\FilterProducts\\Block\\FilterProducts\" template=\"Sm_FilterProducts::grid.phtml\" title_module=\"Reccomend For You\" product_source=\"lastest_products\" cms-img=\"\" select_category=\"3,4,6\" product_limitation=\"10\" display_countdown=\"0\"}}\r\n                </div>\r\n                <!--End:Section Grid 2 Products-->\r\n\r\n                <!--Slider brands-->\r\n                <div class=\"slider-brands block-homepage product-nav-1\">\r\n                    <div class=\"block-title\">\r\n                        <strong>Shop By Brands</strong>\r\n                    </div>\r\n                    <div class=\"block-content\">\r\n                        <div data-owl=\"owl-slider\" data-autoplay=\"false\" data-nav=\"true\" data-dots=\"false\" data-screen0=\"2\" data-screen481=\"2\" data-screen768=\"3\" data-screen992=\"6\" data-screen1200=\"7\" data-screen1441=\"7\" data-screen1681=\"7\" data-screen1920=\"7\" data-margin=\"20\" data-autoplayhoverpause=\"true\" data-loop=\"false\" data-center=\"false\" data-stagepadding=\"0\" data-mousedrag=\"true\" data-touchdrag=\"true\">\r\n                            <div class=\"owl-carousel owl-theme\">\r\n\r\n                                <div class=\"item\">\r\n                                    <a href=\"#\"><img class=\"mark-lazy\" src=\"{{media url=\"wysiwyg/brands/envato-logo.jpg\"}}\" alt=\"Furniture\" width=\"160\" height=\"80\" /></a>\r\n                                </div>\r\n\r\n                                <div class=\"item\">\r\n                                    <a href=\"#\"><img class=\"mark-lazy\" src=\"{{media url=\"wysiwyg/brands/Layer_740404.jpg\"}}\" alt=\"Furniture\" width=\"160\" height=\"80\" /></a>\r\n                                </div>\r\n\r\n                                <div class=\"item\">\r\n                                    <a href=\"#\"><img class=\"mark-lazy\" src=\"{{media url=\"wysiwyg/brands/Layer_740403.jpg\"}}\" alt=\"Furniture\" width=\"160\" height=\"80\" /></a>\r\n                                </div>\r\n\r\n                                <div class=\"item\">\r\n                                    <a href=\"#\"><img class=\"mark-lazy\" src=\"{{media url=\"wysiwyg/brands/Layer_740402.jpg\"}}\" alt=\"Furniture\" width=\"160\" height=\"80\" /></a>\r\n                                </div>\r\n\r\n                                <div class=\"item\">\r\n                                    <a href=\"#\"><img class=\"mark-lazy\" src=\"{{media url=\"wysiwyg/brands/Brand.jpg\"}}\" alt=\"Furniture\" width=\"160\" height=\"80\" /></a>\r\n                                </div>\r\n\r\n                                <div class=\"item\">\r\n                                    <a href=\"#\"><img class=\"mark-lazy\" src=\"{{media url=\"wysiwyg/brands/Layer_1128.jpg\"}}\" alt=\"Furniture\" width=\"160\" height=\"80\" /></a>\r\n                                </div>\r\n\r\n                                <div class=\"item\">\r\n                                    <a href=\"#\"><img class=\"mark-lazy\" src=\"{{media url=\"wysiwyg/brands/Layer_740406.jpg\"}}\" alt=\"Furniture\" width=\"160\" height=\"80\" /></a>\r\n                                </div>\r\n\r\n                                <div class=\"item\">\r\n                                    <a href=\"#\"><img class=\"mark-lazy\" src=\"{{media url=\"wysiwyg/brands/Layer_740405.jpg\"}}\" alt=\"Furniture\" width=\"160\" height=\"80\" /></a>\r\n                                </div>\r\n\r\n                            </div>\r\n                        </div>\r\n                    </div>\r\n                </div>\r\n                <!--End:Slider brands-->\r\n\r\n            </div>\r\n        </div>\r\n\r\n    </div>\r\n</div>','2021-06-03 09:53:17','2021-06-30 10:07:39',1,0,'<!--\n    <referenceContainer name=\"right\">\n        <referenceBlock name=\"catalog.compare.sidebar\" remove=\"true\" />\n    </referenceContainer>-->','','',NULL,NULL,NULL,NULL,''),(6,'Under $100','1column',NULL,NULL,'under-price',NULL,'<div class=\"extend-container\">\n    {{block class=\"Magento\\Cms\\Block\\Block\" block_id=\"banner-extend-page\"}}\n\n    <div class=\"product-extend\">\n        {{block class=\"Sm\\ListingTabs\\Block\\ListingTabs\" template=\"Sm_ListingTabs::default.phtml\" row_items=\"1\" title=\"UNDER $100\" type_show=\"loadmore\" type_listing=\"under\" under_price=\"100\" display_countdown=\"0\" type_filter=\"categories\" order_by=\"created_at\" order_dir=\"DESC\" category_tabs=\"4,3,5,6,7\" limitation=\"12\" data-autoplay=\"false\" data-nav=\"true\" data-dots=\"false\" data-screen0=\"1\" data-screen481=\"2\" data-screen768=\"2\" data-screen992=\"3\" data-screen1200=\"4\" data-screen1441=\"4\" data-screen1681=\"4\" data-screen1920=\"4\" data-margin=\"30\" data-autoplayhoverpause=\"true\" data-loop=\"false\" data-center=\"false\" data-stagepadding=\"0\" data-mousedrag=\"true\" data-touchdrag=\"true\"}}\n    </div>\n</div>\n','2021-06-03 09:53:17','2021-06-03 09:53:17',1,0,'',NULL,NULL,NULL,NULL,NULL,NULL,NULL),(7,'New Arrivals','1column','','','new-arrivals','','<div class=\"extend-container\">\r\n    <div class=\"product-extend\">\r\n        {{block class=\"Sm\\ListingTabs\\Block\\ListingTabs\" template=\"Sm_ListingTabs::default.phtml\" row_items=\"1\" title=\"NEW ARRIVALS\" type_show=\"loadmore\" type_listing=\"all\" display_countdown=\"0\" type_filter=\"categories\" order_by=\"created_at\" order_dir=\"DESC\" category_tabs=\"3,4,5,6,7\" limitation=\"12\" data-autoplay=\"false\" data-nav=\"true\" data-dots=\"false\" data-screen0=\"1\" data-screen481=\"2\" data-screen768=\"2\" data-screen992=\"3\" data-screen1200=\"4\" data-screen1441=\"4\" data-screen1681=\"4\" data-screen1920=\"4\" data-margin=\"30\" data-autoplayhoverpause=\"true\" data-loop=\"false\" data-center=\"false\" data-stagepadding=\"0\" data-mousedrag=\"true\" data-touchdrag=\"true\"}}\r\n    </div>\r\n</div>\r\n','2021-06-03 09:53:17','2021-06-24 02:16:31',1,0,NULL,'','',NULL,NULL,NULL,NULL,''),(8,'Daily Deals','1column',NULL,NULL,'daily-deals',NULL,'<div class=\"extend-container\">\n    {{block class=\"Magento\\Cms\\Block\\Block\" block_id=\"banner-extend-page\"}}\n\n    <div class=\"product-extend\">\n        {{block class=\"Sm\\ListingTabs\\Block\\ListingTabs\" template=\"Sm_ListingTabs::default.phtml\" row_items=\"1\" title=\"DAILY DEALS\" type_show=\"loadmore\" type_listing=\"deals\" display_countdown=\"1\" type_filter=\"categories\" order_by=\"created_at\" order_dir=\"DESC\" category_tabs=\"3,4,5,6,7\" limitation=\"12\" data-autoplay=\"false\" data-nav=\"true\" data-dots=\"false\" data-screen0=\"1\" data-screen481=\"2\" data-screen768=\"2\" data-screen992=\"3\" data-screen1200=\"4\" data-screen1441=\"4\" data-screen1681=\"4\" data-screen1920=\"4\" data-margin=\"30\" data-autoplayhoverpause=\"true\" data-loop=\"false\" data-center=\"false\" data-stagepadding=\"0\" data-mousedrag=\"true\" data-touchdrag=\"true\"}}\n    </div>\n</div>\n','2021-06-03 09:53:17','2021-06-03 09:53:17',1,0,'',NULL,NULL,NULL,NULL,NULL,NULL,NULL),(9,'About Us','1column','','','about-us','','<div class=\"about-us\">\r\n\r\n    <div class=\"top-about-us\">\r\n        <div class=\"about-image\"><img src=\"{{media url=\"wysiwyg/about-us/about-image.jpg\"}}\" alt=\"About Image\" /></div>\r\n        <div class=\"row\">\r\n            <div class=\"col-lg-6\">\r\n                <div class=\"our-store\">\r\n                    <div class=\"bonus-title\">\r\n                        <strong>Welcome to Our Store</strong>\r\n                    </div>\r\n\r\n                    <div class=\"bonus-content\">\r\n                        <p>Nulla auctor mauris ut dui luctus semper. In hac habitasse platea dictumst. Duis pellentesque ligula a risus suscipit dignissim. Nunc non nisl lacus. Integer pharetra lacinia dapibus. Donec eu dolor dui, vel posuere mauris.</p>\r\n                        <p>Pellentesque semper congue sodales. In consequat, metus eget con sequat ornare, augue dolor blandit purus, vitae lacinia nisi tellus in erat. Nulla ac justo eget massa aliquet sodales. Maecenas mattis male suada sem, in fringilla massa dapibus quis. Suspendisse aliquam leo id neque auctor molestie. Etiam at nulla tellus.</p>\r\n                        <p>Sed ut perspiciatis unde omnis iste natus error sit voluptatem accusantium doloremque laudantium, totam rem aperiam, eaque ipsa quae ab illo inventore veritatis et quasi architecto beatae vitae dicta sunt explicabo. Nemo enim ipsam voluptatem quia voluptas sit aspernatur aut odit aut fugit.</p>\r\n                    </div>\r\n                </div>\r\n            </div>\r\n\r\n            <div class=\"col-lg-6\">\r\n                <div class=\"list-why-choose\">\r\n                    <div class=\"bonus-title\">\r\n                        <strong>Frequently Asked Questions</strong>\r\n                    </div>\r\n\r\n                    <div class=\"bonus-content\">\r\n                        <div id=\"accordionExample\" class=\"accordion\">\r\n\r\n                            <div class=\"card\">\r\n                                <div id=\"heading1\" class=\"card-header\"><a class=\"title-collapse collapsed\" data-toggle=\"collapse\" data-target=\"#collapse1\" aria-expanded=\"false\" aria-controls=\"collapse1\"> Shipping & Returns </a></div>\r\n                                <div id=\"collapse1\" class=\"collapse\" aria-labelledby=\"heading1\" data-parent=\"#accordionExample\">\r\n                                    <div class=\"card-body\">Nulla auctor mauris ut dui luctus semper. In hac habitasse platea dictumst. Duis pellentesque ligula a risus suscipit dignissim. Nunc non nisl lacus. Integer pharetra lacinia dapibus.</div>\r\n                                </div>\r\n                            </div>\r\n\r\n                            <div class=\"card\">\r\n                                <div id=\"heading2\" class=\"card-header\"><a class=\"title-collapse collapsed\" data-toggle=\"collapse\" data-target=\"#collapse2\" aria-expanded=\"false\" aria-controls=\"collapse2\"> Secure Shopping </a></div>\r\n                                <div id=\"collapse2\" class=\"collapse\" aria-labelledby=\"heading2\" data-parent=\"#accordionExample\">\r\n                                    <div class=\"card-body\">Nulla auctor mauris ut dui luctus semper. In hac habitasse platea dictumst. Duis pellentesque ligula a risus suscipit dignissim. Nunc non nisl lacus. Integer pharetra lacinia dapibus.</div>\r\n                                </div>\r\n                            </div>\r\n\r\n                            <div class=\"card\">\r\n                                <div id=\"heading3\" class=\"card-header\"><a class=\"title-collapse collapsed\" data-toggle=\"collapse\" data-target=\"#collapse3\" aria-expanded=\"false\" aria-controls=\"collapse3\"> International Shipping </a></div>\r\n                                <div id=\"collapse3\" class=\"collapse\" aria-labelledby=\"heading3\" data-parent=\"#accordionExample\">\r\n                                    <div class=\"card-body\">Nulla auctor mauris ut dui luctus semper. In hac habitasse platea dictumst. Duis pellentesque ligula a risus suscipit dignissim. Nunc non nisl lacus. Integer pharetra lacinia dapibus.</div>\r\n                                </div>\r\n                            </div>\r\n\r\n                            <div class=\"card\">\r\n                                <div id=\"heading4\" class=\"card-header\"><a class=\"title-collapse collapsed\" data-toggle=\"collapse\" data-target=\"#collapse4\" aria-expanded=\"false\" aria-controls=\"collapse4\"> Affiliates </a></div>\r\n                                <div id=\"collapse4\" class=\"collapse\" aria-labelledby=\"heading4\" data-parent=\"#accordionExample\">\r\n                                    <div class=\"card-body\">Nulla auctor mauris ut dui luctus semper. In hac habitasse platea dictumst. Duis pellentesque ligula a risus suscipit dignissim. Nunc non nisl lacus. Integer pharetra lacinia dapibus.</div>\r\n                                </div>\r\n                            </div>\r\n\r\n                            <div class=\"card\">\r\n                                <div id=\"heading5\" class=\"card-header\"><a class=\"title-collapse collapsed\" data-toggle=\"collapse\" data-target=\"#collapse5\" aria-expanded=\"false\" aria-controls=\"collapse5\"> Group Sales </a></div>\r\n                                <div id=\"collapse5\" class=\"collapse\" aria-labelledby=\"heading5\" data-parent=\"#accordionExample\">\r\n                                    <div class=\"card-body\">Nulla auctor mauris ut dui luctus semper. In hac habitasse platea dictumst. Duis pellentesque ligula a risus suscipit dignissim. Nunc non nisl lacus. Integer pharetra lacinia dapibus.</div>\r\n                                </div>\r\n                            </div>\r\n\r\n\r\n\r\n                        </div>\r\n                    </div>\r\n                </div>\r\n            </div>\r\n        </div>\r\n    </div>\r\n\r\n    <div class=\"our-member\">\r\n        <div class=\"bonus-title\">\r\n            <strong>Our Member</strong>\r\n        </div>\r\n\r\n        <div class=\"slider-member\">\r\n            <div data-owl=\"owl-slider\" data-autoplay=\"false\" data-nav=\"false\" data-dots=\"true\" data-screen0=\"1\" data-screen481=\"2\" data-screen768=\"3\" data-screen992=\"4\" data-screen1200=\"4\" data-screen1441=\"5\" data-screen1681=\"5\" data-screen1920=\"5\" data-margin=\"20\" data-autoplayhoverpause=\"true\" data-loop=\"false\" data-center=\"false\" data-stagepadding=\"0\" data-mousedrag=\"true\" data-touchdrag=\"true\">\r\n                <div class=\"owl-carousel owl-theme\">\r\n                    <div class=\"item\">\r\n                        <div class=\"wrap\">\r\n                            <div class=\"member-image\">\r\n                                <img src=\"{{media url=\"wysiwyg/about-us/member_1.jpg\"}}\" alt=\"About Us\" width=\"226\" height=\"226\" />\r\n                            </div>\r\n\r\n                            <div class=\"member-info\">\r\n                                <div class=\"member-name\">Mark Levinson</div>\r\n                                <div class=\"member-job\">Founder & CEO</div>\r\n                                <div class=\"member-social\">\r\n                                    <ul>\r\n                                        <li><a href=\"#\"><span class=\"icon-facebook\"><!-- --></span></a></li>\r\n                                        <li><a href=\"#\"><span class=\"icon-twitter\"><!-- --></span></a></li>\r\n                                        <li><a href=\"#\"><span class=\"icon-instagram2\"><!-- --></span></a></li>\r\n                                    </ul>\r\n                                </div>\r\n                            </div>\r\n                        </div>\r\n                    </div>\r\n\r\n                    <div class=\"item\">\r\n                        <div class=\"wrap\">\r\n                            <div class=\"member-image\">\r\n                                <img src=\"{{media url=\"wysiwyg/about-us/member_2.jpg\"}}\" alt=\"About Us\" width=\"226\" height=\"226\" />\r\n                            </div>\r\n\r\n                            <div class=\"member-info\">\r\n                                <div class=\"member-name\">Ria Sakurai</div>\r\n                                <div class=\"member-job\">Marketing</div>\r\n                                <div class=\"member-social\">\r\n                                    <ul>\r\n                                        <li><a href=\"#\"><span class=\"icon-facebook\"><!-- --></span></a></li>\r\n                                        <li><a href=\"#\"><span class=\"icon-twitter\"><!-- --></span></a></li>\r\n                                        <li><a href=\"#\"><span class=\"icon-instagram2\"><!-- --></span></a></li>\r\n                                    </ul>\r\n                                </div>\r\n                            </div>\r\n                        </div>\r\n                    </div>\r\n\r\n\r\n                    <div class=\"item\">\r\n                        <div class=\"wrap\">\r\n                            <div class=\"member-image\">\r\n                                <img src=\"{{media url=\"wysiwyg/about-us/member_3.jpg\"}}\" alt=\"About Us\" width=\"226\" height=\"226\" />\r\n                            </div>\r\n\r\n                            <div class=\"member-info\">\r\n                                <div class=\"member-name\">Shiego Tokuda</div>\r\n                                <div class=\"member-job\">Designer</div>\r\n                                <div class=\"member-social\">\r\n                                    <ul>\r\n                                        <li><a href=\"#\"><span class=\"icon-facebook\"><!-- --></span></a></li>\r\n                                        <li><a href=\"#\"><span class=\"icon-twitter\"><!-- --></span></a></li>\r\n                                        <li><a href=\"#\"><span class=\"icon-instagram2\"><!-- --></span></a></li>\r\n                                    </ul>\r\n                                </div>\r\n                            </div>\r\n                        </div>\r\n                    </div>\r\n\r\n\r\n                    <div class=\"item\">\r\n                        <div class=\"wrap\">\r\n                            <div class=\"member-image\">\r\n                                <img src=\"{{media url=\"wysiwyg/about-us/member_4.jpg\"}}\" alt=\"About Us\" width=\"226\" height=\"226\" />\r\n                            </div>\r\n\r\n                            <div class=\"member-info\">\r\n                                <div class=\"member-name\">Tom Lymaskira</div>\r\n                                <div class=\"member-job\">Developer</div>\r\n                                <div class=\"member-social\">\r\n                                    <ul>\r\n                                        <li><a href=\"#\"><span class=\"icon-facebook\"><!-- --></span></a></li>\r\n                                        <li><a href=\"#\"><span class=\"icon-twitter\"><!-- --></span></a></li>\r\n                                        <li><a href=\"#\"><span class=\"icon-instagram2\"><!-- --></span></a></li>\r\n                                    </ul>\r\n                                </div>\r\n                            </div>\r\n                        </div>\r\n                    </div>\r\n\r\n\r\n                    <div class=\"item\">\r\n                        <div class=\"wrap\">\r\n                            <div class=\"member-image\">\r\n                                <img src=\"{{media url=\"wysiwyg/about-us/member_1.jpg\"}}\" alt=\"About Us\" width=\"226\" height=\"226\" />\r\n                            </div>\r\n\r\n                            <div class=\"member-info\">\r\n                                <div class=\"member-name\">Jennifer</div>\r\n                                <div class=\"member-job\">Tech Leader</div>\r\n                                <div class=\"member-social\">\r\n                                    <ul>\r\n                                        <li><a href=\"#\"><span class=\"icon-facebook\"><!-- --></span></a></li>\r\n                                        <li><a href=\"#\"><span class=\"icon-twitter\"><!-- --></span></a></li>\r\n                                        <li><a href=\"#\"><span class=\"icon-instagram2\"><!-- --></span></a></li>\r\n                                    </ul>\r\n                                </div>\r\n                            </div>\r\n                        </div>\r\n                    </div>\r\n\r\n\r\n                </div>\r\n            </div>\r\n        </div>\r\n    </div>\r\n\r\n    <div class=\"testimonial-container\">\r\n        <div class=\"bonus-title\"><strong>Testimonial</strong></div>\r\n\r\n        <div class=\"testimonial-slider\">\r\n            <div data-owl=\"owl-slider\" data-autoplay=\"false\" data-nav=\"true\" data-dots=\"false\" data-screen0=\"1\" data-screen481=\"1\" data-screen768=\"1\" data-screen992=\"1\" data-screen1200=\"1\" data-screen1441=\"1\" data-screen1681=\"1\" data-screen1920=\"1\" data-margin=\"30\" data-autoplayhoverpause=\"true\" data-loop=\"false\" data-center=\"false\" data-stagepadding=\"0\" data-mousedrag=\"true\" data-touchdrag=\"true\">\r\n                <div class=\"owl-carousel owl-theme\">\r\n                    <div class=\"item\">\r\n                        <div class=\"client-say\">\r\n                            <p>It is a wonderful watch. I did not make the mistake of spending a sum of money to own it.\r\n                            <br/>Thank you Magentech for the best.</p>\r\n                        </div>\r\n                        <div class=\"client-image\">\r\n                            <img class=\"mark-lazy\" src=\"{{media url=\"wysiwyg/clients/client.png\"}}\" alt=\"Client Image\">\r\n                        </div>\r\n                        <div class=\"client-about\">\r\n                            <span class=\"name\">Michael Jackson</span>\r\n                            <spa class=\"address\">New York</span>\r\n                        </div>\r\n                    </div>\r\n\r\n                    <div class=\"item\">\r\n                        <div class=\"client-say\">\r\n                            <p>It is a wonderful watch. I did not make the mistake of spending a sum of money to own it.\r\n                            <br/>Thank you Magentech for the best.</p>\r\n                        </div>\r\n                        <div class=\"client-image\">\r\n                            <img class=\"mark-lazy\" src=\"{{media url=\"wysiwyg/clients/client.png\"}}\" alt=\"Client Image\">\r\n                        </div>\r\n                        <div class=\"client-about\">\r\n                            <span class=\"name\">Michael Jackson</span>\r\n                            <spa class=\"address\">New York</span>\r\n                        </div>\r\n                    </div>\r\n\r\n                    <div class=\"item\">\r\n                        <div class=\"client-say\">\r\n                            <p>It is a wonderful watch. I did not make the mistake of spending a sum of money to own it.\r\n                            <br/>Thank you Magentech for the best.</p>\r\n                        </div>\r\n                        <div class=\"client-image\">\r\n                            <img class=\"mark-lazy\" src=\"{{media url=\"wysiwyg/clients/client.png\"}}\" alt=\"Client Image\">\r\n                        </div>\r\n                        <div class=\"client-about\">\r\n                            <span class=\"name\">Michael Jackson</span>\r\n                            <spa class=\"address\">New York</span>\r\n                        </div>\r\n                    </div>\r\n\r\n\r\n                </div>\r\n            </div>\r\n        </div>\r\n    </div>\r\n</div>','2021-06-03 09:53:17','2021-06-29 09:48:55',1,0,NULL,'','',NULL,NULL,NULL,NULL,''),(19,'Home - SM Ego Layout 2','1column','','','home-demo-02','','<div class=\"home-page-2 title-style-2\">\r\n    <div class=\"container\">\r\n        <!--Begin:Top home-->\r\n        <div class=\"top-home\">\r\n            <!--Slideshow-->\r\n            <div class=\"slidershow\">\r\n                <div class=\"slidershow-type-1\">\r\n                    <div data-owl=\"owl-slider\" data-autoplay=\"true\" data-nav=\"true\" data-dots=\"false\" data-screen0=\"1\" data-screen481=\"1\" data-screen768=\"1\" data-screen992=\"1\" data-screen1200=\"1\" data-screen1441=\"1\" data-screen1681=\"1\" data-screen1920=\"1\" data-margin=\"1\" data-autoplayhoverpause=\"true\" data-loop=\"true\" data-center=\"false\" data-stagepadding=\"0\" data-mousedrag=\"true\" data-touchdrag=\"true\">\r\n                        <div class=\"owl-carousel owl-theme\">\r\n                            <div class=\"item\">\r\n                                <a title=\"Slide 1\" href=\"#\">\r\n                                    <img src=\"{{media url=\"wysiwyg/slidershow/home-2/Index_v2_1.jpg\"}}\" alt=\"Slider 1\" width=\"1350\" height=\"450\" />\r\n                                </a>\r\n                            </div>\r\n\r\n                            <div class=\"item\">\r\n                                <a title=\"Slide 1\" href=\"#\">\r\n                                    <img src=\"{{media url=\"wysiwyg/slidershow/home-2/Index_v2_2.jpg\"}}\" alt=\"Slider 2\" width=\"1350\" height=\"450\" />\r\n                                </a>\r\n                            </div>\r\n                            <div class=\"item\">\r\n                                <a title=\"Slide 1\" href=\"#\">\r\n                                    <img src=\"{{media url=\"wysiwyg/slidershow/home-2/Index_v2_3.jpg\"}}\" alt=\"Slider 2\" width=\"1350\" height=\"450\" />\r\n                                </a>\r\n                            </div>\r\n\r\n                        </div>\r\n                        <div class=\"loading-content\"><span class=\"hidden\">Loading...</span></div>\r\n                    </div>\r\n                </div>\r\n            </div>\r\n            <!--End:Slideshow-->\r\n\r\n            <!--Service home 1-->\r\n            <div class=\"home-services\" style=\"margin-bottom: 20px;\">\r\n                <div class=\"row\">\r\n                    <div class=\"col-lg-3 col-sm-6 col-md-6\">\r\n                        <a href=\"#\">\r\n                            <span class=\"service-icon\">\r\n                                <img src=\"{{media url=\"wysiwyg/icon-image/icon_policy_1.png\"}}\" alt=\"policy\" width=\"40\" height=\"40\"/>\r\n                            </span>\r\n\r\n                            <span class=\"service-info\">\r\n                                <span class=\"title\">Free Shipping & Return</span>\r\n                                <span class=\"des\">Free shipping on orders over $49</span>\r\n                            </span>\r\n                            \r\n                        </a>\r\n                    </div>\r\n\r\n                    <div class=\"col-lg-3 col-sm-6 col-md-6\">\r\n                        <a href=\"#\">\r\n                            <span class=\"service-icon\">\r\n                                <img src=\"{{media url=\"wysiwyg/icon-image/icon_policy_2.png\"}}\" alt=\"policy\" width=\"40\" height=\"40\"/>\r\n                            </span>\r\n\r\n                            <span class=\"service-info\">\r\n                                <span class=\"title\">Money Guarantee</span>\r\n                                <span class=\"des\">30 days money back guarantee</span>\r\n                            </span>\r\n                        </a>\r\n                    </div>\r\n\r\n                    <div class=\"col-lg-3 col-sm-6 col-md-6\">\r\n                        <a href=\"#\">\r\n                            <span class=\"service-icon\">\r\n                                <img src=\"{{media url=\"wysiwyg/icon-image/icon_policy_3.png\"}}\" alt=\"policy\" width=\"40\" height=\"40\"/>\r\n                            </span>\r\n\r\n                            <span class=\"service-info\">\r\n                                <span class=\"title\">Online Support</span>\r\n                                <span class=\"des\">We support online 24/24 on day</span>\r\n                            </span>\r\n                        </a>\r\n                    </div>\r\n                    <div class=\"col-lg-3 col-sm-6 col-md-6\">\r\n                        <a href=\"#\">\r\n                            <span class=\"service-icon\">\r\n                                <img src=\"{{media url=\"wysiwyg/icon-image/icon_policy_4.png\"}}\" alt=\"policy\" width=\"40\" height=\"40\"/>\r\n                            </span>\r\n\r\n                            <span class=\"service-info\">\r\n                                <span class=\"title\">Gift Promotion</span>\r\n                                <span class=\"des\">30 days money back guarantee</span>\r\n                            </span>\r\n                        </a>\r\n                    </div>\r\n                </div>\r\n            </div>\r\n            <!--End:Service home 1-->\r\n        </div>\r\n        <!--End:Top home-->\r\n\r\n        <!--Begin: Home sidebar content-->\r\n        <div class=\"home-sidebar-content\">\r\n            <!--Home main-->\r\n            <div class=\"home-main\">\r\n                <!--Banner block 1-->\r\n                <div class=\"banner-block-1\" style=\"margin-bottom:30px;\">\r\n                    <div class=\"row\">\r\n                        <div class=\"col-lg-4 col-sm-4\">\r\n                            <div class=\"banner-image\">\r\n                                <a href=\"#\"><img class=\"mark-lazy\" src=\"{{media url=\"wysiwyg/banner/home-2/id2-banner-1.jpg\"}}\" alt=\"Banner\" width=\"430\" height=\"210\" />\r\n                            </div>\r\n                        </div>\r\n\r\n                        <div class=\"col-lg-4 col-sm-4\">\r\n                            <div class=\"banner-image\">\r\n                                <a href=\"#\"><img class=\"mark-lazy\" src=\"{{media url=\"wysiwyg/banner/home-2/id2-banner-2.jpg\"}}\" alt=\"Banner\" width=\"430\" height=\"210\" /></a>\r\n                            </div>\r\n                        </div>\r\n\r\n                        <div class=\"col-lg-4 col-sm-4\">\r\n                            <div class=\"banner-image\">\r\n                                <a href=\"#\"><img class=\"mark-lazy\" src=\"{{media url=\"wysiwyg/banner/home-2/id2-banner-3.jpg\"}}\" alt=\"Banner\" width=\"430\" height=\"210\" /></a>\r\n                            </div>\r\n                        </div>\r\n                    </div>\r\n                </div>\r\n                <!--End:Banner block 1-->\r\n\r\n                <!--Grid deal slider products -->\r\n				<div class=\"grid-deal-slider-product product-nav-1\" style=\"margin-bottom: 60px;\">\r\n					<div data-owl=\"owl-slider\" data-autoplay=\"false\" data-nav=\"false\" data-dots=\"false\" data-screen0=\"2\" data-screen481=\"1\" data-screen768=\"1\" data-screen992=\"3\" data-screen1200=\"3\" data-screen1441=\"5\" data-screen1681=\"5\" data-screen1920=\"5\" data-margin=\"0\" data-autoplayhoverpause=\"true\" data-loop=\"false\" data-center=\"false\" data-stagepadding=\"0\" data-mousedrag=\"true\" data-touchdrag=\"true\">\r\n						{{block class=\"Sm\\FilterProducts\\Block\\FilterProducts\" template=\"Sm_FilterProducts::grid-slider.phtml\" title_module=\"\" product_source=\"special_products\" cms-img=\"cms-img-id2-1\" select_category=\"\" product_limitation=\"5\" display_countdown=\"1\"}}\r\n					</div>\r\n				</div>\r\n				<!--End:Grid deal slider products-->\r\n\r\n                <!--Begin: Banner full 1-->\r\n                <div class=\"banner-image\" style=\"margin-bottom:50px;\">\r\n                    <a href=\"#\"><img class=\"mark-lazy\" src=\"{{media url=\"wysiwyg/banner/home-2/banner-full-1.jpg\"}}\" alt=\"Banner\" width=\"1350\" height=\"148\" /></a>\r\n                </div>\r\n                <!--End: Banner full 1-->\r\n\r\n                <!--Begin: Tab products 1-->\r\n                <div class=\"tabs-product-1 tab-cms-container\" style=\"margin-bottom: 40px;\">\r\n                    {{block class=\"Sm\\ListingTabs\\Block\\ListingTabs\" template=\"Sm_ListingTabs::default-cms.phtml\" row_items=\"2\" title=\"Featured Products\" cms-tab=\"\" type_show=\"slider\" type_listing=\"all\" display_countdown=\"0\" type_filter=\"categories\" category_tabs=\"3,4,7\" order_by=\"ordered_qty\" order_dir=\"DESC\" limitation=\"16\" data-autoplay=\"false\" data-nav=\"true\" data-dots=\"false\" data-screen0=\"1\" data-screen481=\"2\" data-screen768=\"2\" data-screen992=\"3\" data-screen1200=\"3\" data-screen1441=\"3\" data-screen1681=\"4\" data-screen1920=\"4\" data-margin=\"0\" data-autoplayhoverpause=\"false\" data-loop=\"false\" data-center=\"false\" data-stagepadding=\"0\" data-mousedrag=\"true\" data-touchdrag=\"true\"}}\r\n                </div>\r\n                <!--End: Tab products 1-->\r\n\r\n                <!--Featured brands-->\r\n				<div class=\"featured-brands\" style=\"margin-bottom: 50px;\">\r\n					<div class=\"block-title\">\r\n                        <strong>Featured Brands</strong>\r\n                        <a href=\"#\" title=\"View All\">View All</a>\r\n                    </div>\r\n                    <div class=\"block-content\">\r\n                        <div class=\"row\">\r\n\r\n                            <div class=\"col-lg-3 col-sm-3\">\r\n                                <div class=\"banner-image\">\r\n                                    <a href=\"#\"><img class=\"mark-lazy\" src=\"{{media url=\"wysiwyg/banner/brand-banner-1.jpg\"}}\" alt=\"Banner\" width=\"314\" height=\"202\" /></a>\r\n                                </div>\r\n                                <div class=\"content\">\r\n                                    <div class=\"title\">Shop Cyclops\'s Sale</div>\r\n                                    <div class=\"des\">Explore Now</div>\r\n                                </div>\r\n                            </div>\r\n                            <div class=\"col-lg-3 col-sm-3\">\r\n                                <div class=\"banner-image\">\r\n                                    <a href=\"#\"><img class=\"mark-lazy\" src=\"{{media url=\"wysiwyg/banner/brand-banner-2.jpg\"}}\" alt=\"Banner\" width=\"314\" height=\"202\" /></a>\r\n                                </div>\r\n                                <div class=\"content\">\r\n                                    <div class=\"title\">Get Big Brands First</div>\r\n                                    <div class=\"des\">Shop this brand</div>\r\n                                </div>\r\n                            </div>\r\n                            <div class=\"col-lg-3 col-sm-3\">\r\n                                <div class=\"banner-image\">\r\n                                    <a href=\"#\"><img class=\"mark-lazy\" src=\"{{media url=\"wysiwyg/banner/brand-banner-3.jpg\"}}\" alt=\"Banner\" width=\"314\" height=\"202\" /></a>\r\n                                </div>\r\n                                <div class=\"content\">\r\n                                    <div class=\"title\">Shop Cyclops\'s Sale</div>\r\n                                    <div class=\"des\">Explore Now</div>\r\n                                </div>\r\n                            </div>\r\n\r\n                            <div class=\"col-lg-3 col-sm-3\">\r\n                                <div class=\"banner-image\">\r\n                                    <a href=\"#\"><img class=\"mark-lazy\" src=\"{{media url=\"wysiwyg/banner/brand-banner-4.jpg\"}}\" alt=\"Banner\" width=\"314\" height=\"202\" /></a>\r\n                                </div>\r\n                                <div class=\"content\">\r\n                                    <div class=\"title\">Get Big Brands First</div>\r\n                                    <div class=\"des\">Shop this brand</div>\r\n                                </div>\r\n                            </div>\r\n                            \r\n                        </div>\r\n                    </div>\r\n				</div>\r\n				<!--End:Featured brands-->\r\n\r\n                <!--Begin:Tab product 2.1-->\r\n                <div class=\"tabs-product-2 tab-cms-container\" style=\"margin-bottom: 35px;\">\r\n                    {{block class=\"Sm\\ListingTabs\\Block\\ListingTabs\" template=\"Sm_ListingTabs::default-cms.phtml\" row_items=\"1\" title=\"Fashion & Jewelry\" cms-tab=\"cms-img-id2-2\" type_show=\"slider\" type_listing=\"all\" display_countdown=\"0\" type_filter=\"fieldproducts\" field_tabs=\"lastest_products,num_rating_summary,ordered_qty\" order_by=\"ordered_qty\" order_dir=\"DESC\" category_select=\"5\" limitation=\"6\" data-autoplay=\"false\" data-nav=\"true\" data-dots=\"false\" data-screen0=\"2\" data-screen481=\"2\" data-screen768=\"2\" data-screen992=\"3\" data-screen1200=\"4\" data-screen1441=\"5\" data-screen1681=\"5\" data-screen1920=\"5\" data-margin=\"0\" data-autoplayhoverpause=\"true\" data-loop=\"false\" data-center=\"false\" data-stagepadding=\"0\" data-mousedrag=\"true\" data-touchdrag=\"true\"}}\r\n                </div>\r\n                <!--End:Tab product 2.1-->\r\n\r\n                <!--Begin: Banner full 2-->\r\n                <div class=\"banner-image\" style=\"margin-bottom:50px;\">\r\n                    <a href=\"#\"><img class=\"mark-lazy\" src=\"{{media url=\"wysiwyg/banner/home-2/banner-full-2.jpg\"}}\" alt=\"Banner\" width=\"1350\" height=\"140\" /></a>\r\n                </div>\r\n                <!--End: Banner full 2-->\r\n\r\n                <!--Begin:Tab product 2.2-->\r\n                <div class=\"tabs-product-2 tab-cms-container\" style=\"margin-bottom: 35px;\">\r\n                    {{block class=\"Sm\\ListingTabs\\Block\\ListingTabs\" template=\"Sm_ListingTabs::default-cms.phtml\" row_items=\"1\" title=\"Smartphone\" cms-tab=\"cms-img-id2-3\" type_show=\"slider\" type_listing=\"all\" display_countdown=\"0\" type_filter=\"fieldproducts\" field_tabs=\"lastest_products,num_rating_summary,ordered_qty\" order_by=\"ordered_qty\" order_dir=\"DESC\" category_select=\"3\" limitation=\"6\" data-autoplay=\"false\" data-nav=\"true\" data-dots=\"false\" data-screen0=\"2\" data-screen481=\"2\" data-screen768=\"2\" data-screen992=\"3\" data-screen1200=\"4\" data-screen1441=\"5\" data-screen1681=\"5\" data-screen1920=\"5\" data-margin=\"0\" data-autoplayhoverpause=\"true\" data-loop=\"false\" data-center=\"false\" data-stagepadding=\"0\" data-mousedrag=\"true\" data-touchdrag=\"true\"}}\r\n                </div>\r\n                <!--End:Tab product 2.2-->\r\n\r\n\r\n            </div>\r\n            <!--Home main-->\r\n            <!--Begin: Home sidebar -->\r\n            <div class=\"home-sidebar\">\r\n                <!--Begin: Block brands-->\r\n                <div class=\"block-brands\" style=\"margin-bottom:30px;\">\r\n                    <div class=\"block-title\">\r\n                        <strong>Hot Brands</strong>\r\n                    </div>\r\n                    <div class=\"block-content\">\r\n                        <div class=\"item\"><a href=\"#\"><img class=\"mark-lazy\" src=\"{{media url=\"wysiwyg/brands/home-2/brand-1.png\"}}\" alt=\"brands\"/></a></div>\r\n                        <div class=\"item\"><a href=\"#\"><img class=\"mark-lazy\" src=\"{{media url=\"wysiwyg/brands/home-2/brand-2.png\"}}\" alt=\"brands\"/></a></div>\r\n                        <div class=\"item\"><a href=\"#\"><img class=\"mark-lazy\" src=\"{{media url=\"wysiwyg/brands/home-2/brand-3.png\"}}\" alt=\"brands\"/></a></div>\r\n                        <div class=\"item\"><a href=\"#\"><img class=\"mark-lazy\" src=\"{{media url=\"wysiwyg/brands/home-2/brand-4.png\"}}\" alt=\"brands\"/></a></div>\r\n                        <div class=\"item\"><a href=\"#\"><img class=\"mark-lazy\" src=\"{{media url=\"wysiwyg/brands/home-2/brand-5.png\"}}\" alt=\"brands\"/></a></div>\r\n                        <div class=\"item\"><a href=\"#\"><img class=\"mark-lazy\" src=\"{{media url=\"wysiwyg/brands/home-2/brand-6.png\"}}\" alt=\"brands\"/></a></div>\r\n                        <div class=\"item\"><a href=\"#\"><img class=\"mark-lazy\" src=\"{{media url=\"wysiwyg/brands/home-2/brand-7.png\"}}\" alt=\"brands\"/></a></div>\r\n                        <div class=\"item\"><a href=\"#\"><img class=\"mark-lazy\" src=\"{{media url=\"wysiwyg/brands/home-2/brand-8.png\"}}\" alt=\"brands\"/></a></div>\r\n                    </div>\r\n                </div>\r\n                <!--End: Block brands-->\r\n                <!--Begin: Block Banner sidebar homepage-->\r\n                <div class=\"banner-image\">\r\n                    <a href=\"#\"><img class=\"mark-lazy\" src=\"{{media url=\"wysiwyg/banner/home-2/id2-banner-4.jpg\"}}\" alt=\"Banner\" width=\"270\" height=\"344\" /></a>\r\n                </div>\r\n                <!--End: Block Banner sidebar homepage-->\r\n\r\n                <!--Begin: Product sidebar-->\r\n                <div class=\"product-home-sidebar\" style=\"margin-bottom:40px;\">\r\n                    {{block class=\"Magento\\\\Cms\\\\Block\\\\Block\" block_id=\"product-sidebar\"}}\r\n                </div>\r\n                <!--End: Product sidebar-->\r\n\r\n                <!--Begin: Testimonial sidebar-->\r\n                <div class=\"testimonial-sidebar\" style=\"margin-bottom: 30px;\">\r\n                    <div class=\"testimonial-slider\">\r\n                        <div data-owl=\"owl-slider\" data-autoplay=\"true\" data-nav=\"false\" data-dots=\"false\" data-screen0=\"1\" data-screen481=\"1\" data-screen768=\"2\" data-screen992=\"3\" data-screen1200=\"1\" data-screen1441=\"1\" data-screen1681=\"1\" data-screen1920=\"1\" data-margin=\"1\" data-autoplayhoverpause=\"true\" data-loop=\"true\" data-center=\"false\" data-stagepadding=\"0\" data-mousedrag=\"true\" data-touchdrag=\"true\">\r\n                            <div class=\"owl-carousel owl-theme\">\r\n\r\n                                <div class=\"item\">\r\n                                    <div class=\"client-des\">\r\n                                        Lorem ipsum dolor sit amet, consectetur adipiscing elit, sed do eiusmod tempor incididunt ut labore et dolore magna aliqua.\r\n                                    </div>\r\n                                    <div class=\"client-info\">\r\n                                        <span class=\"name\">Johny Walker</span>\r\n                                        <span class=\"job\">Developer</span>\r\n                                    </div>\r\n                                    <div class=\"img-avatar\">\r\n                                        <img src=\"{{media url=\"wysiwyg/clients/img-avatar-1.png\"}}\" alt=\"\" />\r\n                                    </div>\r\n                                </div>\r\n                                <div class=\"item\">\r\n                                    <div class=\"client-des\">\r\n                                        Lorem ipsum dolor sit amet, consectetur adipiscing elit, sed do eiusmod tempor incididunt ut labore et dolore magna aliqua.\r\n                                    </div>\r\n                                    <div class=\"client-info\">\r\n                                        <span class=\"name\">Edward Nov</span>\r\n                                        <span class=\"job\">Designer</span>\r\n                                    </div>\r\n                                    <div class=\"img-avatar\">\r\n                                        <img src=\"{{media url=\"wysiwyg/clients/img-avatar-1.png\"}}\" alt=\"\" />\r\n                                    </div>\r\n                                </div>\r\n\r\n                                <div class=\"item\">\r\n                                    <div class=\"client-des\">\r\n                                        Lorem ipsum dolor sit amet, consectetur adipiscing elit, sed do eiusmod tempor incididunt ut labore et dolore magna aliqua.\r\n                                    </div>\r\n                                    <div class=\"client-info\">\r\n                                        <span class=\"name\">Johny Walker</span>\r\n                                        <span class=\"job\">Developer</span>\r\n                                    </div>\r\n                                    <div class=\"img-avatar\">\r\n                                        <img src=\"{{media url=\"wysiwyg/clients/img-avatar-1.png\"}}\" alt=\"\" />\r\n                                    </div>\r\n                                </div>\r\n\r\n                                \r\n\r\n                            </div>\r\n                            <div class=\"loading-content\"><span class=\"hidden\">Loading...</span></div>\r\n                        </div>\r\n                    </div>\r\n                </div>\r\n                <!--End: Testimonial sidebar-->\r\n\r\n                <!--Begin: Blog Sidebar-->\r\n                <div class=\"blog-sidebar\">\r\n                    <div class=\"blog-slider show-date\" style=\"margin-bottom: 40px;\">\r\n                        <div data-owl=\"owl-slider\" data-autoplay=\"false\" data-nav=\"false\" data-dots=\"false\" data-screen0=\"1\" data-screen481=\"1\" data-screen768=\"2\" data-screen992=\"3\" data-screen1200=\"1\" data-screen1441=\"1\" data-screen1681=\"1\" data-screen1920=\"1\" data-margin=\"30\" data-autoplayhoverpause=\"true\" data-loop=\"false\" data-center=\"false\" data-stagepadding=\"0\" data-mousedrag=\"true\" data-touchdrag=\"true\">\r\n                            {{widget type=\"Magefan\\Blog\\Block\\Widget\\Recent\" title=\"LATEST BLOG\" number_of_posts=\"5\" category_id=\"0\" tag_id=\"0\" author_id=\"0\" custom_template=\"Magefan_Blog::widget/recent-slider.phtml\"}}\r\n                        </div>\r\n                    </div>\r\n                </div>\r\n                <!--End: Blog Sidebar-->\r\n\r\n            </div>\r\n            <!--End:  Home sidebar-->\r\n        </div>\r\n        <!--End: Home sidebar content-->\r\n\r\n    </div>\r\n</div>','2021-07-05 03:35:19','2021-07-21 10:26:48',1,0,NULL,'','',NULL,NULL,NULL,NULL,'');

--
